79.104.42.205 - - [08/Apr/2022:06:36:00 +0000] "POST /webasyst/shop/?plugin=beruru&module=backend&action=orderListData HTTP/2.0" 200 76 "https://justgrill.ru/webasyst/shop/?action=orders" "Mozilla/5.0 (Windows NT 10.0; Win64; x64) AppleWebKit/537.36 (KHTML, like Gecko) Chrome/100.0.4896.75 Safari/537.36"
79.104.42.205 - - [08/Apr/2022:06:36:01 +0000] "POST /webasyst/shop/?plugin=ym&module=backend&action=orderListData HTTP/2.0" 200 139 "https://justgrill.ru/webasyst/shop/?action=orders" "Mozilla/5.0 (Windows NT 10.0; Win64; x64) AppleWebKit/537.36 (KHTML, like Gecko) Chrome/100.0.4896.75 Safari/537.36"
79.104.42.205 - - [08/Apr/2022:06:36:01 +0000] "POST /webasyst/shop/?plugin=ym&module=backend&action=getOrderInfo HTTP/2.0" 200 642 "https://justgrill.ru/webasyst/shop/?action=orders" "Mozilla/5.0 (Windows NT 10.0; Win64; x64) AppleWebKit/537.36 (KHTML, like Gecko) Chrome/100.0.4896.75 Safari/537.36"
79.104.42.205 - - [08/Apr/2022:06:36:11 +0000] "POST /webasyst/shop/?plugin=beruru&module=backend&action=orderListData HTTP/2.0" 200 76 "https://justgrill.ru/webasyst/shop/?action=orders" "Mozilla/5.0 (Windows NT 10.0; Win64; x64) AppleWebKit/537.36 (KHTML, like Gecko) Chrome/100.0.4896.75 Safari/537.36"
79.104.42.205 - - [08/Apr/2022:06:36:11 +0000] "POST /webasyst/shop/?plugin=ym&module=backend&action=orderListData HTTP/2.0" 200 139 "https://justgrill.ru/webasyst/shop/?action=orders" "Mozilla/5.0 (Windows NT 10.0; Win64; x64) AppleWebKit/537.36 (KHTML, like Gecko) Chrome/100.0.4896.75 Safari/537.36"
5.45.201.213 - - [08/Apr/2022:06:36:31 +0000] "POST /ym_api/1/?action=/cart HTTP/1.1" 200 109 "-" "Apache-HttpClient/4.5.6 (Java/11.0.8-shenandoah)"
85.249.18.253 - - [08/Apr/2022:06:37:10 +0000] "POST /regions/getRedirectUrl/ HTTP/2.0" 200 174 "https://justgrill.ru/mangaly/tandyry/tandyr-amfora-kochevnik-21-sm/?yclid=1772873951407832541" "Mozilla/5.0 (Linux; arm_64; Android 11; SM-A415F) AppleWebKit/537.36 (KHTML, like Gecko) Chrome/98.0.4758.132 YaApp_Android/22.33.1 YaSearchBrowser/22.33.1 BroPP/1.0 SA/3 Mobile Safari/537.36"
85.249.18.253 - - [08/Apr/2022:06:37:10 +0000] "POST /regions/getRedirectUrl/ HTTP/2.0" 200 174 "https://justgrill.ru/mangaly/tandyry/tandyr-amfora-kochevnik-21-sm/?yclid=1772873951407832541" "Mozilla/5.0 (Linux; arm_64; Android 11; SM-A415F) AppleWebKit/537.36 (KHTML, like Gecko) Chrome/98.0.4758.132 YaApp_Android/22.33.1 YaSearchBrowser/22.33.1 BroPP/1.0 SA/3 Mobile Safari/537.36"
195.68.158.158 - - [08/Apr/2022:06:37:58 +0000] "POST /webasyst/shop/?plugin=beruru&module=backend&action=orderListData HTTP/2.0" 200 76 "https://justgrill.ru/webasyst/shop/?action=orders" "Mozilla/5.0 (Windows NT 10.0; Win64; x64) AppleWebKit/537.36 (KHTML, like Gecko) Chrome/100.0.4896.75 Safari/537.36"
195.68.158.158 - - [08/Apr/2022:06:37:58 +0000] "POST /webasyst/shop/?plugin=ym&module=backend&action=orderListData HTTP/2.0" 200 139 "https://justgrill.ru/webasyst/shop/?action=orders" "Mozilla/5.0 (Windows NT 10.0; Win64; x64) AppleWebKit/537.36 (KHTML, like Gecko) Chrome/100.0.4896.75 Safari/537.36"
195.68.158.158 - - [08/Apr/2022:06:37:58 +0000] "POST /webasyst/shop/?plugin=ym&module=backend&action=getOrderInfo HTTP/2.0" 200 642 "https://justgrill.ru/webasyst/shop/?action=orders" "Mozilla/5.0 (Windows NT 10.0; Win64; x64) AppleWebKit/537.36 (KHTML, like Gecko) Chrome/100.0.4896.75 Safari/537.36"
5.165.27.174 - - [08/Apr/2022:06:38:00 +0000] "POST /cart/add/?html=1 HTTP/2.0" 200 154 "https://ekb.justgrill.ru/grili/ugolnye/napoleon/ugolny-gril-napoleon-pro22k-leg-57-sm-cherny/" "Mozilla/5.0 (Windows NT 10.0; Win64; x64) AppleWebKit/537.36 (KHTML, like Gecko) Chrome/99.0.4844.82 Safari/537.36"
5.165.27.174 - - [08/Apr/2022:06:38:07 +0000] "POST /onestep/ HTTP/2.0" 200 7237 "https://ekb.justgrill.ru/onestep/" "Mozilla/5.0 (Windows NT 10.0; Win64; x64) AppleWebKit/537.36 (KHTML, like Gecko) Chrome/99.0.4844.82 Safari/537.36"
5.165.27.174 - - [08/Apr/2022:06:38:07 +0000] "POST /gift-cart-list/ HTTP/2.0" 200 20 "https://ekb.justgrill.ru/onestep/" "Mozilla/5.0 (Windows NT 10.0; Win64; x64) AppleWebKit/537.36 (KHTML, like Gecko) Chrome/99.0.4844.82 Safari/537.36"
5.165.27.174 - - [08/Apr/2022:06:38:07 +0000] "POST /gift-cart-list/ HTTP/2.0" 200 20 "https://ekb.justgrill.ru/onestep/" "Mozilla/5.0 (Windows NT 10.0; Win64; x64) AppleWebKit/537.36 (KHTML, like Gecko) Chrome/99.0.4844.82 Safari/537.36"
5.165.27.174 - - [08/Apr/2022:06:38:08 +0000] "POST /gift-cart-list/ HTTP/2.0" 200 20 "https://ekb.justgrill.ru/onestep/" "Mozilla/5.0 (Windows NT 10.0; Win64; x64) AppleWebKit/537.36 (KHTML, like Gecko) Chrome/99.0.4844.82 Safari/537.36"
5.165.27.174 - - [08/Apr/2022:06:38:08 +0000] "POST /gift-cart-list/ HTTP/2.0" 200 20 "https://ekb.justgrill.ru/onestep/" "Mozilla/5.0 (Windows NT 10.0; Win64; x64) AppleWebKit/537.36 (KHTML, like Gecko) Chrome/99.0.4844.82 Safari/537.36"
178.154.154.235 - - [08/Apr/2022:06:39:47 +0000] "POST /ym_api/1/?action=/cart HTTP/1.1" 200 111 "-" "Apache-HttpClient/4.5.6 (Java/11.0.8-shenandoah)"
94.25.174.40 - - [08/Apr/2022:06:40:24 +0000] "POST /webasyst/shop/?plugin=beruru&module=backend&action=orderListData HTTP/2.0" 200 76 "https://justgrill.ru/webasyst/shop/?action=orders" "Mozilla/5.0 (Windows NT 10.0; Win64; x64) AppleWebKit/537.36 (KHTML, like Gecko) Chrome/99.0.4844.84 Safari/537.36"
94.25.174.40 - - [08/Apr/2022:06:40:24 +0000] "POST /webasyst/shop/?plugin=ym&module=backend&action=orderListData HTTP/2.0" 200 139 "https://justgrill.ru/webasyst/shop/?action=orders" "Mozilla/5.0 (Windows NT 10.0; Win64; x64) AppleWebKit/537.36 (KHTML, like Gecko) Chrome/99.0.4844.84 Safari/537.36"
94.25.174.40 - - [08/Apr/2022:06:40:28 +0000] "POST /webasyst/shop/?plugin=ym&module=backend&action=orderListData HTTP/2.0" 200 139 "https://justgrill.ru/webasyst/shop/?action=orders" "Mozilla/5.0 (Windows NT 10.0; Win64; x64) AppleWebKit/537.36 (KHTML, like Gecko) Chrome/99.0.4844.84 Safari/537.36"
94.25.174.40 - - [08/Apr/2022:06:40:28 +0000] "POST /webasyst/shop/?plugin=beruru&module=backend&action=orderListData HTTP/2.0" 200 76 "https://justgrill.ru/webasyst/shop/?action=orders" "Mozilla/5.0 (Windows NT 10.0; Win64; x64) AppleWebKit/537.36 (KHTML, like Gecko) Chrome/99.0.4844.84 Safari/537.36"
94.25.174.40 - - [08/Apr/2022:06:40:39 +0000] "POST /webasyst/shop/?plugin=beruru&module=backend&action=orderListData HTTP/2.0" 200 76 "https://justgrill.ru/webasyst/shop/?action=orders" "Mozilla/5.0 (Windows NT 10.0; Win64; x64) AppleWebKit/537.36 (KHTML, like Gecko) Chrome/99.0.4844.84 Safari/537.36"
94.25.174.40 - - [08/Apr/2022:06:40:39 +0000] "POST /webasyst/shop/?plugin=ym&module=backend&action=orderListData HTTP/2.0" 200 139 "https://justgrill.ru/webasyst/shop/?action=orders" "Mozilla/5.0 (Windows NT 10.0; Win64; x64) AppleWebKit/537.36 (KHTML, like Gecko) Chrome/99.0.4844.84 Safari/537.36"
94.25.174.40 - - [08/Apr/2022:06:40:49 +0000] "POST /webasyst/shop/?plugin=ym&module=backend&action=orderListData HTTP/2.0" 200 139 "https://justgrill.ru/webasyst/shop/?action=orders" "Mozilla/5.0 (Windows NT 10.0; Win64; x64) AppleWebKit/537.36 (KHTML, like Gecko) Chrome/99.0.4844.84 Safari/537.36"
94.25.174.40 - - [08/Apr/2022:06:40:49 +0000] "POST /webasyst/shop/?plugin=beruru&module=backend&action=orderListData HTTP/2.0" 200 76 "https://justgrill.ru/webasyst/shop/?action=orders" "Mozilla/5.0 (Windows NT 10.0; Win64; x64) AppleWebKit/537.36 (KHTML, like Gecko) Chrome/99.0.4844.84 Safari/537.36"
94.25.174.40 - - [08/Apr/2022:06:40:52 +0000] "POST /webasyst/shop/?plugin=beruru&module=backend&action=orderListData HTTP/2.0" 200 76 "https://justgrill.ru/webasyst/shop/?action=orders" "Mozilla/5.0 (Windows NT 10.0; Win64; x64) AppleWebKit/537.36 (KHTML, like Gecko) Chrome/99.0.4844.84 Safari/537.36"
94.25.174.40 - - [08/Apr/2022:06:40:52 +0000] "POST /webasyst/shop/?plugin=ym&module=backend&action=orderListData HTTP/2.0" 200 139 "https://justgrill.ru/webasyst/shop/?action=orders" "Mozilla/5.0 (Windows NT 10.0; Win64; x64) AppleWebKit/537.36 (KHTML, like Gecko) Chrome/99.0.4844.84 Safari/537.36"
94.25.174.40 - - [08/Apr/2022:06:40:52 +0000] "POST /webasyst/shop/?plugin=ym&module=backend&action=getOrderInfo HTTP/2.0" 200 642 "https://justgrill.ru/webasyst/shop/?action=orders" "Mozilla/5.0 (Windows NT 10.0; Win64; x64) AppleWebKit/537.36 (KHTML, like Gecko) Chrome/99.0.4844.84 Safari/537.36"
178.154.154.182 - - [08/Apr/2022:06:42:44 +0000] "POST /ym_api/1/?action=/cart HTTP/1.1" 200 110 "-" "Apache-HttpClient/4.5.6 (Java/11.0.8-shenandoah)"
94.25.177.234 - - [08/Apr/2022:06:44:45 +0000] "POST /webasyst/shop/?plugin=ym&module=backend&action=orderListData HTTP/2.0" 200 139 "https://justgrill.ru/webasyst/shop/?action=orders" "Mozilla/5.0 (Windows NT 10.0; Win64; x64) AppleWebKit/537.36 (KHTML, like Gecko) Chrome/99.0.4844.84 Safari/537.36"
94.25.177.234 - - [08/Apr/2022:06:44:45 +0000] "POST /webasyst/shop/?plugin=beruru&module=backend&action=orderListData HTTP/2.0" 200 76 "https://justgrill.ru/webasyst/shop/?action=orders" "Mozilla/5.0 (Windows NT 10.0; Win64; x64) AppleWebKit/537.36 (KHTML, like Gecko) Chrome/99.0.4844.84 Safari/537.36"
37.9.71.212 - - [08/Apr/2022:06:45:15 +0000] "POST /ym_api/1/?action=/order/accept HTTP/1.1" 200 69 "-" "Apache-HttpClient/4.5.6 (Java/11.0.8-shenandoah)"
94.25.177.234 - - [08/Apr/2022:06:45:18 +0000] "POST /webasyst/shop/?plugin=beruru&module=backend&action=orderListData HTTP/2.0" 200 76 "https://justgrill.ru/webasyst/shop/?action=orders" "Mozilla/5.0 (Windows NT 10.0; Win64; x64) AppleWebKit/537.36 (KHTML, like Gecko) Chrome/99.0.4844.84 Safari/537.36"
94.25.177.234 - - [08/Apr/2022:06:45:18 +0000] "POST /webasyst/shop/?plugin=ym&module=backend&action=orderListData HTTP/2.0" 200 149 "https://justgrill.ru/webasyst/shop/?action=orders" "Mozilla/5.0 (Windows NT 10.0; Win64; x64) AppleWebKit/537.36 (KHTML, like Gecko) Chrome/99.0.4844.84 Safari/537.36"
94.25.177.234 - - [08/Apr/2022:06:45:19 +0000] "POST /webasyst/shop/?plugin=beruru&module=backend&action=orderListData HTTP/2.0" 200 76 "https://justgrill.ru/webasyst/shop/?action=orders" "Mozilla/5.0 (Windows NT 10.0; Win64; x64) AppleWebKit/537.36 (KHTML, like Gecko) Chrome/99.0.4844.84 Safari/537.36"
94.25.177.234 - - [08/Apr/2022:06:45:19 +0000] "POST /webasyst/shop/?plugin=ym&module=backend&action=orderListData HTTP/2.0" 200 149 "https://justgrill.ru/webasyst/shop/?action=orders" "Mozilla/5.0 (Windows NT 10.0; Win64; x64) AppleWebKit/537.36 (KHTML, like Gecko) Chrome/99.0.4844.84 Safari/537.36"
94.25.177.234 - - [08/Apr/2022:06:45:19 +0000] "POST /webasyst/shop/?plugin=beruru&module=backend&action=orderListData HTTP/2.0" 200 76 "https://justgrill.ru/webasyst/shop/?action=orders" "Mozilla/5.0 (Windows NT 10.0; Win64; x64) AppleWebKit/537.36 (KHTML, like Gecko) Chrome/99.0.4844.84 Safari/537.36"
94.25.177.234 - - [08/Apr/2022:06:45:19 +0000] "POST /webasyst/shop/?plugin=ym&module=backend&action=orderListData HTTP/2.0" 200 180 "https://justgrill.ru/webasyst/shop/?action=orders" "Mozilla/5.0 (Windows NT 10.0; Win64; x64) AppleWebKit/537.36 (KHTML, like Gecko) Chrome/99.0.4844.84 Safari/537.36"
79.104.42.205 - - [08/Apr/2022:06:45:20 +0000] "POST /webasyst/shop/?plugin=ym&module=backend&action=orderListData HTTP/2.0" 200 139 "https://justgrill.ru/webasyst/shop/?action=orders" "Mozilla/5.0 (Windows NT 10.0; Win64; x64) AppleWebKit/537.36 (KHTML, like Gecko) Chrome/100.0.4896.75 Safari/537.36"
79.104.42.205 - - [08/Apr/2022:06:45:20 +0000] "POST /webasyst/shop/?plugin=beruru&module=backend&action=orderListData HTTP/2.0" 200 76 "https://justgrill.ru/webasyst/shop/?action=orders" "Mozilla/5.0 (Windows NT 10.0; Win64; x64) AppleWebKit/537.36 (KHTML, like Gecko) Chrome/100.0.4896.75 Safari/537.36"
94.25.177.234 - - [08/Apr/2022:06:45:21 +0000] "POST /webasyst/shop/?plugin=beruru&module=backend&action=orderListData HTTP/2.0" 200 76 "https://justgrill.ru/webasyst/shop/?action=orders" "Mozilla/5.0 (Windows NT 10.0; Win64; x64) AppleWebKit/537.36 (KHTML, like Gecko) Chrome/99.0.4844.84 Safari/537.36"
94.25.177.234 - - [08/Apr/2022:06:45:21 +0000] "POST /webasyst/shop/?plugin=ym&module=backend&action=orderListData HTTP/2.0" 200 180 "https://justgrill.ru/webasyst/shop/?action=orders" "Mozilla/5.0 (Windows NT 10.0; Win64; x64) AppleWebKit/537.36 (KHTML, like Gecko) Chrome/99.0.4844.84 Safari/537.36"
94.25.177.234 - - [08/Apr/2022:06:45:22 +0000] "POST /webasyst/shop/?plugin=beruru&module=backend&action=orderListData HTTP/2.0" 200 76 "https://justgrill.ru/webasyst/shop/?action=orders" "Mozilla/5.0 (Windows NT 10.0; Win64; x64) AppleWebKit/537.36 (KHTML, like Gecko) Chrome/99.0.4844.84 Safari/537.36"
94.25.177.234 - - [08/Apr/2022:06:45:22 +0000] "POST /webasyst/shop/?plugin=ym&module=backend&action=orderListData HTTP/2.0" 200 180 "https://justgrill.ru/webasyst/shop/?action=orders" "Mozilla/5.0 (Windows NT 10.0; Win64; x64) AppleWebKit/537.36 (KHTML, like Gecko) Chrome/99.0.4844.84 Safari/537.36"
94.25.177.234 - - [08/Apr/2022:06:45:24 +0000] "POST /webasyst/shop/?plugin=beruru&module=backend&action=orderListData HTTP/2.0" 200 76 "https://justgrill.ru/webasyst/shop/?action=orders" "Mozilla/5.0 (Windows NT 10.0; Win64; x64) AppleWebKit/537.36 (KHTML, like Gecko) Chrome/99.0.4844.84 Safari/537.36"
94.25.177.234 - - [08/Apr/2022:06:45:24 +0000] "POST /webasyst/shop/?plugin=ym&module=backend&action=orderListData HTTP/2.0" 200 180 "https://justgrill.ru/webasyst/shop/?action=orders" "Mozilla/5.0 (Windows NT 10.0; Win64; x64) AppleWebKit/537.36 (KHTML, like Gecko) Chrome/99.0.4844.84 Safari/537.36"
94.25.177.234 - - [08/Apr/2022:06:45:29 +0000] "POST /webasyst/shop/?plugin=beruru&module=backend&action=orderListData HTTP/2.0" 200 76 "https://justgrill.ru/webasyst/shop/?action=orders" "Mozilla/5.0 (Windows NT 10.0; Win64; x64) AppleWebKit/537.36 (KHTML, like Gecko) Chrome/99.0.4844.84 Safari/537.36"
94.25.177.234 - - [08/Apr/2022:06:45:29 +0000] "POST /webasyst/shop/?plugin=ym&module=backend&action=orderListData HTTP/2.0" 200 180 "https://justgrill.ru/webasyst/shop/?action=orders" "Mozilla/5.0 (Windows NT 10.0; Win64; x64) AppleWebKit/537.36 (KHTML, like Gecko) Chrome/99.0.4844.84 Safari/537.36"
94.25.177.234 - - [08/Apr/2022:06:45:30 +0000] "POST /webasyst/shop/?plugin=beruru&module=backend&action=orderListData HTTP/2.0" 200 76 "https://justgrill.ru/webasyst/shop/?action=orders" "Mozilla/5.0 (Windows NT 10.0; Win64; x64) AppleWebKit/537.36 (KHTML, like Gecko) Chrome/99.0.4844.84 Safari/537.36"
94.25.177.234 - - [08/Apr/2022:06:45:30 +0000] "POST /webasyst/shop/?plugin=ym&module=backend&action=orderListData HTTP/2.0" 200 180 "https://justgrill.ru/webasyst/shop/?action=orders" "Mozilla/5.0 (Windows NT 10.0; Win64; x64) AppleWebKit/537.36 (KHTML, like Gecko) Chrome/99.0.4844.84 Safari/537.36"
46.147.108.16 - - [08/Apr/2022:06:45:52 +0000] "POST /webasyst/shop/ HTTP/2.0" 200 105 "https://justgrill.ru/webasyst/shop/" "Mozilla/5.0 (iPhone; CPU iPhone OS 15_3_1 like Mac OS X) AppleWebKit/605.1.15 (KHTML, like Gecko) Version/15.3 Mobile/15E148 Safari/604.1"
46.147.108.16 - - [08/Apr/2022:06:46:02 +0000] "POST /webasyst/shop/?module=orders&action=mobile HTTP/2.0" 200 3585 "https://justgrill.ru/webasyst/shop/?module=orders&action=infoMobile&id=5282" "Mozilla/5.0 (iPhone; CPU iPhone OS 15_3_1 like Mac OS X) AppleWebKit/605.1.15 (KHTML, like Gecko) Version/15.3 Mobile/15E148 Safari/604.1"
79.104.42.205 - - [08/Apr/2022:06:46:04 +0000] "POST /webasyst/shop/?plugin=beruru&module=backend&action=orderListData HTTP/2.0" 200 76 "https://justgrill.ru/webasyst/shop/?action=orders" "Mozilla/5.0 (Windows NT 10.0; Win64; x64) AppleWebKit/537.36 (KHTML, like Gecko) Chrome/100.0.4896.75 Safari/537.36"
79.104.42.205 - - [08/Apr/2022:06:46:04 +0000] "POST /webasyst/shop/?plugin=ym&module=backend&action=orderListData HTTP/2.0" 200 155 "https://justgrill.ru/webasyst/shop/?action=orders" "Mozilla/5.0 (Windows NT 10.0; Win64; x64) AppleWebKit/537.36 (KHTML, like Gecko) Chrome/100.0.4896.75 Safari/537.36"
195.68.158.158 - - [08/Apr/2022:06:46:07 +0000] "POST /webasyst/shop/?plugin=beruru&module=backend&action=orderListData HTTP/2.0" 200 76 "https://justgrill.ru/webasyst/shop/?action=orders" "Mozilla/5.0 (Windows NT 10.0; Win64; x64) AppleWebKit/537.36 (KHTML, like Gecko) Chrome/100.0.4896.75 Safari/537.36"
195.68.158.158 - - [08/Apr/2022:06:46:07 +0000] "POST /webasyst/shop/?plugin=ym&module=backend&action=orderListData HTTP/2.0" 200 155 "https://justgrill.ru/webasyst/shop/?action=orders" "Mozilla/5.0 (Windows NT 10.0; Win64; x64) AppleWebKit/537.36 (KHTML, like Gecko) Chrome/100.0.4896.75 Safari/537.36"
79.104.42.205 - - [08/Apr/2022:06:46:09 +0000] "POST /webasyst/shop/?plugin=beruru&module=backend&action=orderListData HTTP/2.0" 200 76 "https://justgrill.ru/webasyst/shop/?action=orders" "Mozilla/5.0 (Windows NT 10.0; Win64; x64) AppleWebKit/537.36 (KHTML, like Gecko) Chrome/100.0.4896.75 Safari/537.36"
79.104.42.205 - - [08/Apr/2022:06:46:09 +0000] "POST /webasyst/shop/?plugin=ym&module=backend&action=orderListData HTTP/2.0" 200 155 "https://justgrill.ru/webasyst/shop/?action=orders" "Mozilla/5.0 (Windows NT 10.0; Win64; x64) AppleWebKit/537.36 (KHTML, like Gecko) Chrome/100.0.4896.75 Safari/537.36"
79.104.42.205 - - [08/Apr/2022:06:46:10 +0000] "POST /webasyst/shop/?plugin=ym&module=backend&action=getOrderInfo HTTP/2.0" 200 654 "https://justgrill.ru/webasyst/shop/?action=orders" "Mozilla/5.0 (Windows NT 10.0; Win64; x64) AppleWebKit/537.36 (KHTML, like Gecko) Chrome/100.0.4896.75 Safari/537.36"
5.45.201.213 - - [08/Apr/2022:06:46:11 +0000] "POST /ym_api/1/?action=/order/status HTTP/1.1" 200 31 "-" "Apache-HttpClient/4.5.6 (Java/11.0.8-shenandoah)"
95.153.168.251 - - [08/Apr/2022:06:46:12 +0000] "POST /webasyst/shop/?plugin=ym&module=backend&action=orderListData HTTP/2.0" 200 155 "https://justgrill.ru/webasyst/shop/?action=orders" "Mozilla/5.0 (Windows NT 10.0; WOW64) AppleWebKit/537.36 (KHTML, like Gecko) Chrome/98.0.4758.119 YaBrowser/22.3.0.2434 Yowser/2.5 Safari/537.36"
95.153.168.251 - - [08/Apr/2022:06:46:12 +0000] "POST /webasyst/shop/?plugin=beruru&module=backend&action=orderListData HTTP/2.0" 200 76 "https://justgrill.ru/webasyst/shop/?action=orders" "Mozilla/5.0 (Windows NT 10.0; WOW64) AppleWebKit/537.36 (KHTML, like Gecko) Chrome/98.0.4758.119 YaBrowser/22.3.0.2434 Yowser/2.5 Safari/537.36"
95.153.168.251 - - [08/Apr/2022:06:46:13 +0000] "POST /webasyst/shop/?plugin=ym&module=backend&action=orderListData HTTP/2.0" 200 155 "https://justgrill.ru/webasyst/shop/?action=orders" "Mozilla/5.0 (Windows NT 10.0; WOW64) AppleWebKit/537.36 (KHTML, like Gecko) Chrome/98.0.4758.119 YaBrowser/22.3.0.2434 Yowser/2.5 Safari/537.36"
95.153.168.251 - - [08/Apr/2022:06:46:13 +0000] "POST /webasyst/shop/?plugin=beruru&module=backend&action=orderListData HTTP/2.0" 200 76 "https://justgrill.ru/webasyst/shop/?action=orders" "Mozilla/5.0 (Windows NT 10.0; WOW64) AppleWebKit/537.36 (KHTML, like Gecko) Chrome/98.0.4758.119 YaBrowser/22.3.0.2434 Yowser/2.5 Safari/537.36"
95.153.168.251 - - [08/Apr/2022:06:46:13 +0000] "POST /webasyst/shop/?plugin=ym&module=backend&action=getOrderInfo HTTP/2.0" 200 654 "https://justgrill.ru/webasyst/shop/?action=orders" "Mozilla/5.0 (Windows NT 10.0; WOW64) AppleWebKit/537.36 (KHTML, like Gecko) Chrome/98.0.4758.119 YaBrowser/22.3.0.2434 Yowser/2.5 Safari/537.36"
95.153.168.251 - - [08/Apr/2022:06:46:15 +0000] "POST /webasyst/shop/?plugin=beruru&module=backend&action=orderListData HTTP/2.0" 200 76 "https://justgrill.ru/webasyst/shop/?action=orders" "Mozilla/5.0 (Windows NT 10.0; WOW64) AppleWebKit/537.36 (KHTML, like Gecko) Chrome/98.0.4758.119 YaBrowser/22.3.0.2434 Yowser/2.5 Safari/537.36"
95.153.168.251 - - [08/Apr/2022:06:46:15 +0000] "POST /webasyst/shop/?plugin=ym&module=backend&action=orderListData HTTP/2.0" 200 155 "https://justgrill.ru/webasyst/shop/?action=orders" "Mozilla/5.0 (Windows NT 10.0; WOW64) AppleWebKit/537.36 (KHTML, like Gecko) Chrome/98.0.4758.119 YaBrowser/22.3.0.2434 Yowser/2.5 Safari/537.36"
95.153.168.251 - - [08/Apr/2022:06:46:15 +0000] "POST /webasyst/shop/?plugin=ym&module=backend&action=getOrderInfo HTTP/2.0" 200 654 "https://justgrill.ru/webasyst/shop/?action=orders" "Mozilla/5.0 (Windows NT 10.0; WOW64) AppleWebKit/537.36 (KHTML, like Gecko) Chrome/98.0.4758.119 YaBrowser/22.3.0.2434 Yowser/2.5 Safari/537.36"
95.153.168.251 - - [08/Apr/2022:06:46:16 +0000] "POST /webasyst/shop/?plugin=beruru&module=backend&action=orderListData HTTP/2.0" 200 76 "https://justgrill.ru/webasyst/shop/?action=orders" "Mozilla/5.0 (Windows NT 10.0; WOW64) AppleWebKit/537.36 (KHTML, like Gecko) Chrome/98.0.4758.119 YaBrowser/22.3.0.2434 Yowser/2.5 Safari/537.36"
95.153.168.251 - - [08/Apr/2022:06:46:16 +0000] "POST /webasyst/shop/?plugin=ym&module=backend&action=orderListData HTTP/2.0" 200 155 "https://justgrill.ru/webasyst/shop/?action=orders" "Mozilla/5.0 (Windows NT 10.0; WOW64) AppleWebKit/537.36 (KHTML, like Gecko) Chrome/98.0.4758.119 YaBrowser/22.3.0.2434 Yowser/2.5 Safari/537.36"
178.154.154.251 - - [08/Apr/2022:06:48:08 +0000] "POST /ym_api/1/?action=/stocks HTTP/1.1" 200 1422 "-" "Apache-HttpClient/4.5.6 (Java/11.0.8-shenandoah)"
195.68.158.158 - - [08/Apr/2022:06:51:36 +0000] "POST /webasyst/shop/?plugin=beruru&module=backend&action=orderListData HTTP/2.0" 200 76 "https://justgrill.ru/webasyst/shop/?action=orders" "Mozilla/5.0 (Windows NT 10.0; Win64; x64) AppleWebKit/537.36 (KHTML, like Gecko) Chrome/100.0.4896.75 Safari/537.36"
195.68.158.158 - - [08/Apr/2022:06:51:36 +0000] "POST /webasyst/shop/?plugin=ym&module=backend&action=orderListData HTTP/2.0" 200 155 "https://justgrill.ru/webasyst/shop/?action=orders" "Mozilla/5.0 (Windows NT 10.0; Win64; x64) AppleWebKit/537.36 (KHTML, like Gecko) Chrome/100.0.4896.75 Safari/537.36"
195.68.158.158 - - [08/Apr/2022:06:51:36 +0000] "POST /webasyst/shop/?plugin=ym&module=backend&action=getOrderInfo HTTP/2.0" 200 654 "https://justgrill.ru/webasyst/shop/?action=orders" "Mozilla/5.0 (Windows NT 10.0; Win64; x64) AppleWebKit/537.36 (KHTML, like Gecko) Chrome/100.0.4896.75 Safari/537.36"
195.68.158.158 - - [08/Apr/2022:06:51:40 +0000] "POST /webasyst/shop/?plugin=beruru&module=backend&action=orderListData HTTP/2.0" 200 76 "https://justgrill.ru/webasyst/shop/?action=orders" "Mozilla/5.0 (Windows NT 10.0; Win64; x64) AppleWebKit/537.36 (KHTML, like Gecko) Chrome/100.0.4896.75 Safari/537.36"
195.68.158.158 - - [08/Apr/2022:06:51:40 +0000] "POST /webasyst/shop/?plugin=ym&module=backend&action=orderListData HTTP/2.0" 200 155 "https://justgrill.ru/webasyst/shop/?action=orders" "Mozilla/5.0 (Windows NT 10.0; Win64; x64) AppleWebKit/537.36 (KHTML, like Gecko) Chrome/100.0.4896.75 Safari/537.36"
37.9.71.121 - - [08/Apr/2022:06:54:04 +0000] "POST /ym_api/1/?action=/cart HTTP/1.1" 200 110 "-" "Apache-HttpClient/4.5.6 (Java/11.0.8-shenandoah)"
94.25.174.40 - - [08/Apr/2022:06:56:06 +0000] "POST /webasyst/shop/?plugin=beruru&module=backend&action=orderListData HTTP/2.0" 200 76 "https://justgrill.ru/webasyst/shop/?action=orders" "Mozilla/5.0 (Windows NT 10.0; Win64; x64) AppleWebKit/537.36 (KHTML, like Gecko) Chrome/99.0.4844.84 Safari/537.36"
94.25.174.40 - - [08/Apr/2022:06:56:07 +0000] "POST /webasyst/shop/?plugin=ym&module=backend&action=orderListData HTTP/2.0" 200 155 "https://justgrill.ru/webasyst/shop/?action=orders" "Mozilla/5.0 (Windows NT 10.0; Win64; x64) AppleWebKit/537.36 (KHTML, like Gecko) Chrome/99.0.4844.84 Safari/537.36"
94.25.174.40 - - [08/Apr/2022:06:56:07 +0000] "POST /webasyst/shop/?plugin=ym&module=backend&action=getOrderInfo HTTP/2.0" 200 98 "https://justgrill.ru/webasyst/shop/?action=orders" "Mozilla/5.0 (Windows NT 10.0; Win64; x64) AppleWebKit/537.36 (KHTML, like Gecko) Chrome/99.0.4844.84 Safari/537.36"
94.25.174.40 - - [08/Apr/2022:06:56:07 +0000] "POST /webasyst/shop/?plugin=beruru&module=backend&action=orderListData HTTP/2.0" 200 76 "https://justgrill.ru/webasyst/shop/?action=orders" "Mozilla/5.0 (Windows NT 10.0; Win64; x64) AppleWebKit/537.36 (KHTML, like Gecko) Chrome/99.0.4844.84 Safari/537.36"
94.25.174.40 - - [08/Apr/2022:06:56:07 +0000] "POST /webasyst/shop/?plugin=ym&module=backend&action=orderListData HTTP/2.0" 200 155 "https://justgrill.ru/webasyst/shop/?action=orders" "Mozilla/5.0 (Windows NT 10.0; Win64; x64) AppleWebKit/537.36 (KHTML, like Gecko) Chrome/99.0.4844.84 Safari/537.36"
94.25.174.40 - - [08/Apr/2022:06:56:08 +0000] "POST /webasyst/shop/?plugin=beruru&module=backend&action=orderListData HTTP/2.0" 200 76 "https://justgrill.ru/webasyst/shop/?action=orders" "Mozilla/5.0 (Windows NT 10.0; Win64; x64) AppleWebKit/537.36 (KHTML, like Gecko) Chrome/99.0.4844.84 Safari/537.36"
94.25.174.40 - - [08/Apr/2022:06:56:08 +0000] "POST /webasyst/shop/?plugin=ym&module=backend&action=getOrderInfo HTTP/2.0" 200 654 "https://justgrill.ru/webasyst/shop/?action=orders" "Mozilla/5.0 (Windows NT 10.0; Win64; x64) AppleWebKit/537.36 (KHTML, like Gecko) Chrome/99.0.4844.84 Safari/537.36"
94.25.174.40 - - [08/Apr/2022:06:56:08 +0000] "POST /webasyst/shop/?plugin=ym&module=backend&action=orderListData HTTP/2.0" 200 155 "https://justgrill.ru/webasyst/shop/?action=orders" "Mozilla/5.0 (Windows NT 10.0; Win64; x64) AppleWebKit/537.36 (KHTML, like Gecko) Chrome/99.0.4844.84 Safari/537.36"
94.25.174.40 - - [08/Apr/2022:06:56:10 +0000] "POST /webasyst/shop/?plugin=beruru&module=backend&action=orderListData HTTP/2.0" 200 76 "https://justgrill.ru/webasyst/shop/?action=orders" "Mozilla/5.0 (Windows NT 10.0; Win64; x64) AppleWebKit/537.36 (KHTML, like Gecko) Chrome/99.0.4844.84 Safari/537.36"
94.25.174.40 - - [08/Apr/2022:06:56:10 +0000] "POST /webasyst/shop/?plugin=ym&module=backend&action=orderListData HTTP/2.0" 200 155 "https://justgrill.ru/webasyst/shop/?action=orders" "Mozilla/5.0 (Windows NT 10.0; Win64; x64) AppleWebKit/537.36 (KHTML, like Gecko) Chrome/99.0.4844.84 Safari/537.36"
79.104.42.205 - - [08/Apr/2022:06:56:27 +0000] "POST /webasyst/shop/?plugin=beruru&module=backend&action=orderListData HTTP/2.0" 200 76 "https://justgrill.ru/webasyst/shop/?action=orders" "Mozilla/5.0 (Windows NT 10.0; Win64; x64) AppleWebKit/537.36 (KHTML, like Gecko) Chrome/100.0.4896.75 Safari/537.36"
79.104.42.205 - - [08/Apr/2022:06:56:27 +0000] "POST /webasyst/shop/?plugin=ym&module=backend&action=orderListData HTTP/2.0" 200 155 "https://justgrill.ru/webasyst/shop/?action=orders" "Mozilla/5.0 (Windows NT 10.0; Win64; x64) AppleWebKit/537.36 (KHTML, like Gecko) Chrome/100.0.4896.75 Safari/537.36"
79.104.42.205 - - [08/Apr/2022:06:56:27 +0000] "POST /webasyst/shop/?plugin=ym&module=backend&action=getOrderInfo HTTP/2.0" 200 654 "https://justgrill.ru/webasyst/shop/?action=orders" "Mozilla/5.0 (Windows NT 10.0; Win64; x64) AppleWebKit/537.36 (KHTML, like Gecko) Chrome/100.0.4896.75 Safari/537.36"
79.104.42.205 - - [08/Apr/2022:06:56:27 +0000] "POST /webasyst/shop/?plugin=beruru&module=backend&action=orderListData HTTP/2.0" 200 76 "https://justgrill.ru/webasyst/shop/?action=orders" "Mozilla/5.0 (Windows NT 10.0; Win64; x64) AppleWebKit/537.36 (KHTML, like Gecko) Chrome/100.0.4896.75 Safari/537.36"
79.104.42.205 - - [08/Apr/2022:06:56:27 +0000] "POST /webasyst/shop/?plugin=ym&module=backend&action=orderListData HTTP/2.0" 200 155 "https://justgrill.ru/webasyst/shop/?action=orders" "Mozilla/5.0 (Windows NT 10.0; Win64; x64) AppleWebKit/537.36 (KHTML, like Gecko) Chrome/100.0.4896.75 Safari/537.36"
79.104.42.205 - - [08/Apr/2022:06:56:38 +0000] "POST /webasyst/shop/?plugin=beruru&module=backend&action=orderListData HTTP/2.0" 200 76 "https://justgrill.ru/webasyst/shop/?action=orders" "Mozilla/5.0 (Windows NT 10.0; Win64; x64) AppleWebKit/537.36 (KHTML, like Gecko) Chrome/100.0.4896.75 Safari/537.36"
79.104.42.205 - - [08/Apr/2022:06:56:38 +0000] "POST /webasyst/shop/?plugin=ym&module=backend&action=orderListData HTTP/2.0" 200 155 "https://justgrill.ru/webasyst/shop/?action=orders" "Mozilla/5.0 (Windows NT 10.0; Win64; x64) AppleWebKit/537.36 (KHTML, like Gecko) Chrome/100.0.4896.75 Safari/537.36"
79.104.42.205 - - [08/Apr/2022:06:56:44 +0000] "POST /webasyst/shop/?plugin=ym&module=backend&action=getOrderInfo HTTP/2.0" 200 642 "https://justgrill.ru/webasyst/shop/?action=orders" "Mozilla/5.0 (Windows NT 10.0; Win64; x64) AppleWebKit/537.36 (KHTML, like Gecko) Chrome/100.0.4896.75 Safari/537.36"
79.104.42.205 - - [08/Apr/2022:06:56:44 +0000] "POST /webasyst/shop/?plugin=beruru&module=backend&action=orderListData HTTP/2.0" 200 76 "https://justgrill.ru/webasyst/shop/?action=orders" "Mozilla/5.0 (Windows NT 10.0; Win64; x64) AppleWebKit/537.36 (KHTML, like Gecko) Chrome/100.0.4896.75 Safari/537.36"
79.104.42.205 - - [08/Apr/2022:06:56:44 +0000] "POST /webasyst/shop/?plugin=ym&module=backend&action=orderListData HTTP/2.0" 200 155 "https://justgrill.ru/webasyst/shop/?action=orders" "Mozilla/5.0 (Windows NT 10.0; Win64; x64) AppleWebKit/537.36 (KHTML, like Gecko) Chrome/100.0.4896.75 Safari/537.36"
79.104.42.205 - - [08/Apr/2022:06:56:51 +0000] "POST /webasyst/shop/?plugin=ym&module=backend&action=getOrderInfo HTTP/2.0" 200 654 "https://justgrill.ru/webasyst/shop/?action=orders" "Mozilla/5.0 (Windows NT 10.0; Win64; x64) AppleWebKit/537.36 (KHTML, like Gecko) Chrome/100.0.4896.75 Safari/537.36"
79.104.42.205 - - [08/Apr/2022:06:56:51 +0000] "POST /webasyst/shop/?plugin=beruru&module=backend&action=orderListData HTTP/2.0" 200 76 "https://justgrill.ru/webasyst/shop/?action=orders" "Mozilla/5.0 (Windows NT 10.0; Win64; x64) AppleWebKit/537.36 (KHTML, like Gecko) Chrome/100.0.4896.75 Safari/537.36"
79.104.42.205 - - [08/Apr/2022:06:56:51 +0000] "POST /webasyst/shop/?plugin=ym&module=backend&action=orderListData HTTP/2.0" 200 155 "https://justgrill.ru/webasyst/shop/?action=orders" "Mozilla/5.0 (Windows NT 10.0; Win64; x64) AppleWebKit/537.36 (KHTML, like Gecko) Chrome/100.0.4896.75 Safari/537.36"
195.239.171.214 - - [08/Apr/2022:06:58:12 +0000] "POST /cart/add/?html=1 HTTP/2.0" 200 154 "https://krd.justgrill.ru/grili/gazovye/napoleon/" "Mozilla/5.0 (Windows NT 10.0; Win64; x64) AppleWebKit/537.36 (KHTML, like Gecko) Chrome/89.0.4389.72 Safari/537.36"
178.154.154.251 - - [08/Apr/2022:06:58:41 +0000] "POST /ym_api/1/?action=/cart HTTP/1.1" 200 111 "-" "Apache-HttpClient/4.5.6 (Java/11.0.8-shenandoah)"
195.68.158.158 - - [08/Apr/2022:06:58:46 +0000] "POST /webasyst/shop/?plugin=beruru&module=backend&action=orderListData HTTP/2.0" 200 76 "https://justgrill.ru/webasyst/shop/?action=orders" "Mozilla/5.0 (Windows NT 10.0; Win64; x64) AppleWebKit/537.36 (KHTML, like Gecko) Chrome/100.0.4896.75 Safari/537.36"
195.68.158.158 - - [08/Apr/2022:06:58:46 +0000] "POST /webasyst/shop/?plugin=ym&module=backend&action=orderListData HTTP/2.0" 200 155 "https://justgrill.ru/webasyst/shop/?action=orders" "Mozilla/5.0 (Windows NT 10.0; Win64; x64) AppleWebKit/537.36 (KHTML, like Gecko) Chrome/100.0.4896.75 Safari/537.36"
195.68.158.158 - - [08/Apr/2022:06:58:46 +0000] "POST /webasyst/shop/?plugin=ym&module=backend&action=getOrderInfo HTTP/2.0" 200 654 "https://justgrill.ru/webasyst/shop/?action=orders" "Mozilla/5.0 (Windows NT 10.0; Win64; x64) AppleWebKit/537.36 (KHTML, like Gecko) Chrome/100.0.4896.75 Safari/537.36"
195.68.158.158 - - [08/Apr/2022:06:58:47 +0000] "POST /webasyst/shop/?plugin=beruru&module=backend&action=orderListData HTTP/2.0" 200 76 "https://justgrill.ru/webasyst/shop/?action=orders" "Mozilla/5.0 (Windows NT 10.0; Win64; x64) AppleWebKit/537.36 (KHTML, like Gecko) Chrome/100.0.4896.75 Safari/537.36"
195.68.158.158 - - [08/Apr/2022:06:58:47 +0000] "POST /webasyst/shop/?plugin=ym&module=backend&action=orderListData HTTP/2.0" 200 155 "https://justgrill.ru/webasyst/shop/?action=orders" "Mozilla/5.0 (Windows NT 10.0; Win64; x64) AppleWebKit/537.36 (KHTML, like Gecko) Chrome/100.0.4896.75 Safari/537.36"
79.104.42.205 - - [08/Apr/2022:07:00:09 +0000] "POST /webasyst/shop/?plugin=beruru&module=backend&action=orderListData HTTP/2.0" 200 76 "https://justgrill.ru/webasyst/shop/?action=orders" "Mozilla/5.0 (Windows NT 10.0; Win64; x64) AppleWebKit/537.36 (KHTML, like Gecko) Chrome/100.0.4896.75 Safari/537.36"
79.104.42.205 - - [08/Apr/2022:07:00:10 +0000] "POST /webasyst/shop/?plugin=ym&module=backend&action=orderListData HTTP/2.0" 200 155 "https://justgrill.ru/webasyst/shop/?action=orders" "Mozilla/5.0 (Windows NT 10.0; Win64; x64) AppleWebKit/537.36 (KHTML, like Gecko) Chrome/100.0.4896.75 Safari/537.36"
79.104.42.205 - - [08/Apr/2022:07:00:10 +0000] "POST /webasyst/shop/?plugin=ym&module=backend&action=getOrderInfo HTTP/2.0" 200 642 "https://justgrill.ru/webasyst/shop/?action=orders" "Mozilla/5.0 (Windows NT 10.0; Win64; x64) AppleWebKit/537.36 (KHTML, like Gecko) Chrome/100.0.4896.75 Safari/537.36"
79.104.42.205 - - [08/Apr/2022:07:00:15 +0000] "POST /webasyst/shop/?plugin=ym&module=backend&action=orderListData HTTP/2.0" 200 155 "https://justgrill.ru/webasyst/shop/?action=orders" "Mozilla/5.0 (Windows NT 10.0; Win64; x64) AppleWebKit/537.36 (KHTML, like Gecko) Chrome/100.0.4896.75 Safari/537.36"
79.104.42.205 - - [08/Apr/2022:07:00:15 +0000] "POST /webasyst/shop/?plugin=beruru&module=backend&action=orderListData HTTP/2.0" 200 76 "https://justgrill.ru/webasyst/shop/?action=orders" "Mozilla/5.0 (Windows NT 10.0; Win64; x64) AppleWebKit/537.36 (KHTML, like Gecko) Chrome/100.0.4896.75 Safari/537.36"
79.104.42.205 - - [08/Apr/2022:07:00:15 +0000] "POST /webasyst/shop/?plugin=ym&module=backend&action=getOrderInfo HTTP/2.0" 200 654 "https://justgrill.ru/webasyst/shop/?action=orders" "Mozilla/5.0 (Windows NT 10.0; Win64; x64) AppleWebKit/537.36 (KHTML, like Gecko) Chrome/100.0.4896.75 Safari/537.36"
5.188.113.194 - admin [08/Apr/2022:07:02:13 +0000] "POST /cml1c/adfc9ee9-8d33-4958-a478-3f8659809409/?type=catalog&mode=file&filename=v8_J1EvLh_139.zip&sessid= HTTP/1.1" 200 51 "-" "1C+Enterprise/8.3"
195.239.171.214 - - [08/Apr/2022:07:02:37 +0000] "POST /onestep/ HTTP/2.0" 200 7280 "https://krd.justgrill.ru/onestep/" "Mozilla/5.0 (Windows NT 10.0; Win64; x64) AppleWebKit/537.36 (KHTML, like Gecko) Chrome/89.0.4389.72 Safari/537.36"
195.239.171.214 - - [08/Apr/2022:07:02:37 +0000] "POST /gift-cart-list/ HTTP/2.0" 200 20 "https://krd.justgrill.ru/onestep/" "Mozilla/5.0 (Windows NT 10.0; Win64; x64) AppleWebKit/537.36 (KHTML, like Gecko) Chrome/89.0.4389.72 Safari/537.36"
195.239.171.214 - - [08/Apr/2022:07:02:37 +0000] "POST /gift-cart-list/ HTTP/2.0" 200 20 "https://krd.justgrill.ru/onestep/" "Mozilla/5.0 (Windows NT 10.0; Win64; x64) AppleWebKit/537.36 (KHTML, like Gecko) Chrome/89.0.4389.72 Safari/537.36"
195.239.171.214 - - [08/Apr/2022:07:02:38 +0000] "POST /gift-cart-list/ HTTP/2.0" 200 20 "https://krd.justgrill.ru/onestep/" "Mozilla/5.0 (Windows NT 10.0; Win64; x64) AppleWebKit/537.36 (KHTML, like Gecko) Chrome/89.0.4389.72 Safari/537.36"
195.239.171.214 - - [08/Apr/2022:07:02:38 +0000] "POST /gift-cart-list/ HTTP/2.0" 200 20 "https://krd.justgrill.ru/onestep/" "Mozilla/5.0 (Windows NT 10.0; Win64; x64) AppleWebKit/537.36 (KHTML, like Gecko) Chrome/89.0.4389.72 Safari/537.36"
5.188.113.194 - admin [08/Apr/2022:07:02:38 +0000] "POST /cml1c/adfc9ee9-8d33-4958-a478-3f8659809409/?type=catalog&mode=file&filename=v8_J1EvLh_13a.zip&sessid= HTTP/1.1" 200 51 "-" "1C+Enterprise/8.3"
195.239.171.214 - - [08/Apr/2022:07:03:28 +0000] "POST /cart/add/?html=1 HTTP/2.0" 200 154 "https://krd.justgrill.ru/grili/gazovye/napoleon/prestige-pro/gazovyy-gril-napoleon-prestige-prestige-pro-825/" "Mozilla/5.0 (Windows NT 10.0; Win64; x64) AppleWebKit/537.36 (KHTML, like Gecko) Chrome/96.0.4664.174 YaBrowser/22.1.4.837 Yowser/2.5 Safari/537.36"
88.212.240.28 - - [08/Apr/2022:07:03:30 +0000] "POST /syncamocrm/lead/ HTTP/1.1" 200 62 "-" "amoCRM-Webhooks/3.0"
195.239.171.214 - - [08/Apr/2022:07:03:40 +0000] "POST /onestep/ HTTP/2.0" 200 7279 "https://krd.justgrill.ru/onestep/" "Mozilla/5.0 (Windows NT 10.0; Win64; x64) AppleWebKit/537.36 (KHTML, like Gecko) Chrome/96.0.4664.174 YaBrowser/22.1.4.837 Yowser/2.5 Safari/537.36"
195.239.171.214 - - [08/Apr/2022:07:03:40 +0000] "POST /gift-cart-list/ HTTP/2.0" 200 20 "https://krd.justgrill.ru/onestep/" "Mozilla/5.0 (Windows NT 10.0; Win64; x64) AppleWebKit/537.36 (KHTML, like Gecko) Chrome/96.0.4664.174 YaBrowser/22.1.4.837 Yowser/2.5 Safari/537.36"
195.239.171.214 - - [08/Apr/2022:07:03:40 +0000] "POST /gift-cart-list/ HTTP/2.0" 200 20 "https://krd.justgrill.ru/onestep/" "Mozilla/5.0 (Windows NT 10.0; Win64; x64) AppleWebKit/537.36 (KHTML, like Gecko) Chrome/96.0.4664.174 YaBrowser/22.1.4.837 Yowser/2.5 Safari/537.36"
195.239.171.214 - - [08/Apr/2022:07:03:41 +0000] "POST /gift-cart-list/ HTTP/2.0" 200 20 "https://krd.justgrill.ru/onestep/" "Mozilla/5.0 (Windows NT 10.0; Win64; x64) AppleWebKit/537.36 (KHTML, like Gecko) Chrome/96.0.4664.174 YaBrowser/22.1.4.837 Yowser/2.5 Safari/537.36"
195.239.171.214 - - [08/Apr/2022:07:03:41 +0000] "POST /gift-cart-list/ HTTP/2.0" 200 20 "https://krd.justgrill.ru/onestep/" "Mozilla/5.0 (Windows NT 10.0; Win64; x64) AppleWebKit/537.36 (KHTML, like Gecko) Chrome/96.0.4664.174 YaBrowser/22.1.4.837 Yowser/2.5 Safari/537.36"
195.239.171.214 - - [08/Apr/2022:07:03:48 +0000] "POST /onestep/ HTTP/2.0" 302 0 "https://krd.justgrill.ru/onestep/" "Mozilla/5.0 (Windows NT 10.0; Win64; x64) AppleWebKit/537.36 (KHTML, like Gecko) Chrome/89.0.4389.72 Safari/537.36"
195.68.158.158 - - [08/Apr/2022:07:03:49 +0000] "POST /webasyst/shop/?plugin=beruru&module=backend&action=orderListData HTTP/2.0" 200 76 "https://justgrill.ru/webasyst/shop/?action=orders" "Mozilla/5.0 (Windows NT 10.0; Win64; x64) AppleWebKit/537.36 (KHTML, like Gecko) Chrome/100.0.4896.75 Safari/537.36"
195.68.158.158 - - [08/Apr/2022:07:03:49 +0000] "POST /webasyst/shop/?plugin=ym&module=backend&action=orderListData HTTP/2.0" 200 155 "https://justgrill.ru/webasyst/shop/?action=orders" "Mozilla/5.0 (Windows NT 10.0; Win64; x64) AppleWebKit/537.36 (KHTML, like Gecko) Chrome/100.0.4896.75 Safari/537.36"
178.154.154.182 - - [08/Apr/2022:07:03:56 +0000] "POST /ym_api/1/?action=/stocks HTTP/1.1" 200 1321 "-" "Apache-HttpClient/4.5.6 (Java/11.0.8-shenandoah)"
5.164.200.116 - - [08/Apr/2022:07:03:59 +0000] "POST /cart/add/?html=1 HTTP/2.0" 200 157 "https://nn.justgrill.ru/grili/ugolnye/weber/" "Mozilla/5.0 (Linux; Android 10; Redmi 7) AppleWebKit/537.36 (KHTML, like Gecko) Chrome/100.0.4896.79 Mobile Safari/537.36"
94.25.174.40 - - [08/Apr/2022:07:04:13 +0000] "POST /webasyst/shop/?plugin=beruru&module=backend&action=orderListData HTTP/2.0" 200 76 "https://justgrill.ru/webasyst/shop/?action=orders" "Mozilla/5.0 (Windows NT 10.0; Win64; x64) AppleWebKit/537.36 (KHTML, like Gecko) Chrome/99.0.4844.84 Safari/537.36"
94.25.174.40 - - [08/Apr/2022:07:04:13 +0000] "POST /webasyst/shop/?plugin=ym&module=backend&action=orderListData HTTP/2.0" 200 155 "https://justgrill.ru/webasyst/shop/?action=orders" "Mozilla/5.0 (Windows NT 10.0; Win64; x64) AppleWebKit/537.36 (KHTML, like Gecko) Chrome/99.0.4844.84 Safari/537.36"
95.153.168.251 - - [08/Apr/2022:07:04:17 +0000] "POST /webasyst/shop/?plugin=ym&module=backend&action=orderListData HTTP/2.0" 200 155 "https://justgrill.ru/webasyst/shop/?action=orders" "Mozilla/5.0 (Windows NT 10.0; WOW64) AppleWebKit/537.36 (KHTML, like Gecko) Chrome/98.0.4758.119 YaBrowser/22.3.0.2434 Yowser/2.5 Safari/537.36"
95.153.168.251 - - [08/Apr/2022:07:04:17 +0000] "POST /webasyst/shop/?plugin=beruru&module=backend&action=orderListData HTTP/2.0" 200 76 "https://justgrill.ru/webasyst/shop/?action=orders" "Mozilla/5.0 (Windows NT 10.0; WOW64) AppleWebKit/537.36 (KHTML, like Gecko) Chrome/98.0.4758.119 YaBrowser/22.3.0.2434 Yowser/2.5 Safari/537.36"
95.153.168.251 - - [08/Apr/2022:07:04:18 +0000] "POST /webasyst/shop/?plugin=ym&module=backend&action=getOrderInfo HTTP/2.0" 200 654 "https://justgrill.ru/webasyst/shop/?action=orders" "Mozilla/5.0 (Windows NT 10.0; WOW64) AppleWebKit/537.36 (KHTML, like Gecko) Chrome/98.0.4758.119 YaBrowser/22.3.0.2434 Yowser/2.5 Safari/537.36"
95.153.168.251 - - [08/Apr/2022:07:04:18 +0000] "POST /webasyst/shop/?plugin=beruru&module=backend&action=orderListData HTTP/2.0" 200 76 "https://justgrill.ru/webasyst/shop/?action=orders" "Mozilla/5.0 (Windows NT 10.0; WOW64) AppleWebKit/537.36 (KHTML, like Gecko) Chrome/98.0.4758.119 YaBrowser/22.3.0.2434 Yowser/2.5 Safari/537.36"
95.153.168.251 - - [08/Apr/2022:07:04:18 +0000] "POST /webasyst/shop/?plugin=ym&module=backend&action=orderListData HTTP/2.0" 200 155 "https://justgrill.ru/webasyst/shop/?action=orders" "Mozilla/5.0 (Windows NT 10.0; WOW64) AppleWebKit/537.36 (KHTML, like Gecko) Chrome/98.0.4758.119 YaBrowser/22.3.0.2434 Yowser/2.5 Safari/537.36"
95.153.168.251 - - [08/Apr/2022:07:04:20 +0000] "POST /webasyst/shop/?plugin=beruru&module=backend&action=orderListData HTTP/2.0" 200 76 "https://justgrill.ru/webasyst/shop/?action=orders" "Mozilla/5.0 (Windows NT 10.0; WOW64) AppleWebKit/537.36 (KHTML, like Gecko) Chrome/98.0.4758.119 YaBrowser/22.3.0.2434 Yowser/2.5 Safari/537.36"
95.153.168.251 - - [08/Apr/2022:07:04:20 +0000] "POST /webasyst/shop/?plugin=ym&module=backend&action=orderListData HTTP/2.0" 200 155 "https://justgrill.ru/webasyst/shop/?action=orders" "Mozilla/5.0 (Windows NT 10.0; WOW64) AppleWebKit/537.36 (KHTML, like Gecko) Chrome/98.0.4758.119 YaBrowser/22.3.0.2434 Yowser/2.5 Safari/537.36"
5.188.113.194 - admin [08/Apr/2022:07:04:22 +0000] "POST /cml1c/adfc9ee9-8d33-4958-a478-3f8659809409/?type=catalog&mode=file&filename=v8_J1EvLh_13b.zip&sessid= HTTP/1.1" 200 51 "-" "1C+Enterprise/8.3"
95.153.168.251 - - [08/Apr/2022:07:04:24 +0000] "POST /webasyst/shop/?plugin=beruru&module=backend&action=orderListData HTTP/2.0" 200 76 "https://justgrill.ru/webasyst/shop/?action=orders" "Mozilla/5.0 (Windows NT 10.0; WOW64) AppleWebKit/537.36 (KHTML, like Gecko) Chrome/98.0.4758.119 YaBrowser/22.3.0.2434 Yowser/2.5 Safari/537.36"
95.153.168.251 - - [08/Apr/2022:07:04:24 +0000] "POST /webasyst/shop/?plugin=ym&module=backend&action=orderListData HTTP/2.0" 200 155 "https://justgrill.ru/webasyst/shop/?action=orders" "Mozilla/5.0 (Windows NT 10.0; WOW64) AppleWebKit/537.36 (KHTML, like Gecko) Chrome/98.0.4758.119 YaBrowser/22.3.0.2434 Yowser/2.5 Safari/537.36"
5.45.201.213 - - [08/Apr/2022:07:04:26 +0000] "POST /ym_api/1/?action=/cart HTTP/1.1" 200 110 "-" "Apache-HttpClient/4.5.6 (Java/11.0.8-shenandoah)"
79.104.42.205 - - [08/Apr/2022:07:04:35 +0000] "POST /webasyst/shop/?plugin=beruru&module=backend&action=orderListData HTTP/2.0" 200 76 "https://justgrill.ru/webasyst/shop/?action=orders" "Mozilla/5.0 (Windows NT 10.0; Win64; x64) AppleWebKit/537.36 (KHTML, like Gecko) Chrome/100.0.4896.75 Safari/537.36"
79.104.42.205 - - [08/Apr/2022:07:04:35 +0000] "POST /webasyst/shop/?plugin=ym&module=backend&action=orderListData HTTP/2.0" 200 155 "https://justgrill.ru/webasyst/shop/?action=orders" "Mozilla/5.0 (Windows NT 10.0; Win64; x64) AppleWebKit/537.36 (KHTML, like Gecko) Chrome/100.0.4896.75 Safari/537.36"
95.153.168.251 - - [08/Apr/2022:07:04:35 +0000] "POST /webasyst/shop/?plugin=ym&module=backend&action=orderListData HTTP/2.0" 200 155 "https://justgrill.ru/webasyst/shop/?action=orders" "Mozilla/5.0 (Windows NT 10.0; WOW64) AppleWebKit/537.36 (KHTML, like Gecko) Chrome/98.0.4758.119 YaBrowser/22.3.0.2434 Yowser/2.5 Safari/537.36"
95.153.168.251 - - [08/Apr/2022:07:04:36 +0000] "POST /webasyst/shop/?plugin=beruru&module=backend&action=orderListData HTTP/2.0" 200 76 "https://justgrill.ru/webasyst/shop/?action=orders" "Mozilla/5.0 (Windows NT 10.0; WOW64) AppleWebKit/537.36 (KHTML, like Gecko) Chrome/98.0.4758.119 YaBrowser/22.3.0.2434 Yowser/2.5 Safari/537.36"
95.153.168.251 - - [08/Apr/2022:07:04:36 +0000] "POST /webasyst/shop/?plugin=beruru&module=backend&action=orderListData HTTP/2.0" 200 76 "https://justgrill.ru/webasyst/shop/?action=orders" "Mozilla/5.0 (Windows NT 10.0; WOW64) AppleWebKit/537.36 (KHTML, like Gecko) Chrome/98.0.4758.119 YaBrowser/22.3.0.2434 Yowser/2.5 Safari/537.36"
95.153.168.251 - - [08/Apr/2022:07:04:36 +0000] "POST /webasyst/shop/?plugin=ym&module=backend&action=orderListData HTTP/2.0" 200 155 "https://justgrill.ru/webasyst/shop/?action=orders" "Mozilla/5.0 (Windows NT 10.0; WOW64) AppleWebKit/537.36 (KHTML, like Gecko) Chrome/98.0.4758.119 YaBrowser/22.3.0.2434 Yowser/2.5 Safari/537.36"
5.188.113.194 - admin [08/Apr/2022:07:04:38 +0000] "POST /cml1c/adfc9ee9-8d33-4958-a478-3f8659809409/?type=catalog&mode=file&filename=v8_J1EvLh_13c.zip&sessid= HTTP/1.1" 200 51 "-" "1C+Enterprise/8.3"
5.164.200.116 - - [08/Apr/2022:07:04:42 +0000] "POST /cart/add/?html=1 HTTP/2.0" 200 157 "https://nn.justgrill.ru/grili/ugolnye/weber/compact-kettle/ugolny-gril-compact-kettle-57-sm-cherny/" "Mozilla/5.0 (Linux; Android 10; Redmi 7) AppleWebKit/537.36 (KHTML, like Gecko) Chrome/100.0.4896.79 Mobile Safari/537.36"
195.239.171.214 - - [08/Apr/2022:07:04:47 +0000] "POST /gift-cart-list/ HTTP/2.0" 200 20 "https://krd.justgrill.ru/checkout/success/?order_id=5283" "Mozilla/5.0 (Windows NT 10.0; Win64; x64) AppleWebKit/537.36 (KHTML, like Gecko) Chrome/89.0.4389.72 Safari/537.36"
88.212.240.28 - - [08/Apr/2022:07:04:51 +0000] "POST /syncamocrm/lead/ HTTP/1.1" 200 62 "-" "amoCRM-Webhooks/3.0"
5.188.113.194 - admin [08/Apr/2022:07:04:53 +0000] "POST /cml1c/adfc9ee9-8d33-4958-a478-3f8659809409/?type=catalog&mode=file&filename=v8_J1EvLh_13f.zip&sessid= HTTP/1.1" 200 51 "-" "1C+Enterprise/8.3"
94.25.174.40 - - [08/Apr/2022:07:04:55 +0000] "POST /webasyst/shop/?plugin=beruru&module=backend&action=orderListData HTTP/2.0" 200 76 "https://justgrill.ru/webasyst/shop/?action=orders" "Mozilla/5.0 (Windows NT 10.0; Win64; x64) AppleWebKit/537.36 (KHTML, like Gecko) Chrome/99.0.4844.84 Safari/537.36"
94.25.174.40 - - [08/Apr/2022:07:04:55 +0000] "POST /webasyst/shop/?plugin=ym&module=backend&action=orderListData HTTP/2.0" 200 155 "https://justgrill.ru/webasyst/shop/?action=orders" "Mozilla/5.0 (Windows NT 10.0; Win64; x64) AppleWebKit/537.36 (KHTML, like Gecko) Chrome/99.0.4844.84 Safari/537.36"
195.68.158.158 - - [08/Apr/2022:07:05:03 +0000] "POST /webasyst/shop/?plugin=beruru&module=backend&action=orderListData HTTP/2.0" 200 76 "https://justgrill.ru/webasyst/shop/?action=orders" "Mozilla/5.0 (Windows NT 10.0; Win64; x64) AppleWebKit/537.36 (KHTML, like Gecko) Chrome/100.0.4896.75 Safari/537.36"
195.68.158.158 - - [08/Apr/2022:07:05:03 +0000] "POST /webasyst/shop/?plugin=ym&module=backend&action=orderListData HTTP/2.0" 200 155 "https://justgrill.ru/webasyst/shop/?action=orders" "Mozilla/5.0 (Windows NT 10.0; Win64; x64) AppleWebKit/537.36 (KHTML, like Gecko) Chrome/100.0.4896.75 Safari/537.36"
88.212.240.28 - - [08/Apr/2022:07:05:03 +0000] "POST /syncamocrm/lead/ HTTP/1.1" 200 62 "-" "amoCRM-Webhooks/3.0"
195.239.171.214 - - [08/Apr/2022:07:05:04 +0000] "POST /onestep/ HTTP/2.0" 302 0 "https://krd.justgrill.ru/onestep/" "Mozilla/5.0 (Windows NT 10.0; Win64; x64) AppleWebKit/537.36 (KHTML, like Gecko) Chrome/96.0.4664.174 YaBrowser/22.1.4.837 Yowser/2.5 Safari/537.36"
195.239.171.214 - - [08/Apr/2022:07:05:06 +0000] "POST /gift-cart-list/ HTTP/2.0" 200 20 "https://krd.justgrill.ru/checkout/success/" "Mozilla/5.0 (Windows NT 10.0; Win64; x64) AppleWebKit/537.36 (KHTML, like Gecko) Chrome/96.0.4664.174 YaBrowser/22.1.4.837 Yowser/2.5 Safari/537.36"
5.188.113.194 - admin [08/Apr/2022:07:05:06 +0000] "POST /cml1c/adfc9ee9-8d33-4958-a478-3f8659809409/?type=catalog&mode=file&filename=v8_J1EvLh_140.zip&sessid= HTTP/1.1" 200 51 "-" "1C+Enterprise/8.3"
94.25.174.40 - - [08/Apr/2022:07:05:09 +0000] "POST /webasyst/shop/?plugin=beruru&module=backend&action=orderListData HTTP/2.0" 200 76 "https://justgrill.ru/webasyst/shop/?action=orders" "Mozilla/5.0 (Windows NT 10.0; Win64; x64) AppleWebKit/537.36 (KHTML, like Gecko) Chrome/99.0.4844.84 Safari/537.36"
94.25.174.40 - - [08/Apr/2022:07:05:09 +0000] "POST /webasyst/shop/?plugin=ym&module=backend&action=orderListData HTTP/2.0" 200 155 "https://justgrill.ru/webasyst/shop/?action=orders" "Mozilla/5.0 (Windows NT 10.0; Win64; x64) AppleWebKit/537.36 (KHTML, like Gecko) Chrome/99.0.4844.84 Safari/537.36"
195.68.158.158 - - [08/Apr/2022:07:05:10 +0000] "POST /webasyst/shop/?plugin=ym&module=backend&action=orderListData HTTP/2.0" 200 155 "https://justgrill.ru/webasyst/shop/?action=orders" "Mozilla/5.0 (Windows NT 10.0; Win64; x64) AppleWebKit/537.36 (KHTML, like Gecko) Chrome/100.0.4896.75 Safari/537.36"
195.68.158.158 - - [08/Apr/2022:07:05:10 +0000] "POST /webasyst/shop/?plugin=beruru&module=backend&action=orderListData HTTP/2.0" 200 76 "https://justgrill.ru/webasyst/shop/?action=orders" "Mozilla/5.0 (Windows NT 10.0; Win64; x64) AppleWebKit/537.36 (KHTML, like Gecko) Chrome/100.0.4896.75 Safari/537.36"
94.25.174.40 - - [08/Apr/2022:07:05:10 +0000] "POST /webasyst/shop/?plugin=beruru&module=backend&action=orderListData HTTP/2.0" 200 76 "https://justgrill.ru/webasyst/shop/?action=orders" "Mozilla/5.0 (Windows NT 10.0; Win64; x64) AppleWebKit/537.36 (KHTML, like Gecko) Chrome/99.0.4844.84 Safari/537.36"
94.25.174.40 - - [08/Apr/2022:07:05:10 +0000] "POST /webasyst/shop/?plugin=ym&module=backend&action=orderListData HTTP/2.0" 200 155 "https://justgrill.ru/webasyst/shop/?action=orders" "Mozilla/5.0 (Windows NT 10.0; Win64; x64) AppleWebKit/537.36 (KHTML, like Gecko) Chrome/99.0.4844.84 Safari/537.36"
195.68.158.158 - - [08/Apr/2022:07:05:11 +0000] "POST /webasyst/shop/?plugin=beruru&module=backend&action=orderListData HTTP/2.0" 200 76 "https://justgrill.ru/webasyst/shop/?action=orders" "Mozilla/5.0 (Windows NT 10.0; Win64; x64) AppleWebKit/537.36 (KHTML, like Gecko) Chrome/100.0.4896.75 Safari/537.36"
195.68.158.158 - - [08/Apr/2022:07:05:11 +0000] "POST /webasyst/shop/?plugin=ym&module=backend&action=orderListData HTTP/2.0" 200 155 "https://justgrill.ru/webasyst/shop/?action=orders" "Mozilla/5.0 (Windows NT 10.0; Win64; x64) AppleWebKit/537.36 (KHTML, like Gecko) Chrome/100.0.4896.75 Safari/537.36"
195.68.158.158 - - [08/Apr/2022:07:05:13 +0000] "POST /webasyst/shop/?plugin=beruru&module=backend&action=orderListData HTTP/2.0" 200 76 "https://justgrill.ru/webasyst/shop/?action=orders" "Mozilla/5.0 (Windows NT 10.0; Win64; x64) AppleWebKit/537.36 (KHTML, like Gecko) Chrome/100.0.4896.75 Safari/537.36"
