95.153.168.251 - - [08/Apr/2022:07:19:31 +0000] "POST /webasyst/shop/?plugin=beruru&module=backend&action=orderListData HTTP/2.0" 200 76 "https://justgrill.ru/webasyst/shop/?action=orders" "Mozilla/5.0 (Windows NT 10.0; WOW64) AppleWebKit/537.36 (KHTML, like Gecko) Chrome/98.0.4758.119 YaBrowser/22.3.0.2434 Yowser/2.5 Safari/537.36"
95.153.168.251 - - [08/Apr/2022:07:19:31 +0000] "POST /webasyst/shop/?plugin=ym&module=backend&action=orderListData HTTP/2.0" 200 155 "https://justgrill.ru/webasyst/shop/?action=orders" "Mozilla/5.0 (Windows NT 10.0; WOW64) AppleWebKit/537.36 (KHTML, like Gecko) Chrome/98.0.4758.119 YaBrowser/22.3.0.2434 Yowser/2.5 Safari/537.36"
95.153.168.251 - - [08/Apr/2022:07:19:34 +0000] "POST /webasyst/shop/?plugin=beruru&module=backend&action=orderListData HTTP/2.0" 200 76 "https://justgrill.ru/webasyst/shop/?action=orders" "Mozilla/5.0 (Windows NT 10.0; WOW64) AppleWebKit/537.36 (KHTML, like Gecko) Chrome/98.0.4758.119 YaBrowser/22.3.0.2434 Yowser/2.5 Safari/537.36"
95.153.168.251 - - [08/Apr/2022:07:19:34 +0000] "POST /webasyst/shop/?plugin=ym&module=backend&action=orderListData HTTP/2.0" 200 155 "https://justgrill.ru/webasyst/shop/?action=orders" "Mozilla/5.0 (Windows NT 10.0; WOW64) AppleWebKit/537.36 (KHTML, like Gecko) Chrome/98.0.4758.119 YaBrowser/22.3.0.2434 Yowser/2.5 Safari/537.36"
195.239.171.214 - - [08/Apr/2022:07:19:34 +0000] "POST /onestep/ HTTP/2.0" 200 6995 "https://krd.justgrill.ru/onestep/" "Mozilla/5.0 (Windows NT 10.0; Win64; x64) AppleWebKit/537.36 (KHTML, like Gecko) Chrome/83.0.4103.61 Safari/537.36"
195.239.171.214 - - [08/Apr/2022:07:19:36 +0000] "POST /onestep/ HTTP/2.0" 200 6991 "https://krd.justgrill.ru/onestep/" "Mozilla/5.0 (Windows NT 10.0; Win64; x64) AppleWebKit/537.36 (KHTML, like Gecko) Chrome/83.0.4103.61 Safari/537.36"
195.239.171.214 - - [08/Apr/2022:07:19:42 +0000] "POST /onestep/ HTTP/2.0" 302 0 "https://krd.justgrill.ru/onestep/" "Mozilla/5.0 (Windows NT 10.0; Win64; x64) AppleWebKit/537.36 (KHTML, like Gecko) Chrome/83.0.4103.61 Safari/537.36"
79.104.42.205 - - [08/Apr/2022:07:19:50 +0000] "POST /webasyst/shop/?plugin=beruru&module=backend&action=orderListData HTTP/2.0" 200 76 "https://justgrill.ru/webasyst/shop/?action=orders" "Mozilla/5.0 (Windows NT 10.0; Win64; x64) AppleWebKit/537.36 (KHTML, like Gecko) Chrome/100.0.4896.75 Safari/537.36"
79.104.42.205 - - [08/Apr/2022:07:19:50 +0000] "POST /webasyst/shop/?plugin=ym&module=backend&action=orderListData HTTP/2.0" 200 155 "https://justgrill.ru/webasyst/shop/?action=orders" "Mozilla/5.0 (Windows NT 10.0; Win64; x64) AppleWebKit/537.36 (KHTML, like Gecko) Chrome/100.0.4896.75 Safari/537.36"
94.25.177.234 - - [08/Apr/2022:07:19:50 +0000] "POST /webasyst/shop/?plugin=beruru&module=backend&action=orderListData HTTP/2.0" 200 76 "https://justgrill.ru/webasyst/shop/" "Mozilla/5.0 (Windows NT 10.0; Win64; x64) AppleWebKit/537.36 (KHTML, like Gecko) Chrome/99.0.4844.84 Safari/537.36"
94.25.177.234 - - [08/Apr/2022:07:19:50 +0000] "POST /webasyst/shop/?plugin=ym&module=backend&action=orderListData HTTP/2.0" 200 155 "https://justgrill.ru/webasyst/shop/" "Mozilla/5.0 (Windows NT 10.0; Win64; x64) AppleWebKit/537.36 (KHTML, like Gecko) Chrome/99.0.4844.84 Safari/537.36"
94.25.174.40 - - [08/Apr/2022:07:19:50 +0000] "POST /webasyst/shop/?plugin=beruru&module=backend&action=orderListData HTTP/2.0" 200 76 "https://justgrill.ru/webasyst/shop/?action=orders" "Mozilla/5.0 (Windows NT 10.0; Win64; x64) AppleWebKit/537.36 (KHTML, like Gecko) Chrome/99.0.4844.84 Safari/537.36"
94.25.174.40 - - [08/Apr/2022:07:19:50 +0000] "POST /webasyst/shop/?plugin=ym&module=backend&action=orderListData HTTP/2.0" 200 155 "https://justgrill.ru/webasyst/shop/?action=orders" "Mozilla/5.0 (Windows NT 10.0; Win64; x64) AppleWebKit/537.36 (KHTML, like Gecko) Chrome/99.0.4844.84 Safari/537.36"
188.162.172.53 - - [08/Apr/2022:07:19:52 +0000] "POST /webasyst/shop/?plugin=ym&module=backend&action=orderListData HTTP/2.0" 200 155 "https://justgrill.ru/webasyst/shop/?action=orders" "Mozilla/5.0 (Macintosh; Intel Mac OS X 10_15_7) AppleWebKit/605.1.15 (KHTML, like Gecko) Version/15.2 Safari/605.1.15"
188.162.172.53 - - [08/Apr/2022:07:19:52 +0000] "POST /webasyst/shop/?plugin=beruru&module=backend&action=orderListData HTTP/2.0" 200 76 "https://justgrill.ru/webasyst/shop/?action=orders" "Mozilla/5.0 (Macintosh; Intel Mac OS X 10_15_7) AppleWebKit/605.1.15 (KHTML, like Gecko) Version/15.2 Safari/605.1.15"
188.162.172.53 - - [08/Apr/2022:07:19:53 +0000] "POST /webasyst/shop/?plugin=beruru&module=backend&action=orderListData HTTP/2.0" 200 76 "https://justgrill.ru/webasyst/shop/?action=orders" "Mozilla/5.0 (Macintosh; Intel Mac OS X 10_15_7) AppleWebKit/605.1.15 (KHTML, like Gecko) Version/15.2 Safari/605.1.15"
188.162.172.53 - - [08/Apr/2022:07:19:53 +0000] "POST /webasyst/shop/?plugin=ym&module=backend&action=orderListData HTTP/2.0" 200 155 "https://justgrill.ru/webasyst/shop/?action=orders" "Mozilla/5.0 (Macintosh; Intel Mac OS X 10_15_7) AppleWebKit/605.1.15 (KHTML, like Gecko) Version/15.2 Safari/605.1.15"
95.153.168.251 - - [08/Apr/2022:07:20:21 +0000] "POST /webasyst/shop/?plugin=beruru&module=backend&action=orderListData HTTP/2.0" 200 76 "https://justgrill.ru/webasyst/shop/?action=orders" "Mozilla/5.0 (Windows NT 10.0; WOW64) AppleWebKit/537.36 (KHTML, like Gecko) Chrome/98.0.4758.119 YaBrowser/22.3.0.2434 Yowser/2.5 Safari/537.36"
95.153.168.251 - - [08/Apr/2022:07:20:21 +0000] "POST /webasyst/shop/?plugin=ym&module=backend&action=orderListData HTTP/2.0" 200 155 "https://justgrill.ru/webasyst/shop/?action=orders" "Mozilla/5.0 (Windows NT 10.0; WOW64) AppleWebKit/537.36 (KHTML, like Gecko) Chrome/98.0.4758.119 YaBrowser/22.3.0.2434 Yowser/2.5 Safari/537.36"
37.78.221.81 - - [08/Apr/2022:07:20:28 +0000] "POST /gift-cart-list/ HTTP/2.0" 200 20 "https://krd.justgrill.ru/checkout/success/?order_id=5288" "Mozilla/5.0 (Linux; Android 11; M2003J15SC) AppleWebKit/537.36 (KHTML, like Gecko) Chrome/100.0.4896.79 Mobile Safari/537.36"
195.68.158.158 - - [08/Apr/2022:07:20:30 +0000] "POST /webasyst/shop/?plugin=beruru&module=backend&action=orderListData HTTP/2.0" 200 76 "https://justgrill.ru/webasyst/shop/?action=orders" "Mozilla/5.0 (Windows NT 10.0; Win64; x64) AppleWebKit/537.36 (KHTML, like Gecko) Chrome/100.0.4896.75 Safari/537.36"
195.68.158.158 - - [08/Apr/2022:07:20:30 +0000] "POST /webasyst/shop/?plugin=ym&module=backend&action=orderListData HTTP/2.0" 200 155 "https://justgrill.ru/webasyst/shop/?action=orders" "Mozilla/5.0 (Windows NT 10.0; Win64; x64) AppleWebKit/537.36 (KHTML, like Gecko) Chrome/100.0.4896.75 Safari/537.36"
195.239.171.214 - - [08/Apr/2022:07:20:43 +0000] "POST /gift-cart-list/ HTTP/2.0" 200 20 "https://krd.justgrill.ru/checkout/success/?order_id=5289" "Mozilla/5.0 (Windows NT 10.0; Win64; x64) AppleWebKit/537.36 (KHTML, like Gecko) Chrome/83.0.4103.61 Safari/537.36"
37.78.221.81 - - [08/Apr/2022:07:20:51 +0000] "POST /gift-cart-list/ HTTP/2.0" 200 20 "https://krd.justgrill.ru/checkout/success/?order_id=5288" "Mozilla/5.0 (Linux; Android 11; M2003J15SC) AppleWebKit/537.36 (KHTML, like Gecko) Chrome/100.0.4896.79 Mobile Safari/537.36"
88.212.240.28 - - [08/Apr/2022:07:21:03 +0000] "POST /syncamocrm/lead/ HTTP/1.1" 200 62 "-" "amoCRM-Webhooks/3.0"
37.78.221.81 - - [08/Apr/2022:07:21:37 +0000] "POST /login/ HTTP/2.0" 200 927 "https://krd.justgrill.ru/grili/gazovye/napoleon/prestige-pro/gazovyy-gril-napoleon-prestige-prestige-pro-825/" "Mozilla/5.0 (Linux; Android 11; M2003J15SC) AppleWebKit/537.36 (KHTML, like Gecko) Chrome/100.0.4896.79 Mobile Safari/537.36"
37.9.71.212 - - [08/Apr/2022:07:21:43 +0000] "POST /ym_api/1/?action=/cart HTTP/1.1" 200 110 "-" "Apache-HttpClient/4.5.6 (Java/11.0.8-shenandoah)"
188.162.172.53 - - [08/Apr/2022:07:23:03 +0000] "POST /webasyst/shop/?plugin=apiopt&module=products&action=status HTTP/2.0" 200 51 "https://justgrill.ru/webasyst/shop/?action=products" "Mozilla/5.0 (Macintosh; Intel Mac OS X 10_15_7) AppleWebKit/605.1.15 (KHTML, like Gecko) Version/15.2 Safari/605.1.15"
5.139.103.76 - - [08/Apr/2022:07:23:05 +0000] "POST /regions/getRedirectUrl/ HTTP/2.0" 200 145 "https://justgrill.ru/" "Mozilla/5.0 (Windows NT 10.0; Win64; x64; rv:99.0) Gecko/20100101 Firefox/99.0"
5.139.103.76 - - [08/Apr/2022:07:23:05 +0000] "POST /regions/getRedirectUrl/ HTTP/2.0" 200 145 "https://justgrill.ru/" "Mozilla/5.0 (Windows NT 10.0; Win64; x64; rv:99.0) Gecko/20100101 Firefox/99.0"
188.162.172.53 - - [08/Apr/2022:07:23:06 +0000] "POST /webasyst/shop/?plugin=apiopt&module=products&action=status HTTP/2.0" 200 51 "https://justgrill.ru/webasyst/shop/?action=products" "Mozilla/5.0 (Macintosh; Intel Mac OS X 10_15_7) AppleWebKit/605.1.15 (KHTML, like Gecko) Version/15.2 Safari/605.1.15"
188.162.172.53 - - [08/Apr/2022:07:23:07 +0000] "POST /webasyst/shop/?plugin=apiopt&module=products&action=status HTTP/2.0" 200 51 "https://justgrill.ru/webasyst/shop/?action=products" "Mozilla/5.0 (Macintosh; Intel Mac OS X 10_15_7) AppleWebKit/605.1.15 (KHTML, like Gecko) Version/15.2 Safari/605.1.15"
95.153.168.251 - - [08/Apr/2022:07:23:07 +0000] "POST /webasyst/shop/?plugin=ym&module=backend&action=orderListData HTTP/2.0" 200 155 "https://justgrill.ru/webasyst/shop/?action=orders" "Mozilla/5.0 (Windows NT 10.0; WOW64) AppleWebKit/537.36 (KHTML, like Gecko) Chrome/98.0.4758.119 YaBrowser/22.3.0.2434 Yowser/2.5 Safari/537.36"
95.153.168.251 - - [08/Apr/2022:07:23:07 +0000] "POST /webasyst/shop/?plugin=beruru&module=backend&action=orderListData HTTP/2.0" 200 76 "https://justgrill.ru/webasyst/shop/?action=orders" "Mozilla/5.0 (Windows NT 10.0; WOW64) AppleWebKit/537.36 (KHTML, like Gecko) Chrome/98.0.4758.119 YaBrowser/22.3.0.2434 Yowser/2.5 Safari/537.36"
188.162.172.53 - - [08/Apr/2022:07:23:08 +0000] "POST /webasyst/shop/?plugin=apiopt&module=products&action=status HTTP/2.0" 200 51 "https://justgrill.ru/webasyst/shop/?action=products" "Mozilla/5.0 (Macintosh; Intel Mac OS X 10_15_7) AppleWebKit/605.1.15 (KHTML, like Gecko) Version/15.2 Safari/605.1.15"
188.162.172.53 - - [08/Apr/2022:07:23:11 +0000] "POST /webasyst/shop/?plugin=apiopt&module=products&action=status HTTP/2.0" 200 51 "https://justgrill.ru/webasyst/shop/?action=products" "Mozilla/5.0 (Macintosh; Intel Mac OS X 10_15_7) AppleWebKit/605.1.15 (KHTML, like Gecko) Version/15.2 Safari/605.1.15"
188.162.172.53 - - [08/Apr/2022:07:23:15 +0000] "POST /webasyst/shop/?plugin=apiopt&module=products&action=status HTTP/2.0" 200 51 "https://justgrill.ru/webasyst/shop/?action=products" "Mozilla/5.0 (Macintosh; Intel Mac OS X 10_15_7) AppleWebKit/605.1.15 (KHTML, like Gecko) Version/15.2 Safari/605.1.15"
188.162.172.53 - - [08/Apr/2022:07:23:25 +0000] "POST /webasyst/shop/?module=dialog&action=visibility HTTP/2.0" 200 1222 "https://justgrill.ru/webasyst/shop/?action=products" "Mozilla/5.0 (Macintosh; Intel Mac OS X 10_15_7) AppleWebKit/605.1.15 (KHTML, like Gecko) Version/15.2 Safari/605.1.15"
188.162.172.53 - - [08/Apr/2022:07:23:33 +0000] "POST /webasyst/shop/?plugin=apiopt&module=products&action=status HTTP/2.0" 200 51 "https://justgrill.ru/webasyst/shop/?action=products" "Mozilla/5.0 (Macintosh; Intel Mac OS X 10_15_7) AppleWebKit/605.1.15 (KHTML, like Gecko) Version/15.2 Safari/605.1.15"
188.162.172.53 - - [08/Apr/2022:07:23:33 +0000] "POST /webasyst/shop/?plugin=apiopt&module=products&action=status HTTP/2.0" 200 51 "https://justgrill.ru/webasyst/shop/?action=products" "Mozilla/5.0 (Macintosh; Intel Mac OS X 10_15_7) AppleWebKit/605.1.15 (KHTML, like Gecko) Version/15.2 Safari/605.1.15"
188.162.172.53 - - [08/Apr/2022:07:23:34 +0000] "POST /webasyst/shop/?plugin=apiopt&module=products&action=status HTTP/2.0" 200 51 "https://justgrill.ru/webasyst/shop/?action=products" "Mozilla/5.0 (Macintosh; Intel Mac OS X 10_15_7) AppleWebKit/605.1.15 (KHTML, like Gecko) Version/15.2 Safari/605.1.15"
188.162.172.53 - - [08/Apr/2022:07:23:39 +0000] "POST /webasyst/shop/?plugin=beruru&module=backend&action=orderListData HTTP/2.0" 200 76 "https://justgrill.ru/webasyst/shop/?action=orders" "Mozilla/5.0 (Macintosh; Intel Mac OS X 10_15_7) AppleWebKit/605.1.15 (KHTML, like Gecko) Version/15.2 Safari/605.1.15"
188.162.172.53 - - [08/Apr/2022:07:23:40 +0000] "POST /webasyst/shop/?plugin=ym&module=backend&action=orderListData HTTP/2.0" 200 155 "https://justgrill.ru/webasyst/shop/?action=orders" "Mozilla/5.0 (Macintosh; Intel Mac OS X 10_15_7) AppleWebKit/605.1.15 (KHTML, like Gecko) Version/15.2 Safari/605.1.15"
188.162.172.53 - - [08/Apr/2022:07:23:40 +0000] "POST /webasyst/shop/?plugin=beruru&module=backend&action=orderListData HTTP/2.0" 200 76 "https://justgrill.ru/webasyst/shop/?action=orders" "Mozilla/5.0 (Macintosh; Intel Mac OS X 10_15_7) AppleWebKit/605.1.15 (KHTML, like Gecko) Version/15.2 Safari/605.1.15"
188.162.172.53 - - [08/Apr/2022:07:23:40 +0000] "POST /webasyst/shop/?plugin=ym&module=backend&action=orderListData HTTP/2.0" 200 155 "https://justgrill.ru/webasyst/shop/?action=orders" "Mozilla/5.0 (Macintosh; Intel Mac OS X 10_15_7) AppleWebKit/605.1.15 (KHTML, like Gecko) Version/15.2 Safari/605.1.15"
95.153.168.251 - - [08/Apr/2022:07:23:46 +0000] "POST /webasyst/shop/?plugin=beruru&module=backend&action=orderListData HTTP/2.0" 200 76 "https://justgrill.ru/webasyst/shop/?action=orders" "Mozilla/5.0 (Windows NT 10.0; WOW64) AppleWebKit/537.36 (KHTML, like Gecko) Chrome/98.0.4758.119 YaBrowser/22.3.0.2434 Yowser/2.5 Safari/537.36"
95.153.168.251 - - [08/Apr/2022:07:23:46 +0000] "POST /webasyst/shop/?plugin=ym&module=backend&action=orderListData HTTP/2.0" 200 155 "https://justgrill.ru/webasyst/shop/?action=orders" "Mozilla/5.0 (Windows NT 10.0; WOW64) AppleWebKit/537.36 (KHTML, like Gecko) Chrome/98.0.4758.119 YaBrowser/22.3.0.2434 Yowser/2.5 Safari/537.36"
95.153.168.251 - - [08/Apr/2022:07:23:47 +0000] "POST /webasyst/shop/?plugin=beruru&module=backend&action=orderListData HTTP/2.0" 200 76 "https://justgrill.ru/webasyst/shop/?action=orders" "Mozilla/5.0 (Windows NT 10.0; WOW64) AppleWebKit/537.36 (KHTML, like Gecko) Chrome/98.0.4758.119 YaBrowser/22.3.0.2434 Yowser/2.5 Safari/537.36"
95.153.168.251 - - [08/Apr/2022:07:23:47 +0000] "POST /webasyst/shop/?plugin=ym&module=backend&action=orderListData HTTP/2.0" 200 155 "https://justgrill.ru/webasyst/shop/?action=orders" "Mozilla/5.0 (Windows NT 10.0; WOW64) AppleWebKit/537.36 (KHTML, like Gecko) Chrome/98.0.4758.119 YaBrowser/22.3.0.2434 Yowser/2.5 Safari/537.36"
95.153.168.251 - - [08/Apr/2022:07:24:05 +0000] "POST /webasyst/shop/?plugin=ym&module=backend&action=orderListData HTTP/2.0" 200 155 "https://justgrill.ru/webasyst/shop/?action=orders" "Mozilla/5.0 (Windows NT 10.0; WOW64) AppleWebKit/537.36 (KHTML, like Gecko) Chrome/98.0.4758.119 YaBrowser/22.3.0.2434 Yowser/2.5 Safari/537.36"
95.153.168.251 - - [08/Apr/2022:07:24:05 +0000] "POST /webasyst/shop/?plugin=beruru&module=backend&action=orderListData HTTP/2.0" 200 76 "https://justgrill.ru/webasyst/shop/?action=orders" "Mozilla/5.0 (Windows NT 10.0; WOW64) AppleWebKit/537.36 (KHTML, like Gecko) Chrome/98.0.4758.119 YaBrowser/22.3.0.2434 Yowser/2.5 Safari/537.36"
188.162.172.53 - - [08/Apr/2022:07:24:12 +0000] "POST /webasyst/shop/?plugin=apiopt&module=products&action=status HTTP/2.0" 200 51 "https://justgrill.ru/webasyst/shop/?action=products" "Mozilla/5.0 (Macintosh; Intel Mac OS X 10_15_7) AppleWebKit/605.1.15 (KHTML, like Gecko) Version/15.2 Safari/605.1.15"
188.162.172.53 - - [08/Apr/2022:07:24:15 +0000] "POST /webasyst/shop/?plugin=apiopt&module=products&action=status HTTP/2.0" 200 51 "https://justgrill.ru/webasyst/shop/?action=products" "Mozilla/5.0 (Macintosh; Intel Mac OS X 10_15_7) AppleWebKit/605.1.15 (KHTML, like Gecko) Version/15.2 Safari/605.1.15"
188.162.172.53 - - [08/Apr/2022:07:24:17 +0000] "POST /webasyst/shop/?plugin=apiopt&module=products&action=status HTTP/2.0" 200 51 "https://justgrill.ru/webasyst/shop/?action=products" "Mozilla/5.0 (Macintosh; Intel Mac OS X 10_15_7) AppleWebKit/605.1.15 (KHTML, like Gecko) Version/15.2 Safari/605.1.15"
188.162.172.53 - - [08/Apr/2022:07:24:27 +0000] "POST /webasyst/shop/?module=dialog&action=visibility HTTP/2.0" 200 6051 "https://justgrill.ru/webasyst/shop/?action=products" "Mozilla/5.0 (Macintosh; Intel Mac OS X 10_15_7) AppleWebKit/605.1.15 (KHTML, like Gecko) Version/15.2 Safari/605.1.15"
78.109.73.242 - - [08/Apr/2022:07:24:27 +0000] "POST /cart/add/?html=1 HTTP/2.0" 200 156 "https://krd.justgrill.ru/grili/napoleon/?sort=stock&order=desc" "Mozilla/5.0 (Windows NT 10.0; Win64; x64) AppleWebKit/537.36 (KHTML, like Gecko) Chrome/99.0.4844.84 Safari/537.36"
78.109.73.242 - - [08/Apr/2022:07:24:34 +0000] "POST /onestep/ HTTP/2.0" 200 7781 "https://krd.justgrill.ru/onestep/" "Mozilla/5.0 (Windows NT 10.0; Win64; x64) AppleWebKit/537.36 (KHTML, like Gecko) Chrome/99.0.4844.84 Safari/537.36"
78.109.73.242 - - [08/Apr/2022:07:24:34 +0000] "POST /gift-cart-list/ HTTP/2.0" 200 20 "https://krd.justgrill.ru/onestep/" "Mozilla/5.0 (Windows NT 10.0; Win64; x64) AppleWebKit/537.36 (KHTML, like Gecko) Chrome/99.0.4844.84 Safari/537.36"
78.109.73.242 - - [08/Apr/2022:07:24:34 +0000] "POST /gift-cart-list/ HTTP/2.0" 200 20 "https://krd.justgrill.ru/onestep/" "Mozilla/5.0 (Windows NT 10.0; Win64; x64) AppleWebKit/537.36 (KHTML, like Gecko) Chrome/99.0.4844.84 Safari/537.36"
78.109.73.242 - - [08/Apr/2022:07:24:34 +0000] "POST /gift-cart-list/ HTTP/2.0" 200 20 "https://krd.justgrill.ru/onestep/" "Mozilla/5.0 (Windows NT 10.0; Win64; x64) AppleWebKit/537.36 (KHTML, like Gecko) Chrome/99.0.4844.84 Safari/537.36"
78.109.73.242 - - [08/Apr/2022:07:24:35 +0000] "POST /gift-cart-list/ HTTP/2.0" 200 20 "https://krd.justgrill.ru/onestep/" "Mozilla/5.0 (Windows NT 10.0; Win64; x64) AppleWebKit/537.36 (KHTML, like Gecko) Chrome/99.0.4844.84 Safari/537.36"
188.162.172.53 - - [08/Apr/2022:07:24:48 +0000] "POST /webasyst/shop/?module=dialog&action=visibility HTTP/2.0" 200 6053 "https://justgrill.ru/webasyst/shop/?action=products" "Mozilla/5.0 (Macintosh; Intel Mac OS X 10_15_7) AppleWebKit/605.1.15 (KHTML, like Gecko) Version/15.2 Safari/605.1.15"
78.109.73.242 - - [08/Apr/2022:07:24:52 +0000] "POST /onestep/ HTTP/2.0" 200 7646 "https://krd.justgrill.ru/onestep/" "Mozilla/5.0 (Windows NT 10.0; Win64; x64) AppleWebKit/537.36 (KHTML, like Gecko) Chrome/99.0.4844.84 Safari/537.36"
78.109.73.242 - - [08/Apr/2022:07:24:53 +0000] "POST /gift-cart-list/ HTTP/2.0" 200 20 "https://krd.justgrill.ru/onestep/" "Mozilla/5.0 (Windows NT 10.0; Win64; x64) AppleWebKit/537.36 (KHTML, like Gecko) Chrome/99.0.4844.84 Safari/537.36"
78.109.73.242 - - [08/Apr/2022:07:24:53 +0000] "POST /gift-cart-list/ HTTP/2.0" 200 20 "https://krd.justgrill.ru/onestep/" "Mozilla/5.0 (Windows NT 10.0; Win64; x64) AppleWebKit/537.36 (KHTML, like Gecko) Chrome/99.0.4844.84 Safari/537.36"
78.109.73.242 - - [08/Apr/2022:07:24:53 +0000] "POST /gift-cart-list/ HTTP/2.0" 200 20 "https://krd.justgrill.ru/onestep/" "Mozilla/5.0 (Windows NT 10.0; Win64; x64) AppleWebKit/537.36 (KHTML, like Gecko) Chrome/99.0.4844.84 Safari/537.36"
78.109.73.242 - - [08/Apr/2022:07:24:53 +0000] "POST /gift-cart-list/ HTTP/2.0" 200 20 "https://krd.justgrill.ru/onestep/" "Mozilla/5.0 (Windows NT 10.0; Win64; x64) AppleWebKit/537.36 (KHTML, like Gecko) Chrome/99.0.4844.84 Safari/537.36"
188.162.172.53 - - [08/Apr/2022:07:24:54 +0000] "POST /webasyst/shop/?plugin=apiopt&module=products&action=status HTTP/2.0" 200 51 "https://justgrill.ru/webasyst/shop/?action=products" "Mozilla/5.0 (Macintosh; Intel Mac OS X 10_15_7) AppleWebKit/605.1.15 (KHTML, like Gecko) Version/15.2 Safari/605.1.15"
188.162.172.53 - - [08/Apr/2022:07:24:57 +0000] "POST /webasyst/shop/?plugin=apiopt&module=products&action=status HTTP/2.0" 200 51 "https://justgrill.ru/webasyst/shop/?action=products" "Mozilla/5.0 (Macintosh; Intel Mac OS X 10_15_7) AppleWebKit/605.1.15 (KHTML, like Gecko) Version/15.2 Safari/605.1.15"
78.109.73.242 - - [08/Apr/2022:07:24:57 +0000] "POST /onestep/delete/ HTTP/2.0" 200 315 "https://krd.justgrill.ru/onestep/" "Mozilla/5.0 (Windows NT 10.0; Win64; x64) AppleWebKit/537.36 (KHTML, like Gecko) Chrome/99.0.4844.84 Safari/537.36"
78.109.73.242 - - [08/Apr/2022:07:24:58 +0000] "POST /gift-cart-list/ HTTP/2.0" 200 20 "https://krd.justgrill.ru/onestep/" "Mozilla/5.0 (Windows NT 10.0; Win64; x64) AppleWebKit/537.36 (KHTML, like Gecko) Chrome/99.0.4844.84 Safari/537.36"
78.109.73.242 - - [08/Apr/2022:07:24:58 +0000] "POST /onestep/delete/ HTTP/2.0" 200 315 "https://krd.justgrill.ru/onestep/" "Mozilla/5.0 (Windows NT 10.0; Win64; x64) AppleWebKit/537.36 (KHTML, like Gecko) Chrome/99.0.4844.84 Safari/537.36"
78.109.73.242 - - [08/Apr/2022:07:24:59 +0000] "POST /gift-cart-list/ HTTP/2.0" 200 20 "https://krd.justgrill.ru/onestep/" "Mozilla/5.0 (Windows NT 10.0; Win64; x64) AppleWebKit/537.36 (KHTML, like Gecko) Chrome/99.0.4844.84 Safari/537.36"
188.162.172.53 - - [08/Apr/2022:07:25:03 +0000] "POST /webasyst/shop/?module=dialog&action=visibility HTTP/2.0" 200 1222 "https://justgrill.ru/webasyst/shop/?action=products" "Mozilla/5.0 (Macintosh; Intel Mac OS X 10_15_7) AppleWebKit/605.1.15 (KHTML, like Gecko) Version/15.2 Safari/605.1.15"
195.68.158.158 - - [08/Apr/2022:07:25:25 +0000] "POST /webasyst/shop/?plugin=beruru&module=backend&action=orderListData HTTP/2.0" 200 76 "https://justgrill.ru/webasyst/shop/?action=orders" "Mozilla/5.0 (Windows NT 10.0; Win64; x64) AppleWebKit/537.36 (KHTML, like Gecko) Chrome/100.0.4896.75 Safari/537.36"
195.68.158.158 - - [08/Apr/2022:07:25:25 +0000] "POST /webasyst/shop/?plugin=ym&module=backend&action=orderListData HTTP/2.0" 200 155 "https://justgrill.ru/webasyst/shop/?action=orders" "Mozilla/5.0 (Windows NT 10.0; Win64; x64) AppleWebKit/537.36 (KHTML, like Gecko) Chrome/100.0.4896.75 Safari/537.36"
195.68.158.158 - - [08/Apr/2022:07:25:27 +0000] "POST /webasyst/shop/?plugin=beruru&module=backend&action=orderListData HTTP/2.0" 200 76 "https://justgrill.ru/webasyst/shop/?action=orders" "Mozilla/5.0 (Windows NT 10.0; Win64; x64) AppleWebKit/537.36 (KHTML, like Gecko) Chrome/100.0.4896.75 Safari/537.36"
195.68.158.158 - - [08/Apr/2022:07:25:27 +0000] "POST /webasyst/shop/?plugin=ym&module=backend&action=orderListData HTTP/2.0" 200 155 "https://justgrill.ru/webasyst/shop/?action=orders" "Mozilla/5.0 (Windows NT 10.0; Win64; x64) AppleWebKit/537.36 (KHTML, like Gecko) Chrome/100.0.4896.75 Safari/537.36"
195.68.158.158 - - [08/Apr/2022:07:25:32 +0000] "POST /webasyst/shop/?plugin=ym&module=backend&action=getOrderInfo HTTP/2.0" 200 654 "https://justgrill.ru/webasyst/shop/?action=orders" "Mozilla/5.0 (Windows NT 10.0; Win64; x64) AppleWebKit/537.36 (KHTML, like Gecko) Chrome/100.0.4896.75 Safari/537.36"
195.68.158.158 - - [08/Apr/2022:07:25:32 +0000] "POST /webasyst/shop/?plugin=beruru&module=backend&action=orderListData HTTP/2.0" 200 76 "https://justgrill.ru/webasyst/shop/?action=orders" "Mozilla/5.0 (Windows NT 10.0; Win64; x64) AppleWebKit/537.36 (KHTML, like Gecko) Chrome/100.0.4896.75 Safari/537.36"
195.68.158.158 - - [08/Apr/2022:07:25:32 +0000] "POST /webasyst/shop/?plugin=ym&module=backend&action=orderListData HTTP/2.0" 200 155 "https://justgrill.ru/webasyst/shop/?action=orders" "Mozilla/5.0 (Windows NT 10.0; Win64; x64) AppleWebKit/537.36 (KHTML, like Gecko) Chrome/100.0.4896.75 Safari/537.36"
195.68.158.158 - - [08/Apr/2022:07:25:34 +0000] "POST /webasyst/shop/?plugin=beruru&module=backend&action=orderListData HTTP/2.0" 200 76 "https://justgrill.ru/webasyst/shop/?action=orders" "Mozilla/5.0 (Windows NT 10.0; Win64; x64) AppleWebKit/537.36 (KHTML, like Gecko) Chrome/100.0.4896.75 Safari/537.36"
195.68.158.158 - - [08/Apr/2022:07:25:34 +0000] "POST /webasyst/shop/?plugin=ym&module=backend&action=orderListData HTTP/2.0" 200 155 "https://justgrill.ru/webasyst/shop/?action=orders" "Mozilla/5.0 (Windows NT 10.0; Win64; x64) AppleWebKit/537.36 (KHTML, like Gecko) Chrome/100.0.4896.75 Safari/537.36"
37.9.71.121 - - [08/Apr/2022:07:26:05 +0000] "POST /ym_api/1/?action=/cart HTTP/1.1" 200 111 "-" "Apache-HttpClient/4.5.6 (Java/11.0.8-shenandoah)"
188.162.172.53 - - [08/Apr/2022:07:26:21 +0000] "POST /webasyst/shop/?plugin=beruru&module=backend&action=orderListData HTTP/2.0" 200 76 "https://justgrill.ru/webasyst/shop/?action=orders" "Mozilla/5.0 (Macintosh; Intel Mac OS X 10_15_7) AppleWebKit/605.1.15 (KHTML, like Gecko) Version/15.2 Safari/605.1.15"
188.162.172.53 - - [08/Apr/2022:07:26:21 +0000] "POST /webasyst/shop/?plugin=ym&module=backend&action=orderListData HTTP/2.0" 200 155 "https://justgrill.ru/webasyst/shop/?action=orders" "Mozilla/5.0 (Macintosh; Intel Mac OS X 10_15_7) AppleWebKit/605.1.15 (KHTML, like Gecko) Version/15.2 Safari/605.1.15"
188.162.172.53 - - [08/Apr/2022:07:26:21 +0000] "POST /webasyst/shop/?plugin=beruru&module=backend&action=orderListData HTTP/2.0" 200 76 "https://justgrill.ru/webasyst/shop/?action=orders" "Mozilla/5.0 (Macintosh; Intel Mac OS X 10_15_7) AppleWebKit/605.1.15 (KHTML, like Gecko) Version/15.2 Safari/605.1.15"
188.162.172.53 - - [08/Apr/2022:07:26:21 +0000] "POST /webasyst/shop/?plugin=ym&module=backend&action=orderListData HTTP/2.0" 200 155 "https://justgrill.ru/webasyst/shop/?action=orders" "Mozilla/5.0 (Macintosh; Intel Mac OS X 10_15_7) AppleWebKit/605.1.15 (KHTML, like Gecko) Version/15.2 Safari/605.1.15"
188.162.172.53 - - [08/Apr/2022:07:26:26 +0000] "POST /webasyst/shop/?plugin=beruru&module=backend&action=orderListData HTTP/2.0" 200 76 "https://justgrill.ru/webasyst/shop/?action=orders" "Mozilla/5.0 (Macintosh; Intel Mac OS X 10_15_7) AppleWebKit/605.1.15 (KHTML, like Gecko) Version/15.2 Safari/605.1.15"
188.162.172.53 - - [08/Apr/2022:07:26:26 +0000] "POST /webasyst/shop/?plugin=ym&module=backend&action=orderListData HTTP/2.0" 200 155 "https://justgrill.ru/webasyst/shop/?action=orders" "Mozilla/5.0 (Macintosh; Intel Mac OS X 10_15_7) AppleWebKit/605.1.15 (KHTML, like Gecko) Version/15.2 Safari/605.1.15"
188.162.172.53 - - [08/Apr/2022:07:26:55 +0000] "POST /webasyst/shop/?plugin=beruru&module=backend&action=orderListData HTTP/2.0" 200 76 "https://justgrill.ru/webasyst/shop/?action=orders" "Mozilla/5.0 (Macintosh; Intel Mac OS X 10_15_7) AppleWebKit/605.1.15 (KHTML, like Gecko) Version/15.2 Safari/605.1.15"
188.162.172.53 - - [08/Apr/2022:07:26:55 +0000] "POST /webasyst/shop/?plugin=ym&module=backend&action=orderListData HTTP/2.0" 200 155 "https://justgrill.ru/webasyst/shop/?action=orders" "Mozilla/5.0 (Macintosh; Intel Mac OS X 10_15_7) AppleWebKit/605.1.15 (KHTML, like Gecko) Version/15.2 Safari/605.1.15"
94.25.174.40 - - [08/Apr/2022:07:28:31 +0000] "POST /webasyst/shop/?plugin=beruru&module=backend&action=orderListData HTTP/2.0" 200 76 "https://justgrill.ru/webasyst/shop/?action=orders" "Mozilla/5.0 (Windows NT 10.0; Win64; x64) AppleWebKit/537.36 (KHTML, like Gecko) Chrome/99.0.4844.84 Safari/537.36"
94.25.174.40 - - [08/Apr/2022:07:28:31 +0000] "POST /webasyst/shop/?plugin=ym&module=backend&action=orderListData HTTP/2.0" 200 155 "https://justgrill.ru/webasyst/shop/?action=orders" "Mozilla/5.0 (Windows NT 10.0; Win64; x64) AppleWebKit/537.36 (KHTML, like Gecko) Chrome/99.0.4844.84 Safari/537.36"
94.25.174.40 - - [08/Apr/2022:07:28:35 +0000] "POST /webasyst/shop/?plugin=beruru&module=backend&action=orderListData HTTP/2.0" 200 76 "https://justgrill.ru/webasyst/shop/?action=orders" "Mozilla/5.0 (Windows NT 10.0; Win64; x64) AppleWebKit/537.36 (KHTML, like Gecko) Chrome/99.0.4844.84 Safari/537.36"
94.25.174.40 - - [08/Apr/2022:07:28:35 +0000] "POST /webasyst/shop/?plugin=ym&module=backend&action=orderListData HTTP/2.0" 200 155 "https://justgrill.ru/webasyst/shop/?action=orders" "Mozilla/5.0 (Windows NT 10.0; Win64; x64) AppleWebKit/537.36 (KHTML, like Gecko) Chrome/99.0.4844.84 Safari/537.36"
94.25.174.40 - - [08/Apr/2022:07:28:36 +0000] "POST /webasyst/shop/?plugin=ym&module=backend&action=orderListData HTTP/2.0" 200 155 "https://justgrill.ru/webasyst/shop/?action=orders" "Mozilla/5.0 (Windows NT 10.0; Win64; x64) AppleWebKit/537.36 (KHTML, like Gecko) Chrome/99.0.4844.84 Safari/537.36"
94.25.174.40 - - [08/Apr/2022:07:28:36 +0000] "POST /webasyst/shop/?plugin=beruru&module=backend&action=orderListData HTTP/2.0" 200 76 "https://justgrill.ru/webasyst/shop/?action=orders" "Mozilla/5.0 (Windows NT 10.0; Win64; x64) AppleWebKit/537.36 (KHTML, like Gecko) Chrome/99.0.4844.84 Safari/537.36"
94.25.174.40 - - [08/Apr/2022:07:28:37 +0000] "POST /webasyst/shop/?plugin=beruru&module=backend&action=orderListData HTTP/2.0" 200 76 "https://justgrill.ru/webasyst/shop/?action=orders" "Mozilla/5.0 (Windows NT 10.0; Win64; x64) AppleWebKit/537.36 (KHTML, like Gecko) Chrome/99.0.4844.84 Safari/537.36"
94.25.174.40 - - [08/Apr/2022:07:28:37 +0000] "POST /webasyst/shop/?plugin=ym&module=backend&action=orderListData HTTP/2.0" 200 155 "https://justgrill.ru/webasyst/shop/?action=orders" "Mozilla/5.0 (Windows NT 10.0; Win64; x64) AppleWebKit/537.36 (KHTML, like Gecko) Chrome/99.0.4844.84 Safari/537.36"
94.25.174.40 - - [08/Apr/2022:07:28:37 +0000] "POST /webasyst/shop/?plugin=beruru&module=backend&action=orderListData HTTP/2.0" 200 76 "https://justgrill.ru/webasyst/shop/?action=orders" "Mozilla/5.0 (Windows NT 10.0; Win64; x64) AppleWebKit/537.36 (KHTML, like Gecko) Chrome/99.0.4844.84 Safari/537.36"
94.25.174.40 - - [08/Apr/2022:07:28:38 +0000] "POST /webasyst/shop/?plugin=ym&module=backend&action=orderListData HTTP/2.0" 200 155 "https://justgrill.ru/webasyst/shop/?action=orders" "Mozilla/5.0 (Windows NT 10.0; Win64; x64) AppleWebKit/537.36 (KHTML, like Gecko) Chrome/99.0.4844.84 Safari/537.36"
94.25.174.40 - - [08/Apr/2022:07:28:43 +0000] "POST /webasyst/shop/?plugin=beruru&module=backend&action=orderListData HTTP/2.0" 200 76 "https://justgrill.ru/webasyst/shop/?action=orders" "Mozilla/5.0 (Windows NT 10.0; Win64; x64) AppleWebKit/537.36 (KHTML, like Gecko) Chrome/99.0.4844.84 Safari/537.36"
94.25.174.40 - - [08/Apr/2022:07:28:43 +0000] "POST /webasyst/shop/?plugin=ym&module=backend&action=orderListData HTTP/2.0" 200 155 "https://justgrill.ru/webasyst/shop/?action=orders" "Mozilla/5.0 (Windows NT 10.0; Win64; x64) AppleWebKit/537.36 (KHTML, like Gecko) Chrome/99.0.4844.84 Safari/537.36"
95.153.168.251 - - [08/Apr/2022:07:29:03 +0000] "POST /webasyst/shop/?plugin=ym&module=backend&action=orderListData HTTP/2.0" 200 155 "https://justgrill.ru/webasyst/shop/?action=orders" "Mozilla/5.0 (Windows NT 10.0; WOW64) AppleWebKit/537.36 (KHTML, like Gecko) Chrome/98.0.4758.119 YaBrowser/22.3.0.2434 Yowser/2.5 Safari/537.36"
95.153.168.251 - - [08/Apr/2022:07:29:03 +0000] "POST /webasyst/shop/?plugin=beruru&module=backend&action=orderListData HTTP/2.0" 200 76 "https://justgrill.ru/webasyst/shop/?action=orders" "Mozilla/5.0 (Windows NT 10.0; WOW64) AppleWebKit/537.36 (KHTML, like Gecko) Chrome/98.0.4758.119 YaBrowser/22.3.0.2434 Yowser/2.5 Safari/537.36"
95.153.168.251 - - [08/Apr/2022:07:29:04 +0000] "POST /webasyst/shop/?plugin=ym&module=backend&action=orderListData HTTP/2.0" 200 155 "https://justgrill.ru/webasyst/shop/?action=orders" "Mozilla/5.0 (Windows NT 10.0; WOW64) AppleWebKit/537.36 (KHTML, like Gecko) Chrome/98.0.4758.119 YaBrowser/22.3.0.2434 Yowser/2.5 Safari/537.36"
95.153.168.251 - - [08/Apr/2022:07:29:04 +0000] "POST /webasyst/shop/?plugin=beruru&module=backend&action=orderListData HTTP/2.0" 200 76 "https://justgrill.ru/webasyst/shop/?action=orders" "Mozilla/5.0 (Windows NT 10.0; WOW64) AppleWebKit/537.36 (KHTML, like Gecko) Chrome/98.0.4758.119 YaBrowser/22.3.0.2434 Yowser/2.5 Safari/537.36"
95.153.168.251 - - [08/Apr/2022:07:29:12 +0000] "POST /webasyst/shop/?plugin=beruru&module=backend&action=orderListData HTTP/2.0" 200 76 "https://justgrill.ru/webasyst/shop/?action=orders" "Mozilla/5.0 (Windows NT 10.0; WOW64) AppleWebKit/537.36 (KHTML, like Gecko) Chrome/98.0.4758.119 YaBrowser/22.3.0.2434 Yowser/2.5 Safari/537.36"
95.153.168.251 - - [08/Apr/2022:07:29:12 +0000] "POST /webasyst/shop/?plugin=ym&module=backend&action=orderListData HTTP/2.0" 200 155 "https://justgrill.ru/webasyst/shop/?action=orders" "Mozilla/5.0 (Windows NT 10.0; WOW64) AppleWebKit/537.36 (KHTML, like Gecko) Chrome/98.0.4758.119 YaBrowser/22.3.0.2434 Yowser/2.5 Safari/537.36"
95.153.168.251 - - [08/Apr/2022:07:29:16 +0000] "POST /webasyst/shop/?plugin=beruru&module=backend&action=orderListData HTTP/2.0" 200 76 "https://justgrill.ru/webasyst/shop/?action=orders" "Mozilla/5.0 (Windows NT 10.0; WOW64) AppleWebKit/537.36 (KHTML, like Gecko) Chrome/98.0.4758.119 YaBrowser/22.3.0.2434 Yowser/2.5 Safari/537.36"
95.153.168.251 - - [08/Apr/2022:07:29:16 +0000] "POST /webasyst/shop/?plugin=ym&module=backend&action=orderListData HTTP/2.0" 200 155 "https://justgrill.ru/webasyst/shop/?action=orders" "Mozilla/5.0 (Windows NT 10.0; WOW64) AppleWebKit/537.36 (KHTML, like Gecko) Chrome/98.0.4758.119 YaBrowser/22.3.0.2434 Yowser/2.5 Safari/537.36"
94.25.174.40 - - [08/Apr/2022:07:29:55 +0000] "POST /webasyst/shop/?plugin=ym&module=backend&action=orderListData HTTP/2.0" 200 155 "https://justgrill.ru/webasyst/shop/?action=orders" "Mozilla/5.0 (Windows NT 10.0; Win64; x64) AppleWebKit/537.36 (KHTML, like Gecko) Chrome/99.0.4844.84 Safari/537.36"
94.25.174.40 - - [08/Apr/2022:07:29:55 +0000] "POST /webasyst/shop/?plugin=beruru&module=backend&action=orderListData HTTP/2.0" 200 76 "https://justgrill.ru/webasyst/shop/?action=orders" "Mozilla/5.0 (Windows NT 10.0; Win64; x64) AppleWebKit/537.36 (KHTML, like Gecko) Chrome/99.0.4844.84 Safari/537.36"
94.25.174.40 - - [08/Apr/2022:07:29:56 +0000] "POST /webasyst/shop/?plugin=beruru&module=backend&action=orderListData HTTP/2.0" 200 76 "https://justgrill.ru/webasyst/shop/?action=orders" "Mozilla/5.0 (Windows NT 10.0; Win64; x64) AppleWebKit/537.36 (KHTML, like Gecko) Chrome/99.0.4844.84 Safari/537.36"
94.25.174.40 - - [08/Apr/2022:07:29:56 +0000] "POST /webasyst/shop/?plugin=ym&module=backend&action=orderListData HTTP/2.0" 200 155 "https://justgrill.ru/webasyst/shop/?action=orders" "Mozilla/5.0 (Windows NT 10.0; Win64; x64) AppleWebKit/537.36 (KHTML, like Gecko) Chrome/99.0.4844.84 Safari/537.36"
94.25.174.40 - - [08/Apr/2022:07:30:00 +0000] "POST /webasyst/shop/?plugin=beruru&module=backend&action=orderListData HTTP/2.0" 200 76 "https://justgrill.ru/webasyst/shop/?action=orders" "Mozilla/5.0 (Windows NT 10.0; Win64; x64) AppleWebKit/537.36 (KHTML, like Gecko) Chrome/99.0.4844.84 Safari/537.36"
94.25.174.40 - - [08/Apr/2022:07:30:00 +0000] "POST /webasyst/shop/?plugin=ym&module=backend&action=orderListData HTTP/2.0" 200 155 "https://justgrill.ru/webasyst/shop/?action=orders" "Mozilla/5.0 (Windows NT 10.0; Win64; x64) AppleWebKit/537.36 (KHTML, like Gecko) Chrome/99.0.4844.84 Safari/537.36"
5.188.113.194 - admin [08/Apr/2022:07:30:03 +0000] "POST /cml1c/adfc9ee9-8d33-4958-a478-3f8659809409/?type=catalog&mode=file&filename=v8_J1EvLh_150.zip&sessid= HTTP/1.1" 200 51 "-" "1C+Enterprise/8.3"
5.188.113.194 - admin [08/Apr/2022:07:30:03 +0000] "POST /cml1c/adfc9ee9-8d33-4958-a478-3f8659809409/?type=catalog&mode=file&filename=v8_J1EvLh_151.zip&sessid= HTTP/1.1" 200 51 "-" "1C+Enterprise/8.3"
5.188.113.194 - admin [08/Apr/2022:07:30:04 +0000] "POST /cml1c/adfc9ee9-8d33-4958-a478-3f8659809409/?type=catalog&mode=file&filename=v8_J1EvLh_152.zip&sessid= HTTP/1.1" 200 51 "-" "1C+Enterprise/8.3"
5.188.113.194 - admin [08/Apr/2022:07:30:04 +0000] "POST /cml1c/adfc9ee9-8d33-4958-a478-3f8659809409/?type=catalog&mode=file&filename=v8_J1EvLh_153.zip&sessid= HTTP/1.1" 200 51 "-" "1C+Enterprise/8.3"
5.188.113.194 - admin [08/Apr/2022:07:30:05 +0000] "POST /cml1c/adfc9ee9-8d33-4958-a478-3f8659809409/?type=catalog&mode=file&filename=v8_J1EvLh_154.zip&sessid= HTTP/1.1" 200 51 "-" "1C+Enterprise/8.3"
5.188.113.194 - admin [08/Apr/2022:07:30:10 +0000] "POST /cml1c/adfc9ee9-8d33-4958-a478-3f8659809409/?type=catalog&mode=file&filename=v8_J1EvLh_155.zip&sessid= HTTP/1.1" 200 51 "-" "1C+Enterprise/8.3"
5.188.113.194 - admin [08/Apr/2022:07:30:12 +0000] "POST /cml1c/adfc9ee9-8d33-4958-a478-3f8659809409/?type=catalog&mode=file&filename=v8_J1EvLh_156.zip&sessid= HTTP/1.1" 200 51 "-" "1C+Enterprise/8.3"
5.188.113.194 - admin [08/Apr/2022:07:30:13 +0000] "POST /cml1c/adfc9ee9-8d33-4958-a478-3f8659809409/?type=catalog&mode=file&filename=v8_J1EvLh_157.zip&sessid= HTTP/1.1" 200 51 "-" "1C+Enterprise/8.3"
5.188.113.194 - admin [08/Apr/2022:07:30:14 +0000] "POST /cml1c/adfc9ee9-8d33-4958-a478-3f8659809409/?type=catalog&mode=file&filename=v8_J1EvLh_158.zip&sessid= HTTP/1.1" 200 51 "-" "1C+Enterprise/8.3"
178.154.154.235 - - [08/Apr/2022:07:30:43 +0000] "POST /ym_api/1/?action=/stocks HTTP/1.1" 200 1357 "-" "Apache-HttpClient/4.5.6 (Java/11.0.8-shenandoah)"
46.147.99.84 - - [08/Apr/2022:07:30:44 +0000] "POST /webasyst/shop/?action=products HTTP/2.0" 200 118 "https://justgrill.ru/webasyst/shop/?action=products" "Mozilla/5.0 (iPhone; CPU iPhone OS 15_3_1 like Mac OS X) AppleWebKit/605.1.15 (KHTML, like Gecko) Version/15.3 Mobile/15E148 Safari/604.1"
46.147.99.84 - - [08/Apr/2022:07:30:47 +0000] "POST /webasyst/shop/?plugin=apiopt&module=products&action=status HTTP/2.0" 200 51 "https://justgrill.ru/webasyst/shop/?action=products" "Mozilla/5.0 (iPhone; CPU iPhone OS 15_3_1 like Mac OS X) AppleWebKit/605.1.15 (KHTML, like Gecko) Version/15.3 Mobile/15E148 Safari/604.1"
46.147.99.84 - - [08/Apr/2022:07:30:48 +0000] "POST /webasyst/shop/?plugin=apiopt&module=products&action=status HTTP/2.0" 200 51 "https://justgrill.ru/webasyst/shop/?action=products" "Mozilla/5.0 (iPhone; CPU iPhone OS 15_3_1 like Mac OS X) AppleWebKit/605.1.15 (KHTML, like Gecko) Version/15.3 Mobile/15E148 Safari/604.1"
46.147.99.84 - - [08/Apr/2022:07:30:49 +0000] "POST /webasyst/shop/?plugin=apiopt&module=products&action=status HTTP/2.0" 200 51 "https://justgrill.ru/webasyst/shop/?action=products" "Mozilla/5.0 (iPhone; CPU iPhone OS 15_3_1 like Mac OS X) AppleWebKit/605.1.15 (KHTML, like Gecko) Version/15.3 Mobile/15E148 Safari/604.1"
46.147.99.84 - - [08/Apr/2022:07:31:02 +0000] "POST /webasyst/shop/?plugin=beruru&module=backend&action=orderListData HTTP/2.0" 200 76 "https://justgrill.ru/webasyst/shop/?action=orders" "Mozilla/5.0 (iPhone; CPU iPhone OS 15_3_1 like Mac OS X) AppleWebKit/605.1.15 (KHTML, like Gecko) Version/15.3 Mobile/15E148 Safari/604.1"
46.147.99.84 - - [08/Apr/2022:07:31:02 +0000] "POST /webasyst/shop/?plugin=ym&module=backend&action=orderListData HTTP/2.0" 200 155 "https://justgrill.ru/webasyst/shop/?action=orders" "Mozilla/5.0 (iPhone; CPU iPhone OS 15_3_1 like Mac OS X) AppleWebKit/605.1.15 (KHTML, like Gecko) Version/15.3 Mobile/15E148 Safari/604.1"
46.147.99.84 - - [08/Apr/2022:07:31:03 +0000] "POST /webasyst/shop/?plugin=beruru&module=backend&action=orderListData HTTP/2.0" 200 76 "https://justgrill.ru/webasyst/shop/?action=orders" "Mozilla/5.0 (iPhone; CPU iPhone OS 15_3_1 like Mac OS X) AppleWebKit/605.1.15 (KHTML, like Gecko) Version/15.3 Mobile/15E148 Safari/604.1"
46.147.99.84 - - [08/Apr/2022:07:31:03 +0000] "POST /webasyst/shop/?plugin=ym&module=backend&action=orderListData HTTP/2.0" 200 155 "https://justgrill.ru/webasyst/shop/?action=orders" "Mozilla/5.0 (iPhone; CPU iPhone OS 15_3_1 like Mac OS X) AppleWebKit/605.1.15 (KHTML, like Gecko) Version/15.3 Mobile/15E148 Safari/604.1"
46.147.99.84 - - [08/Apr/2022:07:31:03 +0000] "POST /webasyst/shop/?plugin=beruru&module=backend&action=orderListData HTTP/2.0" 200 76 "https://justgrill.ru/webasyst/shop/?action=orders" "Mozilla/5.0 (iPhone; CPU iPhone OS 15_3_1 like Mac OS X) AppleWebKit/605.1.15 (KHTML, like Gecko) Version/15.3 Mobile/15E148 Safari/604.1"
46.147.99.84 - - [08/Apr/2022:07:31:04 +0000] "POST /webasyst/shop/?plugin=ym&module=backend&action=orderListData HTTP/2.0" 200 155 "https://justgrill.ru/webasyst/shop/?action=orders" "Mozilla/5.0 (iPhone; CPU iPhone OS 15_3_1 like Mac OS X) AppleWebKit/605.1.15 (KHTML, like Gecko) Version/15.3 Mobile/15E148 Safari/604.1"
46.147.99.84 - - [08/Apr/2022:07:31:07 +0000] "POST /webasyst/shop/?plugin=beruru&module=backend&action=orderListData HTTP/2.0" 200 76 "https://justgrill.ru/webasyst/shop/?action=orders" "Mozilla/5.0 (iPhone; CPU iPhone OS 15_3_1 like Mac OS X) AppleWebKit/605.1.15 (KHTML, like Gecko) Version/15.3 Mobile/15E148 Safari/604.1"
46.147.99.84 - - [08/Apr/2022:07:31:07 +0000] "POST /webasyst/shop/?plugin=ym&module=backend&action=orderListData HTTP/2.0" 200 155 "https://justgrill.ru/webasyst/shop/?action=orders" "Mozilla/5.0 (iPhone; CPU iPhone OS 15_3_1 like Mac OS X) AppleWebKit/605.1.15 (KHTML, like Gecko) Version/15.3 Mobile/15E148 Safari/604.1"
95.108.153.226 - - [08/Apr/2022:07:31:38 +0000] "POST /ym_api/1/?action=/cart HTTP/1.1" 200 111 "-" "Apache-HttpClient/4.5.6 (Java/11.0.8-shenandoah)"
95.153.168.251 - - [08/Apr/2022:07:31:55 +0000] "POST /webasyst/shop/?plugin=beruru&module=backend&action=orderListData HTTP/2.0" 200 76 "https://justgrill.ru/webasyst/shop/?action=orders" "Mozilla/5.0 (Windows NT 10.0; WOW64) AppleWebKit/537.36 (KHTML, like Gecko) Chrome/98.0.4758.119 YaBrowser/22.3.0.2434 Yowser/2.5 Safari/537.36"
95.153.168.251 - - [08/Apr/2022:07:31:55 +0000] "POST /webasyst/shop/?plugin=ym&module=backend&action=orderListData HTTP/2.0" 200 155 "https://justgrill.ru/webasyst/shop/?action=orders" "Mozilla/5.0 (Windows NT 10.0; WOW64) AppleWebKit/537.36 (KHTML, like Gecko) Chrome/98.0.4758.119 YaBrowser/22.3.0.2434 Yowser/2.5 Safari/537.36"
95.153.168.251 - - [08/Apr/2022:07:31:56 +0000] "POST /webasyst/shop/?plugin=beruru&module=backend&action=orderListData HTTP/2.0" 200 76 "https://justgrill.ru/webasyst/shop/?action=orders" "Mozilla/5.0 (Windows NT 10.0; WOW64) AppleWebKit/537.36 (KHTML, like Gecko) Chrome/98.0.4758.119 YaBrowser/22.3.0.2434 Yowser/2.5 Safari/537.36"
95.153.168.251 - - [08/Apr/2022:07:31:56 +0000] "POST /webasyst/shop/?plugin=ym&module=backend&action=orderListData HTTP/2.0" 200 155 "https://justgrill.ru/webasyst/shop/?action=orders" "Mozilla/5.0 (Windows NT 10.0; WOW64) AppleWebKit/537.36 (KHTML, like Gecko) Chrome/98.0.4758.119 YaBrowser/22.3.0.2434 Yowser/2.5 Safari/537.36"
95.153.168.251 - - [08/Apr/2022:07:32:08 +0000] "POST /webasyst/shop/?plugin=ym&module=backend&action=orderListData HTTP/2.0" 200 155 "https://justgrill.ru/webasyst/shop/?action=orders" "Mozilla/5.0 (Windows NT 10.0; WOW64) AppleWebKit/537.36 (KHTML, like Gecko) Chrome/98.0.4758.119 YaBrowser/22.3.0.2434 Yowser/2.5 Safari/537.36"
95.153.168.251 - - [08/Apr/2022:07:32:08 +0000] "POST /webasyst/shop/?plugin=beruru&module=backend&action=orderListData HTTP/2.0" 200 76 "https://justgrill.ru/webasyst/shop/?action=orders" "Mozilla/5.0 (Windows NT 10.0; WOW64) AppleWebKit/537.36 (KHTML, like Gecko) Chrome/98.0.4758.119 YaBrowser/22.3.0.2434 Yowser/2.5 Safari/537.36"
95.153.168.251 - - [08/Apr/2022:07:32:08 +0000] "POST /webasyst/shop/?plugin=ym&module=backend&action=getOrderInfo HTTP/2.0" 200 654 "https://justgrill.ru/webasyst/shop/?action=orders" "Mozilla/5.0 (Windows NT 10.0; WOW64) AppleWebKit/537.36 (KHTML, like Gecko) Chrome/98.0.4758.119 YaBrowser/22.3.0.2434 Yowser/2.5 Safari/537.36"
95.153.168.251 - - [08/Apr/2022:07:32:11 +0000] "POST /webasyst/shop/?plugin=ym&module=backend&action=orderListData HTTP/2.0" 200 155 "https://justgrill.ru/webasyst/shop/?action=orders" "Mozilla/5.0 (Windows NT 10.0; WOW64) AppleWebKit/537.36 (KHTML, like Gecko) Chrome/98.0.4758.119 YaBrowser/22.3.0.2434 Yowser/2.5 Safari/537.36"
95.153.168.251 - - [08/Apr/2022:07:32:12 +0000] "POST /webasyst/shop/?plugin=beruru&module=backend&action=orderListData HTTP/2.0" 200 76 "https://justgrill.ru/webasyst/shop/?action=orders" "Mozilla/5.0 (Windows NT 10.0; WOW64) AppleWebKit/537.36 (KHTML, like Gecko) Chrome/98.0.4758.119 YaBrowser/22.3.0.2434 Yowser/2.5 Safari/537.36"
188.162.172.53 - - [08/Apr/2022:07:32:16 +0000] "POST /webasyst/shop/?plugin=ym&module=backend&action=orderListData HTTP/2.0" 200 155 "https://justgrill.ru/webasyst/shop/?action=orders" "Mozilla/5.0 (Macintosh; Intel Mac OS X 10_15_7) AppleWebKit/605.1.15 (KHTML, like Gecko) Version/15.2 Safari/605.1.15"
188.162.172.53 - - [08/Apr/2022:07:32:16 +0000] "POST /webasyst/shop/?plugin=beruru&module=backend&action=orderListData HTTP/2.0" 200 76 "https://justgrill.ru/webasyst/shop/?action=orders" "Mozilla/5.0 (Macintosh; Intel Mac OS X 10_15_7) AppleWebKit/605.1.15 (KHTML, like Gecko) Version/15.2 Safari/605.1.15"
95.153.168.251 - - [08/Apr/2022:07:32:16 +0000] "POST /webasyst/shop/?plugin=beruru&module=backend&action=orderListData HTTP/2.0" 200 76 "https://justgrill.ru/webasyst/shop/?action=orders" "Mozilla/5.0 (Windows NT 10.0; WOW64) AppleWebKit/537.36 (KHTML, like Gecko) Chrome/98.0.4758.119 YaBrowser/22.3.0.2434 Yowser/2.5 Safari/537.36"
95.153.168.251 - - [08/Apr/2022:07:32:17 +0000] "POST /webasyst/shop/?plugin=ym&module=backend&action=orderListData HTTP/2.0" 200 155 "https://justgrill.ru/webasyst/shop/?action=orders" "Mozilla/5.0 (Windows NT 10.0; WOW64) AppleWebKit/537.36 (KHTML, like Gecko) Chrome/98.0.4758.119 YaBrowser/22.3.0.2434 Yowser/2.5 Safari/537.36"
188.162.172.53 - - [08/Apr/2022:07:32:30 +0000] "POST /webasyst/shop/?plugin=beruru&module=backend&action=orderListData HTTP/2.0" 200 76 "https://justgrill.ru/webasyst/shop/?action=orders" "Mozilla/5.0 (Macintosh; Intel Mac OS X 10_15_7) AppleWebKit/605.1.15 (KHTML, like Gecko) Version/15.2 Safari/605.1.15"
188.162.172.53 - - [08/Apr/2022:07:32:30 +0000] "POST /webasyst/shop/?plugin=ym&module=backend&action=orderListData HTTP/2.0" 200 155 "https://justgrill.ru/webasyst/shop/?action=orders" "Mozilla/5.0 (Macintosh; Intel Mac OS X 10_15_7) AppleWebKit/605.1.15 (KHTML, like Gecko) Version/15.2 Safari/605.1.15"
176.74.9.18 - - [08/Apr/2022:07:32:46 +0000] "POST /login/ HTTP/2.0" 200 79 "https://justgrill.ru/login/" "Mozilla/5.0 (Windows NT 10.0; WOW64) AppleWebKit/537.36 (KHTML, like Gecko) Chrome/99.0.4844.84 Safari/537.36 OPR/85.0.4341.47"
85.174.195.61 - - [08/Apr/2022:07:32:54 +0000] "POST /cart/add/?html=1 HTTP/2.0" 200 150 "https://krd.justgrill.ru/grili/ugolnye/?price_min=&price_max=5000" "Mozilla/5.0 (Linux; Android 11; M2007J3SG) AppleWebKit/537.36 (KHTML, like Gecko) Chrome/100.0.4896.79 Mobile Safari/537.36"
5.188.113.194 - admin [08/Apr/2022:07:33:12 +0000] "POST /cml1c/adfc9ee9-8d33-4958-a478-3f8659809409/?type=catalog&mode=file&filename=v8_J1EvLh_15a.zip&sessid= HTTP/1.1" 200 51 "-" "1C+Enterprise/8.3"
5.188.113.194 - admin [08/Apr/2022:07:33:13 +0000] "POST /cml1c/adfc9ee9-8d33-4958-a478-3f8659809409/?type=catalog&mode=file&filename=v8_J1EvLh_15b.zip&sessid= HTTP/1.1" 200 51 "-" "1C+Enterprise/8.3"
85.174.195.61 - - [08/Apr/2022:07:33:14 +0000] "POST /cart/add/?html=1 HTTP/2.0" 200 150 "https://krd.justgrill.ru/grili/gazovye/?price_min=&price_max=5000" "Mozilla/5.0 (Linux; Android 11; M2007J3SG) AppleWebKit/537.36 (KHTML, like Gecko) Chrome/100.0.4896.79 Mobile Safari/537.36"
85.174.195.61 - - [08/Apr/2022:07:33:16 +0000] "POST /cart/add/?html=1 HTTP/2.0" 200 150 "https://krd.justgrill.ru/grili/gazovye/?price_min=&price_max=5000" "Mozilla/5.0 (Linux; Android 11; M2007J3SG) AppleWebKit/537.36 (KHTML, like Gecko) Chrome/100.0.4896.79 Mobile Safari/537.36"
85.174.195.61 - - [08/Apr/2022:07:33:22 +0000] "POST /cart/add/?html=1 HTTP/2.0" 200 150 "https://krd.justgrill.ru/grili/gazovye/?price_min=&price_max=5000" "Mozilla/5.0 (Linux; Android 11; M2007J3SG) AppleWebKit/537.36 (KHTML, like Gecko) Chrome/100.0.4896.79 Mobile Safari/537.36"
188.162.172.53 - - [08/Apr/2022:07:33:26 +0000] "POST /webasyst/shop/?plugin=beruru&module=backend&action=orderListData HTTP/2.0" 200 76 "https://justgrill.ru/webasyst/shop/?action=orders" "Mozilla/5.0 (Macintosh; Intel Mac OS X 10_15_7) AppleWebKit/605.1.15 (KHTML, like Gecko) Version/15.2 Safari/605.1.15"
188.162.172.53 - - [08/Apr/2022:07:33:26 +0000] "POST /webasyst/shop/?plugin=ym&module=backend&action=orderListData HTTP/2.0" 200 155 "https://justgrill.ru/webasyst/shop/?action=orders" "Mozilla/5.0 (Macintosh; Intel Mac OS X 10_15_7) AppleWebKit/605.1.15 (KHTML, like Gecko) Version/15.2 Safari/605.1.15"
46.147.99.84 - - [08/Apr/2022:07:33:27 +0000] "POST /webasyst/shop/?plugin=apiopt&module=products&action=status HTTP/2.0" 200 51 "https://justgrill.ru/webasyst/shop/?action=products" "Mozilla/5.0 (iPhone; CPU iPhone OS 15_3_1 like Mac OS X) AppleWebKit/605.1.15 (KHTML, like Gecko) Version/15.3 Mobile/15E148 Safari/604.1"
188.162.172.53 - - [08/Apr/2022:07:33:27 +0000] "POST /webasyst/shop/?plugin=beruru&module=backend&action=orderListData HTTP/2.0" 200 76 "https://justgrill.ru/webasyst/shop/?action=orders" "Mozilla/5.0 (Macintosh; Intel Mac OS X 10_15_7) AppleWebKit/605.1.15 (KHTML, like Gecko) Version/15.2 Safari/605.1.15"
188.162.172.53 - - [08/Apr/2022:07:33:27 +0000] "POST /webasyst/shop/?plugin=ym&module=backend&action=orderListData HTTP/2.0" 200 155 "https://justgrill.ru/webasyst/shop/?action=orders" "Mozilla/5.0 (Macintosh; Intel Mac OS X 10_15_7) AppleWebKit/605.1.15 (KHTML, like Gecko) Version/15.2 Safari/605.1.15"
46.147.99.84 - - [08/Apr/2022:07:33:27 +0000] "POST /webasyst/shop/?plugin=apiopt&module=products&action=status HTTP/2.0" 200 51 "https://justgrill.ru/webasyst/shop/?action=products" "Mozilla/5.0 (iPhone; CPU iPhone OS 15_3_1 like Mac OS X) AppleWebKit/605.1.15 (KHTML, like Gecko) Version/15.3 Mobile/15E148 Safari/604.1"
46.147.99.84 - - [08/Apr/2022:07:33:31 +0000] "POST /webasyst/shop/?plugin=apiopt&module=products&action=status HTTP/2.0" 200 51 "https://justgrill.ru/webasyst/shop/?action=products" "Mozilla/5.0 (iPhone; CPU iPhone OS 15_3_1 like Mac OS X) AppleWebKit/605.1.15 (KHTML, like Gecko) Version/15.3 Mobile/15E148 Safari/604.1"
188.162.172.53 - - [08/Apr/2022:07:33:34 +0000] "POST /webasyst/shop/?plugin=beruru&module=backend&action=orderListData HTTP/2.0" 200 76 "https://justgrill.ru/webasyst/shop/?action=orders" "Mozilla/5.0 (Macintosh; Intel Mac OS X 10_15_7) AppleWebKit/605.1.15 (KHTML, like Gecko) Version/15.2 Safari/605.1.15"
