178.154.168.238 - - [08/Apr/2022:00:03:22 +0000] "POST /ym_api/1/?action=/stocks HTTP/1.1" 200 1421 "-" "Apache-HttpClient/4.5.6 (Java/11.0.8-shenandoah)"
178.154.154.184 - - [08/Apr/2022:00:03:54 +0000] "POST /ym_api/1/?action=/cart HTTP/1.1" 200 111 "-" "Apache-HttpClient/4.5.6 (Java/11.0.8-shenandoah)"
37.9.71.212 - - [08/Apr/2022:00:13:41 +0000] "POST /ym_api/1/?action=/cart HTTP/1.1" 200 110 "-" "Apache-HttpClient/4.5.6 (Java/11.0.8-shenandoah)"
178.154.154.251 - - [08/Apr/2022:00:18:10 +0000] "POST /ym_api/1/?action=/cart HTTP/1.1" 200 110 "-" "Apache-HttpClient/4.5.6 (Java/11.0.8-shenandoah)"
37.9.71.212 - - [08/Apr/2022:00:23:16 +0000] "POST /ym_api/1/?action=/cart HTTP/1.1" 200 110 "-" "Apache-HttpClient/4.5.6 (Java/11.0.8-shenandoah)"
37.9.71.121 - - [08/Apr/2022:00:28:50 +0000] "POST /ym_api/1/?action=/cart HTTP/1.1" 200 110 "-" "Apache-HttpClient/4.5.6 (Java/11.0.8-shenandoah)"
5.45.201.213 - - [08/Apr/2022:00:33:29 +0000] "POST /ym_api/1/?action=/cart HTTP/1.1" 200 111 "-" "Apache-HttpClient/4.5.6 (Java/11.0.8-shenandoah)"
37.9.71.212 - - [08/Apr/2022:00:38:08 +0000] "POST /ym_api/1/?action=/cart HTTP/1.1" 200 111 "-" "Apache-HttpClient/4.5.6 (Java/11.0.8-shenandoah)"
37.9.71.212 - - [08/Apr/2022:00:43:22 +0000] "POST /ym_api/1/?action=/cart HTTP/1.1" 200 109 "-" "Apache-HttpClient/4.5.6 (Java/11.0.8-shenandoah)"
37.9.71.213 - - [08/Apr/2022:00:48:16 +0000] "POST /ym_api/1/?action=/cart HTTP/1.1" 200 111 "-" "Apache-HttpClient/4.5.6 (Java/11.0.8-shenandoah)"
178.154.154.182 - - [08/Apr/2022:00:53:48 +0000] "POST /ym_api/1/?action=/cart HTTP/1.1" 200 110 "-" "Apache-HttpClient/4.5.6 (Java/11.0.8-shenandoah)"
5.45.201.213 - - [08/Apr/2022:00:59:00 +0000] "POST /ym_api/1/?action=/cart HTTP/1.1" 200 110 "-" "Apache-HttpClient/4.5.6 (Java/11.0.8-shenandoah)"
37.9.71.212 - - [08/Apr/2022:01:05:28 +0000] "POST /ym_api/1/?action=/cart HTTP/1.1" 200 109 "-" "Apache-HttpClient/4.5.6 (Java/11.0.8-shenandoah)"
95.108.153.226 - - [08/Apr/2022:01:10:06 +0000] "POST /ym_api/1/?action=/cart HTTP/1.1" 200 110 "-" "Apache-HttpClient/4.5.6 (Java/11.0.8-shenandoah)"
178.154.154.184 - - [08/Apr/2022:01:14:49 +0000] "POST /ym_api/1/?action=/cart HTTP/1.1" 200 110 "-" "Apache-HttpClient/4.5.6 (Java/11.0.8-shenandoah)"
23.111.109.16 - - [08/Apr/2022:01:19:33 +0000] "POST /syncamocrm/lead/ HTTP/1.1" 200 49 "-" "amoCRM-WebHook-client/2.0"
95.213.171.76 - - [08/Apr/2022:01:19:34 +0000] "POST /syncamocrm/lead/ HTTP/1.1" 200 49 "-" "amoCRM-WebHook-client/2.0"
37.9.71.213 - - [08/Apr/2022:01:19:43 +0000] "POST /ym_api/1/?action=/cart HTTP/1.1" 200 109 "-" "Apache-HttpClient/4.5.6 (Java/11.0.8-shenandoah)"
178.154.154.183 - - [08/Apr/2022:01:28:37 +0000] "POST /ym_api/1/?action=/cart HTTP/1.1" 200 110 "-" "Apache-HttpClient/4.5.6 (Java/11.0.8-shenandoah)"
95.108.153.226 - - [08/Apr/2022:01:34:15 +0000] "POST /ym_api/1/?action=/cart HTTP/1.1" 200 111 "-" "Apache-HttpClient/4.5.6 (Java/11.0.8-shenandoah)"
178.154.168.231 - - [08/Apr/2022:01:38:38 +0000] "POST /ym_api/1/?action=/cart HTTP/1.1" 200 111 "-" "Apache-HttpClient/4.5.6 (Java/11.0.8-shenandoah)"
5.45.201.213 - - [08/Apr/2022:01:45:04 +0000] "POST /ym_api/1/?action=/cart HTTP/1.1" 200 110 "-" "Apache-HttpClient/4.5.6 (Java/11.0.8-shenandoah)"
37.9.71.212 - - [08/Apr/2022:01:49:02 +0000] "POST /ym_api/1/?action=/cart HTTP/1.1" 200 110 "-" "Apache-HttpClient/4.5.6 (Java/11.0.8-shenandoah)"
37.9.71.213 - - [08/Apr/2022:01:54:48 +0000] "POST /ym_api/1/?action=/cart HTTP/1.1" 200 110 "-" "Apache-HttpClient/4.5.6 (Java/11.0.8-shenandoah)"
178.154.168.231 - - [08/Apr/2022:02:00:42 +0000] "POST /ym_api/1/?action=/cart HTTP/1.1" 200 110 "-" "Apache-HttpClient/4.5.6 (Java/11.0.8-shenandoah)"
37.9.71.213 - - [08/Apr/2022:02:04:40 +0000] "POST /ym_api/1/?action=/cart HTTP/1.1" 200 110 "-" "Apache-HttpClient/4.5.6 (Java/11.0.8-shenandoah)"
37.9.71.213 - - [08/Apr/2022:02:08:30 +0000] "POST /ym_api/1/?action=/stocks HTTP/1.1" 200 1421 "-" "Apache-HttpClient/4.5.6 (Java/11.0.8-shenandoah)"
37.9.71.213 - - [08/Apr/2022:02:09:02 +0000] "POST /ym_api/1/?action=/cart HTTP/1.1" 200 110 "-" "Apache-HttpClient/4.5.6 (Java/11.0.8-shenandoah)"
178.154.154.251 - - [08/Apr/2022:02:14:33 +0000] "POST /ym_api/1/?action=/cart HTTP/1.1" 200 110 "-" "Apache-HttpClient/4.5.6 (Java/11.0.8-shenandoah)"
178.154.168.202 - - [08/Apr/2022:02:20:44 +0000] "POST /ym_api/1/?action=/cart HTTP/1.1" 200 110 "-" "Apache-HttpClient/4.5.6 (Java/11.0.8-shenandoah)"
138.199.36.244 - - [08/Apr/2022:02:29:28 +0000] "POST /blog/ananas-na-grile-pod-sousom/comment/ HTTP/1.0" 200 177 "https://justgrill.ru/blog/ananas-na-grile-pod-sousom/" "Mozilla/5.0 (Windows NT 6.1; Win64; x64) AppleWebKit/537.36 (KHTML, like Gecko) Chrome/90.0.4430.85 Safari/537.36"
178.154.168.231 - - [08/Apr/2022:02:30:46 +0000] "POST /ym_api/1/?action=/cart HTTP/1.1" 200 111 "-" "Apache-HttpClient/4.5.6 (Java/11.0.8-shenandoah)"
178.154.154.251 - - [08/Apr/2022:02:35:36 +0000] "POST /ym_api/1/?action=/cart HTTP/1.1" 200 111 "-" "Apache-HttpClient/4.5.6 (Java/11.0.8-shenandoah)"
95.108.153.226 - - [08/Apr/2022:02:39:45 +0000] "POST /ym_api/1/?action=/cart HTTP/1.1" 200 110 "-" "Apache-HttpClient/4.5.6 (Java/11.0.8-shenandoah)"
162.55.100.119 - - [08/Apr/2022:02:41:31 +0000] "POST /blog/ananas-na-grile-pod-sousom/comment/ HTTP/1.0" 200 177 "https://justgrill.ru/blog/ananas-na-grile-pod-sousom/" "Mozilla/5.0 (Windows NT 10.0; Win64; x64) AppleWebKit/537.36 (KHTML, like Gecko) Chrome/90.0.4430.86 Safari/537.36"
178.154.154.235 - - [08/Apr/2022:02:44:36 +0000] "POST /ym_api/1/?action=/cart HTTP/1.1" 200 111 "-" "Apache-HttpClient/4.5.6 (Java/11.0.8-shenandoah)"
178.154.154.251 - - [08/Apr/2022:02:49:42 +0000] "POST /ym_api/1/?action=/cart HTTP/1.1" 200 111 "-" "Apache-HttpClient/4.5.6 (Java/11.0.8-shenandoah)"
85.143.106.77 - - [08/Apr/2022:02:53:28 +0000] "POST /blog/adygyeya-i-krasnodar-vstryechaytye/comment/ HTTP/1.0" 200 177 "https://justgrill.ru/blog/adygyeya-i-krasnodar-vstryechaytye/" "Mozilla/5.0 (Windows NT 10.0) AppleWebKit/537.36 (KHTML, like Gecko) Chrome/90.0.4430.85 Safari/537.36 Edg/90.0.818.46"
178.154.154.182 - - [08/Apr/2022:02:54:08 +0000] "POST /ym_api/1/?action=/stocks HTTP/1.1" 200 1422 "-" "Apache-HttpClient/4.5.6 (Java/11.0.8-shenandoah)"
45.66.35.35 - - [08/Apr/2022:02:54:49 +0000] "POST /blog/ananas-na-grile-pod-sousom/comment/ HTTP/1.0" 200 177 "https://justgrill.ru/blog/ananas-na-grile-pod-sousom/" "Mozilla/5.0 (Windows NT 6.2; Win64; x64) AppleWebKit/537.36 (KHTML, like Gecko) Chrome/90.0.4430.72 Safari/537.36"
178.154.154.184 - - [08/Apr/2022:02:54:59 +0000] "POST /ym_api/1/?action=/cart HTTP/1.1" 200 109 "-" "Apache-HttpClient/4.5.6 (Java/11.0.8-shenandoah)"
5.188.113.194 - admin [08/Apr/2022:03:00:15 +0000] "POST /cml1c/adfc9ee9-8d33-4958-a478-3f8659809409/?type=catalog&mode=file&filename=v8_HkBdVd_f.zip&sessid= HTTP/1.1" 200 49 "-" "1C+Enterprise/8.3"
37.9.71.121 - - [08/Apr/2022:03:00:16 +0000] "POST /ym_api/1/?action=/cart HTTP/1.1" 200 111 "-" "Apache-HttpClient/4.5.6 (Java/11.0.8-shenandoah)"
5.188.113.194 - admin [08/Apr/2022:03:00:26 +0000] "POST /cml1c/adfc9ee9-8d33-4958-a478-3f8659809409/?type=catalog&mode=file&filename=v8_HkBdVd_10.zip&sessid= HTTP/1.1" 200 50 "-" "1C+Enterprise/8.3"
5.188.113.194 - admin [08/Apr/2022:03:00:36 +0000] "POST /cml1c/adfc9ee9-8d33-4958-a478-3f8659809409/?type=catalog&mode=file&filename=v8_HkBdVd_11.zip&sessid= HTTP/1.1" 200 50 "-" "1C+Enterprise/8.3"
37.9.71.213 - - [08/Apr/2022:03:05:20 +0000] "POST /ym_api/1/?action=/cart HTTP/1.1" 200 109 "-" "Apache-HttpClient/4.5.6 (Java/11.0.8-shenandoah)"
178.154.154.251 - - [08/Apr/2022:03:05:52 +0000] "POST /ym_api/1/?action=/stocks HTTP/1.1" 200 1422 "-" "Apache-HttpClient/4.5.6 (Java/11.0.8-shenandoah)"
95.108.153.226 - - [08/Apr/2022:03:14:15 +0000] "POST /ym_api/1/?action=/cart HTTP/1.1" 200 110 "-" "Apache-HttpClient/4.5.6 (Java/11.0.8-shenandoah)"
117.31.45.18 - - [08/Apr/2022:03:17:24 +0000] "POST /signup/ HTTP/1.1" 302 5 "-" "Mozilla/5.0 (Windows NT 10.0; Win64; x64) AppleWebKit/537.36 (KHTML, like Gecko) Chrome/85.0.4183.121 Safari/537.36"
117.31.45.18 - - [08/Apr/2022:03:17:27 +0000] "POST /signup/ HTTP/1.1" 302 5 "-" "Mozilla/5.0 (Windows NT 10.0; Win64; x64) AppleWebKit/537.36 (KHTML, like Gecko) Chrome/85.0.4183.121 Safari/537.36"
95.108.153.226 - - [08/Apr/2022:03:19:14 +0000] "POST /ym_api/1/?action=/cart HTTP/1.1" 200 110 "-" "Apache-HttpClient/4.5.6 (Java/11.0.8-shenandoah)"
1.2.151.134 - - [08/Apr/2022:03:19:23 +0000] "POST /signup/ HTTP/1.1" 302 5 "-" "Mozilla/5.0 (Windows NT 10.0; Win64; x64) AppleWebKit/537.36 (KHTML, like Gecko) Chrome/85.0.4183.121 Safari/537.36"
1.2.151.134 - - [08/Apr/2022:03:19:26 +0000] "POST /signup/ HTTP/1.1" 302 5 "-" "Mozilla/5.0 (Windows NT 10.0; Win64; x64) AppleWebKit/537.36 (KHTML, like Gecko) Chrome/85.0.4183.121 Safari/537.36"
1.2.151.134 - - [08/Apr/2022:03:19:29 +0000] "POST /forgotpassword/ HTTP/1.1" 200 27708 "-" "Mozilla/5.0 (Windows NT 10.0; Win64; x64) AppleWebKit/537.36 (KHTML, like Gecko) Chrome/85.0.4183.121 Safari/537.36"
1.2.151.134 - - [08/Apr/2022:03:19:31 +0000] "POST /forgotpassword/ HTTP/1.1" 200 27724 "-" "Mozilla/5.0 (Windows NT 10.0; Win64; x64) AppleWebKit/537.36 (KHTML, like Gecko) Chrome/85.0.4183.121 Safari/537.36"
178.154.168.231 - - [08/Apr/2022:03:25:03 +0000] "POST /ym_api/1/?action=/cart HTTP/1.1" 200 111 "-" "Apache-HttpClient/4.5.6 (Java/11.0.8-shenandoah)"
178.154.154.235 - - [08/Apr/2022:03:29:40 +0000] "POST /ym_api/1/?action=/cart HTTP/1.1" 200 110 "-" "Apache-HttpClient/4.5.6 (Java/11.0.8-shenandoah)"
178.154.168.236 - - [08/Apr/2022:03:30:58 +0000] "POST /ym_api/1/?action=/stocks HTTP/1.1" 200 1422 "-" "Apache-HttpClient/4.5.6 (Java/11.0.8-shenandoah)"
5.45.201.213 - - [08/Apr/2022:03:37:15 +0000] "POST /ym_api/1/?action=/cart HTTP/1.1" 200 110 "-" "Apache-HttpClient/4.5.6 (Java/11.0.8-shenandoah)"
37.9.71.212 - - [08/Apr/2022:03:42:31 +0000] "POST /ym_api/1/?action=/cart HTTP/1.1" 200 110 "-" "Apache-HttpClient/4.5.6 (Java/11.0.8-shenandoah)"
178.154.154.184 - - [08/Apr/2022:03:45:15 +0000] "POST /ym_api/1/?action=/stocks HTTP/1.1" 200 1422 "-" "Apache-HttpClient/4.5.6 (Java/11.0.8-shenandoah)"
178.154.168.238 - - [08/Apr/2022:03:52:12 +0000] "POST /ym_api/1/?action=/cart HTTP/1.1" 200 109 "-" "Apache-HttpClient/4.5.6 (Java/11.0.8-shenandoah)"
212.119.202.70 - - [08/Apr/2022:03:55:18 +0000] "POST /regions/getRedirectUrl/ HTTP/2.0" 200 196 "https://justgrill.ru/grili/ugolnye/weber/master-touch/gril-ugolnyy-master-touch-weber-gbs-e-5750-chernyy/" "Mozilla/5.0 (Windows NT 6.1; Win64; x64) AppleWebKit/537.36 (KHTML, like Gecko) Chrome/100.0.4896.75 Safari/537.36"
212.119.202.70 - - [08/Apr/2022:03:55:19 +0000] "POST /regions/getRedirectUrl/ HTTP/2.0" 200 196 "https://justgrill.ru/grili/ugolnye/weber/master-touch/gril-ugolnyy-master-touch-weber-gbs-e-5750-chernyy/" "Mozilla/5.0 (Windows NT 6.1; Win64; x64) AppleWebKit/537.36 (KHTML, like Gecko) Chrome/100.0.4896.75 Safari/537.36"
37.9.71.213 - - [08/Apr/2022:03:56:43 +0000] "POST /ym_api/1/?action=/cart HTTP/1.1" 200 110 "-" "Apache-HttpClient/4.5.6 (Java/11.0.8-shenandoah)"
5.188.113.194 - admin [08/Apr/2022:04:00:15 +0000] "POST /cml1c/adfc9ee9-8d33-4958-a478-3f8659809409/?type=catalog&mode=file&filename=v8_yZdThe_1d.zip&sessid= HTTP/1.1" 200 50 "-" "1C+Enterprise/8.3"
5.188.113.194 - admin [08/Apr/2022:04:00:15 +0000] "POST /cml1c/adfc9ee9-8d33-4958-a478-3f8659809409/?type=catalog&mode=file&filename=v8_yZdThe_1c.zip&sessid= HTTP/1.1" 200 50 "-" "1C+Enterprise/8.3"
5.188.113.194 - admin [08/Apr/2022:04:00:24 +0000] "POST /cml1c/adfc9ee9-8d33-4958-a478-3f8659809409/?type=catalog&mode=file&filename=v8_yZdThe_1e.zip&sessid= HTTP/1.1" 200 50 "-" "1C+Enterprise/8.3"
5.188.113.194 - admin [08/Apr/2022:04:00:24 +0000] "POST /cml1c/adfc9ee9-8d33-4958-a478-3f8659809409/?type=catalog&mode=file&filename=v8_yZdThe_1f.zip&sessid= HTTP/1.1" 200 50 "-" "1C+Enterprise/8.3"
5.188.113.194 - admin [08/Apr/2022:04:00:36 +0000] "POST /cml1c/adfc9ee9-8d33-4958-a478-3f8659809409/?type=catalog&mode=file&filename=v8_yZdThe_20.zip&sessid= HTTP/1.1" 200 50 "-" "1C+Enterprise/8.3"
5.188.113.194 - admin [08/Apr/2022:04:00:45 +0000] "POST /cml1c/adfc9ee9-8d33-4958-a478-3f8659809409/?type=catalog&mode=file&filename=v8_yZdThe_21.zip&sessid= HTTP/1.1" 200 50 "-" "1C+Enterprise/8.3"
5.45.201.213 - - [08/Apr/2022:04:02:17 +0000] "POST /ym_api/1/?action=/cart HTTP/1.1" 200 111 "-" "Apache-HttpClient/4.5.6 (Java/11.0.8-shenandoah)"
178.154.154.251 - - [08/Apr/2022:04:06:26 +0000] "POST /ym_api/1/?action=/stocks HTTP/1.1" 200 1422 "-" "Apache-HttpClient/4.5.6 (Java/11.0.8-shenandoah)"
178.154.154.184 - - [08/Apr/2022:04:13:12 +0000] "POST /ym_api/1/?action=/cart HTTP/1.1" 200 109 "-" "Apache-HttpClient/4.5.6 (Java/11.0.8-shenandoah)"
178.154.154.183 - - [08/Apr/2022:04:18:21 +0000] "POST /ym_api/1/?action=/cart HTTP/1.1" 200 110 "-" "Apache-HttpClient/4.5.6 (Java/11.0.8-shenandoah)"
37.9.71.212 - - [08/Apr/2022:04:23:04 +0000] "POST /ym_api/1/?action=/cart HTTP/1.1" 200 111 "-" "Apache-HttpClient/4.5.6 (Java/11.0.8-shenandoah)"
178.154.154.235 - - [08/Apr/2022:04:27:40 +0000] "POST /ym_api/1/?action=/stocks HTTP/1.1" 200 1321 "-" "Apache-HttpClient/4.5.6 (Java/11.0.8-shenandoah)"
178.154.154.182 - - [08/Apr/2022:04:28:16 +0000] "POST /ym_api/1/?action=/cart HTTP/1.1" 200 110 "-" "Apache-HttpClient/4.5.6 (Java/11.0.8-shenandoah)"
5.188.113.194 - admin [08/Apr/2022:04:30:12 +0000] "POST /cml1c/adfc9ee9-8d33-4958-a478-3f8659809409/?type=catalog&mode=file&filename=v8_pSozVS_1c.zip&sessid= HTTP/1.1" 200 50 "-" "1C+Enterprise/8.3"
5.188.113.194 - admin [08/Apr/2022:04:30:21 +0000] "POST /cml1c/adfc9ee9-8d33-4958-a478-3f8659809409/?type=catalog&mode=file&filename=v8_pSozVS_1d.zip&sessid= HTTP/1.1" 200 50 "-" "1C+Enterprise/8.3"
78.85.20.187 - - [08/Apr/2022:04:31:50 +0000] "POST /cart/add/?html=1 HTTP/2.0" 200 158 "https://justgrill.ru/mangaly/mangal/grillver/iskander/pech-mangal-grillver-iskander-inklayn-eyr/" "Mozilla/5.0 (Windows NT 5.1) AppleWebKit/537.36 (KHTML, like Gecko) Chrome/47.5.2526.111 Amigo/47.5.2526.111 MRCHROME SOC Safari/537.36"
78.85.20.187 - - [08/Apr/2022:04:32:24 +0000] "POST /onestep/ HTTP/2.0" 200 7134 "https://justgrill.ru/onestep/" "Mozilla/5.0 (Windows NT 5.1) AppleWebKit/537.36 (KHTML, like Gecko) Chrome/47.5.2526.111 Amigo/47.5.2526.111 MRCHROME SOC Safari/537.36"
78.85.20.187 - - [08/Apr/2022:04:32:25 +0000] "POST /gift-cart-list/ HTTP/2.0" 200 20 "https://justgrill.ru/onestep/" "Mozilla/5.0 (Windows NT 5.1) AppleWebKit/537.36 (KHTML, like Gecko) Chrome/47.5.2526.111 Amigo/47.5.2526.111 MRCHROME SOC Safari/537.36"
78.85.20.187 - - [08/Apr/2022:04:32:25 +0000] "POST /gift-cart-list/ HTTP/2.0" 200 20 "https://justgrill.ru/onestep/" "Mozilla/5.0 (Windows NT 5.1) AppleWebKit/537.36 (KHTML, like Gecko) Chrome/47.5.2526.111 Amigo/47.5.2526.111 MRCHROME SOC Safari/537.36"
78.85.20.187 - - [08/Apr/2022:04:32:25 +0000] "POST /gift-cart-list/ HTTP/2.0" 200 20 "https://justgrill.ru/onestep/" "Mozilla/5.0 (Windows NT 5.1) AppleWebKit/537.36 (KHTML, like Gecko) Chrome/47.5.2526.111 Amigo/47.5.2526.111 MRCHROME SOC Safari/537.36"
78.85.20.187 - - [08/Apr/2022:04:32:26 +0000] "POST /gift-cart-list/ HTTP/2.0" 200 20 "https://justgrill.ru/onestep/" "Mozilla/5.0 (Windows NT 5.1) AppleWebKit/537.36 (KHTML, like Gecko) Chrome/47.5.2526.111 Amigo/47.5.2526.111 MRCHROME SOC Safari/537.36"
5.45.201.213 - - [08/Apr/2022:04:33:45 +0000] "POST /ym_api/1/?action=/cart HTTP/1.1" 200 110 "-" "Apache-HttpClient/4.5.6 (Java/11.0.8-shenandoah)"
78.85.20.187 - - [08/Apr/2022:04:34:13 +0000] "POST /onestep/ HTTP/2.0" 200 7134 "https://justgrill.ru/onestep/" "Mozilla/5.0 (Windows NT 5.1) AppleWebKit/537.36 (KHTML, like Gecko) Chrome/47.5.2526.111 Amigo/47.5.2526.111 MRCHROME SOC Safari/537.36"
78.85.20.187 - - [08/Apr/2022:04:34:13 +0000] "POST /gift-cart-list/ HTTP/2.0" 200 20 "https://justgrill.ru/onestep/" "Mozilla/5.0 (Windows NT 5.1) AppleWebKit/537.36 (KHTML, like Gecko) Chrome/47.5.2526.111 Amigo/47.5.2526.111 MRCHROME SOC Safari/537.36"
78.85.20.187 - - [08/Apr/2022:04:34:14 +0000] "POST /gift-cart-list/ HTTP/2.0" 200 20 "https://justgrill.ru/onestep/" "Mozilla/5.0 (Windows NT 5.1) AppleWebKit/537.36 (KHTML, like Gecko) Chrome/47.5.2526.111 Amigo/47.5.2526.111 MRCHROME SOC Safari/537.36"
78.85.20.187 - - [08/Apr/2022:04:34:14 +0000] "POST /gift-cart-list/ HTTP/2.0" 200 20 "https://justgrill.ru/onestep/" "Mozilla/5.0 (Windows NT 5.1) AppleWebKit/537.36 (KHTML, like Gecko) Chrome/47.5.2526.111 Amigo/47.5.2526.111 MRCHROME SOC Safari/537.36"
78.85.20.187 - - [08/Apr/2022:04:34:14 +0000] "POST /gift-cart-list/ HTTP/2.0" 200 20 "https://justgrill.ru/onestep/" "Mozilla/5.0 (Windows NT 5.1) AppleWebKit/537.36 (KHTML, like Gecko) Chrome/47.5.2526.111 Amigo/47.5.2526.111 MRCHROME SOC Safari/537.36"
78.85.20.187 - - [08/Apr/2022:04:36:14 +0000] "POST /onestep/ HTTP/2.0" 200 7198 "https://justgrill.ru/onestep/" "Mozilla/5.0 (Windows NT 5.1) AppleWebKit/537.36 (KHTML, like Gecko) Chrome/47.5.2526.111 Amigo/47.5.2526.111 MRCHROME SOC Safari/537.36"
95.108.153.226 - - [08/Apr/2022:04:38:51 +0000] "POST /ym_api/1/?action=/cart HTTP/1.1" 200 110 "-" "Apache-HttpClient/4.5.6 (Java/11.0.8-shenandoah)"
178.154.154.182 - - [08/Apr/2022:04:43:50 +0000] "POST /ym_api/1/?action=/cart HTTP/1.1" 200 111 "-" "Apache-HttpClient/4.5.6 (Java/11.0.8-shenandoah)"
178.154.154.183 - - [08/Apr/2022:04:48:50 +0000] "POST /ym_api/1/?action=/cart HTTP/1.1" 200 111 "-" "Apache-HttpClient/4.5.6 (Java/11.0.8-shenandoah)"
178.154.168.236 - - [08/Apr/2022:04:52:55 +0000] "POST /ym_api/1/?action=/stocks HTTP/1.1" 200 1423 "-" "Apache-HttpClient/4.5.6 (Java/11.0.8-shenandoah)"
89.28.192.162 - - [08/Apr/2022:04:53:53 +0000] "POST /regions/getRedirectUrl/ HTTP/2.0" 200 143 "https://justgrill.ru/?utm_source=yandex&utm_medium=cpc&utm_campaign=rsy_23&utm_term=%D0%B3%D1%80%D0%B8%D0%BB%D1%8C%20%D0%BA%D1%83%D0%BF%D0%B8%D1%82%D1%8C&block=none&position=0&keyword=%D0%B3%D1%80%D0%B8%D0%BB%D1%8C%20%D0%BA%D1%83%D0%BF%D0%B8%D1%82%D1%8C&yclid=1771252911196664799" "Mozilla/5.0 (Windows NT 10.0; Win64; x64; rv:74.0) Gecko/20100101 Firefox/74.0"
89.28.192.162 - - [08/Apr/2022:04:53:53 +0000] "POST /regions/getRedirectUrl/ HTTP/2.0" 200 143 "https://justgrill.ru/?utm_source=yandex&utm_medium=cpc&utm_campaign=rsy_23&utm_term=%D0%B3%D1%80%D0%B8%D0%BB%D1%8C%20%D0%BA%D1%83%D0%BF%D0%B8%D1%82%D1%8C&block=none&position=0&keyword=%D0%B3%D1%80%D0%B8%D0%BB%D1%8C%20%D0%BA%D1%83%D0%BF%D0%B8%D1%82%D1%8C&yclid=1771252911196664799" "Mozilla/5.0 (Windows NT 10.0; Win64; x64; rv:74.0) Gecko/20100101 Firefox/74.0"
95.108.153.226 - - [08/Apr/2022:04:58:45 +0000] "POST /ym_api/1/?action=/cart HTTP/1.1" 200 110 "-" "Apache-HttpClient/4.5.6 (Java/11.0.8-shenandoah)"
178.154.154.251 - - [08/Apr/2022:05:03:36 +0000] "POST /ym_api/1/?action=/cart HTTP/1.1" 200 110 "-" "Apache-HttpClient/4.5.6 (Java/11.0.8-shenandoah)"
178.154.154.183 - - [08/Apr/2022:05:08:34 +0000] "POST /ym_api/1/?action=/cart HTTP/1.1" 200 111 "-" "Apache-HttpClient/4.5.6 (Java/11.0.8-shenandoah)"
178.154.154.182 - - [08/Apr/2022:05:13:41 +0000] "POST /ym_api/1/?action=/cart HTTP/1.1" 200 111 "-" "Apache-HttpClient/4.5.6 (Java/11.0.8-shenandoah)"
37.9.71.121 - - [08/Apr/2022:05:13:51 +0000] "POST /ym_api/1/?action=/stocks HTTP/1.1" 200 1422 "-" "Apache-HttpClient/4.5.6 (Java/11.0.8-shenandoah)"
37.9.71.121 - - [08/Apr/2022:05:19:40 +0000] "POST /ym_api/1/?action=/cart HTTP/1.1" 200 110 "-" "Apache-HttpClient/4.5.6 (Java/11.0.8-shenandoah)"
37.9.71.121 - - [08/Apr/2022:05:24:48 +0000] "POST /ym_api/1/?action=/cart HTTP/1.1" 200 111 "-" "Apache-HttpClient/4.5.6 (Java/11.0.8-shenandoah)"
178.154.168.236 - - [08/Apr/2022:05:29:45 +0000] "POST /ym_api/1/?action=/cart HTTP/1.1" 200 111 "-" "Apache-HttpClient/4.5.6 (Java/11.0.8-shenandoah)"
37.9.71.121 - - [08/Apr/2022:05:31:00 +0000] "POST /ym_api/1/?action=/stocks HTTP/1.1" 200 1440 "-" "Apache-HttpClient/4.5.6 (Java/11.0.8-shenandoah)"
94.25.234.45 - - [08/Apr/2022:05:33:06 +0000] "POST /cart/add/?html=1 HTTP/2.0" 200 159 "https://spb.justgrill.ru/grili/ugolnye/weber/summit-kamado/" "Mozilla/5.0 (X11; Linux x86_64) AppleWebKit/537.36 (KHTML, like Gecko) Chrome/99.0.4844.88 Safari/537.36 OPR/85.0.4341.13"
94.25.234.45 - - [08/Apr/2022:05:33:12 +0000] "POST /onestep/ HTTP/2.0" 200 7268 "https://spb.justgrill.ru/onestep/" "Mozilla/5.0 (X11; Linux x86_64) AppleWebKit/537.36 (KHTML, like Gecko) Chrome/99.0.4844.88 Safari/537.36 OPR/85.0.4341.13"
94.25.234.45 - - [08/Apr/2022:05:33:12 +0000] "POST /gift-cart-list/ HTTP/2.0" 200 20 "https://spb.justgrill.ru/onestep/" "Mozilla/5.0 (X11; Linux x86_64) AppleWebKit/537.36 (KHTML, like Gecko) Chrome/99.0.4844.88 Safari/537.36 OPR/85.0.4341.13"
94.25.234.45 - - [08/Apr/2022:05:33:12 +0000] "POST /gift-cart-list/ HTTP/2.0" 200 20 "https://spb.justgrill.ru/onestep/" "Mozilla/5.0 (X11; Linux x86_64) AppleWebKit/537.36 (KHTML, like Gecko) Chrome/99.0.4844.88 Safari/537.36 OPR/85.0.4341.13"
94.25.234.45 - - [08/Apr/2022:05:33:13 +0000] "POST /gift-cart-list/ HTTP/2.0" 200 20 "https://spb.justgrill.ru/onestep/" "Mozilla/5.0 (X11; Linux x86_64) AppleWebKit/537.36 (KHTML, like Gecko) Chrome/99.0.4844.88 Safari/537.36 OPR/85.0.4341.13"
94.25.234.45 - - [08/Apr/2022:05:33:13 +0000] "POST /gift-cart-list/ HTTP/2.0" 200 20 "https://spb.justgrill.ru/onestep/" "Mozilla/5.0 (X11; Linux x86_64) AppleWebKit/537.36 (KHTML, like Gecko) Chrome/99.0.4844.88 Safari/537.36 OPR/85.0.4341.13"
31.180.135.163 - - [08/Apr/2022:05:33:36 +0000] "POST /cart/add/?html=1 HTTP/2.0" 200 159 "https://volgograd.justgrill.ru/aksessuary/posuda/kulinarnyy-klosh-stalnoy/" "Mozilla/5.0 (Macintosh; Intel Mac OS X 10_15_7) AppleWebKit/537.36 (KHTML, like Gecko) Chrome/97.0.4692.99 Safari/537.36"
178.154.154.183 - - [08/Apr/2022:05:36:37 +0000] "POST /ym_api/1/?action=/cart HTTP/1.1" 200 110 "-" "Apache-HttpClient/4.5.6 (Java/11.0.8-shenandoah)"
178.154.154.182 - - [08/Apr/2022:05:40:22 +0000] "POST /ym_api/1/?action=/stocks HTTP/1.1" 200 1422 "-" "Apache-HttpClient/4.5.6 (Java/11.0.8-shenandoah)"
185.129.61.2 - - [08/Apr/2022:05:41:33 +0000] "POST /blog/ananas-na-grile-pod-sousom/comment/ HTTP/1.0" 200 177 "https://justgrill.ru/blog/ananas-na-grile-pod-sousom/" "Mozilla/5.0 (Windows NT 10.0; WOW64) AppleWebKit/537.36 (KHTML, like Gecko) Chrome/90.0.4430.72 Safari/537.36"
37.9.71.212 - - [08/Apr/2022:05:41:46 +0000] "POST /ym_api/1/?action=/cart HTTP/1.1" 200 110 "-" "Apache-HttpClient/4.5.6 (Java/11.0.8-shenandoah)"
37.9.71.212 - - [08/Apr/2022:05:46:37 +0000] "POST /ym_api/1/?action=/cart HTTP/1.1" 200 109 "-" "Apache-HttpClient/4.5.6 (Java/11.0.8-shenandoah)"
91.230.136.242 - - [08/Apr/2022:05:51:08 +0000] "POST /cart/add/?html=1 HTTP/2.0" 200 156 "https://rostov.justgrill.ru/aksessuary/knigi-o-grile/philosophie-grill/" "Mozilla/5.0 (Windows NT 10.0; Win64; x64) AppleWebKit/537.36 (KHTML, like Gecko) Chrome/96.0.4664.174 YaBrowser/22.1.5.810 Yowser/2.5 Safari/537.36"
91.230.136.242 - - [08/Apr/2022:05:51:14 +0000] "POST /cart/add/?html=1 HTTP/2.0" 200 156 "https://rostov.justgrill.ru/grili/ugolnye/weber/original-kettle/gril-ugolnyy-original-kettle-weber-e-5710-chernyy/" "Mozilla/5.0 (Windows NT 10.0; Win64; x64) AppleWebKit/537.36 (KHTML, like Gecko) Chrome/96.0.4664.174 YaBrowser/22.1.5.810 Yowser/2.5 Safari/537.36"
91.230.136.242 - - [08/Apr/2022:05:51:18 +0000] "POST /cart/add/?html=1 HTTP/2.0" 200 156 "https://rostov.justgrill.ru/grili/ugolnye/weber/original-kettle/gril-ugolnyy-original-kettle-weber-e-5710-chernyy/" "Mozilla/5.0 (Windows NT 10.0; Win64; x64) AppleWebKit/537.36 (KHTML, like Gecko) Chrome/96.0.4664.174 YaBrowser/22.1.5.810 Yowser/2.5 Safari/537.36"
91.230.136.242 - - [08/Apr/2022:05:51:22 +0000] "POST /cart/add/?html=1 HTTP/2.0" 200 157 "https://rostov.justgrill.ru/grili/ugolnye/weber/original-kettle/gril-ugolnyy-original-kettle-weber-e-5710-chernyy/" "Mozilla/5.0 (Windows NT 10.0; Win64; x64) AppleWebKit/537.36 (KHTML, like Gecko) Chrome/96.0.4664.174 YaBrowser/22.1.5.810 Yowser/2.5 Safari/537.36"
178.154.154.183 - - [08/Apr/2022:05:51:34 +0000] "POST /ym_api/1/?action=/cart HTTP/1.1" 200 110 "-" "Apache-HttpClient/4.5.6 (Java/11.0.8-shenandoah)"
91.230.136.242 - - [08/Apr/2022:05:51:38 +0000] "POST /cart/add/?html=1 HTTP/2.0" 200 157 "https://rostov.justgrill.ru/grili/ugolnye/weber/original-kettle/gril-ugolnyy-original-kettle-weber-e-5710-chernyy/" "Mozilla/5.0 (Windows NT 10.0; Win64; x64) AppleWebKit/537.36 (KHTML, like Gecko) Chrome/96.0.4664.174 YaBrowser/22.1.5.810 Yowser/2.5 Safari/537.36"
91.230.136.242 - - [08/Apr/2022:05:51:55 +0000] "POST /onestep/ HTTP/2.0" 200 7760 "https://rostov.justgrill.ru/onestep/" "Mozilla/5.0 (Windows NT 10.0; Win64; x64) AppleWebKit/537.36 (KHTML, like Gecko) Chrome/96.0.4664.174 YaBrowser/22.1.5.810 Yowser/2.5 Safari/537.36"
91.230.136.242 - - [08/Apr/2022:05:51:56 +0000] "POST /gift-cart-list/ HTTP/2.0" 200 20 "https://rostov.justgrill.ru/onestep/" "Mozilla/5.0 (Windows NT 10.0; Win64; x64) AppleWebKit/537.36 (KHTML, like Gecko) Chrome/96.0.4664.174 YaBrowser/22.1.5.810 Yowser/2.5 Safari/537.36"
91.230.136.242 - - [08/Apr/2022:05:51:56 +0000] "POST /gift-cart-list/ HTTP/2.0" 200 20 "https://rostov.justgrill.ru/onestep/" "Mozilla/5.0 (Windows NT 10.0; Win64; x64) AppleWebKit/537.36 (KHTML, like Gecko) Chrome/96.0.4664.174 YaBrowser/22.1.5.810 Yowser/2.5 Safari/537.36"
91.230.136.242 - - [08/Apr/2022:05:51:56 +0000] "POST /gift-cart-list/ HTTP/2.0" 200 20 "https://rostov.justgrill.ru/onestep/" "Mozilla/5.0 (Windows NT 10.0; Win64; x64) AppleWebKit/537.36 (KHTML, like Gecko) Chrome/96.0.4664.174 YaBrowser/22.1.5.810 Yowser/2.5 Safari/537.36"
91.230.136.242 - - [08/Apr/2022:05:51:56 +0000] "POST /gift-cart-list/ HTTP/2.0" 200 20 "https://rostov.justgrill.ru/onestep/" "Mozilla/5.0 (Windows NT 10.0; Win64; x64) AppleWebKit/537.36 (KHTML, like Gecko) Chrome/96.0.4664.174 YaBrowser/22.1.5.810 Yowser/2.5 Safari/537.36"
91.230.136.242 - - [08/Apr/2022:05:52:28 +0000] "POST /onestep/save/ HTTP/2.0" 200 329 "https://rostov.justgrill.ru/onestep/" "Mozilla/5.0 (Windows NT 10.0; Win64; x64) AppleWebKit/537.36 (KHTML, like Gecko) Chrome/96.0.4664.174 YaBrowser/22.1.5.810 Yowser/2.5 Safari/537.36"
91.230.136.242 - - [08/Apr/2022:05:52:28 +0000] "POST /gift-cart-list/ HTTP/2.0" 200 20 "https://rostov.justgrill.ru/onestep/" "Mozilla/5.0 (Windows NT 10.0; Win64; x64) AppleWebKit/537.36 (KHTML, like Gecko) Chrome/96.0.4664.174 YaBrowser/22.1.5.810 Yowser/2.5 Safari/537.36"
91.230.136.242 - - [08/Apr/2022:05:52:31 +0000] "POST /onestep/delete/ HTTP/2.0" 200 318 "https://rostov.justgrill.ru/onestep/" "Mozilla/5.0 (Windows NT 10.0; Win64; x64) AppleWebKit/537.36 (KHTML, like Gecko) Chrome/96.0.4664.174 YaBrowser/22.1.5.810 Yowser/2.5 Safari/537.36"
91.230.136.242 - - [08/Apr/2022:05:52:31 +0000] "POST /gift-cart-list/ HTTP/2.0" 200 20 "https://rostov.justgrill.ru/onestep/" "Mozilla/5.0 (Windows NT 10.0; Win64; x64) AppleWebKit/537.36 (KHTML, like Gecko) Chrome/96.0.4664.174 YaBrowser/22.1.5.810 Yowser/2.5 Safari/537.36"
91.230.136.242 - - [08/Apr/2022:05:52:42 +0000] "POST /onestep/delete/ HTTP/2.0" 200 318 "https://rostov.justgrill.ru/onestep/" "Mozilla/5.0 (Windows NT 10.0; Win64; x64) AppleWebKit/537.36 (KHTML, like Gecko) Chrome/96.0.4664.174 YaBrowser/22.1.5.810 Yowser/2.5 Safari/537.36"
91.230.136.242 - - [08/Apr/2022:05:52:48 +0000] "POST /onestep/save/ HTTP/2.0" 200 330 "https://rostov.justgrill.ru/onestep/" "Mozilla/5.0 (Windows NT 10.0; Win64; x64) AppleWebKit/537.36 (KHTML, like Gecko) Chrome/96.0.4664.174 YaBrowser/22.1.5.810 Yowser/2.5 Safari/537.36"
91.230.136.242 - - [08/Apr/2022:05:52:50 +0000] "POST /onestep/save/ HTTP/2.0" 200 331 "https://rostov.justgrill.ru/onestep/" "Mozilla/5.0 (Windows NT 10.0; Win64; x64) AppleWebKit/537.36 (KHTML, like Gecko) Chrome/96.0.4664.174 YaBrowser/22.1.5.810 Yowser/2.5 Safari/537.36"
91.230.136.242 - - [08/Apr/2022:05:53:03 +0000] "POST /onestep/delete/ HTTP/2.0" 200 319 "https://rostov.justgrill.ru/onestep/" "Mozilla/5.0 (Windows NT 10.0; Win64; x64) AppleWebKit/537.36 (KHTML, like Gecko) Chrome/96.0.4664.174 YaBrowser/22.1.5.810 Yowser/2.5 Safari/537.36"
91.230.136.242 - - [08/Apr/2022:05:53:05 +0000] "POST /onestep/delete/ HTTP/2.0" 200 319 "https://rostov.justgrill.ru/onestep/" "Mozilla/5.0 (Windows NT 10.0; Win64; x64) AppleWebKit/537.36 (KHTML, like Gecko) Chrome/96.0.4664.174 YaBrowser/22.1.5.810 Yowser/2.5 Safari/537.36"
91.230.136.242 - - [08/Apr/2022:05:53:17 +0000] "POST /onestep/ HTTP/2.0" 200 7761 "https://rostov.justgrill.ru/onestep/" "Mozilla/5.0 (Windows NT 10.0; Win64; x64) AppleWebKit/537.36 (KHTML, like Gecko) Chrome/96.0.4664.174 YaBrowser/22.1.5.810 Yowser/2.5 Safari/537.36"
91.230.136.242 - - [08/Apr/2022:05:53:18 +0000] "POST /gift-cart-list/ HTTP/2.0" 200 20 "https://rostov.justgrill.ru/onestep/" "Mozilla/5.0 (Windows NT 10.0; Win64; x64) AppleWebKit/537.36 (KHTML, like Gecko) Chrome/96.0.4664.174 YaBrowser/22.1.5.810 Yowser/2.5 Safari/537.36"
91.230.136.242 - - [08/Apr/2022:05:53:18 +0000] "POST /gift-cart-list/ HTTP/2.0" 200 20 "https://rostov.justgrill.ru/onestep/" "Mozilla/5.0 (Windows NT 10.0; Win64; x64) AppleWebKit/537.36 (KHTML, like Gecko) Chrome/96.0.4664.174 YaBrowser/22.1.5.810 Yowser/2.5 Safari/537.36"
91.230.136.242 - - [08/Apr/2022:05:53:18 +0000] "POST /gift-cart-list/ HTTP/2.0" 200 20 "https://rostov.justgrill.ru/onestep/" "Mozilla/5.0 (Windows NT 10.0; Win64; x64) AppleWebKit/537.36 (KHTML, like Gecko) Chrome/96.0.4664.174 YaBrowser/22.1.5.810 Yowser/2.5 Safari/537.36"
91.230.136.242 - - [08/Apr/2022:05:53:18 +0000] "POST /gift-cart-list/ HTTP/2.0" 200 20 "https://rostov.justgrill.ru/onestep/" "Mozilla/5.0 (Windows NT 10.0; Win64; x64) AppleWebKit/537.36 (KHTML, like Gecko) Chrome/96.0.4664.174 YaBrowser/22.1.5.810 Yowser/2.5 Safari/537.36"
91.230.136.242 - - [08/Apr/2022:05:53:22 +0000] "POST /onestep/delete/ HTTP/2.0" 200 319 "https://rostov.justgrill.ru/onestep/" "Mozilla/5.0 (Windows NT 10.0; Win64; x64) AppleWebKit/537.36 (KHTML, like Gecko) Chrome/96.0.4664.174 YaBrowser/22.1.5.810 Yowser/2.5 Safari/537.36"
91.230.136.242 - - [08/Apr/2022:05:53:22 +0000] "POST /gift-cart-list/ HTTP/2.0" 200 20 "https://rostov.justgrill.ru/onestep/" "Mozilla/5.0 (Windows NT 10.0; Win64; x64) AppleWebKit/537.36 (KHTML, like Gecko) Chrome/96.0.4664.174 YaBrowser/22.1.5.810 Yowser/2.5 Safari/537.36"
91.230.136.242 - - [08/Apr/2022:05:53:24 +0000] "POST /onestep/delete/ HTTP/2.0" 200 319 "https://rostov.justgrill.ru/onestep/" "Mozilla/5.0 (Windows NT 10.0; Win64; x64) AppleWebKit/537.36 (KHTML, like Gecko) Chrome/96.0.4664.174 YaBrowser/22.1.5.810 Yowser/2.5 Safari/537.36"
91.230.136.242 - - [08/Apr/2022:05:53:24 +0000] "POST /gift-cart-list/ HTTP/2.0" 200 20 "https://rostov.justgrill.ru/onestep/" "Mozilla/5.0 (Windows NT 10.0; Win64; x64) AppleWebKit/537.36 (KHTML, like Gecko) Chrome/96.0.4664.174 YaBrowser/22.1.5.810 Yowser/2.5 Safari/537.36"
91.230.136.242 - - [08/Apr/2022:05:53:25 +0000] "POST /onestep/delete/ HTTP/2.0" 200 319 "https://rostov.justgrill.ru/onestep/" "Mozilla/5.0 (Windows NT 10.0; Win64; x64) AppleWebKit/537.36 (KHTML, like Gecko) Chrome/96.0.4664.174 YaBrowser/22.1.5.810 Yowser/2.5 Safari/537.36"
91.230.136.242 - - [08/Apr/2022:05:53:25 +0000] "POST /onestep/delete/ HTTP/2.0" 200 319 "https://rostov.justgrill.ru/onestep/" "Mozilla/5.0 (Windows NT 10.0; Win64; x64) AppleWebKit/537.36 (KHTML, like Gecko) Chrome/96.0.4664.174 YaBrowser/22.1.5.810 Yowser/2.5 Safari/537.36"
91.230.136.242 - - [08/Apr/2022:05:53:25 +0000] "POST /onestep/delete/ HTTP/2.0" 200 319 "https://rostov.justgrill.ru/onestep/" "Mozilla/5.0 (Windows NT 10.0; Win64; x64) AppleWebKit/537.36 (KHTML, like Gecko) Chrome/96.0.4664.174 YaBrowser/22.1.5.810 Yowser/2.5 Safari/537.36"
91.230.136.242 - - [08/Apr/2022:05:53:26 +0000] "POST /onestep/delete/ HTTP/2.0" 200 319 "https://rostov.justgrill.ru/onestep/" "Mozilla/5.0 (Windows NT 10.0; Win64; x64) AppleWebKit/537.36 (KHTML, like Gecko) Chrome/96.0.4664.174 YaBrowser/22.1.5.810 Yowser/2.5 Safari/537.36"
91.230.136.242 - - [08/Apr/2022:05:53:26 +0000] "POST /onestep/delete/ HTTP/2.0" 200 319 "https://rostov.justgrill.ru/onestep/" "Mozilla/5.0 (Windows NT 10.0; Win64; x64) AppleWebKit/537.36 (KHTML, like Gecko) Chrome/96.0.4664.174 YaBrowser/22.1.5.810 Yowser/2.5 Safari/537.36"
91.230.136.242 - - [08/Apr/2022:05:53:26 +0000] "POST /onestep/delete/ HTTP/2.0" 200 319 "https://rostov.justgrill.ru/onestep/" "Mozilla/5.0 (Windows NT 10.0; Win64; x64) AppleWebKit/537.36 (KHTML, like Gecko) Chrome/96.0.4664.174 YaBrowser/22.1.5.810 Yowser/2.5 Safari/537.36"
91.230.136.242 - - [08/Apr/2022:05:53:26 +0000] "POST /onestep/delete/ HTTP/2.0" 200 319 "https://rostov.justgrill.ru/onestep/" "Mozilla/5.0 (Windows NT 10.0; Win64; x64) AppleWebKit/537.36 (KHTML, like Gecko) Chrome/96.0.4664.174 YaBrowser/22.1.5.810 Yowser/2.5 Safari/537.36"
91.230.136.242 - - [08/Apr/2022:05:53:27 +0000] "POST /onestep/delete/ HTTP/2.0" 200 319 "https://rostov.justgrill.ru/onestep/" "Mozilla/5.0 (Windows NT 10.0; Win64; x64) AppleWebKit/537.36 (KHTML, like Gecko) Chrome/96.0.4664.174 YaBrowser/22.1.5.810 Yowser/2.5 Safari/537.36"
91.230.136.242 - - [08/Apr/2022:05:53:27 +0000] "POST /onestep/delete/ HTTP/2.0" 200 319 "https://rostov.justgrill.ru/onestep/" "Mozilla/5.0 (Windows NT 10.0; Win64; x64) AppleWebKit/537.36 (KHTML, like Gecko) Chrome/96.0.4664.174 YaBrowser/22.1.5.810 Yowser/2.5 Safari/537.36"
91.230.136.242 - - [08/Apr/2022:05:53:27 +0000] "POST /onestep/delete/ HTTP/2.0" 200 319 "https://rostov.justgrill.ru/onestep/" "Mozilla/5.0 (Windows NT 10.0; Win64; x64) AppleWebKit/537.36 (KHTML, like Gecko) Chrome/96.0.4664.174 YaBrowser/22.1.5.810 Yowser/2.5 Safari/537.36"
91.230.136.242 - - [08/Apr/2022:05:53:27 +0000] "POST /onestep/delete/ HTTP/2.0" 200 319 "https://rostov.justgrill.ru/onestep/" "Mozilla/5.0 (Windows NT 10.0; Win64; x64) AppleWebKit/537.36 (KHTML, like Gecko) Chrome/96.0.4664.174 YaBrowser/22.1.5.810 Yowser/2.5 Safari/537.36"
91.230.136.242 - - [08/Apr/2022:05:53:28 +0000] "POST /onestep/delete/ HTTP/2.0" 200 319 "https://rostov.justgrill.ru/onestep/" "Mozilla/5.0 (Windows NT 10.0; Win64; x64) AppleWebKit/537.36 (KHTML, like Gecko) Chrome/96.0.4664.174 YaBrowser/22.1.5.810 Yowser/2.5 Safari/537.36"
91.230.136.242 - - [08/Apr/2022:05:54:10 +0000] "POST /onestep/ HTTP/2.0" 200 7761 "https://rostov.justgrill.ru/onestep/" "Mozilla/5.0 (Windows NT 10.0; Win64; x64) AppleWebKit/537.36 (KHTML, like Gecko) Chrome/96.0.4664.174 YaBrowser/22.1.5.810 Yowser/2.5 Safari/537.36"
91.230.136.242 - - [08/Apr/2022:05:54:10 +0000] "POST /gift-cart-list/ HTTP/2.0" 200 20 "https://rostov.justgrill.ru/onestep/" "Mozilla/5.0 (Windows NT 10.0; Win64; x64) AppleWebKit/537.36 (KHTML, like Gecko) Chrome/96.0.4664.174 YaBrowser/22.1.5.810 Yowser/2.5 Safari/537.36"
91.230.136.242 - - [08/Apr/2022:05:54:10 +0000] "POST /gift-cart-list/ HTTP/2.0" 200 20 "https://rostov.justgrill.ru/onestep/" "Mozilla/5.0 (Windows NT 10.0; Win64; x64) AppleWebKit/537.36 (KHTML, like Gecko) Chrome/96.0.4664.174 YaBrowser/22.1.5.810 Yowser/2.5 Safari/537.36"
91.230.136.242 - - [08/Apr/2022:05:54:10 +0000] "POST /gift-cart-list/ HTTP/2.0" 200 20 "https://rostov.justgrill.ru/onestep/" "Mozilla/5.0 (Windows NT 10.0; Win64; x64) AppleWebKit/537.36 (KHTML, like Gecko) Chrome/96.0.4664.174 YaBrowser/22.1.5.810 Yowser/2.5 Safari/537.36"
91.230.136.242 - - [08/Apr/2022:05:54:11 +0000] "POST /gift-cart-list/ HTTP/2.0" 200 20 "https://rostov.justgrill.ru/onestep/" "Mozilla/5.0 (Windows NT 10.0; Win64; x64) AppleWebKit/537.36 (KHTML, like Gecko) Chrome/96.0.4664.174 YaBrowser/22.1.5.810 Yowser/2.5 Safari/537.36"
91.230.136.242 - - [08/Apr/2022:05:56:02 +0000] "POST /onestep/ HTTP/2.0" 200 7761 "https://rostov.justgrill.ru/onestep/" "Mozilla/5.0 (Windows NT 10.0; Win64; x64) AppleWebKit/537.36 (KHTML, like Gecko) Chrome/96.0.4664.174 YaBrowser/22.1.5.810 Yowser/2.5 Safari/537.36"
91.230.136.242 - - [08/Apr/2022:05:56:02 +0000] "POST /gift-cart-list/ HTTP/2.0" 200 20 "https://rostov.justgrill.ru/onestep/" "Mozilla/5.0 (Windows NT 10.0; Win64; x64) AppleWebKit/537.36 (KHTML, like Gecko) Chrome/96.0.4664.174 YaBrowser/22.1.5.810 Yowser/2.5 Safari/537.36"
91.230.136.242 - - [08/Apr/2022:05:56:02 +0000] "POST /gift-cart-list/ HTTP/2.0" 200 20 "https://rostov.justgrill.ru/onestep/" "Mozilla/5.0 (Windows NT 10.0; Win64; x64) AppleWebKit/537.36 (KHTML, like Gecko) Chrome/96.0.4664.174 YaBrowser/22.1.5.810 Yowser/2.5 Safari/537.36"
91.230.136.242 - - [08/Apr/2022:05:56:03 +0000] "POST /gift-cart-list/ HTTP/2.0" 200 20 "https://rostov.justgrill.ru/onestep/" "Mozilla/5.0 (Windows NT 10.0; Win64; x64) AppleWebKit/537.36 (KHTML, like Gecko) Chrome/96.0.4664.174 YaBrowser/22.1.5.810 Yowser/2.5 Safari/537.36"
91.230.136.242 - - [08/Apr/2022:05:56:03 +0000] "POST /gift-cart-list/ HTTP/2.0" 200 20 "https://rostov.justgrill.ru/onestep/" "Mozilla/5.0 (Windows NT 10.0; Win64; x64) AppleWebKit/537.36 (KHTML, like Gecko) Chrome/96.0.4664.174 YaBrowser/22.1.5.810 Yowser/2.5 Safari/537.36"
91.230.136.242 - - [08/Apr/2022:05:56:09 +0000] "POST /onestep/delete/ HTTP/2.0" 200 319 "https://rostov.justgrill.ru/onestep/" "Mozilla/5.0 (Windows NT 10.0; Win64; x64) AppleWebKit/537.36 (KHTML, like Gecko) Chrome/96.0.4664.174 YaBrowser/22.1.5.810 Yowser/2.5 Safari/537.36"
91.230.136.242 - - [08/Apr/2022:05:56:09 +0000] "POST /gift-cart-list/ HTTP/2.0" 200 20 "https://rostov.justgrill.ru/onestep/" "Mozilla/5.0 (Windows NT 10.0; Win64; x64) AppleWebKit/537.36 (KHTML, like Gecko) Chrome/96.0.4664.174 YaBrowser/22.1.5.810 Yowser/2.5 Safari/537.36"
178.154.154.251 - - [08/Apr/2022:05:56:39 +0000] "POST /ym_api/1/?action=/cart HTTP/1.1" 200 110 "-" "Apache-HttpClient/4.5.6 (Java/11.0.8-shenandoah)"
5.188.113.194 - admin [08/Apr/2022:06:00:05 +0000] "POST /cml1c/adfc9ee9-8d33-4958-a478-3f8659809409/?type=catalog&mode=file&filename=v8_J7eCp9_29.zip&sessid= HTTP/1.1" 200 50 "-" "1C+Enterprise/8.3"
178.154.168.231 - - [08/Apr/2022:06:00:09 +0000] "POST /ym_api/1/?action=/stocks HTTP/1.1" 200 1422 "-" "Apache-HttpClient/4.5.6 (Java/11.0.8-shenandoah)"
5.188.113.194 - admin [08/Apr/2022:06:00:29 +0000] "POST /cml1c/adfc9ee9-8d33-4958-a478-3f8659809409/?type=catalog&mode=file&filename=v8_J7eCp9_2a.zip&sessid= HTTP/1.1" 200 50 "-" "1C+Enterprise/8.3"
178.154.154.184 - - [08/Apr/2022:06:02:17 +0000] "POST /ym_api/1/?action=/cart HTTP/1.1" 200 111 "-" "Apache-HttpClient/4.5.6 (Java/11.0.8-shenandoah)"
5.188.113.194 - admin [08/Apr/2022:06:02:23 +0000] "POST /cml1c/adfc9ee9-8d33-4958-a478-3f8659809409/?type=catalog&mode=file&filename=v8_J1EvLh_f.zip&sessid= HTTP/1.1" 200 49 "-" "1C+Enterprise/8.3"
5.188.113.194 - admin [08/Apr/2022:06:02:48 +0000] "POST /cml1c/adfc9ee9-8d33-4958-a478-3f8659809409/?type=catalog&mode=file&filename=v8_J1EvLh_10.zip&sessid= HTTP/1.1" 200 50 "-" "1C+Enterprise/8.3"
5.188.113.194 - admin [08/Apr/2022:06:04:05 +0000] "POST /cml1c/adfc9ee9-8d33-4958-a478-3f8659809409/?type=catalog&mode=file&filename=v8_J1EvLh_11.zip&sessid= HTTP/1.1" 200 50 "-" "1C+Enterprise/8.3"
5.188.113.194 - admin [08/Apr/2022:06:04:21 +0000] "POST /cml1c/adfc9ee9-8d33-4958-a478-3f8659809409/?type=catalog&mode=file&filename=v8_J1EvLh_12.zip&sessid= HTTP/1.1" 200 50 "-" "1C+Enterprise/8.3"
5.188.113.194 - admin [08/Apr/2022:06:04:37 +0000] "POST /cml1c/adfc9ee9-8d33-4958-a478-3f8659809409/?type=catalog&mode=file&filename=v8_J1EvLh_13.zip&sessid= HTTP/1.1" 200 50 "-" "1C+Enterprise/8.3"
5.188.113.194 - admin [08/Apr/2022:06:04:50 +0000] "POST /cml1c/adfc9ee9-8d33-4958-a478-3f8659809409/?type=catalog&mode=file&filename=v8_J1EvLh_14.zip&sessid= HTTP/1.1" 200 50 "-" "1C+Enterprise/8.3"
5.188.113.194 - admin [08/Apr/2022:06:05:04 +0000] "POST /cml1c/adfc9ee9-8d33-4958-a478-3f8659809409/?type=catalog&mode=file&filename=v8_J1EvLh_15.zip&sessid= HTTP/1.1" 200 50 "-" "1C+Enterprise/8.3"
5.188.113.194 - admin [08/Apr/2022:06:05:21 +0000] "POST /cml1c/adfc9ee9-8d33-4958-a478-3f8659809409/?type=catalog&mode=file&filename=v8_J1EvLh_16.zip&sessid= HTTP/1.1" 200 50 "-" "1C+Enterprise/8.3"
94.25.177.234 - - [08/Apr/2022:06:06:42 +0000] "POST /webasyst/shop/?plugin=beruru&module=backend&action=orderListData HTTP/2.0" 200 76 "https://justgrill.ru/webasyst/shop/?action=orders" "Mozilla/5.0 (Windows NT 10.0; Win64; x64) AppleWebKit/537.36 (KHTML, like Gecko) Chrome/99.0.4844.84 Safari/537.36"
94.25.177.234 - - [08/Apr/2022:06:06:42 +0000] "POST /webasyst/shop/?plugin=ym&module=backend&action=orderListData HTTP/2.0" 200 139 "https://justgrill.ru/webasyst/shop/?action=orders" "Mozilla/5.0 (Windows NT 10.0; Win64; x64) AppleWebKit/537.36 (KHTML, like Gecko) Chrome/99.0.4844.84 Safari/537.36"
94.25.177.234 - - [08/Apr/2022:06:06:42 +0000] "POST /webasyst/shop/?plugin=beruru&module=backend&action=orderListData HTTP/2.0" 200 76 "https://justgrill.ru/webasyst/shop/?action=orders" "Mozilla/5.0 (Windows NT 10.0; Win64; x64) AppleWebKit/537.36 (KHTML, like Gecko) Chrome/99.0.4844.84 Safari/537.36"
94.25.177.234 - - [08/Apr/2022:06:06:43 +0000] "POST /webasyst/shop/?plugin=ym&module=backend&action=orderListData HTTP/2.0" 200 139 "https://justgrill.ru/webasyst/shop/?action=orders" "Mozilla/5.0 (Windows NT 10.0; Win64; x64) AppleWebKit/537.36 (KHTML, like Gecko) Chrome/99.0.4844.84 Safari/537.36"
178.154.154.235 - - [08/Apr/2022:06:07:54 +0000] "POST /ym_api/1/?action=/cart HTTP/1.1" 200 110 "-" "Apache-HttpClient/4.5.6 (Java/11.0.8-shenandoah)"
95.108.153.226 - - [08/Apr/2022:06:12:59 +0000] "POST /ym_api/1/?action=/cart HTTP/1.1" 200 110 "-" "Apache-HttpClient/4.5.6 (Java/11.0.8-shenandoah)"
178.154.168.231 - - [08/Apr/2022:06:16:07 +0000] "POST /ym_api/1/?action=/stocks HTTP/1.1" 200 1422 "-" "Apache-HttpClient/4.5.6 (Java/11.0.8-shenandoah)"
178.154.154.235 - - [08/Apr/2022:06:24:55 +0000] "POST /ym_api/1/?action=/cart HTTP/1.1" 200 109 "-" "Apache-HttpClient/4.5.6 (Java/11.0.8-shenandoah)"
178.154.168.231 - - [08/Apr/2022:06:25:04 +0000] "POST /ym_api/1/?action=/cart HTTP/1.1" 200 109 "-" "Apache-HttpClient/4.5.6 (Java/11.0.8-shenandoah)"
95.108.153.226 - - [08/Apr/2022:06:29:48 +0000] "POST /ym_api/1/?action=/stocks HTTP/1.1" 200 1321 "-" "Apache-HttpClient/4.5.6 (Java/11.0.8-shenandoah)"
94.25.177.234 - - [08/Apr/2022:06:30:12 +0000] "POST /webasyst/shop/?plugin=ym&module=backend&action=orderListData HTTP/2.0" 200 139 "https://justgrill.ru/webasyst/shop/?action=orders" "Mozilla/5.0 (Windows NT 10.0; Win64; x64) AppleWebKit/537.36 (KHTML, like Gecko) Chrome/99.0.4844.84 Safari/537.36"
94.25.177.234 - - [08/Apr/2022:06:30:13 +0000] "POST /webasyst/shop/?plugin=beruru&module=backend&action=orderListData HTTP/2.0" 200 76 "https://justgrill.ru/webasyst/shop/?action=orders" "Mozilla/5.0 (Windows NT 10.0; Win64; x64) AppleWebKit/537.36 (KHTML, like Gecko) Chrome/99.0.4844.84 Safari/537.36"
94.25.177.234 - - [08/Apr/2022:06:30:13 +0000] "POST /webasyst/shop/?plugin=beruru&module=backend&action=orderListData HTTP/2.0" 200 76 "https://justgrill.ru/webasyst/shop/?action=orders" "Mozilla/5.0 (Windows NT 10.0; Win64; x64) AppleWebKit/537.36 (KHTML, like Gecko) Chrome/99.0.4844.84 Safari/537.36"
94.25.177.234 - - [08/Apr/2022:06:30:13 +0000] "POST /webasyst/shop/?plugin=ym&module=backend&action=orderListData HTTP/2.0" 200 139 "https://justgrill.ru/webasyst/shop/?action=orders" "Mozilla/5.0 (Windows NT 10.0; Win64; x64) AppleWebKit/537.36 (KHTML, like Gecko) Chrome/99.0.4844.84 Safari/537.36"
94.25.177.234 - - [08/Apr/2022:06:30:17 +0000] "POST /webasyst/shop/?plugin=beruru&module=backend&action=orderListData HTTP/2.0" 200 76 "https://justgrill.ru/webasyst/shop/?action=orders" "Mozilla/5.0 (Windows NT 10.0; Win64; x64) AppleWebKit/537.36 (KHTML, like Gecko) Chrome/99.0.4844.84 Safari/537.36"
94.25.177.234 - - [08/Apr/2022:06:30:17 +0000] "POST /webasyst/shop/?plugin=ym&module=backend&action=getOrderInfo HTTP/2.0" 200 642 "https://justgrill.ru/webasyst/shop/?action=orders" "Mozilla/5.0 (Windows NT 10.0; Win64; x64) AppleWebKit/537.36 (KHTML, like Gecko) Chrome/99.0.4844.84 Safari/537.36"
94.25.177.234 - - [08/Apr/2022:06:30:17 +0000] "POST /webasyst/shop/?plugin=ym&module=backend&action=orderListData HTTP/2.0" 200 139 "https://justgrill.ru/webasyst/shop/?action=orders" "Mozilla/5.0 (Windows NT 10.0; Win64; x64) AppleWebKit/537.36 (KHTML, like Gecko) Chrome/99.0.4844.84 Safari/537.36"
178.154.154.235 - - [08/Apr/2022:06:30:17 +0000] "POST /ym_api/1/?action=/cart HTTP/1.1" 200 109 "-" "Apache-HttpClient/4.5.6 (Java/11.0.8-shenandoah)"
195.68.158.158 - - [08/Apr/2022:06:34:38 +0000] "POST /webasyst/shop/?plugin=beruru&module=backend&action=orderListData HTTP/2.0" 200 76 "https://justgrill.ru/webasyst/shop/?action=orders" "Mozilla/5.0 (Windows NT 10.0; Win64; x64) AppleWebKit/537.36 (KHTML, like Gecko) Chrome/100.0.4896.75 Safari/537.36"
195.68.158.158 - - [08/Apr/2022:06:34:57 +0000] "POST /webasyst/shop/?plugin=ym&module=backend&action=orderListData HTTP/2.0" 200 139 "https://justgrill.ru/webasyst/shop/?action=orders" "Mozilla/5.0 (Windows NT 10.0; Win64; x64) AppleWebKit/537.36 (KHTML, like Gecko) Chrome/100.0.4896.75 Safari/537.36"
95.153.168.251 - - [08/Apr/2022:06:34:59 +0000] "POST /webasyst/shop/?plugin=beruru&module=backend&action=orderListData HTTP/2.0" 200 76 "https://justgrill.ru/webasyst/shop/?action=orders" "Mozilla/5.0 (Windows NT 10.0; WOW64) AppleWebKit/537.36 (KHTML, like Gecko) Chrome/98.0.4758.119 YaBrowser/22.3.0.2434 Yowser/2.5 Safari/537.36"
95.153.168.251 - - [08/Apr/2022:06:34:59 +0000] "POST /webasyst/shop/?plugin=ym&module=backend&action=orderListData HTTP/2.0" 200 139 "https://justgrill.ru/webasyst/shop/?action=orders" "Mozilla/5.0 (Windows NT 10.0; WOW64) AppleWebKit/537.36 (KHTML, like Gecko) Chrome/98.0.4758.119 YaBrowser/22.3.0.2434 Yowser/2.5 Safari/537.36"
95.153.168.251 - - [08/Apr/2022:06:35:00 +0000] "POST /webasyst/shop/?plugin=ym&module=backend&action=getOrderInfo HTTP/2.0" 200 642 "https://justgrill.ru/webasyst/shop/?action=orders" "Mozilla/5.0 (Windows NT 10.0; WOW64) AppleWebKit/537.36 (KHTML, like Gecko) Chrome/98.0.4758.119 YaBrowser/22.3.0.2434 Yowser/2.5 Safari/537.36"
95.153.168.251 - - [08/Apr/2022:06:35:02 +0000] "POST /webasyst/shop/?plugin=beruru&module=backend&action=orderListData HTTP/2.0" 200 76 "https://justgrill.ru/webasyst/shop/?action=orders" "Mozilla/5.0 (Windows NT 10.0; WOW64) AppleWebKit/537.36 (KHTML, like Gecko) Chrome/98.0.4758.119 YaBrowser/22.3.0.2434 Yowser/2.5 Safari/537.36"
95.153.168.251 - - [08/Apr/2022:06:35:02 +0000] "POST /webasyst/shop/?plugin=ym&module=backend&action=orderListData HTTP/2.0" 200 139 "https://justgrill.ru/webasyst/shop/?action=orders" "Mozilla/5.0 (Windows NT 10.0; WOW64) AppleWebKit/537.36 (KHTML, like Gecko) Chrome/98.0.4758.119 YaBrowser/22.3.0.2434 Yowser/2.5 Safari/537.36"
95.153.168.251 - - [08/Apr/2022:06:35:19 +0000] "POST /webasyst/shop/?plugin=beruru&module=backend&action=orderListData HTTP/2.0" 200 76 "https://justgrill.ru/webasyst/shop/?action=orders" "Mozilla/5.0 (Windows NT 10.0; WOW64) AppleWebKit/537.36 (KHTML, like Gecko) Chrome/98.0.4758.119 YaBrowser/22.3.0.2434 Yowser/2.5 Safari/537.36"
95.153.168.251 - - [08/Apr/2022:06:35:19 +0000] "POST /webasyst/shop/?plugin=ym&module=backend&action=orderListData HTTP/2.0" 200 139 "https://justgrill.ru/webasyst/shop/?action=orders" "Mozilla/5.0 (Windows NT 10.0; WOW64) AppleWebKit/537.36 (KHTML, like Gecko) Chrome/98.0.4758.119 YaBrowser/22.3.0.2434 Yowser/2.5 Safari/537.36"
95.153.168.251 - - [08/Apr/2022:06:35:20 +0000] "POST /webasyst/shop/?plugin=ym&module=backend&action=getOrderInfo HTTP/2.0" 200 642 "https://justgrill.ru/webasyst/shop/?action=orders" "Mozilla/5.0 (Windows NT 10.0; WOW64) AppleWebKit/537.36 (KHTML, like Gecko) Chrome/98.0.4758.119 YaBrowser/22.3.0.2434 Yowser/2.5 Safari/537.36"
95.153.168.251 - - [08/Apr/2022:06:35:20 +0000] "POST /webasyst/shop/?plugin=beruru&module=backend&action=orderListData HTTP/2.0" 200 76 "https://justgrill.ru/webasyst/shop/?action=orders" "Mozilla/5.0 (Windows NT 10.0; WOW64) AppleWebKit/537.36 (KHTML, like Gecko) Chrome/98.0.4758.119 YaBrowser/22.3.0.2434 Yowser/2.5 Safari/537.36"
95.153.168.251 - - [08/Apr/2022:06:35:20 +0000] "POST /webasyst/shop/?plugin=ym&module=backend&action=orderListData HTTP/2.0" 200 139 "https://justgrill.ru/webasyst/shop/?action=orders" "Mozilla/5.0 (Windows NT 10.0; WOW64) AppleWebKit/537.36 (KHTML, like Gecko) Chrome/98.0.4758.119 YaBrowser/22.3.0.2434 Yowser/2.5 Safari/537.36"
95.153.168.251 - - [08/Apr/2022:06:35:22 +0000] "POST /webasyst/shop/?plugin=beruru&module=backend&action=orderListData HTTP/2.0" 200 76 "https://justgrill.ru/webasyst/shop/?action=orders" "Mozilla/5.0 (Windows NT 10.0; WOW64) AppleWebKit/537.36 (KHTML, like Gecko) Chrome/98.0.4758.119 YaBrowser/22.3.0.2434 Yowser/2.5 Safari/537.36"
95.153.168.251 - - [08/Apr/2022:06:35:22 +0000] "POST /webasyst/shop/?plugin=ym&module=backend&action=orderListData HTTP/2.0" 200 139 "https://justgrill.ru/webasyst/shop/?action=orders" "Mozilla/5.0 (Windows NT 10.0; WOW64) AppleWebKit/537.36 (KHTML, like Gecko) Chrome/98.0.4758.119 YaBrowser/22.3.0.2434 Yowser/2.5 Safari/537.36"
79.104.42.205 - - [08/Apr/2022:06:35:56 +0000] "POST /webasyst/shop/?action=orders HTTP/2.0" 200 117 "https://justgrill.ru/webasyst/shop/?action=orders" "Mozilla/5.0 (Windows NT 10.0; Win64; x64) AppleWebKit/537.36 (KHTML, like Gecko) Chrome/100.0.4896.75 Safari/537.36"
79.104.42.205 - - [08/Apr/2022:06:35:59 +0000] "POST /webasyst/shop/?plugin=beruru&module=backend&action=orderListData HTTP/2.0" 200 76 "https://justgrill.ru/webasyst/shop/?action=orders" "Mozilla/5.0 (Windows NT 10.0; Win64; x64) AppleWebKit/537.36 (KHTML, like Gecko) Chrome/100.0.4896.75 Safari/537.36"
79.104.42.205 - - [08/Apr/2022:06:35:59 +0000] "POST /webasyst/shop/?plugin=ym&module=backend&action=orderListData HTTP/2.0" 200 139 "https://justgrill.ru/webasyst/shop/?action=orders" "Mozilla/5.0 (Windows NT 10.0; Win64; x64) AppleWebKit/537.36 (KHTML, like Gecko) Chrome/100.0.4896.75 Safari/537.36"
