144.76.81.229 - - [08/Apr/2022:00:18:21 +0000] "GET /search/977/%D1%83%D0%B3%D0%BE%D0%BB%D1%8C/ HTTP/1.1" 200 29550 "-" "Mozilla/5.0 (compatible; MJ12bot/v1.4.8; http://mj12bot.com/)"
45.148.245.190 - - [08/Apr/2022:00:18:22 +0000] "GET /aksessuary/shampury-i-vertely/vertel-gril/nasadka-na-vertel-korzinka-s-regulirovkoy-zazhima/ HTTP/1.1" 200 31780 "-" "Mozilla/5.0 (X11; Linux x86_64) AppleWebKit/537.36 (KHTML, like Gecko) Chrome/83.0.2549.68 Safari/537.36"
144.76.81.229 - - [08/Apr/2022:00:18:23 +0000] "GET /search/979/%D0%B1%D0%B0%D0%BB%D0%BB%D0%BE%D0%BD/ HTTP/1.1" 200 29574 "-" "Mozilla/5.0 (compatible; MJ12bot/v1.4.8; http://mj12bot.com/)"
144.76.81.229 - - [08/Apr/2022:00:18:25 +0000] "GET /search/979/%D1%80%D0%BE%D1%81%D1%81%D0%B8%D1%8F/ HTTP/1.1" 200 32093 "-" "Mozilla/5.0 (compatible; MJ12bot/v1.4.8; http://mj12bot.com/)"
144.76.81.229 - - [08/Apr/2022:00:18:28 +0000] "GET /search/979/%D1%83%D0%B3%D0%BE%D0%BB%D1%8C/ HTTP/1.1" 200 32089 "-" "Mozilla/5.0 (compatible; MJ12bot/v1.4.8; http://mj12bot.com/)"
77.88.5.229 - - [08/Apr/2022:00:18:28 +0000] "GET /search/%D0%B3%D0%B8%D0%BA%D0%BE%D1%80%D0%B8/ HTTP/1.1" 200 33721 "-" "Mozilla/5.0 (compatible; YandexBot/3.0; +http://yandex.com/bots)"
77.88.5.89 - - [08/Apr/2022:00:18:28 +0000] "GET /grili-i-oborudovanie-dlya-griley/grili/gazovye/nevstraivaemye/broil-king/ HTTP/1.1" 404 26668 "-" "Mozilla/5.0 (compatible; YandexBot/3.0; +http://yandex.com/bots) AppleWebKit/537.36 (KHTML, like Gecko) Chrome/81.0.4044.268"
144.76.81.229 - - [08/Apr/2022:00:18:30 +0000] "GET /search/980/%D1%83%D0%B3%D0%BE%D0%BB%D1%8C/ HTTP/1.1" 200 29505 "-" "Mozilla/5.0 (compatible; MJ12bot/v1.4.8; http://mj12bot.com/)"
66.249.92.30 - - [08/Apr/2022:00:18:31 +0000] "GET /searchpro-plugin/config/?v1.9.0.1649346429?1099773837 HTTP/1.1" 200 572 "https://krd.justgrill.ru/grili/vstraivaemye/" "Mozilla/5.0 (iPhone; CPU iPhone OS 9_1 like Mac OS X) AppleWebKit/601.1.46 (KHTML, like Gecko) Version/9.0 Mobile/13B143 Safari/601.1 (compatible; AdsBot-Google-Mobile; +http://www.google.com/mobile/adsbot.html)"
144.76.81.229 - - [08/Apr/2022:00:18:33 +0000] "GET /search/981/%D0%B1%D0%B0%D0%BB%D0%BB%D0%BE%D0%BD/ HTTP/1.1" 200 29453 "-" "Mozilla/5.0 (compatible; MJ12bot/v1.4.8; http://mj12bot.com/)"
144.76.81.229 - - [08/Apr/2022:00:18:36 +0000] "GET /search/981/%D1%80%D0%BE%D1%81%D1%81%D0%B8%D1%8F/ HTTP/1.1" 200 31263 "-" "Mozilla/5.0 (compatible; MJ12bot/v1.4.8; http://mj12bot.com/)"
66.249.66.29 - - [08/Apr/2022:00:18:42 +0000] "GET /blog/sibas-v-pryanom-marinade-na-pelletnom-grile/ HTTP/1.1" 200 29370 "-" "Mozilla/5.0 (compatible; Googlebot/2.1; +http://www.google.com/bot.html)"
144.76.81.229 - - [08/Apr/2022:00:18:42 +0000] "GET /search/981/%D1%83%D0%B3%D0%BE%D0%BB%D1%8C/ HTTP/1.1" 200 32157 "-" "Mozilla/5.0 (compatible; MJ12bot/v1.4.8; http://mj12bot.com/)"
66.249.66.29 - - [08/Apr/2022:00:18:44 +0000] "GET /blog/2020/ HTTP/1.1" 500 55321 "-" "Mozilla/5.0 (Linux; Android 6.0.1; Nexus 5X Build/MMB29P) AppleWebKit/537.36 (KHTML, like Gecko) Chrome/100.0.4896.75 Mobile Safari/537.36 (compatible; Googlebot/2.1; +http://www.google.com/bot.html)"
176.59.65.118 - - [08/Apr/2022:00:18:44 +0000] "GET /?utm_source=rsy-banner&utm_medium=cpc&utm_campaign=jg_rnd&utm_term=bbq%20%D1%80%D0%BE%D1%81%D1%82%D0%BE%D0%B2&yclid=1766935304809014642 HTTP/1.1" 301 162 "-" "Mozilla/5.0 (Linux; Android 5.1; HUAWEI CUN-U29 Build/HUAWEICUN-U29) AppleWebKit/537.36 (KHTML, like Gecko) Chrome/50.0.2661.89 Mobile Safari/537.36"
176.59.65.118 - - [08/Apr/2022:00:18:45 +0000] "GET /?utm_source=rsy-banner&utm_medium=cpc&utm_campaign=jg_rnd&utm_term=bbq%20%D1%80%D0%BE%D1%81%D1%82%D0%BE%D0%B2&yclid=1766935304809014642 HTTP/2.0" 200 39323 "-" "Mozilla/5.0 (Linux; Android 5.1; HUAWEI CUN-U29 Build/HUAWEICUN-U29) AppleWebKit/537.36 (KHTML, like Gecko) Chrome/50.0.2661.89 Mobile Safari/537.36"
176.59.65.118 - - [08/Apr/2022:00:18:45 +0000] "GET /wa-content/font/ruble/arial/fontface.css HTTP/2.0" 200 371 "https://justgrill.ru/?utm_source=rsy-banner&utm_medium=cpc&utm_campaign=jg_rnd&utm_term=bbq%20%D1%80%D0%BE%D1%81%D1%82%D0%BE%D0%B2&yclid=1766935304809014642" "Mozilla/5.0 (Linux; Android 5.1; HUAWEI CUN-U29 Build/HUAWEICUN-U29) AppleWebKit/537.36 (KHTML, like Gecko) Chrome/50.0.2661.89 Mobile Safari/537.36"
176.59.65.118 - - [08/Apr/2022:00:18:45 +0000] "GET /wa-content/js/jquery-plugins/jquery.cookie.js HTTP/2.0" 200 1343 "https://justgrill.ru/?utm_source=rsy-banner&utm_medium=cpc&utm_campaign=jg_rnd&utm_term=bbq%20%D1%80%D0%BE%D1%81%D1%82%D0%BE%D0%B2&yclid=1766935304809014642" "Mozilla/5.0 (Linux; Android 5.1; HUAWEI CUN-U29 Build/HUAWEICUN-U29) AppleWebKit/537.36 (KHTML, like Gecko) Chrome/50.0.2661.89 Mobile Safari/537.36"
176.59.65.118 - - [08/Apr/2022:00:18:46 +0000] "GET /wa-content/js/jquery-plugins/jquery.cookie.js?v2.4.1 HTTP/2.0" 200 1343 "https://justgrill.ru/?utm_source=rsy-banner&utm_medium=cpc&utm_campaign=jg_rnd&utm_term=bbq%20%D1%80%D0%BE%D1%81%D1%82%D0%BE%D0%B2&yclid=1766935304809014642" "Mozilla/5.0 (Linux; Android 5.1; HUAWEI CUN-U29 Build/HUAWEICUN-U29) AppleWebKit/537.36 (KHTML, like Gecko) Chrome/50.0.2661.89 Mobile Safari/537.36"
176.59.65.118 - - [08/Apr/2022:00:18:46 +0000] "GET /wa-content/js/jquery-plugins/jquery.retina.min.js?v2.4.1 HTTP/2.0" 200 900 "https://justgrill.ru/?utm_source=rsy-banner&utm_medium=cpc&utm_campaign=jg_rnd&utm_term=bbq%20%D1%80%D0%BE%D1%81%D1%82%D0%BE%D0%B2&yclid=1766935304809014642" "Mozilla/5.0 (Linux; Android 5.1; HUAWEI CUN-U29 Build/HUAWEICUN-U29) AppleWebKit/537.36 (KHTML, like Gecko) Chrome/50.0.2661.89 Mobile Safari/537.36"
144.76.81.229 - - [08/Apr/2022:00:18:47 +0000] "GET /search/981/%D1%87%D0%B5%D1%85%D0%BE%D0%BB/ HTTP/1.1" 200 29482 "-" "Mozilla/5.0 (compatible; MJ12bot/v1.4.8; http://mj12bot.com/)"
176.59.65.118 - - [08/Apr/2022:00:18:47 +0000] "GET /searchpro-plugin/config/?v1.9.0.1649377125?743706113 HTTP/2.0" 200 558 "https://justgrill.ru/?utm_source=rsy-banner&utm_medium=cpc&utm_campaign=jg_rnd&utm_term=bbq%20%D1%80%D0%BE%D1%81%D1%82%D0%BE%D0%B2&yclid=1766935304809014642" "Mozilla/5.0 (Linux; Android 5.1; HUAWEI CUN-U29 Build/HUAWEICUN-U29) AppleWebKit/537.36 (KHTML, like Gecko) Chrome/50.0.2661.89 Mobile Safari/537.36"
176.59.65.118 - - [08/Apr/2022:00:18:47 +0000] "GET /searchpro-plugin/config/?v1.9.0.1649377125?864811187 HTTP/2.0" 200 557 "https://justgrill.ru/?utm_source=rsy-banner&utm_medium=cpc&utm_campaign=jg_rnd&utm_term=bbq%20%D1%80%D0%BE%D1%81%D1%82%D0%BE%D0%B2&yclid=1766935304809014642" "Mozilla/5.0 (Linux; Android 5.1; HUAWEI CUN-U29 Build/HUAWEICUN-U29) AppleWebKit/537.36 (KHTML, like Gecko) Chrome/50.0.2661.89 Mobile Safari/537.36"
144.76.81.229 - - [08/Apr/2022:00:18:50 +0000] "GET /search/983/%D1%80%D0%BE%D1%81%D1%81%D0%B8%D1%8F/ HTTP/1.1" 200 38600 "-" "Mozilla/5.0 (compatible; MJ12bot/v1.4.8; http://mj12bot.com/)"
144.76.81.229 - - [08/Apr/2022:00:18:54 +0000] "GET /search/983/%D1%88%D0%B0%D0%BC%D0%BF%D1%83%D1%80%D0%B0/ HTTP/1.1" 200 38565 "-" "Mozilla/5.0 (compatible; MJ12bot/v1.4.8; http://mj12bot.com/)"
176.59.65.118 - - [08/Apr/2022:00:18:54 +0000] "GET /wa-content/js/jquery-plugins/jquery.cookie.js?v2.4.1 HTTP/2.0" 200 1343 "https://justgrill.ru/?utm_source=rsy-banner&utm_medium=cpc&utm_campaign=jg_rnd&utm_term=bbq%20%D1%80%D0%BE%D1%81%D1%82%D0%BE%D0%B2&yclid=1766935304809014642" "Mozilla/5.0 (Linux; Android 5.1; HUAWEI CUN-U29 Build/HUAWEICUN-U29) AppleWebKit/537.36 (KHTML, like Gecko) Chrome/50.0.2661.89 Mobile Safari/537.36"
176.59.65.118 - - [08/Apr/2022:00:18:54 +0000] "GET /wa-content/js/jquery-plugins/jquery.retina.min.js?v2.4.1 HTTP/2.0" 200 900 "https://justgrill.ru/?utm_source=rsy-banner&utm_medium=cpc&utm_campaign=jg_rnd&utm_term=bbq%20%D1%80%D0%BE%D1%81%D1%82%D0%BE%D0%B2&yclid=1766935304809014642" "Mozilla/5.0 (Linux; Android 5.1; HUAWEI CUN-U29 Build/HUAWEICUN-U29) AppleWebKit/537.36 (KHTML, like Gecko) Chrome/50.0.2661.89 Mobile Safari/537.36"
124.206.180.138 - - [08/Apr/2022:00:18:55 +0000] "GET / HTTP/1.1" 301 162 "-" "Mozilla/5.0 Firefox/35.0"
176.59.65.118 - - [08/Apr/2022:00:18:55 +0000] "GET /searchpro-plugin/config/?v1.9.0.1649377125?743706113 HTTP/2.0" 499 0 "https://justgrill.ru/?utm_source=rsy-banner&utm_medium=cpc&utm_campaign=jg_rnd&utm_term=bbq%20%D1%80%D0%BE%D1%81%D1%82%D0%BE%D0%B2&yclid=1766935304809014642" "Mozilla/5.0 (Linux; Android 5.1; HUAWEI CUN-U29 Build/HUAWEICUN-U29) AppleWebKit/537.36 (KHTML, like Gecko) Chrome/50.0.2661.89 Mobile Safari/537.36"
176.59.65.118 - - [08/Apr/2022:00:18:55 +0000] "GET /searchpro-plugin/config/?v1.9.0.1649377125?864811187 HTTP/2.0" 499 0 "https://justgrill.ru/?utm_source=rsy-banner&utm_medium=cpc&utm_campaign=jg_rnd&utm_term=bbq%20%D1%80%D0%BE%D1%81%D1%82%D0%BE%D0%B2&yclid=1766935304809014642" "Mozilla/5.0 (Linux; Android 5.1; HUAWEI CUN-U29 Build/HUAWEICUN-U29) AppleWebKit/537.36 (KHTML, like Gecko) Chrome/50.0.2661.89 Mobile Safari/537.36"
144.76.81.229 - - [08/Apr/2022:00:18:59 +0000] "GET /search/984/%D1%83%D0%B3%D0%BE%D0%BB%D1%8C/ HTTP/1.1" 200 29816 "-" "Mozilla/5.0 (compatible; MJ12bot/v1.4.8; http://mj12bot.com/)"
66.249.92.30 - - [08/Apr/2022:00:19:00 +0000] "GET /wa-data/public/site/themes/justgrill/fonts/Roboto.woff2 HTTP/1.1" 200 28036 "https://krd.justgrill.ru/wa-data/public/site/themes/justgrill/css/fonts.css?v3.3.1.1649346429" "Mozilla/5.0 (iPhone; CPU iPhone OS 9_1 like Mac OS X) AppleWebKit/601.1.46 (KHTML, like Gecko) Version/9.0 Mobile/13B143 Safari/601.1 (compatible; AdsBot-Google-Mobile; +http://www.google.com/mobile/adsbot.html)"
124.206.180.138 - - [08/Apr/2022:00:19:01 +0000] "GET / HTTP/1.1" 200 224745 "-" "Mozilla/5.0 Firefox/35.0"
66.249.92.3 - - [08/Apr/2022:00:19:01 +0000] "GET /wa-content/css/signup/signup.css?v=8.21.0.1649346429 HTTP/1.1" 200 1921 "https://krd.justgrill.ru/grili/vstraivaemye/" "Mozilla/5.0 (iPhone; CPU iPhone OS 9_1 like Mac OS X) AppleWebKit/601.1.46 (KHTML, like Gecko) Version/9.0 Mobile/13B143 Safari/601.1 (compatible; AdsBot-Google-Mobile; +http://www.google.com/mobile/adsbot.html)"
66.249.92.3 - - [08/Apr/2022:00:19:01 +0000] "GET /wa-data/public/site/themes/justgrill/fonts/Robotobold.woff HTTP/1.1" 200 36584 "https://krd.justgrill.ru/wa-data/public/site/themes/justgrill/css/fonts.css?v3.3.1.1649346429" "Mozilla/5.0 (iPhone; CPU iPhone OS 9_1 like Mac OS X) AppleWebKit/601.1.46 (KHTML, like Gecko) Version/9.0 Mobile/13B143 Safari/601.1 (compatible; AdsBot-Google-Mobile; +http://www.google.com/mobile/adsbot.html)"
66.249.92.30 - - [08/Apr/2022:00:19:02 +0000] "GET /wa-content/css/login/frontend/forgot-password.css?v=8.21.0.1649346429 HTTP/1.1" 200 1572 "https://krd.justgrill.ru/grili/vstraivaemye/" "Mozilla/5.0 (iPhone; CPU iPhone OS 9_1 like Mac OS X) AppleWebKit/601.1.46 (KHTML, like Gecko) Version/9.0 Mobile/13B143 Safari/601.1 (compatible; AdsBot-Google-Mobile; +http://www.google.com/mobile/adsbot.html)"
66.249.92.30 - - [08/Apr/2022:00:19:02 +0000] "GET /wa-content/css/login/frontend/login.css?v=8.21.0.1649346429 HTTP/1.1" 200 1774 "https://krd.justgrill.ru/grili/vstraivaemye/" "Mozilla/5.0 (iPhone; CPU iPhone OS 9_1 like Mac OS X) AppleWebKit/601.1.46 (KHTML, like Gecko) Version/9.0 Mobile/13B143 Safari/601.1 (compatible; AdsBot-Google-Mobile; +http://www.google.com/mobile/adsbot.html)"
66.249.92.3 - - [08/Apr/2022:00:19:03 +0000] "GET /wa-data/public/site/themes/justgrill/fonts/Robotomedium.woff HTTP/1.1" 200 36500 "https://krd.justgrill.ru/wa-data/public/site/themes/justgrill/css/fonts.css?v3.3.1.1649346429" "Mozilla/5.0 (iPhone; CPU iPhone OS 9_1 like Mac OS X) AppleWebKit/601.1.46 (KHTML, like Gecko) Version/9.0 Mobile/13B143 Safari/601.1 (compatible; AdsBot-Google-Mobile; +http://www.google.com/mobile/adsbot.html)"
144.76.81.229 - - [08/Apr/2022:00:19:03 +0000] "GET /search/985/%D1%80%D0%BE%D1%81%D1%81%D0%B8%D1%8F/ HTTP/1.1" 200 38022 "-" "Mozilla/5.0 (compatible; MJ12bot/v1.4.8; http://mj12bot.com/)"
45.89.52.111 - - [08/Apr/2022:00:19:08 +0000] "GET /photos/photo/action-nov-21/ HTTP/1.1" 200 28280 "-" "Mozilla/5.0 (X11; Linux x86_64) AppleWebKit/537.36 (KHTML, like Gecko) Chrome/83.0.2549.68 Safari/537.36"
144.76.81.229 - - [08/Apr/2022:00:19:09 +0000] "GET /search/985/%D1%88%D0%B0%D0%BC%D0%BF%D1%83%D1%80%D0%B0/ HTTP/1.1" 200 31511 "-" "Mozilla/5.0 (compatible; MJ12bot/v1.4.8; http://mj12bot.com/)"
144.76.81.229 - - [08/Apr/2022:00:19:13 +0000] "GET /search/986/%D1%80%D0%BE%D1%81%D1%81%D0%B8%D1%8F/ HTTP/1.1" 200 32239 "-" "Mozilla/5.0 (compatible; MJ12bot/v1.4.8; http://mj12bot.com/)"
66.249.66.57 - - [08/Apr/2022:00:19:15 +0000] "GET /grili/gazovye/ HTTP/1.1" 200 39819 "-" "Mozilla/5.0 (Linux; Android 6.0.1; Nexus 5X Build/MMB29P) AppleWebKit/537.36 (KHTML, like Gecko) Chrome/99.0.4844.84 Mobile Safari/537.36 (compatible; Googlebot/2.1; +http://www.google.com/bot.html)"
144.76.81.229 - - [08/Apr/2022:00:19:16 +0000] "GET /search/986/%D1%87%D0%B5%D1%85%D0%BE%D0%BB/ HTTP/1.1" 200 32442 "-" "Mozilla/5.0 (compatible; MJ12bot/v1.4.8; http://mj12bot.com/)"
66.249.66.59 - - [08/Apr/2022:00:19:16 +0000] "GET /spetsii-dlya-grilya/pripravy/priprava-meatbrothers-odri-khepbeeern-180g/ HTTP/1.1" 200 31855 "-" "Mozilla/5.0 (Linux; Android 6.0.1; Nexus 5X Build/MMB29P) AppleWebKit/537.36 (KHTML, like Gecko) Chrome/99.0.4844.84 Mobile Safari/537.36 (compatible; Googlebot/2.1; +http://www.google.com/bot.html)"
66.249.66.55 - - [08/Apr/2022:00:19:18 +0000] "GET /grili/gazovye/ HTTP/1.1" 200 39799 "-" "Mozilla/5.0 (compatible; Googlebot/2.1; +http://www.google.com/bot.html)"
144.76.81.229 - - [08/Apr/2022:00:19:19 +0000] "GET /search/987/%D1%83%D0%B3%D0%BE%D0%BB%D1%8C/ HTTP/1.1" 200 30415 "-" "Mozilla/5.0 (compatible; MJ12bot/v1.4.8; http://mj12bot.com/)"
144.76.81.229 - - [08/Apr/2022:00:19:23 +0000] "GET /search/988/%D1%83%D0%B3%D0%BE%D0%BB%D1%8C/ HTTP/1.1" 200 32254 "-" "Mozilla/5.0 (compatible; MJ12bot/v1.4.8; http://mj12bot.com/)"
144.76.81.229 - - [08/Apr/2022:00:19:28 +0000] "GET /search/989/%D0%B1%D0%B0%D0%BB%D0%BB%D0%BE%D0%BD/ HTTP/1.1" 200 30419 "-" "Mozilla/5.0 (compatible; MJ12bot/v1.4.8; http://mj12bot.com/)"
144.76.81.229 - - [08/Apr/2022:00:19:32 +0000] "GET /search/989/%D1%83%D0%B3%D0%BE%D0%BB%D1%8C/ HTTP/1.1" 200 31481 "-" "Mozilla/5.0 (compatible; MJ12bot/v1.4.8; http://mj12bot.com/)"
144.76.81.229 - - [08/Apr/2022:00:19:36 +0000] "GET /search/990/%D1%80%D0%BE%D1%81%D1%81%D0%B8%D1%8F/ HTTP/1.1" 200 34533 "-" "Mozilla/5.0 (compatible; MJ12bot/v1.4.8; http://mj12bot.com/)"
144.76.81.229 - - [08/Apr/2022:00:19:38 +0000] "GET /search/990/%D1%88%D0%B0%D0%BC%D0%BF%D1%83%D1%80%D0%B0/ HTTP/1.1" 200 29618 "-" "Mozilla/5.0 (compatible; MJ12bot/v1.4.8; http://mj12bot.com/)"
144.76.81.229 - - [08/Apr/2022:00:19:40 +0000] "GET /search/991/%D1%80%D0%BE%D1%81%D1%81%D0%B8%D1%8F/ HTTP/1.1" 200 31245 "-" "Mozilla/5.0 (compatible; MJ12bot/v1.4.8; http://mj12bot.com/)"
144.76.81.229 - - [08/Apr/2022:00:19:43 +0000] "GET /search/995/%D0%B2%D0%B5%D1%80%D1%82%D0%B5%D0%BB/ HTTP/1.1" 200 33510 "-" "Mozilla/5.0 (compatible; MJ12bot/v1.4.8; http://mj12bot.com/)"
93.158.161.57 - - [08/Apr/2022:00:19:45 +0000] "GET / HTTP/1.1" 301 162 "-" "Mozilla/5.0 (compatible; YandexMetrika/2.0; +http://yandex.com/bots yabs01)"
144.76.81.229 - - [08/Apr/2022:00:19:45 +0000] "GET /search/997/%D0%B2%D0%B5%D1%80%D1%82%D0%B5%D0%BB/ HTTP/1.1" 200 32868 "-" "Mozilla/5.0 (compatible; MJ12bot/v1.4.8; http://mj12bot.com/)"
114.119.129.107 - - [08/Apr/2022:00:19:47 +0000] "GET /aksessuary/dlya-kopcheniya/doski-i-doshchechki/kedrovaya-doshchechka-napoleon HTTP/1.1" 301 5 "-" "Mozilla/5.0 (Linux; Android 7.0;) AppleWebKit/537.36 (KHTML, like Gecko) Mobile Safari/537.36 (compatible; PetalBot;+https://webmaster.petalsearch.com/site/petalbot)"
54.36.148.83 - - [08/Apr/2022:00:19:47 +0000] "GET /search/1017/md-%D0%BA%D0%B5%D1%80%D0%B0%D0%BC%D0%B8%D0%BA%D0%B0/ HTTP/2.0" 200 31893 "-" "Mozilla/5.0 (compatible; AhrefsBot/7.0; +http://ahrefs.com/robot/)"
77.88.5.56 - - [08/Apr/2022:00:19:48 +0000] "GET / HTTP/1.1" 301 162 "-" "Mozilla/5.0 (compatible; YandexMetrika/2.0; +http://yandex.com/bots yabs01)"
144.76.81.229 - - [08/Apr/2022:00:19:48 +0000] "GET /search/998/%D0%B2%D0%B5%D1%80%D1%82%D0%B5%D0%BB/ HTTP/1.1" 200 33500 "-" "Mozilla/5.0 (compatible; MJ12bot/v1.4.8; http://mj12bot.com/)"
114.119.129.107 - - [08/Apr/2022:00:19:49 +0000] "GET /aksessuary/dlya-kopcheniya/doski-i-doshchechki/kedrovaya-doshchechka-napoleon/ HTTP/1.1" 200 34648 "-" "Mozilla/5.0 (Linux; Android 7.0;) AppleWebKit/537.36 (KHTML, like Gecko) Mobile Safari/537.36 (compatible; PetalBot;+https://webmaster.petalsearch.com/site/petalbot)"
77.88.5.19 - - [08/Apr/2022:00:19:51 +0000] "GET /?yclid=7710547526903176844 HTTP/1.1" 200 39841 "-" "Mozilla/5.0 (compatible; YandexMetrika/2.0; +http://yandex.com/bots yabs01)"
144.76.81.229 - - [08/Apr/2022:00:19:51 +0000] "GET /search/999/%D0%B2%D0%B5%D1%80%D1%82%D0%B5%D0%BB/ HTTP/1.1" 200 32757 "-" "Mozilla/5.0 (compatible; MJ12bot/v1.4.8; http://mj12bot.com/)"
144.76.81.229 - - [08/Apr/2022:00:19:52 +0000] "GET /robots.txt HTTP/1.1" 200 614 "-" "Mozilla/5.0 (compatible; MJ12bot/v1.4.8; http://mj12bot.com/)"
144.76.81.229 - - [08/Apr/2022:00:19:54 +0000] "GET /aksessuary/chistka-i-ukhod/sredstva-chistki-grilya/sprey-dlya-zharki-%D1%86eber-antiprigarnyy/ HTTP/1.1" 301 5 "-" "Mozilla/5.0 (compatible; MJ12bot/v1.4.8; http://mj12bot.com/)"
144.76.81.229 - - [08/Apr/2022:00:19:55 +0000] "GET /robots.txt HTTP/1.1" 200 5 "-" "Mozilla/5.0 (compatible; MJ12bot/v1.4.8; http://mj12bot.com/)"
144.76.81.229 - - [08/Apr/2022:00:19:57 +0000] "GET /aksessuary/chistka-i-ukhod/sredstva-chistki-grilya/sprey-dlya-zharki-%C3%91%C2%86eber-antiprigarnyy/ HTTP/1.1" 301 162 "-" "Mozilla/5.0 (compatible; MJ12bot/v1.4.8; http://mj12bot.com/)"
144.76.81.229 - - [08/Apr/2022:00:19:58 +0000] "GET /robots.txt HTTP/1.1" 200 606 "-" "Mozilla/5.0 (compatible; MJ12bot/v1.4.8; http://mj12bot.com/)"
144.76.81.229 - - [08/Apr/2022:00:20:00 +0000] "GET /aksessuary/chistka-i-ukhod/sredstva-chistki-grilya/sprey-dlya-zharki-%C3%91%C2%86eber-antiprigarnyy/ HTTP/1.1" 404 26697 "-" "Mozilla/5.0 (compatible; MJ12bot/v1.4.8; http://mj12bot.com/)"
144.76.81.229 - - [08/Apr/2022:00:20:02 +0000] "GET /robots.txt HTTP/1.1" 200 614 "-" "Mozilla/5.0 (compatible; MJ12bot/v1.4.8; http://mj12bot.com/)"
144.76.81.229 - - [08/Apr/2022:00:20:04 +0000] "GET /grili/ugolnye/14713004-gril-ugol-master-touch-gbs-c-5750-siniy-grafit/ HTTP/1.1" 200 35415 "-" "Mozilla/5.0 (compatible; MJ12bot/v1.4.8; http://mj12bot.com/)"
144.76.81.229 - - [08/Apr/2022:00:20:07 +0000] "GET /grili/ugolnye/weber/master-touch/14716004-gril-ugolnyy-master-touch-gbs-c-5750-siniy-okean/ HTTP/1.1" 200 35407 "-" "Mozilla/5.0 (compatible; MJ12bot/v1.4.8; http://mj12bot.com/)"
144.76.81.229 - - [08/Apr/2022:00:20:09 +0000] "GET /search/rashko-baba/ HTTP/1.1" 200 31796 "-" "Mozilla/5.0 (compatible; MJ12bot/v1.4.8; http://mj12bot.com/)"
114.119.129.171 - - [08/Apr/2022:00:20:15 +0000] "GET /brendy/broil-king/podstavka-dlya-grilya-gazovogo-porta-chef-320 HTTP/1.1" 301 5 "-" "Mozilla/5.0 (Linux; Android 7.0;) AppleWebKit/537.36 (KHTML, like Gecko) Mobile Safari/537.36 (compatible; PetalBot;+https://webmaster.petalsearch.com/site/petalbot)"
114.119.129.171 - - [08/Apr/2022:00:20:23 +0000] "GET /brendy/broil-king/podstavka-dlya-grilya-gazovogo-porta-chef-320/ HTTP/1.1" 301 5 "-" "Mozilla/5.0 (Linux; Android 7.0;) AppleWebKit/537.36 (KHTML, like Gecko) Mobile Safari/537.36 (compatible; PetalBot;+https://webmaster.petalsearch.com/site/petalbot)"
114.119.129.171 - - [08/Apr/2022:00:20:27 +0000] "GET /aksessuary/oborudovanie/telezhki-gril/telezhka-dlya-grilya-gazovogo-porta-chef-320/ HTTP/1.1" 200 31770 "-" "Mozilla/5.0 (Linux; Android 7.0;) AppleWebKit/537.36 (KHTML, like Gecko) Mobile Safari/537.36 (compatible; PetalBot;+https://webmaster.petalsearch.com/site/petalbot)"
78.40.118.241 - - [08/Apr/2022:00:20:32 +0000] "GET /grili/gazovye/weber/genesis/gazovyj-gril-weber-genesis-ii-sp-335-gbs-nerzh-stal/ HTTP/1.1" 200 37172 "-" "Mozilla/5.0 (X11; Linux x86_64) AppleWebKit/537.36 (KHTML, like Gecko) Chrome/83.0.2549.68 Safari/537.36"
185.191.171.6 - - [08/Apr/2022:00:20:39 +0000] "GET /search/986/md-%D0%BA%D0%B5%D1%80%D0%B0%D0%BC%D0%B8%D0%BA%D0%B0/ HTTP/1.1" 200 28590 "-" "Mozilla/5.0 (compatible; SemrushBot/7~bl; +http://www.semrush.com/bot.html)"
66.249.92.215 - - [08/Apr/2022:00:21:06 +0000] "GET /searchpro-plugin/config/?v1.9.0.1648923686?436798569 HTTP/1.1" 200 574 "https://rostov.justgrill.ru/?utm_source=google&utm_medium=cpc&utm_campaign=g_poisk_rostov_v&utm_term=%2B%D0%B3%D0%B4%D0%B5%20%2B%D0%BA%D1%83%D0%BF%D0%B8%D1%82%D1%8C%20%2B%D0%B3%D1%80%D0%B8%D0%BB%D1%8C&utm_content=network%7Cg%7Cposition%7Cnone%7Cad_id%7C473094513526%7Cmatch_type%7Cb%7Cplacement%7C%7Ckeyword%7C%2B%D0%B3%D0%B4%D0%B5%20%2B%D0%BA%D1%83%D0%BF%D0%B8%D1%82%D1%8C%20%2B%D0%B3%D1%80%D0%B8%D0%BB%D1%8C%7Cdevice_type%7Cm%7Cdevice%7C%7Cplacement_category%7C" "Mozilla/5.0 (iPhone; CPU iPhone OS 14_7_1 like Mac OS X) AppleWebKit/605.1.15 (KHTML, like Gecko) Version/14.1.2 Mobile/15E148 Safari/604.1 (compatible; AdsBot-Google-Mobile; +http://www.google.com/mobile/adsbot.html)"
54.36.149.65 - - [08/Apr/2022:00:21:28 +0000] "GET /search/930/md-%D0%BA%D0%B5%D1%80%D0%B0%D0%BC%D0%B8%D0%BA%D0%B0/ HTTP/2.0" 200 31753 "-" "Mozilla/5.0 (compatible; AhrefsBot/7.0; +http://ahrefs.com/robot/)"
66.249.92.213 - - [08/Apr/2022:00:21:33 +0000] "GET /wa-content/js/signup/signup.js?v=8.21.0.1648923686 HTTP/1.1" 200 6688 "https://rostov.justgrill.ru/?utm_source=google&utm_medium=cpc&utm_campaign=g_poisk_rostov_v&utm_term=%2B%D0%B3%D0%B4%D0%B5%20%2B%D0%BA%D1%83%D0%BF%D0%B8%D1%82%D1%8C%20%2B%D0%B3%D1%80%D0%B8%D0%BB%D1%8C&utm_content=network%7Cg%7Cposition%7Cnone%7Cad_id%7C473094513526%7Cmatch_type%7Cb%7Cplacement%7C%7Ckeyword%7C%2B%D0%B3%D0%B4%D0%B5%20%2B%D0%BA%D1%83%D0%BF%D0%B8%D1%82%D1%8C%20%2B%D0%B3%D1%80%D0%B8%D0%BB%D1%8C%7Cdevice_type%7Cm%7Cdevice%7C%7Cplacement_category%7C" "Mozilla/5.0 (iPhone; CPU iPhone OS 14_7_1 like Mac OS X) AppleWebKit/605.1.15 (KHTML, like Gecko) Version/14.1.2 Mobile/15E148 Safari/604.1 (compatible; AdsBot-Google-Mobile; +http://www.google.com/mobile/adsbot.html)"
66.249.92.213 - - [08/Apr/2022:00:21:34 +0000] "GET /wa-content/css/signup/signup.css?v=8.21.0.1648923686 HTTP/1.1" 200 1921 "https://rostov.justgrill.ru/?utm_source=google&utm_medium=cpc&utm_campaign=g_poisk_rostov_v&utm_term=%2B%D0%B3%D0%B4%D0%B5%20%2B%D0%BA%D1%83%D0%BF%D0%B8%D1%82%D1%8C%20%2B%D0%B3%D1%80%D0%B8%D0%BB%D1%8C&utm_content=network%7Cg%7Cposition%7Cnone%7Cad_id%7C473094513526%7Cmatch_type%7Cb%7Cplacement%7C%7Ckeyword%7C%2B%D0%B3%D0%B4%D0%B5%20%2B%D0%BA%D1%83%D0%BF%D0%B8%D1%82%D1%8C%20%2B%D0%B3%D1%80%D0%B8%D0%BB%D1%8C%7Cdevice_type%7Cm%7Cdevice%7C%7Cplacement_category%7C" "Mozilla/5.0 (iPhone; CPU iPhone OS 14_7_1 like Mac OS X) AppleWebKit/605.1.15 (KHTML, like Gecko) Version/14.1.2 Mobile/15E148 Safari/604.1 (compatible; AdsBot-Google-Mobile; +http://www.google.com/mobile/adsbot.html)"
66.249.92.211 - - [08/Apr/2022:00:21:34 +0000] "GET /wa-content/css/login/frontend/forgot-password.css?v=8.21.0.1648923686 HTTP/1.1" 200 1572 "https://rostov.justgrill.ru/?utm_source=google&utm_medium=cpc&utm_campaign=g_poisk_rostov_v&utm_term=%2B%D0%B3%D0%B4%D0%B5%20%2B%D0%BA%D1%83%D0%BF%D0%B8%D1%82%D1%8C%20%2B%D0%B3%D1%80%D0%B8%D0%BB%D1%8C&utm_content=network%7Cg%7Cposition%7Cnone%7Cad_id%7C473094513526%7Cmatch_type%7Cb%7Cplacement%7C%7Ckeyword%7C%2B%D0%B3%D0%B4%D0%B5%20%2B%D0%BA%D1%83%D0%BF%D0%B8%D1%82%D1%8C%20%2B%D0%B3%D1%80%D0%B8%D0%BB%D1%8C%7Cdevice_type%7Cm%7Cdevice%7C%7Cplacement_category%7C" "Mozilla/5.0 (iPhone; CPU iPhone OS 14_7_1 like Mac OS X) AppleWebKit/605.1.15 (KHTML, like Gecko) Version/14.1.2 Mobile/15E148 Safari/604.1 (compatible; AdsBot-Google-Mobile; +http://www.google.com/mobile/adsbot.html)"
66.249.92.213 - - [08/Apr/2022:00:21:35 +0000] "GET /wa-content/js/login/forgotpassword-frontend-form.min.js?v=8.21.0.1648923686 HTTP/1.1" 200 4722 "https://rostov.justgrill.ru/?utm_source=google&utm_medium=cpc&utm_campaign=g_poisk_rostov_v&utm_term=%2B%D0%B3%D0%B4%D0%B5%20%2B%D0%BA%D1%83%D0%BF%D0%B8%D1%82%D1%8C%20%2B%D0%B3%D1%80%D0%B8%D0%BB%D1%8C&utm_content=network%7Cg%7Cposition%7Cnone%7Cad_id%7C473094513526%7Cmatch_type%7Cb%7Cplacement%7C%7Ckeyword%7C%2B%D0%B3%D0%B4%D0%B5%20%2B%D0%BA%D1%83%D0%BF%D0%B8%D1%82%D1%8C%20%2B%D0%B3%D1%80%D0%B8%D0%BB%D1%8C%7Cdevice_type%7Cm%7Cdevice%7C%7Cplacement_category%7C" "Mozilla/5.0 (iPhone; CPU iPhone OS 14_7_1 like Mac OS X) AppleWebKit/605.1.15 (KHTML, like Gecko) Version/14.1.2 Mobile/15E148 Safari/604.1 (compatible; AdsBot-Google-Mobile; +http://www.google.com/mobile/adsbot.html)"
66.249.92.211 - - [08/Apr/2022:00:21:38 +0000] "HEAD /wa-data/public/shop/products/81/35/13581/images/11703/11703.200@2x.png HTTP/1.1" 404 0 "https://rostov.justgrill.ru/?utm_source=google&utm_medium=cpc&utm_campaign=g_poisk_rostov_v&utm_term=%2B%D0%B3%D0%B4%D0%B5%20%2B%D0%BA%D1%83%D0%BF%D0%B8%D1%82%D1%8C%20%2B%D0%B3%D1%80%D0%B8%D0%BB%D1%8C&utm_content=network%7Cg%7Cposition%7Cnone%7Cad_id%7C473094513526%7Cmatch_type%7Cb%7Cplacement%7C%7Ckeyword%7C%2B%D0%B3%D0%B4%D0%B5%20%2B%D0%BA%D1%83%D0%BF%D0%B8%D1%82%D1%8C%20%2B%D0%B3%D1%80%D0%B8%D0%BB%D1%8C%7Cdevice_type%7Cm%7Cdevice%7C%7Cplacement_category%7C" "Mozilla/5.0 (iPhone; CPU iPhone OS 14_7_1 like Mac OS X) AppleWebKit/605.1.15 (KHTML, like Gecko) Version/14.1.2 Mobile/15E148 Safari/604.1 (compatible; AdsBot-Google-Mobile; +http://www.google.com/mobile/adsbot.html)"
5.182.37.22 - - [08/Apr/2022:00:21:42 +0000] "GET /spetsii-dlya-grilya/nabor-sol-i-perets-110g-melnitsa-mini/ HTTP/1.1" 200 32991 "-" "Mozilla/5.0 (X11; Linux x86_64) AppleWebKit/537.36 (KHTML, like Gecko) Chrome/83.0.2549.68 Safari/537.36"
77.88.5.2 - - [08/Apr/2022:00:21:52 +0000] "GET /?yclid=7710547526903176844 HTTP/1.1" 301 162 "-" "Mozilla/5.0 (compatible; YandexMetrika/2.0; +http://yandex.com/bots yabs01)"
193.57.138.163 - - [08/Apr/2022:00:21:55 +0000] "GET /search/970/%D1%83%D0%B3%D0%BE%D0%BB%D1%8C/ HTTP/1.1" 200 31034 "-" "Mozilla/5.0 (X11; Linux x86_64) AppleWebKit/537.36 (KHTML, like Gecko) Chrome/85.0.4183.83 Safari/537.36"
5.18.235.187 - - [08/Apr/2022:00:22:05 +0000] "GET /brand/kamado-joe/ HTTP/2.0" 200 36248 "https://www.google.ru/" "Mozilla/5.0 (iPhone; CPU iPhone OS 15_0_1 like Mac OS X) AppleWebKit/605.1.15 (KHTML, like Gecko) Version/15.0 Mobile/15E148 Safari/604.1"
5.18.235.187 - - [08/Apr/2022:00:22:05 +0000] "GET /wa-content/font/ruble/arial/fontface.css HTTP/2.0" 200 371 "https://justgrill.ru/brand/kamado-joe/" "Mozilla/5.0 (iPhone; CPU iPhone OS 15_0_1 like Mac OS X) AppleWebKit/605.1.15 (KHTML, like Gecko) Version/15.0 Mobile/15E148 Safari/604.1"
5.18.235.187 - - [08/Apr/2022:00:22:05 +0000] "GET /wa-content/js/jquery-plugins/jquery.cookie.js HTTP/2.0" 200 1343 "https://justgrill.ru/brand/kamado-joe/" "Mozilla/5.0 (iPhone; CPU iPhone OS 15_0_1 like Mac OS X) AppleWebKit/605.1.15 (KHTML, like Gecko) Version/15.0 Mobile/15E148 Safari/604.1"
5.18.235.187 - - [08/Apr/2022:00:22:05 +0000] "GET /wa-content/js/jquery-plugins/jquery.cookie.js?v2.4.1 HTTP/2.0" 200 1343 "https://justgrill.ru/brand/kamado-joe/" "Mozilla/5.0 (iPhone; CPU iPhone OS 15_0_1 like Mac OS X) AppleWebKit/605.1.15 (KHTML, like Gecko) Version/15.0 Mobile/15E148 Safari/604.1"
5.18.235.187 - - [08/Apr/2022:00:22:05 +0000] "GET /wa-content/js/jquery-plugins/jquery.retina.min.js?v2.4.1 HTTP/2.0" 200 900 "https://justgrill.ru/brand/kamado-joe/" "Mozilla/5.0 (iPhone; CPU iPhone OS 15_0_1 like Mac OS X) AppleWebKit/605.1.15 (KHTML, like Gecko) Version/15.0 Mobile/15E148 Safari/604.1"
5.18.235.187 - - [08/Apr/2022:00:22:05 +0000] "GET /wa-content/css/jquery-ui/base/jquery.ui.slider.css HTTP/2.0" 200 331 "https://justgrill.ru/brand/kamado-joe/" "Mozilla/5.0 (iPhone; CPU iPhone OS 15_0_1 like Mac OS X) AppleWebKit/605.1.15 (KHTML, like Gecko) Version/15.0 Mobile/15E148 Safari/604.1"
5.18.235.187 - - [08/Apr/2022:00:22:05 +0000] "GET /wa-content/js/jquery-ui/jquery.ui.core.min.js?v2.4.1 HTTP/2.0" 200 2032 "https://justgrill.ru/brand/kamado-joe/" "Mozilla/5.0 (iPhone; CPU iPhone OS 15_0_1 like Mac OS X) AppleWebKit/605.1.15 (KHTML, like Gecko) Version/15.0 Mobile/15E148 Safari/604.1"
5.18.235.187 - - [08/Apr/2022:00:22:05 +0000] "GET /wa-content/js/jquery-ui/jquery.ui.widget.min.js?v2.4.1 HTTP/2.0" 200 1301 "https://justgrill.ru/brand/kamado-joe/" "Mozilla/5.0 (iPhone; CPU iPhone OS 15_0_1 like Mac OS X) AppleWebKit/605.1.15 (KHTML, like Gecko) Version/15.0 Mobile/15E148 Safari/604.1"
5.18.235.187 - - [08/Apr/2022:00:22:05 +0000] "GET /wa-content/js/jquery-ui/jquery.ui.mouse.min.js?v2.4.1 HTTP/2.0" 200 932 "https://justgrill.ru/brand/kamado-joe/" "Mozilla/5.0 (iPhone; CPU iPhone OS 15_0_1 like Mac OS X) AppleWebKit/605.1.15 (KHTML, like Gecko) Version/15.0 Mobile/15E148 Safari/604.1"
5.18.235.187 - - [08/Apr/2022:00:22:05 +0000] "GET /wa-content/js/jquery-ui/jquery.ui.slider.min.js?v2.4.1 HTTP/2.0" 200 2846 "https://justgrill.ru/brand/kamado-joe/" "Mozilla/5.0 (iPhone; CPU iPhone OS 15_0_1 like Mac OS X) AppleWebKit/605.1.15 (KHTML, like Gecko) Version/15.0 Mobile/15E148 Safari/604.1"
5.18.235.187 - - [08/Apr/2022:00:22:06 +0000] "GET /searchpro-plugin/config/?v1.9.0.1649377325?90452894 HTTP/2.0" 200 558 "https://justgrill.ru/brand/kamado-joe/" "Mozilla/5.0 (iPhone; CPU iPhone OS 15_0_1 like Mac OS X) AppleWebKit/605.1.15 (KHTML, like Gecko) Version/15.0 Mobile/15E148 Safari/604.1"
5.18.235.187 - - [08/Apr/2022:00:22:06 +0000] "GET /searchpro-plugin/config/?v1.9.0.1649377325?694943985 HTTP/2.0" 200 558 "https://justgrill.ru/brand/kamado-joe/" "Mozilla/5.0 (iPhone; CPU iPhone OS 15_0_1 like Mac OS X) AppleWebKit/605.1.15 (KHTML, like Gecko) Version/15.0 Mobile/15E148 Safari/604.1"
5.18.235.187 - - [08/Apr/2022:00:22:06 +0000] "GET /wa-data/public/site/themes/justgrill/fonts/Roboto.woff2 HTTP/2.0" 200 28036 "https://justgrill.ru/brand/kamado-joe/" "Mozilla/5.0 (iPhone; CPU iPhone OS 15_0_1 like Mac OS X) AppleWebKit/605.1.15 (KHTML, like Gecko) Version/15.0 Mobile/15E148 Safari/604.1"
5.18.235.187 - - [08/Apr/2022:00:22:06 +0000] "GET /wa-data/public/site/themes/justgrill/fonts/Robotobold.woff2 HTTP/2.0" 200 28384 "https://justgrill.ru/brand/kamado-joe/" "Mozilla/5.0 (iPhone; CPU iPhone OS 15_0_1 like Mac OS X) AppleWebKit/605.1.15 (KHTML, like Gecko) Version/15.0 Mobile/15E148 Safari/604.1"
5.18.235.187 - - [08/Apr/2022:00:22:06 +0000] "GET /wa-data/public/site/themes/justgrill/fonts/Robotolight.woff2 HTTP/2.0" 200 28296 "https://justgrill.ru/brand/kamado-joe/" "Mozilla/5.0 (iPhone; CPU iPhone OS 15_0_1 like Mac OS X) AppleWebKit/605.1.15 (KHTML, like Gecko) Version/15.0 Mobile/15E148 Safari/604.1"
66.249.66.92 - - [08/Apr/2022:00:22:17 +0000] "GET /ads.txt HTTP/1.1" 404 27020 "-" "Mozilla/5.0 (compatible; Googlebot/2.1; +http://www.google.com/bot.html)"
66.249.66.7 - - [08/Apr/2022:00:22:18 +0000] "GET /ads.txt HTTP/1.1" 404 26921 "-" "Mozilla/5.0 (compatible; Googlebot/2.1; +http://www.google.com/bot.html)"
77.88.5.229 - - [08/Apr/2022:00:22:23 +0000] "GET /aksessuary/chistka-i-ukhod/kocherga-gril/kocherga-dlya-grilya-big-green-egg-l-i-m/ HTTP/1.1" 200 31971 "-" "Mozilla/5.0 (compatible; YandexBot/3.0; +http://yandex.com/bots)"
66.249.66.56 - - [08/Apr/2022:00:22:29 +0000] "GET /aksessuary/chekhly-dlya-griley/chekhol-dlya-griley-performer-deluxe-i-premium/ HTTP/1.1" 301 5 "-" "Mozilla/5.0 (compatible; Googlebot/2.1; +http://www.google.com/bot.html)"
66.249.66.46 - - [08/Apr/2022:00:22:29 +0000] "GET /aksessuary/chekhly-dlya-griley/chekhol-dlya-griley-performer-deluxe-i-premium/ HTTP/1.1" 301 162 "-" "Mozilla/5.0 (compatible; Googlebot/2.1; +http://www.google.com/bot.html)"
66.249.66.55 - - [08/Apr/2022:00:22:30 +0000] "GET /aksessuary/chekhly-dlya-griley/chekhol-dlya-griley-performer-deluxe-i-premium/ HTTP/1.1" 301 5 "-" "Mozilla/5.0 (compatible; Googlebot/2.1; +http://www.google.com/bot.html)"
66.249.66.55 - - [08/Apr/2022:00:22:30 +0000] "GET /aksessuary/chekhly-dlya-griley/chekhol-dlya-griley-weber-performer-deluxe-i-premium/ HTTP/1.1" 200 35043 "-" "Mozilla/5.0 (compatible; Googlebot/2.1; +http://www.google.com/bot.html)"
5.18.235.187 - - [08/Apr/2022:00:22:41 +0000] "GET /wa-data/public/site/themes/justgrill/fonts/Roboto.woff HTTP/2.0" 200 36084 "https://justgrill.ru/brand/kamado-joe/" "Mozilla/5.0 (iPhone; CPU iPhone OS 15_0_1 like Mac OS X) AppleWebKit/605.1.15 (KHTML, like Gecko) Version/15.0 Mobile/15E148 Safari/604.1"
5.18.235.187 - - [08/Apr/2022:00:22:41 +0000] "GET /wa-data/public/site/themes/justgrill/fonts/Robotobold.woff HTTP/2.0" 200 36584 "https://justgrill.ru/brand/kamado-joe/" "Mozilla/5.0 (iPhone; CPU iPhone OS 15_0_1 like Mac OS X) AppleWebKit/605.1.15 (KHTML, like Gecko) Version/15.0 Mobile/15E148 Safari/604.1"
5.18.235.187 - - [08/Apr/2022:00:22:41 +0000] "GET /wa-data/public/site/themes/justgrill/fonts/Robotolight.woff HTTP/2.0" 200 36236 "https://justgrill.ru/brand/kamado-joe/" "Mozilla/5.0 (iPhone; CPU iPhone OS 15_0_1 like Mac OS X) AppleWebKit/605.1.15 (KHTML, like Gecko) Version/15.0 Mobile/15E148 Safari/604.1"
5.18.235.187 - - [08/Apr/2022:00:22:41 +0000] "GET /wa-data/public/site/themes/justgrill/fonts/Robotomedium.woff2 HTTP/2.0" 200 28312 "https://justgrill.ru/brand/kamado-joe/" "Mozilla/5.0 (iPhone; CPU iPhone OS 15_0_1 like Mac OS X) AppleWebKit/605.1.15 (KHTML, like Gecko) Version/15.0 Mobile/15E148 Safari/604.1"
5.18.235.187 - - [08/Apr/2022:00:22:41 +0000] "GET /wa-content/font/ruble/arial/alsrubl-arial-regular.woff HTTP/2.0" 200 1788 "https://justgrill.ru/brand/kamado-joe/" "Mozilla/5.0 (iPhone; CPU iPhone OS 15_0_1 like Mac OS X) AppleWebKit/605.1.15 (KHTML, like Gecko) Version/15.0 Mobile/15E148 Safari/604.1"
5.18.235.187 - - [08/Apr/2022:00:22:41 +0000] "GET /wa-content/js/signup/signup.js?v=8.21.0.1649377325 HTTP/2.0" 200 6675 "https://justgrill.ru/brand/kamado-joe/" "Mozilla/5.0 (iPhone; CPU iPhone OS 15_0_1 like Mac OS X) AppleWebKit/605.1.15 (KHTML, like Gecko) Version/15.0 Mobile/15E148 Safari/604.1"
5.18.235.187 - - [08/Apr/2022:00:22:41 +0000] "GET /wa-content/css/signup/signup.css?v=8.21.0.1649377325 HTTP/2.0" 200 1909 "https://justgrill.ru/brand/kamado-joe/" "Mozilla/5.0 (iPhone; CPU iPhone OS 15_0_1 like Mac OS X) AppleWebKit/605.1.15 (KHTML, like Gecko) Version/15.0 Mobile/15E148 Safari/604.1"
5.18.235.187 - - [08/Apr/2022:00:22:42 +0000] "GET /wa-content/js/login/login-frontend-form.min.js?v=8.21.0.1649377325 HTTP/2.0" 200 5488 "https://justgrill.ru/brand/kamado-joe/" "Mozilla/5.0 (iPhone; CPU iPhone OS 15_0_1 like Mac OS X) AppleWebKit/605.1.15 (KHTML, like Gecko) Version/15.0 Mobile/15E148 Safari/604.1"
5.18.235.187 - - [08/Apr/2022:00:22:42 +0000] "GET /wa-content/css/login/frontend/login.css?v=8.21.0.1649377325 HTTP/2.0" 200 1762 "https://justgrill.ru/brand/kamado-joe/" "Mozilla/5.0 (iPhone; CPU iPhone OS 15_0_1 like Mac OS X) AppleWebKit/605.1.15 (KHTML, like Gecko) Version/15.0 Mobile/15E148 Safari/604.1"
5.18.235.187 - - [08/Apr/2022:00:22:42 +0000] "GET /wa-content/font/ruble/arial/alsrubl-arial-bold.woff HTTP/2.0" 200 1792 "https://justgrill.ru/brand/kamado-joe/" "Mozilla/5.0 (iPhone; CPU iPhone OS 15_0_1 like Mac OS X) AppleWebKit/605.1.15 (KHTML, like Gecko) Version/15.0 Mobile/15E148 Safari/604.1"
5.18.235.187 - - [08/Apr/2022:00:22:42 +0000] "GET /wa-data/public/site/themes/justgrill/fonts/Robotoblack.woff2 HTTP/2.0" 200 28452 "https://justgrill.ru/brand/kamado-joe/" "Mozilla/5.0 (iPhone; CPU iPhone OS 15_0_1 like Mac OS X) AppleWebKit/605.1.15 (KHTML, like Gecko) Version/15.0 Mobile/15E148 Safari/604.1"
5.18.235.187 - - [08/Apr/2022:00:22:42 +0000] "GET /wa-content/js/login/forgotpassword-frontend-form.min.js?v=8.21.0.1649377325 HTTP/2.0" 200 4709 "https://justgrill.ru/brand/kamado-joe/" "Mozilla/5.0 (iPhone; CPU iPhone OS 15_0_1 like Mac OS X) AppleWebKit/605.1.15 (KHTML, like Gecko) Version/15.0 Mobile/15E148 Safari/604.1"
5.18.235.187 - - [08/Apr/2022:00:22:42 +0000] "GET /wa-content/css/login/frontend/forgot-password.css?v=8.21.0.1649377325 HTTP/2.0" 200 1560 "https://justgrill.ru/brand/kamado-joe/" "Mozilla/5.0 (iPhone; CPU iPhone OS 15_0_1 like Mac OS X) AppleWebKit/605.1.15 (KHTML, like Gecko) Version/15.0 Mobile/15E148 Safari/604.1"
5.18.235.187 - - [08/Apr/2022:00:22:43 +0000] "GET /wa-data/public/site/themes/justgrill/img/basket.svg HTTP/2.0" 200 3868 "https://justgrill.ru/brand/kamado-joe/" "Mozilla/5.0 (iPhone; CPU iPhone OS 15_0_1 like Mac OS X) AppleWebKit/605.1.15 (KHTML, like Gecko) Version/15.0 Mobile/15E148 Safari/604.1"
5.18.235.187 - - [08/Apr/2022:00:22:43 +0000] "GET /wa-data/public/site/themes/justgrill/img/user.svg HTTP/2.0" 200 5703 "https://justgrill.ru/brand/kamado-joe/" "Mozilla/5.0 (iPhone; CPU iPhone OS 15_0_1 like Mac OS X) AppleWebKit/605.1.15 (KHTML, like Gecko) Version/15.0 Mobile/15E148 Safari/604.1"
5.18.235.187 - - [08/Apr/2022:00:22:43 +0000] "GET /wa-data/public/site/themes/justgrill/img/menu-arrow-right.svg HTTP/2.0" 200 202 "https://justgrill.ru/brand/kamado-joe/" "Mozilla/5.0 (iPhone; CPU iPhone OS 15_0_1 like Mac OS X) AppleWebKit/605.1.15 (KHTML, like Gecko) Version/15.0 Mobile/15E148 Safari/604.1"
5.18.235.187 - - [08/Apr/2022:00:22:43 +0000] "GET /wa-data/public/site/themes/justgrill/img/menu-arrow-left.svg HTTP/2.0" 200 201 "https://justgrill.ru/brand/kamado-joe/" "Mozilla/5.0 (iPhone; CPU iPhone OS 15_0_1 like Mac OS X) AppleWebKit/605.1.15 (KHTML, like Gecko) Version/15.0 Mobile/15E148 Safari/604.1"
5.18.235.187 - - [08/Apr/2022:00:22:43 +0000] "GET /wa-data/public/site/themes/justgrill/img/arrow-f.svg HTTP/2.0" 200 223 "https://justgrill.ru/brand/kamado-joe/" "Mozilla/5.0 (iPhone; CPU iPhone OS 15_0_1 like Mac OS X) AppleWebKit/605.1.15 (KHTML, like Gecko) Version/15.0 Mobile/15E148 Safari/604.1"
5.18.235.187 - - [08/Apr/2022:00:22:43 +0000] "GET /wa-data/public/site/themes/justgrill/img/phone.svg HTTP/2.0" 200 99750 "https://justgrill.ru/brand/kamado-joe/" "Mozilla/5.0 (iPhone; CPU iPhone OS 15_0_1 like Mac OS X) AppleWebKit/605.1.15 (KHTML, like Gecko) Version/15.0 Mobile/15E148 Safari/604.1"
5.18.235.187 - - [08/Apr/2022:00:22:43 +0000] "GET /wa-data/public/site/themes/justgrill/img/email.svg HTTP/2.0" 200 354 "https://justgrill.ru/brand/kamado-joe/" "Mozilla/5.0 (iPhone; CPU iPhone OS 15_0_1 like Mac OS X) AppleWebKit/605.1.15 (KHTML, like Gecko) Version/15.0 Mobile/15E148 Safari/604.1"
5.18.235.187 - - [08/Apr/2022:00:22:43 +0000] "GET /wa-data/public/site/themes/justgrill/img/adress.svg HTTP/2.0" 200 80968 "https://justgrill.ru/brand/kamado-joe/" "Mozilla/5.0 (iPhone; CPU iPhone OS 15_0_1 like Mac OS X) AppleWebKit/605.1.15 (KHTML, like Gecko) Version/15.0 Mobile/15E148 Safari/604.1"
5.18.235.187 - - [08/Apr/2022:00:22:44 +0000] "GET /ecommerce_prepare_data/products_list/?state_json=%7B%22sku_ids%22%3A%5B%2211055%22%2C%229648%22%2C%2210621%22%2C%229458%22%2C%229649%22%2C%229650%22%2C%228949%22%2C%2212100%22%2C%228992%22%2C%2210957%22%2C%2210956%22%2C%2211169%22%2C%2211168%22%2C%229700%22%2C%229706%22%2C%2210782%22%2C%229695%22%2C%2210841%22%2C%229699%22%2C%229462%22%2C%229696%22%2C%229656%22%2C%229705%22%2C%229708%22%2C%229654%22%2C%229703%22%2C%229657%22%2C%229211%22%2C%229652%22%2C%2210810%22%5D%2C%22list_name%22%3A%22%22%7D HTTP/2.0" 200 1443 "https://justgrill.ru/brand/kamado-joe/" "Mozilla/5.0 (iPhone; CPU iPhone OS 15_0_1 like Mac OS X) AppleWebKit/605.1.15 (KHTML, like Gecko) Version/15.0 Mobile/15E148 Safari/604.1"
5.18.235.187 - - [08/Apr/2022:00:22:44 +0000] "GET /favicon.ico HTTP/2.0" 200 54978 "https://justgrill.ru/brand/kamado-joe/" "Mozilla/5.0 (iPhone; CPU iPhone OS 15_0_1 like Mac OS X) AppleWebKit/605.1.15 (KHTML, like Gecko) Version/15.0 Mobile/15E148 Safari/604.1"
5.18.235.187 - - [08/Apr/2022:00:22:44 +0000] "GET /regions/getPopupContent/ HTTP/2.0" 200 1023 "https://justgrill.ru/brand/kamado-joe/" "Mozilla/5.0 (iPhone; CPU iPhone OS 15_0_1 like Mac OS X) AppleWebKit/605.1.15 (KHTML, like Gecko) Version/15.0 Mobile/15E148 Safari/604.1"
185.191.171.4 - - [08/Apr/2022:00:22:48 +0000] "GET /aksessuary/oborudovanie/termometry-gril/big-green-egg/ HTTP/1.1" 200 31038 "-" "Mozilla/5.0 (compatible; SemrushBot/7~bl; +http://www.semrush.com/bot.html)"
77.88.5.171 - - [08/Apr/2022:00:22:57 +0000] "GET /?yclid=7710547526903176844 HTTP/1.1" 301 162 "-" "Mozilla/5.0 (compatible; YandexMetrika/2.0; +http://yandex.com/bots yabs01)"
5.18.235.187 - - [08/Apr/2022:00:23:02 +0000] "GET /brand/kamado-joe/?sort=price&order=desc HTTP/2.0" 200 36271 "https://justgrill.ru/brand/kamado-joe/" "Mozilla/5.0 (iPhone; CPU iPhone OS 15_0_1 like Mac OS X) AppleWebKit/605.1.15 (KHTML, like Gecko) Version/15.0 Mobile/15E148 Safari/604.1"
5.18.235.187 - - [08/Apr/2022:00:23:03 +0000] "GET /searchpro-plugin/config/?v1.9.0.1649377382?1694735182 HTTP/2.0" 200 558 "https://justgrill.ru/brand/kamado-joe/?sort=price&order=desc" "Mozilla/5.0 (iPhone; CPU iPhone OS 15_0_1 like Mac OS X) AppleWebKit/605.1.15 (KHTML, like Gecko) Version/15.0 Mobile/15E148 Safari/604.1"
5.18.235.187 - - [08/Apr/2022:00:23:03 +0000] "GET /wa-data/public/site/themes/justgrill/fonts/Roboto.woff2 HTTP/2.0" 200 28036 "https://justgrill.ru/brand/kamado-joe/?sort=price&order=desc" "Mozilla/5.0 (iPhone; CPU iPhone OS 15_0_1 like Mac OS X) AppleWebKit/605.1.15 (KHTML, like Gecko) Version/15.0 Mobile/15E148 Safari/604.1"
5.18.235.187 - - [08/Apr/2022:00:23:03 +0000] "GET /wa-data/public/site/themes/justgrill/fonts/Robotobold.woff2 HTTP/2.0" 200 28384 "https://justgrill.ru/brand/kamado-joe/?sort=price&order=desc" "Mozilla/5.0 (iPhone; CPU iPhone OS 15_0_1 like Mac OS X) AppleWebKit/605.1.15 (KHTML, like Gecko) Version/15.0 Mobile/15E148 Safari/604.1"
5.18.235.187 - - [08/Apr/2022:00:23:03 +0000] "GET /wa-data/public/site/themes/justgrill/fonts/Robotolight.woff2 HTTP/2.0" 200 28296 "https://justgrill.ru/brand/kamado-joe/?sort=price&order=desc" "Mozilla/5.0 (iPhone; CPU iPhone OS 15_0_1 like Mac OS X) AppleWebKit/605.1.15 (KHTML, like Gecko) Version/15.0 Mobile/15E148 Safari/604.1"
5.18.235.187 - - [08/Apr/2022:00:23:03 +0000] "GET /searchpro-plugin/config/?v1.9.0.1649377382?1871044737 HTTP/2.0" 200 558 "https://justgrill.ru/brand/kamado-joe/?sort=price&order=desc" "Mozilla/5.0 (iPhone; CPU iPhone OS 15_0_1 like Mac OS X) AppleWebKit/605.1.15 (KHTML, like Gecko) Version/15.0 Mobile/15E148 Safari/604.1"
54.36.148.38 - - [08/Apr/2022:00:23:03 +0000] "GET /search/1006/md-%D0%BA%D0%B5%D1%80%D0%B0%D0%BC%D0%B8%D0%BA%D0%B0/ HTTP/2.0" 200 30410 "-" "Mozilla/5.0 (compatible; AhrefsBot/7.0; +http://ahrefs.com/robot/)"
5.18.235.187 - - [08/Apr/2022:00:23:03 +0000] "GET /wa-apps/shop/plugins/searchpro/fonts/Roboto/Roboto-Regular.woff2 HTTP/2.0" 200 66004 "https://justgrill.ru/brand/kamado-joe/?sort=price&order=desc" "Mozilla/5.0 (iPhone; CPU iPhone OS 15_0_1 like Mac OS X) AppleWebKit/605.1.15 (KHTML, like Gecko) Version/15.0 Mobile/15E148 Safari/604.1"
5.18.235.187 - - [08/Apr/2022:00:23:04 +0000] "GET /wa-content/js/signup/signup.js?v=8.21.0.1649377382 HTTP/2.0" 200 6675 "https://justgrill.ru/brand/kamado-joe/?sort=price&order=desc" "Mozilla/5.0 (iPhone; CPU iPhone OS 15_0_1 like Mac OS X) AppleWebKit/605.1.15 (KHTML, like Gecko) Version/15.0 Mobile/15E148 Safari/604.1"
5.18.235.187 - - [08/Apr/2022:00:23:04 +0000] "GET /wa-content/css/signup/signup.css?v=8.21.0.1649377382 HTTP/2.0" 200 1909 "https://justgrill.ru/brand/kamado-joe/?sort=price&order=desc" "Mozilla/5.0 (iPhone; CPU iPhone OS 15_0_1 like Mac OS X) AppleWebKit/605.1.15 (KHTML, like Gecko) Version/15.0 Mobile/15E148 Safari/604.1"
5.18.235.187 - - [08/Apr/2022:00:23:04 +0000] "GET /wa-content/js/login/login-frontend-form.min.js?v=8.21.0.1649377382 HTTP/2.0" 200 5488 "https://justgrill.ru/brand/kamado-joe/?sort=price&order=desc" "Mozilla/5.0 (iPhone; CPU iPhone OS 15_0_1 like Mac OS X) AppleWebKit/605.1.15 (KHTML, like Gecko) Version/15.0 Mobile/15E148 Safari/604.1"
5.18.235.187 - - [08/Apr/2022:00:23:04 +0000] "GET /wa-content/css/login/frontend/login.css?v=8.21.0.1649377382 HTTP/2.0" 200 1762 "https://justgrill.ru/brand/kamado-joe/?sort=price&order=desc" "Mozilla/5.0 (iPhone; CPU iPhone OS 15_0_1 like Mac OS X) AppleWebKit/605.1.15 (KHTML, like Gecko) Version/15.0 Mobile/15E148 Safari/604.1"
5.18.235.187 - - [08/Apr/2022:00:23:04 +0000] "GET /wa-content/js/login/forgotpassword-frontend-form.min.js?v=8.21.0.1649377382 HTTP/2.0" 200 4709 "https://justgrill.ru/brand/kamado-joe/?sort=price&order=desc" "Mozilla/5.0 (iPhone; CPU iPhone OS 15_0_1 like Mac OS X) AppleWebKit/605.1.15 (KHTML, like Gecko) Version/15.0 Mobile/15E148 Safari/604.1"
5.18.235.187 - - [08/Apr/2022:00:23:04 +0000] "GET /wa-content/css/login/frontend/forgot-password.css?v=8.21.0.1649377382 HTTP/2.0" 200 1560 "https://justgrill.ru/brand/kamado-joe/?sort=price&order=desc" "Mozilla/5.0 (iPhone; CPU iPhone OS 15_0_1 like Mac OS X) AppleWebKit/605.1.15 (KHTML, like Gecko) Version/15.0 Mobile/15E148 Safari/604.1"
5.18.235.187 - - [08/Apr/2022:00:23:05 +0000] "GET /ecommerce_prepare_data/products_list/?state_json=%7B%22sku_ids%22%3A%5B%2211055%22%2C%229648%22%2C%2210621%22%2C%229458%22%2C%229649%22%2C%229650%22%2C%228949%22%2C%2212100%22%2C%228992%22%2C%2210957%22%2C%2210956%22%2C%2211169%22%2C%2211168%22%2C%229700%22%2C%229706%22%2C%2210782%22%2C%229695%22%2C%2210841%22%2C%229699%22%2C%229462%22%2C%229696%22%2C%229656%22%2C%229705%22%2C%229708%22%2C%229654%22%2C%229703%22%2C%229657%22%2C%229211%22%2C%229652%22%2C%2210810%22%5D%2C%22list_name%22%3A%22%22%7D HTTP/2.0" 200 1443 "https://justgrill.ru/brand/kamado-joe/?sort=price&order=desc" "Mozilla/5.0 (iPhone; CPU iPhone OS 15_0_1 like Mac OS X) AppleWebKit/605.1.15 (KHTML, like Gecko) Version/15.0 Mobile/15E148 Safari/604.1"
5.18.235.187 - - [08/Apr/2022:00:23:05 +0000] "GET /regions/getPopupContent/ HTTP/2.0" 200 1023 "https://justgrill.ru/brand/kamado-joe/?sort=price&order=desc" "Mozilla/5.0 (iPhone; CPU iPhone OS 15_0_1 like Mac OS X) AppleWebKit/605.1.15 (KHTML, like Gecko) Version/15.0 Mobile/15E148 Safari/604.1"
37.9.71.212 - - [08/Apr/2022:00:23:16 +0000] "POST /ym_api/1/?action=/cart HTTP/1.1" 200 110 "-" "Apache-HttpClient/4.5.6 (Java/11.0.8-shenandoah)"
213.164.204.116 - - [08/Apr/2022:00:23:23 +0000] "GET /.git/config HTTP/2.0" 302 0 "-" "Mozilla/5.0 (Windows NT 5.1; rv:5.0.3) Gecko/20100401 Firefox/5.0.3"
213.164.204.116 - - [08/Apr/2022:00:23:24 +0000] "GET /webasyst/ HTTP/2.0" 200 6027 "-" "Mozilla/5.0 (Windows NT 5.1; rv:5.0.3) Gecko/20100401 Firefox/5.0.3"
5.18.235.187 - - [08/Apr/2022:00:23:25 +0000] "GET /grili/keramicheskie/kamado-joe/classic/keramicheskij-gril-kamado-joe-classic/ HTTP/2.0" 200 38188 "https://justgrill.ru/brand/kamado-joe/?sort=price&order=desc" "Mozilla/5.0 (iPhone; CPU iPhone OS 15_0_1 like Mac OS X) AppleWebKit/605.1.15 (KHTML, like Gecko) Version/15.0 Mobile/15E148 Safari/604.1"
5.18.235.187 - - [08/Apr/2022:00:23:28 +0000] "GET /grili/keramicheskie/kamado-joe/classic/keramicheskij-gril-kamado-joe-classic/ HTTP/2.0" 200 38186 "https://justgrill.ru/brand/kamado-joe/?sort=price&order=desc" "Mozilla/5.0 (iPhone; CPU iPhone OS 15_0_1 like Mac OS X) AppleWebKit/605.1.15 (KHTML, like Gecko) Version/15.0 Mobile/15E148 Safari/604.1"
66.249.66.55 - - [08/Apr/2022:00:23:28 +0000] "GET /aksessuary/dlya-kopcheniya/pellety/pellety-dlya-kopcheniya-gikori-paket-9-2kg-broil-king/ HTTP/1.1" 200 32652 "-" "Mozilla/5.0 (Linux; Android 6.0.1; Nexus 5X Build/MMB29P) AppleWebKit/537.36 (KHTML, like Gecko) Chrome/100.0.4896.75 Mobile Safari/537.36 (compatible; Googlebot/2.1; +http://www.google.com/bot.html)"
77.88.5.229 - - [08/Apr/2022:00:23:33 +0000] "GET /aksessuary/fartuki-i-rukavitsy/termostoykaya-perchatka-dlya-grillinga/reviews/ HTTP/1.1" 301 5 "-" "Mozilla/5.0 (compatible; YandexBot/3.0; +http://yandex.com/bots)"
77.88.5.229 - - [08/Apr/2022:00:23:36 +0000] "GET /aksessuary/odezhda-gril/perchatka-gril/termostoykaya-perchatka-dlya-grillinga-napoleon/reviews/ HTTP/1.1" 200 31116 "-" "Mozilla/5.0 (compatible; YandexBot/3.0; +http://yandex.com/bots)"
185.191.171.4 - - [08/Apr/2022:00:23:55 +0000] "GET /search/1034/%D1%80%D0%BE%D1%81%D1%81%D0%B8%D1%8F/ HTTP/1.1" 200 33319 "-" "Mozilla/5.0 (compatible; SemrushBot/7~bl; +http://www.semrush.com/bot.html)"
185.191.171.1 - - [08/Apr/2022:00:24:13 +0000] "GET /grili/ugolnye/ugol-gril-52-sm/?diametr%5B0%5D=3789&order=desc&sort=price HTTP/1.1" 301 5 "-" "Mozilla/5.0 (compatible; SemrushBot/7~bl; +http://www.semrush.com/bot.html)"
185.191.171.34 - - [08/Apr/2022:00:24:15 +0000] "GET /aksessuary/podstavki-i-rostery/roster-gril/char-broil/ HTTP/1.1" 200 29306 "-" "Mozilla/5.0 (compatible; SemrushBot/7~bl; +http://www.semrush.com/bot.html)"
185.191.171.45 - - [08/Apr/2022:00:24:16 +0000] "GET /grili/ugolnye/ugol-gril-52-sm/?order=desc&sort=price HTTP/1.1" 200 29466 "-" "Mozilla/5.0 (compatible; SemrushBot/7~bl; +http://www.semrush.com/bot.html)"
185.191.171.35 - - [08/Apr/2022:00:24:19 +0000] "GET /grili/ugolnye/ugol-gril-52-sm/ HTTP/1.1" 200 29447 "-" "Mozilla/5.0 (compatible; SemrushBot/7~bl; +http://www.semrush.com/bot.html)"
93.158.161.2 - - [08/Apr/2022:00:25:16 +0000] "GET / HTTP/1.1" 301 162 "-" "Mozilla/5.0 (compatible; YandexMetrika/2.0; +http://yandex.com/bots yabs01)"
77.88.5.229 - - [08/Apr/2022:00:25:21 +0000] "GET /arkhiv/203431-gazovyy-gril-adelaide-3-woody/ HTTP/1.1" 404 27153 "-" "Mozilla/5.0 (compatible; YandexBot/3.0; +http://yandex.com/bots)"
54.36.148.173 - - [08/Apr/2022:00:25:37 +0000] "GET /search/1009/md-%D0%BA%D0%B5%D1%80%D0%B0%D0%BC%D0%B8%D0%BA%D0%B0/ HTTP/2.0" 200 30191 "-" "Mozilla/5.0 (compatible; AhrefsBot/7.0; +http://ahrefs.com/robot/)"
141.98.170.3 - - [08/Apr/2022:00:25:40 +0000] "GET /aksessuary/ugli-i-rozzhigi/rozzhig-gril/brikety-dlya-rozzhiga-uglya-big-green-egg-drevesnye-24-sht/ HTTP/1.1" 200 34287 "-" "Mozilla/5.0 (X11; Linux x86_64) AppleWebKit/537.36 (KHTML, like Gecko) Chrome/83.0.2549.68 Safari/537.36"
185.191.171.39 - - [08/Apr/2022:00:25:40 +0000] "GET /aksessuary/podstavki-i-rostery/roster-gril/roster-dlya-kuritsy-broil-king-s-poddonom-termometrom-s-silikonovoy-faskoy/ HTTP/1.1" 200 33380 "-" "Mozilla/5.0 (compatible; SemrushBot/7~bl; +http://www.semrush.com/bot.html)"
