77.88.5.70 - - [08/Apr/2022:00:57:34 +0000] "GET /grili/elektricheskie/ HTTP/1.1" 200 29421 "-" "Mozilla/5.0 (compatible; YandexBot/3.0; +http://yandex.com/bots)"
185.191.171.24 - - [08/Apr/2022:00:57:36 +0000] "GET /grili/ugolnye/gril-pelletnyy-char-broil-oklahoma-joes-rider-dlx/ HTTP/1.1" 200 34571 "-" "Mozilla/5.0 (compatible; SemrushBot/7~bl; +http://www.semrush.com/bot.html)"
77.88.5.229 - - [08/Apr/2022:00:57:36 +0000] "GET /grili/ugolnye/ HTTP/1.1" 200 36878 "-" "Mozilla/5.0 (compatible; YandexBot/3.0; +http://yandex.com/bots) AppleWebKit/537.36 (KHTML, like Gecko) Chrome/81.0.4044.268"
77.88.5.70 - - [08/Apr/2022:00:57:37 +0000] "GET /grili/keramicheskie/monolith/ HTTP/1.1" 200 31001 "-" "Mozilla/5.0 (compatible; YandexBot/3.0; +http://yandex.com/bots) AppleWebKit/537.36 (KHTML, like Gecko) Chrome/81.0.4044.268"
93.158.161.33 - - [08/Apr/2022:00:57:38 +0000] "GET /aksessuary/instrumenty/ HTTP/1.1" 200 36558 "-" "Mozilla/5.0 (compatible; YandexBot/3.0; +http://yandex.com/bots)"
93.158.161.33 - - [08/Apr/2022:00:57:39 +0000] "GET /aksessuary/chistka-i-ukhod/sovok-gril/ HTTP/1.1" 200 28739 "-" "Mozilla/5.0 (compatible; YandexBot/3.0; +http://yandex.com/bots) AppleWebKit/537.36 (KHTML, like Gecko) Chrome/81.0.4044.268"
77.88.5.229 - - [08/Apr/2022:00:57:40 +0000] "GET /aksessuary/dlya-pitstsy/kamni-pitstsa/ HTTP/1.1" 200 30981 "-" "Mozilla/5.0 (compatible; YandexBot/3.0; +http://yandex.com/bots) AppleWebKit/537.36 (KHTML, like Gecko) Chrome/81.0.4044.268"
77.88.5.70 - - [08/Apr/2022:00:57:40 +0000] "GET /aksessuary/chistka-i-ukhod/sredstva-chistki-grilya/ HTTP/1.1" 200 30472 "-" "Mozilla/5.0 (compatible; YandexBot/3.0; +http://yandex.com/bots) AppleWebKit/537.36 (KHTML, like Gecko) Chrome/81.0.4044.268"
93.158.161.33 - - [08/Apr/2022:00:57:41 +0000] "GET /obogrevateli-ulichnye/gazovye/ HTTP/1.1" 200 34806 "-" "Mozilla/5.0 (compatible; YandexBot/3.0; +http://yandex.com/bots) AppleWebKit/537.36 (KHTML, like Gecko) Chrome/81.0.4044.268"
77.88.5.70 - - [08/Apr/2022:00:57:42 +0000] "GET /kontakty/ HTTP/1.1" 200 27021 "-" "Mozilla/5.0 (compatible; YandexBot/3.0; +http://yandex.com/bots) AppleWebKit/537.36 (KHTML, like Gecko) Chrome/81.0.4044.268"
66.249.92.211 - - [08/Apr/2022:00:57:42 +0000] "GET /searchpro-plugin/config/?v1.9.0.1648874357?2062180843 HTTP/1.1" 200 574 "https://rostov.justgrill.ru/brand/weber/?utm_source=google&utm_medium=cpc&utm_campaign=g_poisk_rostov_v&utm_term=%D0%BA%D0%BE%D0%BF%D1%82%D0%B8%D0%BB%D1%8C%D0%BD%D1%8F%20%D0%B2%D0%B5%D0%B1%D0%B5%D1%80&utm_content=network%7Cg%7Cposition%7Cnone%7Cad_id%7C210178513098%7Cmatch_type%7Cb%7Cplacement%7C%7Ckeyword%7C%D0%BA%D0%BE%D0%BF%D1%82%D0%B8%D0%BB%D1%8C%D0%BD%D1%8F%20%D0%B2%D0%B5%D0%B1%D0%B5%D1%80%7Cdevice_type%7Cm%7Cdevice%7C%7Cplacement_category%7C" "Mozilla/5.0 (iPhone; CPU iPhone OS 14_7_1 like Mac OS X) AppleWebKit/605.1.15 (KHTML, like Gecko) Version/14.1.2 Mobile/15E148 Safari/604.1 (compatible; AdsBot-Google-Mobile; +http://www.google.com/mobile/adsbot.html)"
66.249.92.211 - - [08/Apr/2022:00:57:42 +0000] "GET /searchpro-plugin/config/?v1.9.0.1648874357?1901617817 HTTP/1.1" 200 574 "https://rostov.justgrill.ru/brand/weber/?utm_source=google&utm_medium=cpc&utm_campaign=g_poisk_rostov_v&utm_term=%D0%BA%D0%BE%D0%BF%D1%82%D0%B8%D0%BB%D1%8C%D0%BD%D1%8F%20%D0%B2%D0%B5%D0%B1%D0%B5%D1%80&utm_content=network%7Cg%7Cposition%7Cnone%7Cad_id%7C210178513098%7Cmatch_type%7Cb%7Cplacement%7C%7Ckeyword%7C%D0%BA%D0%BE%D0%BF%D1%82%D0%B8%D0%BB%D1%8C%D0%BD%D1%8F%20%D0%B2%D0%B5%D0%B1%D0%B5%D1%80%7Cdevice_type%7Cm%7Cdevice%7C%7Cplacement_category%7C" "Mozilla/5.0 (iPhone; CPU iPhone OS 14_7_1 like Mac OS X) AppleWebKit/605.1.15 (KHTML, like Gecko) Version/14.1.2 Mobile/15E148 Safari/604.1 (compatible; AdsBot-Google-Mobile; +http://www.google.com/mobile/adsbot.html)"
66.249.92.211 - - [08/Apr/2022:00:57:43 +0000] "GET /searchpro-plugin/config/?v1.9.0.1648923686?697681791 HTTP/1.1" 200 574 "https://rostov.justgrill.ru/?utm_source=google&utm_medium=cpc&utm_campaign=g_poisk_rostov_v&utm_term=%2B%D0%B3%D0%B4%D0%B5%20%2B%D0%BA%D1%83%D0%BF%D0%B8%D1%82%D1%8C%20%2B%D0%B3%D1%80%D0%B8%D0%BB%D1%8C&utm_content=network%7Cg%7Cposition%7Cnone%7Cad_id%7C473094513526%7Cmatch_type%7Cb%7Cplacement%7C%7Ckeyword%7C%2B%D0%B3%D0%B4%D0%B5%20%2B%D0%BA%D1%83%D0%BF%D0%B8%D1%82%D1%8C%20%2B%D0%B3%D1%80%D0%B8%D0%BB%D1%8C%7Cdevice_type%7Cm%7Cdevice%7C%7Cplacement_category%7C" "Mozilla/5.0 (iPhone; CPU iPhone OS 14_7_1 like Mac OS X) AppleWebKit/605.1.15 (KHTML, like Gecko) Version/14.1.2 Mobile/15E148 Safari/604.1 (compatible; AdsBot-Google-Mobile; +http://www.google.com/mobile/adsbot.html)"
93.158.161.33 - - [08/Apr/2022:00:57:43 +0000] "GET /wa-content/js/jquery-plugins/jquery.cookie.js HTTP/1.1" 200 1355 "https://saratov.justgrill.ru/aksessuary/chistka-i-ukhod/sredstva-chistki-grilya/" "Mozilla/5.0 (compatible; YandexBot/3.0; +http://yandex.com/bots) AppleWebKit/537.36 (KHTML, like Gecko) Chrome/81.0.4044.268"
77.88.5.229 - - [08/Apr/2022:00:57:46 +0000] "GET /wa-content/js/jquery-plugins/jquery.cookie.js HTTP/1.1" 200 1355 "https://saratov.justgrill.ru/aksessuary/chistka-i-ukhod/sovok-gril/" "Mozilla/5.0 (compatible; YandexBot/3.0; +http://yandex.com/bots) AppleWebKit/537.36 (KHTML, like Gecko) Chrome/81.0.4044.268"
77.88.5.70 - - [08/Apr/2022:00:57:46 +0000] "GET /wa-content/js/jquery-plugins/jquery.cookie.js HTTP/1.1" 200 1355 "https://saratov.justgrill.ru/grili/ugolnye/" "Mozilla/5.0 (compatible; YandexBot/3.0; +http://yandex.com/bots) AppleWebKit/537.36 (KHTML, like Gecko) Chrome/81.0.4044.268"
93.158.161.33 - - [08/Apr/2022:00:57:50 +0000] "GET /grili/gazovye/weber/traveller/gril-gazovyy-weber-traveler-chernyy/ HTTP/1.1" 200 35278 "-" "Mozilla/5.0 (compatible; YandexBot/3.0; +http://yandex.com/bots)"
77.88.5.229 - - [08/Apr/2022:00:57:51 +0000] "GET /grili/gazovye/weber/ HTTP/1.1" 200 34999 "-" "Mozilla/5.0 (compatible; YandexBot/3.0; +http://yandex.com/bots)"
77.88.5.70 - - [08/Apr/2022:00:58:02 +0000] "GET /aksessuary/reshetki/reshetka-gril/stalnaya-reshetka-ik-gorelki-sizzle-zone-rogue-xt/ HTTP/1.1" 200 31377 "-" "Mozilla/5.0 (compatible; YandexBot/3.0; +http://yandex.com/bots)"
66.249.92.213 - - [08/Apr/2022:00:58:02 +0000] "GET /wa-content/js/signup/signup.js?v=8.21.0.1648874357 HTTP/1.1" 200 6688 "https://rostov.justgrill.ru/brand/weber/?utm_source=google&utm_medium=cpc&utm_campaign=g_poisk_rostov_v&utm_term=%D0%BA%D0%BE%D0%BF%D1%82%D0%B8%D0%BB%D1%8C%D0%BD%D1%8F%20%D0%B2%D0%B5%D0%B1%D0%B5%D1%80&utm_content=network%7Cg%7Cposition%7Cnone%7Cad_id%7C210178513098%7Cmatch_type%7Cb%7Cplacement%7C%7Ckeyword%7C%D0%BA%D0%BE%D0%BF%D1%82%D0%B8%D0%BB%D1%8C%D0%BD%D1%8F%20%D0%B2%D0%B5%D0%B1%D0%B5%D1%80%7Cdevice_type%7Cm%7Cdevice%7C%7Cplacement_category%7C" "Mozilla/5.0 (iPhone; CPU iPhone OS 14_7_1 like Mac OS X) AppleWebKit/605.1.15 (KHTML, like Gecko) Version/14.1.2 Mobile/15E148 Safari/604.1 (compatible; AdsBot-Google-Mobile; +http://www.google.com/mobile/adsbot.html)"
66.249.92.213 - - [08/Apr/2022:00:58:03 +0000] "GET /wa-content/css/signup/signup.css?v=8.21.0.1648874357 HTTP/1.1" 200 1921 "https://rostov.justgrill.ru/brand/weber/?utm_source=google&utm_medium=cpc&utm_campaign=g_poisk_rostov_v&utm_term=%D0%BA%D0%BE%D0%BF%D1%82%D0%B8%D0%BB%D1%8C%D0%BD%D1%8F%20%D0%B2%D0%B5%D0%B1%D0%B5%D1%80&utm_content=network%7Cg%7Cposition%7Cnone%7Cad_id%7C210178513098%7Cmatch_type%7Cb%7Cplacement%7C%7Ckeyword%7C%D0%BA%D0%BE%D0%BF%D1%82%D0%B8%D0%BB%D1%8C%D0%BD%D1%8F%20%D0%B2%D0%B5%D0%B1%D0%B5%D1%80%7Cdevice_type%7Cm%7Cdevice%7C%7Cplacement_category%7C" "Mozilla/5.0 (iPhone; CPU iPhone OS 14_7_1 like Mac OS X) AppleWebKit/605.1.15 (KHTML, like Gecko) Version/14.1.2 Mobile/15E148 Safari/604.1 (compatible; AdsBot-Google-Mobile; +http://www.google.com/mobile/adsbot.html)"
66.249.92.215 - - [08/Apr/2022:00:58:04 +0000] "GET /wa-content/css/login/frontend/forgot-password.css?v=8.21.0.1648874357 HTTP/1.1" 200 1572 "https://rostov.justgrill.ru/brand/weber/?utm_source=google&utm_medium=cpc&utm_campaign=g_poisk_rostov_v&utm_term=%D0%BA%D0%BE%D0%BF%D1%82%D0%B8%D0%BB%D1%8C%D0%BD%D1%8F%20%D0%B2%D0%B5%D0%B1%D0%B5%D1%80&utm_content=network%7Cg%7Cposition%7Cnone%7Cad_id%7C210178513098%7Cmatch_type%7Cb%7Cplacement%7C%7Ckeyword%7C%D0%BA%D0%BE%D0%BF%D1%82%D0%B8%D0%BB%D1%8C%D0%BD%D1%8F%20%D0%B2%D0%B5%D0%B1%D0%B5%D1%80%7Cdevice_type%7Cm%7Cdevice%7C%7Cplacement_category%7C" "Mozilla/5.0 (iPhone; CPU iPhone OS 14_7_1 like Mac OS X) AppleWebKit/605.1.15 (KHTML, like Gecko) Version/14.1.2 Mobile/15E148 Safari/604.1 (compatible; AdsBot-Google-Mobile; +http://www.google.com/mobile/adsbot.html)"
66.249.92.215 - - [08/Apr/2022:00:58:04 +0000] "GET /wa-content/js/login/login-frontend-form.min.js?v=8.21.0.1648874357 HTTP/1.1" 200 5501 "https://rostov.justgrill.ru/brand/weber/?utm_source=google&utm_medium=cpc&utm_campaign=g_poisk_rostov_v&utm_term=%D0%BA%D0%BE%D0%BF%D1%82%D0%B8%D0%BB%D1%8C%D0%BD%D1%8F%20%D0%B2%D0%B5%D0%B1%D0%B5%D1%80&utm_content=network%7Cg%7Cposition%7Cnone%7Cad_id%7C210178513098%7Cmatch_type%7Cb%7Cplacement%7C%7Ckeyword%7C%D0%BA%D0%BE%D0%BF%D1%82%D0%B8%D0%BB%D1%8C%D0%BD%D1%8F%20%D0%B2%D0%B5%D0%B1%D0%B5%D1%80%7Cdevice_type%7Cm%7Cdevice%7C%7Cplacement_category%7C" "Mozilla/5.0 (iPhone; CPU iPhone OS 14_7_1 like Mac OS X) AppleWebKit/605.1.15 (KHTML, like Gecko) Version/14.1.2 Mobile/15E148 Safari/604.1 (compatible; AdsBot-Google-Mobile; +http://www.google.com/mobile/adsbot.html)"
77.88.5.229 - - [08/Apr/2022:00:58:04 +0000] "GET /aksessuary/reshetki/reshetka-gril/stalnaya-reshetka-ik-gorelki-sizzle-zone-p-500-le-3-ld-485/ HTTP/1.1" 200 31363 "-" "Mozilla/5.0 (compatible; YandexBot/3.0; +http://yandex.com/bots) AppleWebKit/537.36 (KHTML, like Gecko) Chrome/81.0.4044.268"
66.249.92.213 - - [08/Apr/2022:00:58:05 +0000] "GET /wa-content/js/login/forgotpassword-frontend-form.min.js?v=8.21.0.1648874357 HTTP/1.1" 200 4722 "https://rostov.justgrill.ru/brand/weber/?utm_source=google&utm_medium=cpc&utm_campaign=g_poisk_rostov_v&utm_term=%D0%BA%D0%BE%D0%BF%D1%82%D0%B8%D0%BB%D1%8C%D0%BD%D1%8F%20%D0%B2%D0%B5%D0%B1%D0%B5%D1%80&utm_content=network%7Cg%7Cposition%7Cnone%7Cad_id%7C210178513098%7Cmatch_type%7Cb%7Cplacement%7C%7Ckeyword%7C%D0%BA%D0%BE%D0%BF%D1%82%D0%B8%D0%BB%D1%8C%D0%BD%D1%8F%20%D0%B2%D0%B5%D0%B1%D0%B5%D1%80%7Cdevice_type%7Cm%7Cdevice%7C%7Cplacement_category%7C" "Mozilla/5.0 (iPhone; CPU iPhone OS 14_7_1 like Mac OS X) AppleWebKit/605.1.15 (KHTML, like Gecko) Version/14.1.2 Mobile/15E148 Safari/604.1 (compatible; AdsBot-Google-Mobile; +http://www.google.com/mobile/adsbot.html)"
93.158.161.33 - - [08/Apr/2022:00:58:06 +0000] "GET /wa-content/js/jquery-plugins/jquery.cookie.js HTTP/1.1" 200 1355 "https://saratov.justgrill.ru/aksessuary/reshetki/reshetka-gril/stalnaya-reshetka-ik-gorelki-sizzle-zone-p-500-le-3-ld-485/" "Mozilla/5.0 (compatible; YandexBot/3.0; +http://yandex.com/bots) AppleWebKit/537.36 (KHTML, like Gecko) Chrome/81.0.4044.268"
66.249.66.31 - - [08/Apr/2022:00:58:06 +0000] "GET /aksessuary/instrumenty/shchiptsy-gril/shchiptsy-big-green-egg-dlya-grilya-silikonovye-40sm/ HTTP/1.1" 200 32775 "-" "Mozilla/5.0 (compatible; Googlebot/2.1; +http://www.google.com/bot.html)"
77.88.5.229 - - [08/Apr/2022:00:58:06 +0000] "GET /grili/koptilni/ HTTP/1.1" 301 5 "-" "Mozilla/5.0 (compatible; YandexBot/3.0; +http://yandex.com/bots) AppleWebKit/537.36 (KHTML, like Gecko) Chrome/81.0.4044.268"
66.249.92.211 - - [08/Apr/2022:00:58:07 +0000] "GET /wa-content/css/login/frontend/login.css?v=8.21.0.1648874357 HTTP/1.1" 200 1774 "https://rostov.justgrill.ru/brand/weber/?utm_source=google&utm_medium=cpc&utm_campaign=g_poisk_rostov_v&utm_term=%D0%BA%D0%BE%D0%BF%D1%82%D0%B8%D0%BB%D1%8C%D0%BD%D1%8F%20%D0%B2%D0%B5%D0%B1%D0%B5%D1%80&utm_content=network%7Cg%7Cposition%7Cnone%7Cad_id%7C210178513098%7Cmatch_type%7Cb%7Cplacement%7C%7Ckeyword%7C%D0%BA%D0%BE%D0%BF%D1%82%D0%B8%D0%BB%D1%8C%D0%BD%D1%8F%20%D0%B2%D0%B5%D0%B1%D0%B5%D1%80%7Cdevice_type%7Cm%7Cdevice%7C%7Cplacement_category%7C" "Mozilla/5.0 (iPhone; CPU iPhone OS 14_7_1 like Mac OS X) AppleWebKit/605.1.15 (KHTML, like Gecko) Version/14.1.2 Mobile/15E148 Safari/604.1 (compatible; AdsBot-Google-Mobile; +http://www.google.com/mobile/adsbot.html)"
77.88.5.70 - - [08/Apr/2022:00:58:12 +0000] "GET /sitemap.xml HTTP/1.1" 200 314 "-" "Mozilla/5.0 (compatible; YandexBot/3.0; +http://yandex.com/bots)"
77.88.5.229 - - [08/Apr/2022:00:58:14 +0000] "GET /wa-content/js/jquery-plugins/jquery.cookie.js HTTP/1.1" 200 1355 "https://saratov.justgrill.ru/kontakty/" "Mozilla/5.0 (compatible; YandexBot/3.0; +http://yandex.com/bots) AppleWebKit/537.36 (KHTML, like Gecko) Chrome/81.0.4044.268"
77.88.5.70 - - [08/Apr/2022:00:58:16 +0000] "GET /grili/gazovye/broil-king/ HTTP/1.1" 200 33117 "-" "Mozilla/5.0 (compatible; YandexBot/3.0; +http://yandex.com/bots) AppleWebKit/537.36 (KHTML, like Gecko) Chrome/81.0.4044.268"
77.88.5.229 - - [08/Apr/2022:00:58:18 +0000] "GET /wa-content/js/jquery-plugins/jquery.cookie.js HTTP/1.1" 200 1355 "https://saratov.justgrill.ru/grili/gazovye/weber/spirit-ii/gazovyj-gril-weber-spirit-ii-e-210-gbs-chernyy/" "Mozilla/5.0 (compatible; YandexBot/3.0; +http://yandex.com/bots) AppleWebKit/537.36 (KHTML, like Gecko) Chrome/81.0.4044.268"
77.88.5.70 - - [08/Apr/2022:00:58:19 +0000] "GET /?yclid=7710547526903176844 HTTP/1.1" 301 162 "-" "Mozilla/5.0 (compatible; YandexMetrika/2.0; +http://yandex.com/bots yabs01)"
77.88.5.70 - - [08/Apr/2022:00:58:31 +0000] "GET /brand/Primo/ HTTP/1.1" 301 5 "-" "Mozilla/5.0 (compatible; YandexBot/3.0; +http://yandex.com/bots) AppleWebKit/537.36 (KHTML, like Gecko) Chrome/81.0.4044.268"
77.88.5.229 - - [08/Apr/2022:00:58:32 +0000] "GET /brand/primo/ HTTP/1.1" 404 26218 "-" "Mozilla/5.0 (compatible; YandexBot/3.0; +http://yandex.com/bots) AppleWebKit/537.36 (KHTML, like Gecko) Chrome/81.0.4044.268"
207.46.13.144 - - [08/Apr/2022:00:58:48 +0000] "GET /spetsii-dlya-grilya/smesi/ekzoticheskaya-batter-chiken-50g/ HTTP/2.0" 200 31790 "-" "Mozilla/5.0 (compatible; bingbot/2.0; +http://www.bing.com/bingbot.htm)"
185.191.171.45 - - [08/Apr/2022:00:58:51 +0000] "GET /robots.txt HTTP/1.1" 200 248 "-" "Mozilla/5.0 (compatible; SemrushBot/7~bl; +http://www.semrush.com/bot.html)"
194.55.166.164 - - [08/Apr/2022:00:58:52 +0000] "GET /grili/ugolnye/weber/master-touch/gril-ugolnyy-master-touch-gbs-se-e-5755-cherny/ HTTP/1.1" 200 35964 "-" "Mozilla/5.0 (X11; Linux x86_64) AppleWebKit/537.36 (KHTML, like Gecko) Chrome/83.0.2549.68 Safari/537.36"
77.88.5.229 - - [08/Apr/2022:00:58:56 +0000] "GET /grili/gazovye/char-broil/performance/gazovyy-gril-char-broil-perfomans-3-chernyy/ HTTP/1.1" 200 35274 "-" "Mozilla/5.0 (compatible; YandexBot/3.0; +http://yandex.com/bots) AppleWebKit/537.36 (KHTML, like Gecko) Chrome/81.0.4044.268"
77.88.5.70 - - [08/Apr/2022:00:58:56 +0000] "GET /aksessuary/reshetki/reshetka-gril/mnogofunktsionalnya-gril-polka-iz-nerzhaveyushchey-stali-r625/ HTTP/1.1" 200 31701 "-" "Mozilla/5.0 (compatible; YandexBot/3.0; +http://yandex.com/bots) AppleWebKit/537.36 (KHTML, like Gecko) Chrome/81.0.4044.268"
77.88.5.70 - - [08/Apr/2022:00:58:58 +0000] "GET /wa-content/js/jquery-plugins/jquery.cookie.js HTTP/1.1" 200 1355 "https://saratov.justgrill.ru/grili/gazovye/char-broil/performance/gazovyy-gril-char-broil-perfomans-3-chernyy/" "Mozilla/5.0 (compatible; YandexBot/3.0; +http://yandex.com/bots) AppleWebKit/537.36 (KHTML, like Gecko) Chrome/81.0.4044.268"
77.88.5.229 - - [08/Apr/2022:00:58:59 +0000] "GET /aksessuary/reshetki/reshetka-gril/mnogofunktsionalnya-gril-polka-iz-nerzhaveyushchey-stali-r425/ HTTP/1.1" 200 31698 "-" "Mozilla/5.0 (compatible; YandexBot/3.0; +http://yandex.com/bots) AppleWebKit/537.36 (KHTML, like Gecko) Chrome/81.0.4044.268"
5.45.201.213 - - [08/Apr/2022:00:59:00 +0000] "POST /ym_api/1/?action=/cart HTTP/1.1" 200 110 "-" "Apache-HttpClient/4.5.6 (Java/11.0.8-shenandoah)"
77.88.5.70 - - [08/Apr/2022:00:59:00 +0000] "GET /aksessuary/reshetki/reshetka-gril/chugunnaya-reshetka-c-bokovymi-stvorkami-dlya-ugolnykh-griley-napoleon/ HTTP/1.1" 200 31412 "-" "Mozilla/5.0 (compatible; YandexBot/3.0; +http://yandex.com/bots) AppleWebKit/537.36 (KHTML, like Gecko) Chrome/81.0.4044.268"
77.88.5.229 - - [08/Apr/2022:00:59:04 +0000] "GET /grili/gazovye/ HTTP/1.1" 200 39381 "-" "Mozilla/5.0 (compatible; YandexBot/3.0; +http://yandex.com/bots) AppleWebKit/537.36 (KHTML, like Gecko) Chrome/81.0.4044.268"
77.88.5.229 - - [08/Apr/2022:00:59:22 +0000] "GET /robots.txt HTTP/1.1" 200 606 "-" "Mozilla/5.0 (compatible; YandexBot/3.0; +http://yandex.com/bots)"
77.88.5.70 - - [08/Apr/2022:00:59:25 +0000] "GET /yandexmarket/79488532-ad46-441a-9ded-fbc9d71dc2e7.xml HTTP/1.1" 200 4682 "-" "Mozilla/5.0 (compatible; YandexDirectDyn/1.0; +http://yandex.com/bots)"
77.88.5.234 - - [08/Apr/2022:00:59:27 +0000] "GET / HTTP/1.1" 301 162 "-" "Mozilla/5.0 (compatible; YandexMetrika/2.0; +http://yandex.com/bots yabs01)"
194.116.172.127 - - [08/Apr/2022:00:59:32 +0000] "GET /photos/photo/author/1558/-banner-sayt/ HTTP/1.1" 200 30564 "-" "Mozilla/5.0 (X11; Linux x86_64) AppleWebKit/537.36 (KHTML, like Gecko) Chrome/80.0.3987.149 Safari/537.36"
77.88.5.229 - - [08/Apr/2022:00:59:34 +0000] "GET /grili/gazovye/weber/35813021-gril-gazovyy-genesis-se-epx-335-chernyy/ HTTP/1.1" 200 35071 "-" "Mozilla/5.0 (compatible; YandexBot/3.0; +http://yandex.com/bots)"
77.88.5.229 - - [08/Apr/2022:00:59:49 +0000] "GET /wa-content/js/jquery-plugins/jquery.cookie.js HTTP/1.1" 200 1355 "https://saratov.justgrill.ru/kontakty/" "Mozilla/5.0 (compatible; YandexBot/3.0; +http://yandex.com/bots) AppleWebKit/537.36 (KHTML, like Gecko) Chrome/81.0.4044.268"
114.119.129.179 - - [08/Apr/2022:00:59:49 +0000] "GET /aksessuary/oborudovanie/termometry-gril/nabor-mini-termometrov-broil-king-s-silikonovoy-faskoy/reviews/ HTTP/1.1" 200 31257 "-" "Mozilla/5.0 (Linux; Android 7.0;) AppleWebKit/537.36 (KHTML, like Gecko) Mobile Safari/537.36 (compatible; PetalBot;+https://webmaster.petalsearch.com/site/petalbot)"
66.249.66.58 - - [08/Apr/2022:00:59:54 +0000] "GET /grili/keramicheskie/big-green-egg/baza-dlya-keramicheskogo-grilya-big-green-egg-l/ HTTP/1.1" 200 32254 "-" "Mozilla/5.0 (Linux; Android 6.0.1; Nexus 5X Build/MMB29P) AppleWebKit/537.36 (KHTML, like Gecko) Chrome/100.0.4896.75 Mobile Safari/537.36 (compatible; Googlebot/2.1; +http://www.google.com/bot.html)"
66.249.66.30 - - [08/Apr/2022:00:59:59 +0000] "GET /grili/keramicheskie/big-green-egg/bge-xxlarge/ HTTP/1.1" 301 5 "-" "Mozilla/5.0 (compatible; Googlebot/2.1; +http://www.google.com/bot.html)"
77.88.5.229 - - [08/Apr/2022:00:59:59 +0000] "GET /grili/ugolnye/broil-king/ HTTP/1.1" 200 29940 "-" "Mozilla/5.0 (compatible; YandexBot/3.0; +http://yandex.com/bots) AppleWebKit/537.36 (KHTML, like Gecko) Chrome/81.0.4044.268"
66.249.66.28 - - [08/Apr/2022:01:00:00 +0000] "GET /grili/keramicheskie/big-green-egg/keramicheskij-gril-big-green-egg-xxl/ HTTP/1.1" 200 36670 "-" "Mozilla/5.0 (compatible; Googlebot/2.1; +http://www.google.com/bot.html)"
185.103.166.193 - - [08/Apr/2022:01:00:03 +0000] "GET /aksessuary/chekhly-dlya-griley/chekhol-na-gril-ripstop-char-broil-na-3-4-gor/ HTTP/1.1" 200 33772 "-" "Mozilla/5.0 (X11; Linux x86_64) AppleWebKit/537.36 (KHTML, like Gecko) Chrome/85.0.4183.83 Safari/537.36"
66.249.66.59 - - [08/Apr/2022:01:00:06 +0000] "GET /blog/gazovyy-gril-u-vas-doma-drug-i-pomoshchnik/ HTTP/1.1" 200 30513 "-" "Mozilla/5.0 (compatible; Googlebot/2.1; +http://www.google.com/bot.html)"
77.88.5.229 - - [08/Apr/2022:01:00:06 +0000] "GET /grili/koptilni/ HTTP/1.1" 301 5 "-" "Mozilla/5.0 (compatible; YandexBot/3.0; +http://yandex.com/bots) AppleWebKit/537.36 (KHTML, like Gecko) Chrome/81.0.4044.268"
93.158.161.59 - - [08/Apr/2022:01:00:06 +0000] "GET / HTTP/1.1" 301 162 "-" "Mozilla/5.0 (compatible; YandexMetrika/2.0; +http://yandex.com/bots yabs01)"
77.88.5.234 - - [08/Apr/2022:01:00:08 +0000] "GET /grili/keramicheskie/kamado-joe/big/keramicheskij-gril-kamado-joe-big-stand-alone/ HTTP/1.1" 301 5 "-" "Mozilla/5.0 (compatible; YandexBot/3.0; +http://yandex.com/bots) AppleWebKit/537.36 (KHTML, like Gecko) Chrome/81.0.4044.268"
77.88.5.56 - - [08/Apr/2022:01:00:08 +0000] "GET /grili/keramicheskie/kamado-joe/big/keramicheskij-gril-kamado-joe-big-stand-alone/ HTTP/1.1" 301 162 "-" "Mozilla/5.0 (compatible; YandexBot/3.0; +http://yandex.com/bots) AppleWebKit/537.36 (KHTML, like Gecko) Chrome/81.0.4044.268"
77.88.5.229 - - [08/Apr/2022:01:00:09 +0000] "GET /brand/Grillver/ HTTP/1.1" 301 5 "-" "Mozilla/5.0 (compatible; YandexBot/3.0; +http://yandex.com/bots) AppleWebKit/537.36 (KHTML, like Gecko) Chrome/81.0.4044.268"
77.88.5.70 - - [08/Apr/2022:01:00:09 +0000] "GET /grili/keramicheskie/kamado-joe/big/keramicheskij-gril-kamado-joe-big-stand-alone/ HTTP/1.1" 200 36072 "-" "Mozilla/5.0 (compatible; YandexBot/3.0; +http://yandex.com/bots) AppleWebKit/537.36 (KHTML, like Gecko) Chrome/81.0.4044.268"
77.88.5.229 - - [08/Apr/2022:01:00:11 +0000] "GET /wa-content/js/jquery-plugins/jquery.cookie.js HTTP/1.1" 200 1355 "https://justgrill.ru/grili/keramicheskie/kamado-joe/big/keramicheskij-gril-kamado-joe-big-stand-alone/" "Mozilla/5.0 (compatible; YandexBot/3.0; +http://yandex.com/bots) AppleWebKit/537.36 (KHTML, like Gecko) Chrome/81.0.4044.268"
77.88.5.229 - - [08/Apr/2022:01:00:19 +0000] "GET /mangaly/koptilni/ HTTP/1.1" 200 31304 "-" "Mozilla/5.0 (compatible; YandexBot/3.0; +http://yandex.com/bots) AppleWebKit/537.36 (KHTML, like Gecko) Chrome/81.0.4044.268"
77.88.5.70 - - [08/Apr/2022:01:00:20 +0000] "GET /wa-content/js/jquery-plugins/jquery.cookie.js HTTP/1.1" 200 1355 "https://saratov.justgrill.ru/mangaly/koptilni/" "Mozilla/5.0 (compatible; YandexBot/3.0; +http://yandex.com/bots) AppleWebKit/537.36 (KHTML, like Gecko) Chrome/81.0.4044.268"
77.88.5.229 - - [08/Apr/2022:01:00:24 +0000] "GET /mangaly/koptilni/ HTTP/1.1" 200 31303 "-" "Mozilla/5.0 (compatible; YandexBot/3.0; +http://yandex.com/bots) AppleWebKit/537.36 (KHTML, like Gecko) Chrome/81.0.4044.268"
66.249.66.29 - - [08/Apr/2022:01:00:26 +0000] "GET /aksessuary/dlya-tandyrov/chekhly/chekhol-na-tandyr-aladdindastarkhan/ HTTP/1.1" 200 33570 "-" "Mozilla/5.0 (Linux; Android 6.0.1; Nexus 5X Build/MMB29P) AppleWebKit/537.36 (KHTML, like Gecko) Chrome/99.0.4844.84 Mobile Safari/537.36 (compatible; Googlebot/2.1; +http://www.google.com/bot.html)"
77.88.5.229 - - [08/Apr/2022:01:00:29 +0000] "GET /grili/gazovye/weber/35813021-gril-gazovyy-genesis-se-epx-335-chernyy/ HTTP/1.1" 200 35071 "-" "Mozilla/5.0 (compatible; YandexBot/3.0; +http://yandex.com/bots)"
77.88.5.70 - - [08/Apr/2022:01:00:31 +0000] "GET /grili/ugolnye/broil-king/ HTTP/1.1" 200 29942 "-" "Mozilla/5.0 (compatible; YandexBot/3.0; +http://yandex.com/bots) AppleWebKit/537.36 (KHTML, like Gecko) Chrome/81.0.4044.268"
207.46.13.144 - - [08/Apr/2022:01:00:37 +0000] "GET /shop/alyuminieve-poddon-dlya-sbora-zhira/feed/ HTTP/1.1" 301 162 "-" "Mozilla/5.0 (compatible; bingbot/2.0; +http://www.bing.com/bingbot.htm)"
185.191.171.3 - - [08/Apr/2022:01:00:41 +0000] "GET /aksessuary/instrumenty/nabory-gril/nabor-dlya-planchi-3-predmeta/ HTTP/1.1" 200 32661 "-" "Mozilla/5.0 (compatible; SemrushBot/7~bl; +http://www.semrush.com/bot.html)"
77.88.5.229 - - [08/Apr/2022:01:00:43 +0000] "GET /grili/gazovye/ HTTP/1.1" 200 39378 "-" "Mozilla/5.0 (compatible; YandexBot/3.0; +http://yandex.com/bots) AppleWebKit/537.36 (KHTML, like Gecko) Chrome/81.0.4044.268"
77.88.5.246 - - [08/Apr/2022:01:00:44 +0000] "GET /?yclid=7710547526903176844 HTTP/1.1" 200 40181 "-" "Mozilla/5.0 (compatible; YandexMetrika/2.0; +http://yandex.com/bots yabs01)"
185.191.171.19 - - [08/Apr/2022:01:00:44 +0000] "GET /mangaly/mangal/grillver-mangal-fayrkraft-komfort-eyr/ HTTP/1.1" 301 5 "-" "Mozilla/5.0 (compatible; SemrushBot/7~bl; +http://www.semrush.com/bot.html)"
77.88.5.229 - - [08/Apr/2022:01:00:58 +0000] "GET /grili/gazovye/broil-king/ HTTP/1.1" 200 33119 "-" "Mozilla/5.0 (compatible; YandexBot/3.0; +http://yandex.com/bots) AppleWebKit/537.36 (KHTML, like Gecko) Chrome/81.0.4044.268"
77.88.5.229 - - [08/Apr/2022:01:01:07 +0000] "GET /wa-content/js/jquery-plugins/jquery.cookie.js HTTP/1.1" 200 1355 "https://saratov.justgrill.ru/aksessuary/reshetki/reshetka-gril/chugunnaya-reshetka-c-bokovymi-stvorkami-dlya-ugolnykh-griley-napoleon/" "Mozilla/5.0 (compatible; YandexBot/3.0; +http://yandex.com/bots) AppleWebKit/537.36 (KHTML, like Gecko) Chrome/81.0.4044.268"
77.88.5.229 - - [08/Apr/2022:01:01:11 +0000] "GET /brand/Weber/ HTTP/1.1" 301 5 "-" "Mozilla/5.0 (compatible; YandexBot/3.0; +http://yandex.com/bots) AppleWebKit/537.36 (KHTML, like Gecko) Chrome/81.0.4044.268"
77.88.5.229 - - [08/Apr/2022:01:01:14 +0000] "GET /brand/weber/ HTTP/1.1" 200 35060 "-" "Mozilla/5.0 (compatible; YandexBot/3.0; +http://yandex.com/bots) AppleWebKit/537.36 (KHTML, like Gecko) Chrome/81.0.4044.268"
77.88.5.70 - - [08/Apr/2022:01:01:14 +0000] "GET /wa-content/js/jquery-plugins/jquery.cookie.js HTTP/1.1" 200 1355 "https://saratov.justgrill.ru/brand/weber/" "Mozilla/5.0 (compatible; YandexBot/3.0; +http://yandex.com/bots) AppleWebKit/537.36 (KHTML, like Gecko) Chrome/81.0.4044.268"
77.88.5.229 - - [08/Apr/2022:01:01:24 +0000] "GET /brand/grillver/ HTTP/1.1" 200 34709 "-" "Mozilla/5.0 (compatible; YandexBot/3.0; +http://yandex.com/bots) AppleWebKit/537.36 (KHTML, like Gecko) Chrome/81.0.4044.268"
77.88.5.229 - - [08/Apr/2022:01:01:42 +0000] "GET /brand/Napoleon/ HTTP/1.1" 301 5 "-" "Mozilla/5.0 (compatible; YandexBot/3.0; +http://yandex.com/bots) AppleWebKit/537.36 (KHTML, like Gecko) Chrome/81.0.4044.268"
77.88.5.70 - - [08/Apr/2022:01:01:44 +0000] "GET /brand/napoleon/ HTTP/1.1" 200 36736 "-" "Mozilla/5.0 (compatible; YandexBot/3.0; +http://yandex.com/bots) AppleWebKit/537.36 (KHTML, like Gecko) Chrome/81.0.4044.268"
77.88.5.229 - - [08/Apr/2022:01:01:49 +0000] "GET / HTTP/1.1" 200 39196 "-" "Mozilla/5.0 (compatible; YandexBot/3.0; +http://yandex.com/bots) AppleWebKit/537.36 (KHTML, like Gecko) Chrome/81.0.4044.268"
77.88.5.70 - - [08/Apr/2022:01:01:53 +0000] "GET /wa-content/js/jquery-plugins/jquery.cookie.js HTTP/1.1" 200 1355 "https://justgrill.ru/" "Mozilla/5.0 (compatible; YandexBot/3.0; +http://yandex.com/bots) AppleWebKit/537.36 (KHTML, like Gecko) Chrome/81.0.4044.268"
77.88.5.229 - - [08/Apr/2022:01:01:57 +0000] "GET /robots.txt HTTP/1.1" 200 614 "-" "Mozilla/5.0 (compatible; YandexBot/3.0; +http://yandex.com/bots)"
77.88.5.229 - - [08/Apr/2022:01:02:01 +0000] "GET /brand/grillver/%22 HTTP/1.1" 301 5 "-" "Mozilla/5.0 (compatible; YandexBot/3.0; +http://yandex.com/bots) AppleWebKit/537.36 (KHTML, like Gecko) Chrome/81.0.4044.268"
77.88.5.70 - - [08/Apr/2022:01:02:06 +0000] "GET /brand/grillver/%22/ HTTP/1.1" 404 27570 "-" "Mozilla/5.0 (compatible; YandexBot/3.0; +http://yandex.com/bots) AppleWebKit/537.36 (KHTML, like Gecko) Chrome/81.0.4044.268"
77.88.5.246 - - [08/Apr/2022:01:02:09 +0000] "GET / HTTP/1.1" 301 162 "-" "Mozilla/5.0 (compatible; YandexMetrika/2.0; +http://yandex.com/bots yabs01)"
77.88.5.229 - - [08/Apr/2022:01:02:15 +0000] "GET /brand/grillver/ HTTP/1.1" 200 34709 "-" "Mozilla/5.0 (compatible; YandexBot/3.0; +http://yandex.com/bots) AppleWebKit/537.36 (KHTML, like Gecko) Chrome/81.0.4044.268"
77.88.5.229 - - [08/Apr/2022:01:02:19 +0000] "GET /brand/Broil-King/ HTTP/1.1" 301 5 "-" "Mozilla/5.0 (compatible; YandexBot/3.0; +http://yandex.com/bots) AppleWebKit/537.36 (KHTML, like Gecko) Chrome/81.0.4044.268"
77.88.5.229 - - [08/Apr/2022:01:02:46 +0000] "GET /grili/gazovye/napoleon/travel/gazovyj-gril-napoleon-travelq-pro-285-chernyy/ HTTP/1.1" 200 35025 "-" "Mozilla/5.0 (compatible; YandexBot/3.0; +http://yandex.com/bots)"
77.88.5.70 - - [08/Apr/2022:01:03:03 +0000] "GET /wa-content/js/jquery-plugins/jquery.cookie.js HTTP/1.1" 200 1355 "https://saratov.justgrill.ru/mangaly/koptilni/" "Mozilla/5.0 (compatible; YandexBot/3.0; +http://yandex.com/bots) AppleWebKit/537.36 (KHTML, like Gecko) Chrome/81.0.4044.268"
77.88.5.82 - - [08/Apr/2022:01:03:05 +0000] "GET / HTTP/1.1" 301 162 "-" "Mozilla/5.0 (compatible; YandexMetrika/2.0; +http://yandex.com/bots yabs01)"
77.88.5.229 - - [08/Apr/2022:01:03:07 +0000] "GET /wa-content/js/jquery-plugins/jquery.cookie.js HTTP/1.1" 200 1355 "https://saratov.justgrill.ru/grili/ugolnye/broil-king/" "Mozilla/5.0 (compatible; YandexBot/3.0; +http://yandex.com/bots) AppleWebKit/537.36 (KHTML, like Gecko) Chrome/81.0.4044.268"
45.159.248.33 - - [08/Apr/2022:01:03:17 +0000] "GET /aksessuary/instrumenty/nozhi-samura/nozh-kukhonnyy-samura-mo-v-fileynyy-218-mm-g-10/ HTTP/1.1" 200 32869 "-" "Mozilla/5.0 (X11; Linux x86_64) AppleWebKit/537.36 (KHTML, like Gecko) Chrome/85.0.4183.83 Safari/537.36"
77.88.5.229 - - [08/Apr/2022:01:03:21 +0000] "GET /grili/gazovye/broil-king/ HTTP/1.1" 200 33118 "-" "Mozilla/5.0 (compatible; YandexBot/3.0; +http://yandex.com/bots) AppleWebKit/537.36 (KHTML, like Gecko) Chrome/81.0.4044.268"
66.249.66.69 - - [08/Apr/2022:01:03:21 +0000] "GET /mangaly/tandyry/tandyr-khanskaya-okhota/ HTTP/1.1" 200 33476 "-" "Mozilla/5.0 (Linux; Android 6.0.1; Nexus 5X Build/MMB29P) AppleWebKit/537.36 (KHTML, like Gecko) Chrome/99.0.4844.84 Mobile Safari/537.36 (compatible; Googlebot/2.1; +http://www.google.com/bot.html)"
66.249.66.71 - - [08/Apr/2022:01:03:23 +0000] "GET /mangaly/tandyry/tandyr-khanskaya-okhota/ HTTP/1.1" 200 33460 "-" "Mozilla/5.0 (compatible; Googlebot/2.1; +http://www.google.com/bot.html)"
185.191.171.45 - - [08/Apr/2022:01:03:35 +0000] "GET /brendy/weber/7617-reshetka-dlya-sistemy-etgs/ HTTP/1.1" 301 5 "-" "Mozilla/5.0 (compatible; SemrushBot/7~bl; +http://www.semrush.com/bot.html)"
185.191.171.37 - - [08/Apr/2022:01:03:38 +0000] "GET /aksessuary/reshetki/reshetka-gril/reshetka-dlya-sistemy-weber-etgs/ HTTP/1.1" 200 32335 "-" "Mozilla/5.0 (compatible; SemrushBot/7~bl; +http://www.semrush.com/bot.html)"
77.88.5.229 - - [08/Apr/2022:01:03:41 +0000] "GET /brand/broil-king/ HTTP/1.1" 200 35652 "-" "Mozilla/5.0 (compatible; YandexBot/3.0; +http://yandex.com/bots) AppleWebKit/537.36 (KHTML, like Gecko) Chrome/81.0.4044.268"
185.191.171.17 - - [08/Apr/2022:01:03:52 +0000] "GET /aksessuary/posuda/napoleon/ HTTP/1.1" 301 5 "-" "Mozilla/5.0 (compatible; SemrushBot/7~bl; +http://www.semrush.com/bot.html)"
185.191.171.20 - - [08/Apr/2022:01:03:52 +0000] "GET /aksessuary/posuda/napoleon/ HTTP/1.1" 301 162 "-" "Mozilla/5.0 (compatible; SemrushBot/7~bl; +http://www.semrush.com/bot.html)"
185.191.171.25 - - [08/Apr/2022:01:03:56 +0000] "GET /aksessuary/posuda/napoleon/ HTTP/1.1" 200 36000 "-" "Mozilla/5.0 (compatible; SemrushBot/7~bl; +http://www.semrush.com/bot.html)"
77.88.5.229 - - [08/Apr/2022:01:04:06 +0000] "GET /wa-content/js/jquery-plugins/jquery.cookie.js HTTP/1.1" 200 1355 "https://saratov.justgrill.ru/brand/grillver/" "Mozilla/5.0 (compatible; YandexBot/3.0; +http://yandex.com/bots) AppleWebKit/537.36 (KHTML, like Gecko) Chrome/81.0.4044.268"
46.8.136.37 - - [08/Apr/2022:01:04:11 +0000] "GET /brand/broil-king/?page=3 HTTP/1.1" 200 37311 "-" "Mozilla/5.0 (X11; Linux x86_64) AppleWebKit/537.36 (KHTML, like Gecko) Chrome/83.0.2549.68 Safari/537.36"
77.88.5.229 - - [08/Apr/2022:01:04:25 +0000] "GET /brand/broil-king/ HTTP/1.1" 200 35653 "-" "Mozilla/5.0 (compatible; YandexBot/3.0; +http://yandex.com/bots) AppleWebKit/537.36 (KHTML, like Gecko) Chrome/81.0.4044.268"
188.119.125.116 - - [08/Apr/2022:01:04:37 +0000] "GET /search/1032/gratar/ HTTP/1.1" 200 29922 "-" "Mozilla/5.0 (X11; Linux x86_64) AppleWebKit/537.36 (KHTML, like Gecko) Chrome/83.0.2549.68 Safari/537.36"
77.88.5.136 - - [08/Apr/2022:01:04:42 +0000] "GET /?yclid=7710547526903176844 HTTP/1.1" 301 162 "-" "Mozilla/5.0 (compatible; YandexMetrika/2.0; +http://yandex.com/bots yabs01)"
77.88.5.229 - - [08/Apr/2022:01:05:12 +0000] "GET /wa-content/css/login/frontend/login.css?v=8.21.0.1649379536 HTTP/1.1" 200 1774 "-" "Mozilla/5.0 (compatible; YandexMetrika/4.0; +http://yandex.com/bots)"
77.88.5.229 - - [08/Apr/2022:01:05:16 +0000] "GET /wa-content/css/signup/signup.css?v=8.21.0.1649379536 HTTP/1.1" 200 1921 "-" "Mozilla/5.0 (compatible; YandexMetrika/4.0; +http://yandex.com/bots)"
77.88.5.229 - - [08/Apr/2022:01:05:17 +0000] "GET /wa-content/css/login/frontend/forgot-password.css?v=8.21.0.1649379536 HTTP/1.1" 200 1572 "-" "Mozilla/5.0 (compatible; YandexMetrika/4.0; +http://yandex.com/bots)"
77.88.5.229 - - [08/Apr/2022:01:05:22 +0000] "GET /robots.txt HTTP/1.1" 200 614 "-" "Mozilla/5.0 (compatible; YandexBot/3.0; +http://yandex.com/bots)"
188.119.126.75 - - [08/Apr/2022:01:05:22 +0000] "GET /aksessuary/oborudovanie/kolosnik-big-green-egg-dlya-grilya-l/ HTTP/1.1" 200 32048 "-" "Mozilla/5.0 (X11; Linux x86_64) AppleWebKit/537.36 (KHTML, like Gecko) Chrome/80.0.3987.149 Safari/537.36"
77.88.5.229 - - [08/Apr/2022:01:05:26 +0000] "GET /mangaly/mangal/grillver/iskander/pech-gril-grillver-iskander-inklayn-eyr-s-nerzh-reshyotka/ HTTP/1.1" 200 33411 "-" "Mozilla/5.0 (compatible; YandexBot/3.0; +http://yandex.com/bots)"
37.9.71.212 - - [08/Apr/2022:01:05:28 +0000] "POST /ym_api/1/?action=/cart HTTP/1.1" 200 109 "-" "Apache-HttpClient/4.5.6 (Java/11.0.8-shenandoah)"
157.55.39.198 - - [08/Apr/2022:01:05:34 +0000] "GET /spetsii-dlya-grilya/smesi/ekzoticheskaya-karri-kurkuma-50g/ HTTP/2.0" 200 32449 "-" "Mozilla/5.0 (compatible; bingbot/2.0; +http://www.bing.com/bingbot.htm)"
185.191.171.45 - - [08/Apr/2022:01:05:35 +0000] "GET /blog/kak-ukhazhivat-za-nozhami-dlya-myasa/comment/ HTTP/1.1" 302 5 "-" "Mozilla/5.0 (compatible; SemrushBot/7~bl; +http://www.semrush.com/bot.html)"
185.191.171.42 - - [08/Apr/2022:01:05:37 +0000] "GET /blog/kak-ukhazhivat-za-nozhami-dlya-myasa/ HTTP/1.1" 200 29684 "-" "Mozilla/5.0 (compatible; SemrushBot/7~bl; +http://www.semrush.com/bot.html)"
77.88.5.229 - - [08/Apr/2022:01:05:56 +0000] "GET /aksessuary/podstavki/metallicheskiy-derzhatel-dlya-indeyki/ HTTP/1.1" 301 5 "-" "Mozilla/5.0 (compatible; YandexBot/3.0; +http://yandex.com/bots)"
114.119.129.191 - - [08/Apr/2022:01:06:05 +0000] "GET /aksessuary/reshetki/reshetka-gril/stalnaya-reshetka-ik-gorelki-sizzle-zone-p-500-le-3-ld-485/ HTTP/1.1" 200 32420 "-" "Mozilla/5.0 (Linux; Android 7.0;) AppleWebKit/537.36 (KHTML, like Gecko) Mobile Safari/537.36 (compatible; PetalBot;+https://webmaster.petalsearch.com/site/petalbot)"
77.88.5.229 - - [08/Apr/2022:01:06:11 +0000] "GET /aksessuary/podstavki-i-rostery/roster-gril/metallicheskiy-roster-big-green-egg-dlya-indeyki/ HTTP/1.1" 200 32421 "-" "Mozilla/5.0 (compatible; YandexBot/3.0; +http://yandex.com/bots)"
77.88.5.229 - - [08/Apr/2022:01:06:15 +0000] "GET /wa-content/js/jquery-plugins/jquery.cookie.js HTTP/1.1" 200 1355 "https://saratov.justgrill.ru/brand/grillver/" "Mozilla/5.0 (compatible; YandexBot/3.0; +http://yandex.com/bots) AppleWebKit/537.36 (KHTML, like Gecko) Chrome/81.0.4044.268"
77.88.5.229 - - [08/Apr/2022:01:06:17 +0000] "GET /brand/napoleon/ HTTP/1.1" 200 36731 "-" "Mozilla/5.0 (compatible; YandexBot/3.0; +http://yandex.com/bots) AppleWebKit/537.36 (KHTML, like Gecko) Chrome/81.0.4044.268"
114.119.129.2 - - [08/Apr/2022:01:06:24 +0000] "GET /blog/huevos-rancheros/ HTTP/1.1" 500 17101 "-" "Mozilla/5.0 (Linux; Android 7.0;) AppleWebKit/537.36 (KHTML, like Gecko) Mobile Safari/537.36 (compatible; PetalBot;+https://webmaster.petalsearch.com/site/petalbot)"
77.88.5.209 - - [08/Apr/2022:01:06:37 +0000] "GET / HTTP/1.1" 301 162 "-" "Mozilla/5.0 (compatible; YandexMetrika/2.0; +http://yandex.com/bots yabs01)"
77.88.5.229 - - [08/Apr/2022:01:06:38 +0000] "GET / HTTP/1.1" 301 162 "-" "Mozilla/5.0 (compatible; YandexMetrika/2.0; +http://yandex.com/bots yabs01)"
114.119.128.57 - - [08/Apr/2022:01:06:41 +0000] "GET /aksessuary/skovoroda/gollandskaya-pech-gbs/ HTTP/1.1" 301 5 "-" "Mozilla/5.0 (Linux; Android 7.0;) AppleWebKit/537.36 (KHTML, like Gecko) Mobile Safari/537.36 (compatible; PetalBot;+https://webmaster.petalsearch.com/site/petalbot)"
114.119.128.57 - - [08/Apr/2022:01:06:44 +0000] "GET /aksessuary/posuda/gollandskaya-pech-weber-gbs/ HTTP/1.1" 301 5 "-" "Mozilla/5.0 (Linux; Android 7.0;) AppleWebKit/537.36 (KHTML, like Gecko) Mobile Safari/537.36 (compatible; PetalBot;+https://webmaster.petalsearch.com/site/petalbot)"
114.119.128.57 - - [08/Apr/2022:01:06:50 +0000] "GET /aksessuary/posuda/gollandskaya-pech-weber-gbs/ HTTP/1.1" 301 5 "-" "Mozilla/5.0 (Linux; Android 7.0;) AppleWebKit/537.36 (KHTML, like Gecko) Mobile Safari/537.36 (compatible; PetalBot;+https://webmaster.petalsearch.com/site/petalbot)"
157.55.39.198 - - [08/Apr/2022:01:06:52 +0000] "GET /mangaly/tandyry/tandyr-amfora-skif-31-sm HTTP/2.0" 301 0 "-" "Mozilla/5.0 (compatible; bingbot/2.0; +http://www.bing.com/bingbot.htm)"
77.88.5.70 - - [08/Apr/2022:01:06:53 +0000] "GET /aksessuary/podstavki-i-rostery/podstavka-gril/podstavka-dlya-zapekaniya-tomatov-i-pertsev-malaya/ HTTP/1.1" 200 31248 "-" "Mozilla/5.0 (compatible; YandexBot/3.0; +http://yandex.com/bots) AppleWebKit/537.36 (KHTML, like Gecko) Chrome/81.0.4044.268"
114.119.128.57 - - [08/Apr/2022:01:06:53 +0000] "GET /aksessuary/posuda/gollandskaya-pech-weber-gbs/ HTTP/1.1" 301 5 "-" "Mozilla/5.0 (Linux; Android 7.0;) AppleWebKit/537.36 (KHTML, like Gecko) Mobile Safari/537.36 (compatible; PetalBot;+https://webmaster.petalsearch.com/site/petalbot)"
77.88.5.229 - - [08/Apr/2022:01:06:53 +0000] "GET /grili/gazovye/napoleon/gazovyy-gril-rogue-625-se-chernyy-s-ik-gorelkoy-3-3/ HTTP/1.1" 200 34553 "-" "Mozilla/5.0 (compatible; YandexBot/3.0; +http://yandex.com/bots)"
93.158.161.33 - - [08/Apr/2022:01:06:54 +0000] "GET /aksessuary/shampury-i-vertely/vertel-gril/nasadka-na-vertel-korzinka-s-regulirovkoy-zazhima/ HTTP/1.1" 200 31291 "-" "Mozilla/5.0 (compatible; YandexBot/3.0; +http://yandex.com/bots) AppleWebKit/537.36 (KHTML, like Gecko) Chrome/81.0.4044.268"
93.158.161.33 - - [08/Apr/2022:01:06:55 +0000] "GET /wa-content/js/jquery-plugins/jquery.cookie.js HTTP/1.1" 200 1355 "https://saratov.justgrill.ru/aksessuary/podstavki-i-rostery/podstavka-gril/podstavka-dlya-zapekaniya-tomatov-i-pertsev-malaya/" "Mozilla/5.0 (compatible; YandexBot/3.0; +http://yandex.com/bots) AppleWebKit/537.36 (KHTML, like Gecko) Chrome/81.0.4044.268"
93.158.161.33 - - [08/Apr/2022:01:06:58 +0000] "GET /wa-content/js/jquery-plugins/jquery.cookie.js HTTP/1.1" 200 1355 "https://saratov.justgrill.ru/aksessuary/shampury-i-vertely/vertel-gril/nasadka-na-vertel-korzinka-s-regulirovkoy-zazhima/" "Mozilla/5.0 (compatible; YandexBot/3.0; +http://yandex.com/bots) AppleWebKit/537.36 (KHTML, like Gecko) Chrome/81.0.4044.268"
114.119.128.57 - - [08/Apr/2022:01:06:58 +0000] "GET /aksessuary/posuda/gollandskaya-pech-weber-gbs/ HTTP/1.1" 301 5 "-" "Mozilla/5.0 (Linux; Android 7.0;) AppleWebKit/537.36 (KHTML, like Gecko) Mobile Safari/537.36 (compatible; PetalBot;+https://webmaster.petalsearch.com/site/petalbot)"
77.88.5.229 - - [08/Apr/2022:01:07:00 +0000] "GET /grili/gazovye/napoleon/gazovyy-gril-napoleon-freestyle-425/ HTTP/1.1" 200 34644 "-" "Mozilla/5.0 (compatible; YandexBot/3.0; +http://yandex.com/bots)"
77.88.5.229 - - [08/Apr/2022:01:07:01 +0000] "GET /mangaly/koptilni/smoker-koptilnya-napoleon-apollo-as300k-48-sm-cherny/ HTTP/1.1" 200 34735 "-" "Mozilla/5.0 (compatible; YandexBot/3.0; +http://yandex.com/bots)"
114.119.128.57 - - [08/Apr/2022:01:07:01 +0000] "GET /aksessuary/posuda/gollandskaya-pech-weber-gbs/ HTTP/1.1" 301 5 "-" "Mozilla/5.0 (Linux; Android 7.0;) AppleWebKit/537.36 (KHTML, like Gecko) Mobile Safari/537.36 (compatible; PetalBot;+https://webmaster.petalsearch.com/site/petalbot)"
157.55.39.198 - - [08/Apr/2022:01:07:03 +0000] "GET /mangaly/tandyry/tandyr-amfora-skif-31-sm/ HTTP/2.0" 200 32904 "-" "Mozilla/5.0 (compatible; bingbot/2.0; +http://www.bing.com/bingbot.htm)"
212.192.203.32 - - [08/Apr/2022:01:07:03 +0000] "GET /mangaly/mangal/?utm_source=yandex&utm_medium=cpc&utm_campaign=20214211&utm_content=mangal&utm_term=%D0%BA%D0%BE%D0%B2%D0%B0%D0%BD%D1%8B%D0%B5%20%D0%BC%D0%B0%D0%BD%D0%B3%D0%B0%D0%BB%D1%8B&yclid=1767695459768396120 HTTP/2.0" 200 36791 "https://d-39173138322483676694.ampproject.net/" "Mozilla/5.0 (Linux; Android 10; JSN-L21) AppleWebKit/537.36 (KHTML, like Gecko) Chrome/100.0.4896.79 Mobile Safari/537.36"
212.192.203.32 - - [08/Apr/2022:01:07:04 +0000] "GET /wa-content/font/ruble/arial/fontface.css HTTP/2.0" 200 371 "https://rostov.justgrill.ru/mangaly/mangal/?utm_source=yandex&utm_medium=cpc&utm_campaign=20214211&utm_content=mangal&utm_term=%D0%BA%D0%BE%D0%B2%D0%B0%D0%BD%D1%8B%D0%B5%20%D0%BC%D0%B0%D0%BD%D0%B3%D0%B0%D0%BB%D1%8B&yclid=1767695459768396120" "Mozilla/5.0 (Linux; Android 10; JSN-L21) AppleWebKit/537.36 (KHTML, like Gecko) Chrome/100.0.4896.79 Mobile Safari/537.36"
212.192.203.32 - - [08/Apr/2022:01:07:04 +0000] "GET /wa-content/css/jquery-ui/base/jquery.ui.slider.css HTTP/2.0" 200 331 "https://rostov.justgrill.ru/mangaly/mangal/?utm_source=yandex&utm_medium=cpc&utm_campaign=20214211&utm_content=mangal&utm_term=%D0%BA%D0%BE%D0%B2%D0%B0%D0%BD%D1%8B%D0%B5%20%D0%BC%D0%B0%D0%BD%D0%B3%D0%B0%D0%BB%D1%8B&yclid=1767695459768396120" "Mozilla/5.0 (Linux; Android 10; JSN-L21) AppleWebKit/537.36 (KHTML, like Gecko) Chrome/100.0.4896.79 Mobile Safari/537.36"
212.192.203.32 - - [08/Apr/2022:01:07:04 +0000] "GET /wa-content/js/jquery-plugins/jquery.cookie.js HTTP/2.0" 200 1343 "https://rostov.justgrill.ru/mangaly/mangal/?utm_source=yandex&utm_medium=cpc&utm_campaign=20214211&utm_content=mangal&utm_term=%D0%BA%D0%BE%D0%B2%D0%B0%D0%BD%D1%8B%D0%B5%20%D0%BC%D0%B0%D0%BD%D0%B3%D0%B0%D0%BB%D1%8B&yclid=1767695459768396120" "Mozilla/5.0 (Linux; Android 10; JSN-L21) AppleWebKit/537.36 (KHTML, like Gecko) Chrome/100.0.4896.79 Mobile Safari/537.36"
212.192.203.32 - - [08/Apr/2022:01:07:04 +0000] "GET /wa-content/js/jquery-plugins/jquery.cookie.js?v2.4.1 HTTP/2.0" 200 1343 "https://rostov.justgrill.ru/mangaly/mangal/?utm_source=yandex&utm_medium=cpc&utm_campaign=20214211&utm_content=mangal&utm_term=%D0%BA%D0%BE%D0%B2%D0%B0%D0%BD%D1%8B%D0%B5%20%D0%BC%D0%B0%D0%BD%D0%B3%D0%B0%D0%BB%D1%8B&yclid=1767695459768396120" "Mozilla/5.0 (Linux; Android 10; JSN-L21) AppleWebKit/537.36 (KHTML, like Gecko) Chrome/100.0.4896.79 Mobile Safari/537.36"
212.192.203.32 - - [08/Apr/2022:01:07:04 +0000] "GET /wa-content/js/jquery-plugins/jquery.retina.min.js?v2.4.1 HTTP/2.0" 200 900 "https://rostov.justgrill.ru/mangaly/mangal/?utm_source=yandex&utm_medium=cpc&utm_campaign=20214211&utm_content=mangal&utm_term=%D0%BA%D0%BE%D0%B2%D0%B0%D0%BD%D1%8B%D0%B5%20%D0%BC%D0%B0%D0%BD%D0%B3%D0%B0%D0%BB%D1%8B&yclid=1767695459768396120" "Mozilla/5.0 (Linux; Android 10; JSN-L21) AppleWebKit/537.36 (KHTML, like Gecko) Chrome/100.0.4896.79 Mobile Safari/537.36"
212.192.203.32 - - [08/Apr/2022:01:07:04 +0000] "GET /wa-content/js/jquery-ui/jquery.ui.core.min.js?v2.4.1 HTTP/2.0" 200 2032 "https://rostov.justgrill.ru/mangaly/mangal/?utm_source=yandex&utm_medium=cpc&utm_campaign=20214211&utm_content=mangal&utm_term=%D0%BA%D0%BE%D0%B2%D0%B0%D0%BD%D1%8B%D0%B5%20%D0%BC%D0%B0%D0%BD%D0%B3%D0%B0%D0%BB%D1%8B&yclid=1767695459768396120" "Mozilla/5.0 (Linux; Android 10; JSN-L21) AppleWebKit/537.36 (KHTML, like Gecko) Chrome/100.0.4896.79 Mobile Safari/537.36"
212.192.203.32 - - [08/Apr/2022:01:07:04 +0000] "GET /wa-content/js/jquery-ui/jquery.ui.widget.min.js?v2.4.1 HTTP/2.0" 200 1301 "https://rostov.justgrill.ru/mangaly/mangal/?utm_source=yandex&utm_medium=cpc&utm_campaign=20214211&utm_content=mangal&utm_term=%D0%BA%D0%BE%D0%B2%D0%B0%D0%BD%D1%8B%D0%B5%20%D0%BC%D0%B0%D0%BD%D0%B3%D0%B0%D0%BB%D1%8B&yclid=1767695459768396120" "Mozilla/5.0 (Linux; Android 10; JSN-L21) AppleWebKit/537.36 (KHTML, like Gecko) Chrome/100.0.4896.79 Mobile Safari/537.36"
212.192.203.32 - - [08/Apr/2022:01:07:04 +0000] "GET /wa-content/js/jquery-ui/jquery.ui.mouse.min.js?v2.4.1 HTTP/2.0" 200 932 "https://rostov.justgrill.ru/mangaly/mangal/?utm_source=yandex&utm_medium=cpc&utm_campaign=20214211&utm_content=mangal&utm_term=%D0%BA%D0%BE%D0%B2%D0%B0%D0%BD%D1%8B%D0%B5%20%D0%BC%D0%B0%D0%BD%D0%B3%D0%B0%D0%BB%D1%8B&yclid=1767695459768396120" "Mozilla/5.0 (Linux; Android 10; JSN-L21) AppleWebKit/537.36 (KHTML, like Gecko) Chrome/100.0.4896.79 Mobile Safari/537.36"
212.192.203.32 - - [08/Apr/2022:01:07:04 +0000] "GET /wa-content/js/jquery-ui/jquery.ui.slider.min.js?v2.4.1 HTTP/2.0" 200 2846 "https://rostov.justgrill.ru/mangaly/mangal/?utm_source=yandex&utm_medium=cpc&utm_campaign=20214211&utm_content=mangal&utm_term=%D0%BA%D0%BE%D0%B2%D0%B0%D0%BD%D1%8B%D0%B5%20%D0%BC%D0%B0%D0%BD%D0%B3%D0%B0%D0%BB%D1%8B&yclid=1767695459768396120" "Mozilla/5.0 (Linux; Android 10; JSN-L21) AppleWebKit/537.36 (KHTML, like Gecko) Chrome/100.0.4896.79 Mobile Safari/537.36"
212.192.203.32 - - [08/Apr/2022:01:07:04 +0000] "GET /searchpro-plugin/config/?v1.9.0.1649380023?1834470465 HTTP/2.0" 200 562 "https://rostov.justgrill.ru/mangaly/mangal/?utm_source=yandex&utm_medium=cpc&utm_campaign=20214211&utm_content=mangal&utm_term=%D0%BA%D0%BE%D0%B2%D0%B0%D0%BD%D1%8B%D0%B5%20%D0%BC%D0%B0%D0%BD%D0%B3%D0%B0%D0%BB%D1%8B&yclid=1767695459768396120" "Mozilla/5.0 (Linux; Android 10; JSN-L21) AppleWebKit/537.36 (KHTML, like Gecko) Chrome/100.0.4896.79 Mobile Safari/537.36"
212.192.203.32 - - [08/Apr/2022:01:07:05 +0000] "GET /wa-data/public/site/themes/justgrill/fonts/Robotobold.woff2 HTTP/2.0" 200 28384 "https://rostov.justgrill.ru/wa-data/public/site/themes/justgrill/css/fonts.css?v3.3.1.1649380023" "Mozilla/5.0 (Linux; Android 10; JSN-L21) AppleWebKit/537.36 (KHTML, like Gecko) Chrome/100.0.4896.79 Mobile Safari/537.36"
212.192.203.32 - - [08/Apr/2022:01:07:05 +0000] "GET /wa-data/public/site/themes/justgrill/fonts/Robotolight.woff2 HTTP/2.0" 200 28296 "https://rostov.justgrill.ru/wa-data/public/site/themes/justgrill/css/fonts.css?v3.3.1.1649380023" "Mozilla/5.0 (Linux; Android 10; JSN-L21) AppleWebKit/537.36 (KHTML, like Gecko) Chrome/100.0.4896.79 Mobile Safari/537.36"
212.192.203.32 - - [08/Apr/2022:01:07:05 +0000] "GET /wa-data/public/site/themes/justgrill/fonts/Roboto.woff2 HTTP/2.0" 200 28036 "https://rostov.justgrill.ru/wa-data/public/site/themes/justgrill/css/fonts.css?v3.3.1.1649380023" "Mozilla/5.0 (Linux; Android 10; JSN-L21) AppleWebKit/537.36 (KHTML, like Gecko) Chrome/100.0.4896.79 Mobile Safari/537.36"
212.192.203.32 - - [08/Apr/2022:01:07:05 +0000] "GET /wa-data/public/site/themes/justgrill/img/basket.svg HTTP/2.0" 200 3868 "https://rostov.justgrill.ru/wa-data/public/site/themes/justgrill/css/main.css?v3.3.1.1649380023" "Mozilla/5.0 (Linux; Android 10; JSN-L21) AppleWebKit/537.36 (KHTML, like Gecko) Chrome/100.0.4896.79 Mobile Safari/537.36"
212.192.203.32 - - [08/Apr/2022:01:07:05 +0000] "GET /wa-data/public/site/themes/justgrill/img/user.svg HTTP/2.0" 200 5703 "https://rostov.justgrill.ru/wa-data/public/site/themes/justgrill/css/main.css?v3.3.1.1649380023" "Mozilla/5.0 (Linux; Android 10; JSN-L21) AppleWebKit/537.36 (KHTML, like Gecko) Chrome/100.0.4896.79 Mobile Safari/537.36"
212.192.203.32 - - [08/Apr/2022:01:07:05 +0000] "GET /searchpro-plugin/config/?v1.9.0.1649380023?271374835 HTTP/2.0" 200 562 "https://rostov.justgrill.ru/mangaly/mangal/?utm_source=yandex&utm_medium=cpc&utm_campaign=20214211&utm_content=mangal&utm_term=%D0%BA%D0%BE%D0%B2%D0%B0%D0%BD%D1%8B%D0%B5%20%D0%BC%D0%B0%D0%BD%D0%B3%D0%B0%D0%BB%D1%8B&yclid=1767695459768396120" "Mozilla/5.0 (Linux; Android 10; JSN-L21) AppleWebKit/537.36 (KHTML, like Gecko) Chrome/100.0.4896.79 Mobile Safari/537.36"
114.119.128.57 - - [08/Apr/2022:01:07:05 +0000] "GET /aksessuary/posuda/gollandskaya-pech-weber-gbs/ HTTP/1.1" 301 5 "-" "Mozilla/5.0 (Linux; Android 7.0;) AppleWebKit/537.36 (KHTML, like Gecko) Mobile Safari/537.36 (compatible; PetalBot;+https://webmaster.petalsearch.com/site/petalbot)"
212.192.203.32 - - [08/Apr/2022:01:07:05 +0000] "GET /wa-apps/shop/plugins/searchpro/fonts/Roboto/Roboto-Regular.woff2 HTTP/2.0" 200 66004 "https://rostov.justgrill.ru/wa-apps/shop/plugins/searchpro/css/frontend.fonts.css?v1.9.0.1649380023" "Mozilla/5.0 (Linux; Android 10; JSN-L21) AppleWebKit/537.36 (KHTML, like Gecko) Chrome/100.0.4896.79 Mobile Safari/537.36"
212.192.203.32 - - [08/Apr/2022:01:07:06 +0000] "GET /wa-data/public/site/themes/justgrill/img/menu-arrow-right.svg HTTP/2.0" 200 202 "https://rostov.justgrill.ru/wa-data/public/site/themes/justgrill/css/main.css?v3.3.1.1649380023" "Mozilla/5.0 (Linux; Android 10; JSN-L21) AppleWebKit/537.36 (KHTML, like Gecko) Chrome/100.0.4896.79 Mobile Safari/537.36"
212.192.203.32 - - [08/Apr/2022:01:07:06 +0000] "GET /wa-data/public/site/themes/justgrill/img/menu-arrow-left.svg HTTP/2.0" 200 201 "https://rostov.justgrill.ru/wa-data/public/site/themes/justgrill/css/main.css?v3.3.1.1649380023" "Mozilla/5.0 (Linux; Android 10; JSN-L21) AppleWebKit/537.36 (KHTML, like Gecko) Chrome/100.0.4896.79 Mobile Safari/537.36"
212.192.203.32 - - [08/Apr/2022:01:07:06 +0000] "GET /wa-data/public/site/themes/justgrill/img/arrow-f.svg HTTP/2.0" 200 223 "https://rostov.justgrill.ru/wa-data/public/site/themes/justgrill/css/main.css?v3.3.1.1649380023" "Mozilla/5.0 (Linux; Android 10; JSN-L21) AppleWebKit/537.36 (KHTML, like Gecko) Chrome/100.0.4896.79 Mobile Safari/537.36"
212.192.203.32 - - [08/Apr/2022:01:07:06 +0000] "GET /wa-data/public/site/themes/justgrill/fonts/Robotomedium.woff2 HTTP/2.0" 200 28312 "https://rostov.justgrill.ru/wa-data/public/site/themes/justgrill/css/fonts.css?v3.3.1.1649380023" "Mozilla/5.0 (Linux; Android 10; JSN-L21) AppleWebKit/537.36 (KHTML, like Gecko) Chrome/100.0.4896.79 Mobile Safari/537.36"
212.192.203.32 - - [08/Apr/2022:01:07:06 +0000] "GET /wa-content/font/ruble/arial/alsrubl-arial-regular.woff HTTP/2.0" 200 1788 "https://rostov.justgrill.ru/wa-content/font/ruble/arial/fontface.css" "Mozilla/5.0 (Linux; Android 10; JSN-L21) AppleWebKit/537.36 (KHTML, like Gecko) Chrome/100.0.4896.79 Mobile Safari/537.36"
212.192.203.32 - - [08/Apr/2022:01:07:07 +0000] "GET /wa-data/public/site/themes/justgrill/img/phone.svg HTTP/2.0" 200 99750 "https://rostov.justgrill.ru/wa-data/public/site/themes/justgrill/css/main.css?v3.3.1.1649380023" "Mozilla/5.0 (Linux; Android 10; JSN-L21) AppleWebKit/537.36 (KHTML, like Gecko) Chrome/100.0.4896.79 Mobile Safari/537.36"
