37.195.228.142 - - [08/Apr/2022:00:11:43 +0000] "GET /wa-data/public/site/themes/justgrill/img/menu-arrow-right.svg HTTP/2.0" 200 202 "https://novosib.justgrill.ru/grili/ugolnye/" "Mozilla/5.0 (iPhone; CPU iPhone OS 15_3 like Mac OS X) AppleWebKit/605.1.15 (KHTML, like Gecko) Version/15.0 YaBrowser/22.3.4.566.10 SA/3 Mobile/15E148 Safari/604.1"
37.195.228.142 - - [08/Apr/2022:00:11:43 +0000] "GET /wa-data/public/site/themes/justgrill/img/menu-arrow-left.svg HTTP/2.0" 200 201 "https://novosib.justgrill.ru/grili/ugolnye/" "Mozilla/5.0 (iPhone; CPU iPhone OS 15_3 like Mac OS X) AppleWebKit/605.1.15 (KHTML, like Gecko) Version/15.0 YaBrowser/22.3.4.566.10 SA/3 Mobile/15E148 Safari/604.1"
37.195.228.142 - - [08/Apr/2022:00:11:43 +0000] "GET /wa-data/public/site/themes/justgrill/img/arrow-f.svg HTTP/2.0" 200 223 "https://novosib.justgrill.ru/grili/ugolnye/" "Mozilla/5.0 (iPhone; CPU iPhone OS 15_3 like Mac OS X) AppleWebKit/605.1.15 (KHTML, like Gecko) Version/15.0 YaBrowser/22.3.4.566.10 SA/3 Mobile/15E148 Safari/604.1"
37.195.228.142 - - [08/Apr/2022:00:11:43 +0000] "GET /wa-data/public/site/themes/justgrill/img/phone.svg HTTP/2.0" 200 99750 "https://novosib.justgrill.ru/grili/ugolnye/" "Mozilla/5.0 (iPhone; CPU iPhone OS 15_3 like Mac OS X) AppleWebKit/605.1.15 (KHTML, like Gecko) Version/15.0 YaBrowser/22.3.4.566.10 SA/3 Mobile/15E148 Safari/604.1"
37.195.228.142 - - [08/Apr/2022:00:11:43 +0000] "GET /wa-data/public/site/themes/justgrill/img/email.svg HTTP/2.0" 200 354 "https://novosib.justgrill.ru/grili/ugolnye/" "Mozilla/5.0 (iPhone; CPU iPhone OS 15_3 like Mac OS X) AppleWebKit/605.1.15 (KHTML, like Gecko) Version/15.0 YaBrowser/22.3.4.566.10 SA/3 Mobile/15E148 Safari/604.1"
37.195.228.142 - - [08/Apr/2022:00:11:43 +0000] "GET /wa-data/public/site/themes/justgrill/img/adress.svg HTTP/2.0" 200 80968 "https://novosib.justgrill.ru/grili/ugolnye/" "Mozilla/5.0 (iPhone; CPU iPhone OS 15_3 like Mac OS X) AppleWebKit/605.1.15 (KHTML, like Gecko) Version/15.0 YaBrowser/22.3.4.566.10 SA/3 Mobile/15E148 Safari/604.1"
37.195.228.142 - - [08/Apr/2022:00:11:43 +0000] "GET /shop/captcha.php?rid=1649376700624f7dbc84f36 HTTP/2.0" 200 13273 "https://novosib.justgrill.ru/grili/ugolnye/" "Mozilla/5.0 (iPhone; CPU iPhone OS 15_3 like Mac OS X) AppleWebKit/605.1.15 (KHTML, like Gecko) Version/15.0 YaBrowser/22.3.4.566.10 SA/3 Mobile/15E148 Safari/604.1"
185.191.171.34 - - [08/Apr/2022:00:11:56 +0000] "GET /aksessuary/reshetki/reshetka-gril/reshetka-dlya-grilya-big-green-egg-s-chugunnaya-33-sm/ HTTP/1.1" 200 33157 "-" "Mozilla/5.0 (compatible; SemrushBot/7~bl; +http://www.semrush.com/bot.html)"
185.191.171.38 - - [08/Apr/2022:00:11:58 +0000] "GET /aksessuary/chistka-i-ukhod/kocherga-gril/kocherga-i-shchiptsy-dlya-ugley/ HTTP/1.1" 200 31647 "-" "Mozilla/5.0 (compatible; SemrushBot/7~bl; +http://www.semrush.com/bot.html)"
93.158.161.76 - - [08/Apr/2022:00:12:00 +0000] "GET /grili/ugolnye/ HTTP/1.1" 200 37593 "-" "Mozilla/5.0 (compatible; YandexBot/3.0; +http://yandex.com/bots)"
77.88.5.23 - - [08/Apr/2022:00:12:08 +0000] "GET /aksessuary/posuda/poddon-gril/nabor-lotkov-broil-king-dlya-zhirosbornika-10-sht/reviews/ HTTP/1.1" 200 31112 "-" "Mozilla/5.0 (compatible; YandexBot/3.0; +http://yandex.com/bots)"
114.119.129.148 - - [08/Apr/2022:00:12:12 +0000] "GET /grili/gazovye/napoleon/lelex/gazovyy-gril-napoleon-lex-605/reviews/ HTTP/1.1" 200 29179 "-" "Mozilla/5.0 (Linux; Android 7.0;) AppleWebKit/537.36 (KHTML, like Gecko) Mobile Safari/537.36 (compatible; PetalBot;+https://webmaster.petalsearch.com/site/petalbot)"
185.191.171.42 - - [08/Apr/2022:00:12:17 +0000] "GET /aksessuary/dlya-tandyrov/chekhly/chekhol-na-tandyr-aladdindastarkhan/ HTTP/1.1" 200 32572 "-" "Mozilla/5.0 (compatible; SemrushBot/7~bl; +http://www.semrush.com/bot.html)"
114.119.129.176 - - [08/Apr/2022:00:12:26 +0000] "GET /aksessuary/shampury-i-vertely/vertel-gril/vertel-gril-opory-komplekt-dlya-mangalov-grillver/reviews HTTP/1.1" 301 5 "-" "Mozilla/5.0 (Linux; Android 7.0;) AppleWebKit/537.36 (KHTML, like Gecko) Mobile Safari/537.36 (compatible; PetalBot;+https://webmaster.petalsearch.com/site/petalbot)"
114.119.129.176 - - [08/Apr/2022:00:12:28 +0000] "GET /aksessuary/shampury-i-vertely/vertel-gril/vertel-gril-opory-komplekt-dlya-mangalov-grillver/reviews/ HTTP/1.1" 200 31141 "-" "Mozilla/5.0 (Linux; Android 7.0;) AppleWebKit/537.36 (KHTML, like Gecko) Mobile Safari/537.36 (compatible; PetalBot;+https://webmaster.petalsearch.com/site/petalbot)"
144.76.81.229 - - [08/Apr/2022:00:12:32 +0000] "GET /robots.txt HTTP/1.1" 200 614 "-" "Mozilla/5.0 (compatible; MJ12bot/v1.4.8; http://mj12bot.com/)"
144.76.81.229 - - [08/Apr/2022:00:12:35 +0000] "GET /search/1000/%D0%B1%D0%B0%D0%BB%D0%BB%D0%BE%D0%BD/ HTTP/1.1" 200 31039 "-" "Mozilla/5.0 (compatible; MJ12bot/v1.4.8; http://mj12bot.com/)"
144.76.81.229 - - [08/Apr/2022:00:12:38 +0000] "GET /search/1002/%D1%80%D0%BE%D1%81%D1%81%D0%B8%D1%8F/ HTTP/1.1" 200 32027 "-" "Mozilla/5.0 (compatible; MJ12bot/v1.4.8; http://mj12bot.com/)"
144.76.81.229 - - [08/Apr/2022:00:12:41 +0000] "GET /search/1002/%D1%88%D0%B0%D0%BC%D0%BF%D1%83%D1%80%D0%B0/ HTTP/1.1" 200 30996 "-" "Mozilla/5.0 (compatible; MJ12bot/v1.4.8; http://mj12bot.com/)"
144.76.81.229 - - [08/Apr/2022:00:12:43 +0000] "GET /search/1003/%D1%80%D0%BE%D1%81%D1%81%D0%B8%D1%8F/ HTTP/1.1" 200 32245 "-" "Mozilla/5.0 (compatible; MJ12bot/v1.4.8; http://mj12bot.com/)"
77.88.5.20 - - [08/Apr/2022:00:12:46 +0000] "GET /wa-content/js/jquery-plugins/jquery.cookie.js HTTP/1.1" 200 1355 "https://spb.justgrill.ru/search/956/oklahoma-joe/" "Mozilla/5.0 (compatible; YandexBot/3.0; +http://yandex.com/bots) AppleWebKit/537.36 (KHTML, like Gecko) Chrome/81.0.4044.268"
144.76.81.229 - - [08/Apr/2022:00:12:47 +0000] "GET /search/1004/%D0%B1%D0%B0%D0%BB%D0%BB%D0%BE%D0%BD/ HTTP/1.1" 200 29425 "-" "Mozilla/5.0 (compatible; MJ12bot/v1.4.8; http://mj12bot.com/)"
54.36.149.58 - - [08/Apr/2022:00:12:48 +0000] "GET /search/980/md-%D0%BA%D0%B5%D1%80%D0%B0%D0%BC%D0%B8%D0%BA%D0%B0/ HTTP/2.0" 200 31516 "-" "Mozilla/5.0 (compatible; AhrefsBot/7.0; +http://ahrefs.com/robot/)"
77.88.5.232 - - [08/Apr/2022:00:12:48 +0000] "GET /grili/ugolnye/napoleon/ugolny-gril-napoleon-pro-605-serebro/ HTTP/1.1" 200 35553 "-" "Mozilla/5.0 (compatible; YandexBot/3.0; +http://yandex.com/bots)"
77.88.5.20 - - [08/Apr/2022:00:12:49 +0000] "GET /grili/gazovye/broil-king/portachef/broil-king/ HTTP/1.1" 301 5 "-" "Mozilla/5.0 (compatible; YandexBot/3.0; +http://yandex.com/bots)"
77.88.5.21 - - [08/Apr/2022:00:12:49 +0000] "GET /grili/gazovye/broil-king/portachef/broil-king/ HTTP/1.1" 301 162 "-" "Mozilla/5.0 (compatible; YandexBot/3.0; +http://yandex.com/bots)"
144.76.81.229 - - [08/Apr/2022:00:12:49 +0000] "GET /search/1004/%D0%B2%D0%B5%D1%80%D1%82%D0%B5%D0%BB/ HTTP/1.1" 200 30231 "-" "Mozilla/5.0 (compatible; MJ12bot/v1.4.8; http://mj12bot.com/)"
77.88.5.167 - - [08/Apr/2022:00:12:50 +0000] "GET /grili/gazovye/broil-king/portachef/broil-king/ HTTP/1.1" 200 27983 "-" "Mozilla/5.0 (compatible; YandexBot/3.0; +http://yandex.com/bots)"
144.76.81.229 - - [08/Apr/2022:00:12:52 +0000] "GET /search/1004/%D1%80%D0%BE%D1%81%D1%81%D0%B8%D1%8F/ HTTP/1.1" 200 29462 "-" "Mozilla/5.0 (compatible; MJ12bot/v1.4.8; http://mj12bot.com/)"
93.158.161.33 - - [08/Apr/2022:00:12:52 +0000] "GET /mangaly/koptilni/barelnaya-koptilnya-broil-king-regal-offset-400-ugolnaya/ HTTP/1.1" 200 34364 "-" "Mozilla/5.0 (compatible; YandexBot/3.0; +http://yandex.com/bots)"
144.76.81.229 - - [08/Apr/2022:00:12:54 +0000] "GET /search/1004/%D1%83%D0%B3%D0%BE%D0%BB%D1%8C/ HTTP/1.1" 200 34563 "-" "Mozilla/5.0 (compatible; MJ12bot/v1.4.8; http://mj12bot.com/)"
144.76.81.229 - - [08/Apr/2022:00:12:57 +0000] "GET /search/1004/%D1%87%D0%B5%D1%85%D0%BE%D0%BB/ HTTP/1.1" 200 29476 "-" "Mozilla/5.0 (compatible; MJ12bot/v1.4.8; http://mj12bot.com/)"
144.76.81.229 - - [08/Apr/2022:00:13:00 +0000] "GET /search/1005/%D0%B1%D0%B0%D0%BB%D0%BB%D0%BE%D0%BD/ HTTP/1.1" 200 29434 "-" "Mozilla/5.0 (compatible; MJ12bot/v1.4.8; http://mj12bot.com/)"
144.76.81.229 - - [08/Apr/2022:00:13:03 +0000] "GET /search/1011/%D1%83%D0%B3%D0%BE%D0%BB%D1%8C/ HTTP/1.1" 200 29468 "-" "Mozilla/5.0 (compatible; MJ12bot/v1.4.8; http://mj12bot.com/)"
185.191.171.35 - - [08/Apr/2022:00:13:03 +0000] "GET /search/995/%D0%B2%D0%B5%D1%80%D1%82%D0%B5%D0%BB/ HTTP/1.1" 200 33145 "-" "Mozilla/5.0 (compatible; SemrushBot/7~bl; +http://www.semrush.com/bot.html)"
144.76.81.229 - - [08/Apr/2022:00:13:05 +0000] "GET /search/1012/%D1%83%D0%B3%D0%BE%D0%BB%D1%8C/ HTTP/1.1" 200 30183 "-" "Mozilla/5.0 (compatible; MJ12bot/v1.4.8; http://mj12bot.com/)"
144.76.81.229 - - [08/Apr/2022:00:13:08 +0000] "GET /search/1015/%D1%83%D0%B3%D0%BE%D0%BB%D1%8C/ HTTP/1.1" 200 32064 "-" "Mozilla/5.0 (compatible; MJ12bot/v1.4.8; http://mj12bot.com/)"
77.88.5.234 - - [08/Apr/2022:00:13:09 +0000] "GET /brendy/weber/ HTTP/1.1" 301 5 "-" "Mozilla/5.0 (compatible; YandexBot/3.0; +http://yandex.com/bots)"
144.76.81.229 - - [08/Apr/2022:00:13:10 +0000] "GET /search/1017/%D1%83%D0%B3%D0%BE%D0%BB%D1%8C/ HTTP/1.1" 200 31614 "-" "Mozilla/5.0 (compatible; MJ12bot/v1.4.8; http://mj12bot.com/)"
93.158.161.52 - - [08/Apr/2022:00:13:13 +0000] "GET /brand/weber/ HTTP/1.1" 200 35488 "-" "Mozilla/5.0 (compatible; YandexBot/3.0; +http://yandex.com/bots)"
144.76.81.229 - - [08/Apr/2022:00:13:13 +0000] "GET /search/1029/%D1%80%D0%BE%D1%81%D1%81%D0%B8%D1%8F/ HTTP/1.1" 200 31645 "-" "Mozilla/5.0 (compatible; MJ12bot/v1.4.8; http://mj12bot.com/)"
144.76.81.229 - - [08/Apr/2022:00:13:16 +0000] "GET /search/1030/%D1%80%D0%BE%D1%81%D1%81%D0%B8%D1%8F/ HTTP/1.1" 200 31441 "-" "Mozilla/5.0 (compatible; MJ12bot/v1.4.8; http://mj12bot.com/)"
144.76.81.229 - - [08/Apr/2022:00:13:19 +0000] "GET /search/1031/%D1%80%D0%BE%D1%81%D1%81%D0%B8%D1%8F/ HTTP/1.1" 200 31044 "-" "Mozilla/5.0 (compatible; MJ12bot/v1.4.8; http://mj12bot.com/)"
77.88.5.210 - - [08/Apr/2022:00:13:20 +0000] "GET /aksessuary/ HTTP/1.1" 200 38379 "-" "Mozilla/5.0 (compatible; YandexBot/3.0; +http://yandex.com/bots) AppleWebKit/537.36 (KHTML, like Gecko) Chrome/81.0.4044.268"
144.76.81.229 - - [08/Apr/2022:00:13:22 +0000] "GET /search/1032/%D1%80%D0%BE%D1%81%D1%81%D0%B8%D1%8F/ HTTP/1.1" 200 30925 "-" "Mozilla/5.0 (compatible; MJ12bot/v1.4.8; http://mj12bot.com/)"
77.88.5.89 - - [08/Apr/2022:00:13:23 +0000] "GET / HTTP/1.1" 301 162 "-" "Mozilla/5.0 (compatible; YandexMetrika/2.0; +http://yandex.com/bots yabs01)"
144.76.81.229 - - [08/Apr/2022:00:13:25 +0000] "GET /search/1033/%D1%80%D0%BE%D1%81%D1%81%D0%B8%D1%8F/ HTTP/1.1" 200 37782 "-" "Mozilla/5.0 (compatible; MJ12bot/v1.4.8; http://mj12bot.com/)"
77.88.5.132 - - [08/Apr/2022:00:13:27 +0000] "GET / HTTP/1.1" 301 162 "-" "Mozilla/5.0 (compatible; YandexMetrika/2.0; +http://yandex.com/bots yabs01)"
144.76.81.229 - - [08/Apr/2022:00:13:28 +0000] "GET /search/1033/%D1%87%D0%B5%D1%85%D0%BE%D0%BB/ HTTP/1.1" 200 29474 "-" "Mozilla/5.0 (compatible; MJ12bot/v1.4.8; http://mj12bot.com/)"
144.76.81.229 - - [08/Apr/2022:00:13:30 +0000] "GET /search/1033/%D1%88%D0%B0%D0%BC%D0%BF%D1%83%D1%80%D0%B0/ HTTP/1.1" 200 37607 "-" "Mozilla/5.0 (compatible; MJ12bot/v1.4.8; http://mj12bot.com/)"
144.76.81.229 - - [08/Apr/2022:00:13:34 +0000] "GET /search/1034/%D1%80%D0%BE%D1%81%D1%81%D0%B8%D1%8F/ HTTP/1.1" 200 33754 "-" "Mozilla/5.0 (compatible; MJ12bot/v1.4.8; http://mj12bot.com/)"
144.76.81.229 - - [08/Apr/2022:00:13:37 +0000] "GET /search/1034/%D1%88%D0%B0%D0%BC%D0%BF%D1%83%D1%80%D0%B0/ HTTP/1.1" 200 32243 "-" "Mozilla/5.0 (compatible; MJ12bot/v1.4.8; http://mj12bot.com/)"
144.76.81.229 - - [08/Apr/2022:00:13:39 +0000] "GET /search/1035/%D1%80%D0%BE%D1%81%D1%81%D0%B8%D1%8F/ HTTP/1.1" 200 29494 "-" "Mozilla/5.0 (compatible; MJ12bot/v1.4.8; http://mj12bot.com/)"
37.9.71.212 - - [08/Apr/2022:00:13:41 +0000] "POST /ym_api/1/?action=/cart HTTP/1.1" 200 110 "-" "Apache-HttpClient/4.5.6 (Java/11.0.8-shenandoah)"
144.76.81.229 - - [08/Apr/2022:00:13:41 +0000] "GET /search/1035/%D1%88%D0%B0%D0%BC%D0%BF%D1%83%D1%80%D0%B0/ HTTP/1.1" 200 29453 "-" "Mozilla/5.0 (compatible; MJ12bot/v1.4.8; http://mj12bot.com/)"
144.76.81.229 - - [08/Apr/2022:00:13:44 +0000] "GET /search/1036/%D1%80%D0%BE%D1%81%D1%81%D0%B8%D1%8F/ HTTP/1.1" 200 30888 "-" "Mozilla/5.0 (compatible; MJ12bot/v1.4.8; http://mj12bot.com/)"
144.76.81.229 - - [08/Apr/2022:00:13:46 +0000] "GET /search/1036/%D1%88%D0%B0%D0%BC%D0%BF%D1%83%D1%80%D0%B0/ HTTP/1.1" 200 31958 "-" "Mozilla/5.0 (compatible; MJ12bot/v1.4.8; http://mj12bot.com/)"
144.76.81.229 - - [08/Apr/2022:00:13:49 +0000] "GET /search/1037/%D1%80%D0%BE%D1%81%D1%81%D0%B8%D1%8F/ HTTP/1.1" 200 33091 "-" "Mozilla/5.0 (compatible; MJ12bot/v1.4.8; http://mj12bot.com/)"
144.76.81.229 - - [08/Apr/2022:00:13:51 +0000] "GET /search/1037/%D1%83%D0%B3%D0%BE%D0%BB%D1%8C/ HTTP/1.1" 200 31373 "-" "Mozilla/5.0 (compatible; MJ12bot/v1.4.8; http://mj12bot.com/)"
144.76.81.229 - - [08/Apr/2022:00:13:54 +0000] "GET /search/1037/%D1%88%D0%B0%D0%BC%D0%BF%D1%83%D1%80%D0%B0/ HTTP/1.1" 200 32064 "-" "Mozilla/5.0 (compatible; MJ12bot/v1.4.8; http://mj12bot.com/)"
207.46.13.110 - - [08/Apr/2022:00:13:54 +0000] "GET /aksessuary/ugli-i-rozzhigi/starter-rozzhig/ HTTP/2.0" 200 29599 "-" "Mozilla/5.0 (compatible; bingbot/2.0; +http://www.bing.com/bingbot.htm)"
144.76.81.229 - - [08/Apr/2022:00:13:57 +0000] "GET /search/1038/%D1%80%D0%BE%D1%81%D1%81%D0%B8%D1%8F/ HTTP/1.1" 200 32783 "-" "Mozilla/5.0 (compatible; MJ12bot/v1.4.8; http://mj12bot.com/)"
66.249.66.2 - - [08/Apr/2022:00:13:57 +0000] "GET /aksessuary/dlya-kopcheniya/pellety/pellety-dlya-kopcheniya-select-blend-paket-9-2kg-broil-king/ HTTP/1.1" 200 34347 "-" "Mozilla/5.0 (compatible; Googlebot/2.1; +http://www.google.com/bot.html)"
144.76.81.229 - - [08/Apr/2022:00:13:59 +0000] "GET /search/1038/%D1%88%D0%B0%D0%BC%D0%BF%D1%83%D1%80%D0%B0/ HTTP/1.1" 200 32917 "-" "Mozilla/5.0 (compatible; MJ12bot/v1.4.8; http://mj12bot.com/)"
45.151.138.255 - - [08/Apr/2022:00:14:00 +0000] "GET /grili/ugolnye/gril-kettle-joe-red/ HTTP/1.1" 200 34446 "-" "Mozilla/5.0 (X11; Linux x86_64) AppleWebKit/537.36 (KHTML, like Gecko) Chrome/85.0.4183.83 Safari/537.36"
144.76.81.229 - - [08/Apr/2022:00:14:02 +0000] "GET /search/659/%D1%83%D0%B3%D0%BE%D0%BB%D1%8C/ HTTP/1.1" 200 42113 "-" "Mozilla/5.0 (compatible; MJ12bot/v1.4.8; http://mj12bot.com/)"
144.76.81.229 - - [08/Apr/2022:00:14:04 +0000] "GET /search/688/%D0%B1%D0%B0%D0%BB%D0%BB%D0%BE%D0%BD/ HTTP/1.1" 200 31146 "-" "Mozilla/5.0 (compatible; MJ12bot/v1.4.8; http://mj12bot.com/)"
144.76.81.229 - - [08/Apr/2022:00:14:07 +0000] "GET /search/688/%D1%80%D0%BE%D1%81%D1%81%D0%B8%D1%8F/ HTTP/1.1" 200 31009 "-" "Mozilla/5.0 (compatible; MJ12bot/v1.4.8; http://mj12bot.com/)"
144.76.81.229 - - [08/Apr/2022:00:14:10 +0000] "GET /search/688/%D1%83%D0%B3%D0%BE%D0%BB%D1%8C/ HTTP/1.1" 200 34104 "-" "Mozilla/5.0 (compatible; MJ12bot/v1.4.8; http://mj12bot.com/)"
77.88.5.217 - - [08/Apr/2022:00:14:11 +0000] "GET /?yclid=7710547526903176844 HTTP/1.1" 200 39212 "-" "Mozilla/5.0 (compatible; YandexMetrika/2.0; +http://yandex.com/bots yabs01)"
144.76.81.229 - - [08/Apr/2022:00:14:13 +0000] "GET /search/688/%D1%87%D0%B5%D1%85%D0%BE%D0%BB/ HTTP/1.1" 200 37087 "-" "Mozilla/5.0 (compatible; MJ12bot/v1.4.8; http://mj12bot.com/)"
144.76.81.229 - - [08/Apr/2022:00:14:15 +0000] "GET /search/689/%D1%80%D0%BE%D1%81%D1%81%D0%B8%D1%8F/ HTTP/1.1" 200 29517 "-" "Mozilla/5.0 (compatible; MJ12bot/v1.4.8; http://mj12bot.com/)"
144.76.81.229 - - [08/Apr/2022:00:14:18 +0000] "GET /search/695/%D0%B2%D0%B5%D1%80%D1%82%D0%B5%D0%BB/ HTTP/1.1" 200 30901 "-" "Mozilla/5.0 (compatible; MJ12bot/v1.4.8; http://mj12bot.com/)"
144.76.81.229 - - [08/Apr/2022:00:14:21 +0000] "GET /search/695/%D1%80%D0%BE%D1%81%D1%81%D0%B8%D1%8F/ HTTP/1.1" 200 30406 "-" "Mozilla/5.0 (compatible; MJ12bot/v1.4.8; http://mj12bot.com/)"
54.36.149.33 - - [08/Apr/2022:00:14:22 +0000] "GET /search/983/md-%D0%BA%D0%B5%D1%80%D0%B0%D0%BC%D0%B8%D0%BA%D0%B0/ HTTP/2.0" 200 32833 "-" "Mozilla/5.0 (compatible; AhrefsBot/7.0; +http://ahrefs.com/robot/)"
144.76.81.229 - - [08/Apr/2022:00:14:23 +0000] "GET /search/695/%D1%88%D0%B0%D0%BC%D0%BF%D1%83%D1%80%D0%B0/ HTTP/1.1" 200 30753 "-" "Mozilla/5.0 (compatible; MJ12bot/v1.4.8; http://mj12bot.com/)"
144.76.81.229 - - [08/Apr/2022:00:14:32 +0000] "GET /search/786/%D1%83%D0%B3%D0%BE%D0%BB%D1%8C/ HTTP/1.1" 200 38109 "-" "Mozilla/5.0 (compatible; MJ12bot/v1.4.8; http://mj12bot.com/)"
144.76.81.229 - - [08/Apr/2022:00:14:35 +0000] "GET /search/787/%D0%B1%D0%B0%D0%BB%D0%BB%D0%BE%D0%BD/ HTTP/1.1" 200 36705 "-" "Mozilla/5.0 (compatible; MJ12bot/v1.4.8; http://mj12bot.com/)"
77.88.5.217 - - [08/Apr/2022:00:14:39 +0000] "GET /wa-content/js/jquery-plugins/jquery.cookie.js HTTP/1.1" 200 1355 "https://saratov.justgrill.ru/aksessuary/" "Mozilla/5.0 (compatible; YandexBot/3.0; +http://yandex.com/bots) AppleWebKit/537.36 (KHTML, like Gecko) Chrome/81.0.4044.268"
144.76.81.229 - - [08/Apr/2022:00:14:43 +0000] "GET /search/787/%D0%B2%D0%B5%D1%80%D1%82%D0%B5%D0%BB/ HTTP/1.1" 200 36480 "-" "Mozilla/5.0 (compatible; MJ12bot/v1.4.8; http://mj12bot.com/)"
188.130.216.83 - - [08/Apr/2022:00:14:47 +0000] "GET /photos/photo/img_172647/ HTTP/1.1" 200 30516 "-" "Mozilla/5.0 (X11; Linux x86_64) AppleWebKit/537.36 (KHTML, like Gecko) Chrome/80.0.3987.149 Safari/537.36"
144.76.81.229 - - [08/Apr/2022:00:14:51 +0000] "GET /search/788/%D1%83%D0%B3%D0%BE%D0%BB%D1%8C/ HTTP/1.1" 200 30602 "-" "Mozilla/5.0 (compatible; MJ12bot/v1.4.8; http://mj12bot.com/)"
144.76.81.229 - - [08/Apr/2022:00:14:55 +0000] "GET /search/789/%D1%83%D0%B3%D0%BE%D0%BB%D1%8C/ HTTP/1.1" 200 31776 "-" "Mozilla/5.0 (compatible; MJ12bot/v1.4.8; http://mj12bot.com/)"
144.76.81.229 - - [08/Apr/2022:00:14:58 +0000] "GET /search/791/%D0%B2%D0%B5%D1%80%D1%82%D0%B5%D0%BB/ HTTP/1.1" 200 30458 "-" "Mozilla/5.0 (compatible; MJ12bot/v1.4.8; http://mj12bot.com/)"
66.249.66.63 - - [08/Apr/2022:00:14:59 +0000] "GET /aksessuary/termometr-dlya-grilya/tsifrovoy-termometr-weber-old/ HTTP/1.1" 301 5 "-" "Mozilla/5.0 (compatible; Googlebot/2.1; +http://www.google.com/bot.html)"
66.249.66.63 - - [08/Apr/2022:00:15:00 +0000] "GET /aksessuary/oborudovanie/termometry-gril/tsifrovoy-termometr-gril-weber-old-karmany/ HTTP/1.1" 200 35274 "-" "Mozilla/5.0 (compatible; Googlebot/2.1; +http://www.google.com/bot.html)"
144.76.81.229 - - [08/Apr/2022:00:15:00 +0000] "GET /search/791/%D1%80%D0%BE%D1%81%D1%81%D0%B8%D1%8F/ HTTP/1.1" 200 30475 "-" "Mozilla/5.0 (compatible; MJ12bot/v1.4.8; http://mj12bot.com/)"
144.76.81.229 - - [08/Apr/2022:00:15:03 +0000] "GET /search/791/%D1%83%D0%B3%D0%BE%D0%BB%D1%8C/ HTTP/1.1" 200 33653 "-" "Mozilla/5.0 (compatible; MJ12bot/v1.4.8; http://mj12bot.com/)"
144.76.81.229 - - [08/Apr/2022:00:15:06 +0000] "GET /search/792/%D1%83%D0%B3%D0%BE%D0%BB%D1%8C/ HTTP/1.1" 200 31881 "-" "Mozilla/5.0 (compatible; MJ12bot/v1.4.8; http://mj12bot.com/)"
144.76.81.229 - - [08/Apr/2022:00:15:09 +0000] "GET /search/793/%D0%B1%D0%B0%D0%BB%D0%BB%D0%BE%D0%BD/ HTTP/1.1" 200 30390 "-" "Mozilla/5.0 (compatible; MJ12bot/v1.4.8; http://mj12bot.com/)"
144.76.81.229 - - [08/Apr/2022:00:15:12 +0000] "GET /search/793/%D0%B2%D0%B5%D1%80%D1%82%D0%B5%D0%BB/ HTTP/1.1" 200 37290 "-" "Mozilla/5.0 (compatible; MJ12bot/v1.4.8; http://mj12bot.com/)"
66.249.66.63 - - [08/Apr/2022:00:15:14 +0000] "GET /aksessuary/shampury-i-vertely/vertel-gril/vertel-gril-opory-komplekt-dlya-mangalov-grillver/ HTTP/1.1" 200 32532 "-" "Mozilla/5.0 (Linux; Android 6.0.1; Nexus 5X Build/MMB29P) AppleWebKit/537.36 (KHTML, like Gecko) Chrome/100.0.4896.75 Mobile Safari/537.36 (compatible; Googlebot/2.1; +http://www.google.com/bot.html)"
144.76.81.229 - - [08/Apr/2022:00:15:14 +0000] "GET /search/794/%D0%B2%D0%B5%D1%80%D1%82%D0%B5%D0%BB/ HTTP/1.1" 200 31956 "-" "Mozilla/5.0 (compatible; MJ12bot/v1.4.8; http://mj12bot.com/)"
144.76.81.229 - - [08/Apr/2022:00:15:16 +0000] "GET /search/794/%D1%83%D0%B3%D0%BE%D0%BB%D1%8C/ HTTP/1.1" 200 30285 "-" "Mozilla/5.0 (compatible; MJ12bot/v1.4.8; http://mj12bot.com/)"
144.76.81.229 - - [08/Apr/2022:00:15:19 +0000] "GET /search/796/%D0%B2%D0%B5%D1%80%D1%82%D0%B5%D0%BB/ HTTP/1.1" 200 30609 "-" "Mozilla/5.0 (compatible; MJ12bot/v1.4.8; http://mj12bot.com/)"
144.76.81.229 - - [08/Apr/2022:00:15:21 +0000] "GET /search/796/%D1%83%D0%B3%D0%BE%D0%BB%D1%8C/ HTTP/1.1" 200 33452 "-" "Mozilla/5.0 (compatible; MJ12bot/v1.4.8; http://mj12bot.com/)"
144.76.81.229 - - [08/Apr/2022:00:15:24 +0000] "GET /search/797/%D1%80%D0%BE%D1%81%D1%81%D0%B8%D1%8F/ HTTP/1.1" 200 32457 "-" "Mozilla/5.0 (compatible; MJ12bot/v1.4.8; http://mj12bot.com/)"
194.4.50.237 - - [08/Apr/2022:00:15:25 +0000] "GET /aksessuary/reshetki/reshetka-gril/mnogofunktsionalnya-gril-polka-iz-nerzhaveyushchey-stali-r625/ HTTP/1.1" 200 32210 "-" "Mozilla/5.0 (X11; Linux x86_64) AppleWebKit/537.36 (KHTML, like Gecko) Chrome/85.0.4183.83 Safari/537.36"
144.76.81.229 - - [08/Apr/2022:00:15:28 +0000] "GET /search/797/%D1%83%D0%B3%D0%BE%D0%BB%D1%8C/ HTTP/1.1" 200 34093 "-" "Mozilla/5.0 (compatible; MJ12bot/v1.4.8; http://mj12bot.com/)"
144.76.81.229 - - [08/Apr/2022:00:15:30 +0000] "GET /search/797/%D1%88%D0%B0%D0%BC%D0%BF%D1%83%D1%80%D0%B0/ HTTP/1.1" 200 30299 "-" "Mozilla/5.0 (compatible; MJ12bot/v1.4.8; http://mj12bot.com/)"
144.76.81.229 - - [08/Apr/2022:00:15:33 +0000] "GET /search/798/%D1%83%D0%B3%D0%BE%D0%BB%D1%8C/ HTTP/1.1" 200 33721 "-" "Mozilla/5.0 (compatible; MJ12bot/v1.4.8; http://mj12bot.com/)"
144.76.81.229 - - [08/Apr/2022:00:15:36 +0000] "GET /search/799/%D1%80%D0%BE%D1%81%D1%81%D0%B8%D1%8F/ HTTP/1.1" 200 32578 "-" "Mozilla/5.0 (compatible; MJ12bot/v1.4.8; http://mj12bot.com/)"
114.119.129.147 - - [08/Apr/2022:00:15:37 +0000] "GET /grili-i-oborudovanie-dlya-griley/mangaly/pech-mangal-iskander-standart-eyr HTTP/1.1" 301 5 "-" "Mozilla/5.0 (Linux; Android 7.0;) AppleWebKit/537.36 (KHTML, like Gecko) Mobile Safari/537.36 (compatible; PetalBot;+https://webmaster.petalsearch.com/site/petalbot)"
144.76.81.229 - - [08/Apr/2022:00:15:39 +0000] "GET /search/799/%D1%83%D0%B3%D0%BE%D0%BB%D1%8C/ HTTP/1.1" 200 32570 "-" "Mozilla/5.0 (compatible; MJ12bot/v1.4.8; http://mj12bot.com/)"
144.76.81.229 - - [08/Apr/2022:00:15:41 +0000] "GET /search/802/%D0%B1%D0%B0%D0%BB%D0%BB%D0%BE%D0%BD/ HTTP/1.1" 200 31808 "-" "Mozilla/5.0 (compatible; MJ12bot/v1.4.8; http://mj12bot.com/)"
114.119.129.147 - - [08/Apr/2022:00:15:42 +0000] "GET /grili-i-oborudovanie-dlya-griley/mangaly/pech-mangal-iskander-standart-eyr/ HTTP/1.1" 301 5 "-" "Mozilla/5.0 (Linux; Android 7.0;) AppleWebKit/537.36 (KHTML, like Gecko) Mobile Safari/537.36 (compatible; PetalBot;+https://webmaster.petalsearch.com/site/petalbot)"
77.88.5.229 - - [08/Apr/2022:00:15:42 +0000] "GET /ym_api/yml/1/ HTTP/1.1" 200 2599 "-" "Mozilla/5.0 (compatible; YandexMarket/2.0; +http://yandex.com/bots)"
144.76.81.229 - - [08/Apr/2022:00:15:44 +0000] "GET /search/802/%D0%B2%D0%B5%D1%80%D1%82%D0%B5%D0%BB/ HTTP/1.1" 200 30380 "-" "Mozilla/5.0 (compatible; MJ12bot/v1.4.8; http://mj12bot.com/)"
114.119.129.147 - - [08/Apr/2022:00:15:44 +0000] "GET /mangaly/mangal/pech-mangal-grillver-iskander-standart-eyr/ HTTP/1.1" 301 5 "-" "Mozilla/5.0 (Linux; Android 7.0;) AppleWebKit/537.36 (KHTML, like Gecko) Mobile Safari/537.36 (compatible; PetalBot;+https://webmaster.petalsearch.com/site/petalbot)"
144.76.81.229 - - [08/Apr/2022:00:15:47 +0000] "GET /search/803/%D0%B1%D0%B0%D0%BB%D0%BB%D0%BE%D0%BD/ HTTP/1.1" 200 30194 "-" "Mozilla/5.0 (compatible; MJ12bot/v1.4.8; http://mj12bot.com/)"
144.76.81.229 - - [08/Apr/2022:00:15:49 +0000] "GET /search/804/%D0%B1%D0%B0%D0%BB%D0%BB%D0%BE%D0%BD/ HTTP/1.1" 200 32646 "-" "Mozilla/5.0 (compatible; MJ12bot/v1.4.8; http://mj12bot.com/)"
114.119.129.147 - - [08/Apr/2022:00:15:50 +0000] "GET /mangaly/mangal/grillver/iskander/pech-mangal-grillver-iskander-standart-eyr/ HTTP/1.1" 200 35980 "-" "Mozilla/5.0 (Linux; Android 7.0;) AppleWebKit/537.36 (KHTML, like Gecko) Mobile Safari/537.36 (compatible; PetalBot;+https://webmaster.petalsearch.com/site/petalbot)"
144.76.81.229 - - [08/Apr/2022:00:15:52 +0000] "GET /search/804/%D0%B2%D0%B5%D1%80%D1%82%D0%B5%D0%BB/ HTTP/1.1" 200 33818 "-" "Mozilla/5.0 (compatible; MJ12bot/v1.4.8; http://mj12bot.com/)"
185.191.171.25 - - [08/Apr/2022:00:15:52 +0000] "GET /brand/Kratki/ HTTP/1.1" 301 5 "-" "Mozilla/5.0 (compatible; SemrushBot/7~bl; +http://www.semrush.com/bot.html)"
185.191.171.21 - - [08/Apr/2022:00:15:55 +0000] "GET /brand/kratki/ HTTP/1.1" 200 33148 "-" "Mozilla/5.0 (compatible; SemrushBot/7~bl; +http://www.semrush.com/bot.html)"
144.76.81.229 - - [08/Apr/2022:00:15:55 +0000] "GET /search/805/%D0%B1%D0%B0%D0%BB%D0%BB%D0%BE%D0%BD/ HTTP/1.1" 200 30386 "-" "Mozilla/5.0 (compatible; MJ12bot/v1.4.8; http://mj12bot.com/)"
144.76.81.229 - - [08/Apr/2022:00:15:57 +0000] "GET /search/811/%D0%B1%D0%B0%D0%BB%D0%BB%D0%BE%D0%BD/ HTTP/1.1" 200 33695 "-" "Mozilla/5.0 (compatible; MJ12bot/v1.4.8; http://mj12bot.com/)"
54.36.148.94 - - [08/Apr/2022:00:15:59 +0000] "GET /search/1013/md-%D0%BA%D0%B5%D1%80%D0%B0%D0%BC%D0%B8%D0%BA%D0%B0/ HTTP/2.0" 200 31747 "-" "Mozilla/5.0 (compatible; AhrefsBot/7.0; +http://ahrefs.com/robot/)"
144.76.81.229 - - [08/Apr/2022:00:16:00 +0000] "GET /search/811/%D1%80%D0%BE%D1%81%D1%81%D0%B8%D1%8F/ HTTP/1.1" 200 33763 "-" "Mozilla/5.0 (compatible; MJ12bot/v1.4.8; http://mj12bot.com/)"
144.76.81.229 - - [08/Apr/2022:00:16:02 +0000] "GET /search/811/%D1%87%D0%B5%D1%85%D0%BE%D0%BB/ HTTP/1.1" 200 33757 "-" "Mozilla/5.0 (compatible; MJ12bot/v1.4.8; http://mj12bot.com/)"
144.76.81.229 - - [08/Apr/2022:00:16:05 +0000] "GET /search/812/%D0%B1%D0%B0%D0%BB%D0%BB%D0%BE%D0%BD/ HTTP/1.1" 200 31906 "-" "Mozilla/5.0 (compatible; MJ12bot/v1.4.8; http://mj12bot.com/)"
144.76.81.229 - - [08/Apr/2022:00:16:08 +0000] "GET /search/812/%D0%B2%D0%B5%D1%80%D1%82%D0%B5%D0%BB/ HTTP/1.1" 200 36109 "-" "Mozilla/5.0 (compatible; MJ12bot/v1.4.8; http://mj12bot.com/)"
144.76.81.229 - - [08/Apr/2022:00:16:10 +0000] "GET /search/813/%D0%B2%D0%B5%D1%80%D1%82%D0%B5%D0%BB/ HTTP/1.1" 200 31990 "-" "Mozilla/5.0 (compatible; MJ12bot/v1.4.8; http://mj12bot.com/)"
144.76.81.229 - - [08/Apr/2022:00:16:13 +0000] "GET /search/816/%D0%B2%D0%B5%D1%80%D1%82%D0%B5%D0%BB/ HTTP/1.1" 200 31557 "-" "Mozilla/5.0 (compatible; MJ12bot/v1.4.8; http://mj12bot.com/)"
144.76.81.229 - - [08/Apr/2022:00:16:16 +0000] "GET /search/817/%D1%80%D0%BE%D1%81%D1%81%D0%B8%D1%8F/ HTTP/1.1" 200 30196 "-" "Mozilla/5.0 (compatible; MJ12bot/v1.4.8; http://mj12bot.com/)"
144.76.81.229 - - [08/Apr/2022:00:16:18 +0000] "GET /search/817/%D1%83%D0%B3%D0%BE%D0%BB%D1%8C/ HTTP/1.1" 200 31626 "-" "Mozilla/5.0 (compatible; MJ12bot/v1.4.8; http://mj12bot.com/)"
144.76.81.229 - - [08/Apr/2022:00:16:20 +0000] "GET /search/844/%D1%83%D0%B3%D0%BE%D0%BB%D1%8C/ HTTP/1.1" 200 31166 "-" "Mozilla/5.0 (compatible; MJ12bot/v1.4.8; http://mj12bot.com/)"
144.76.81.229 - - [08/Apr/2022:00:16:23 +0000] "GET /search/845/%D1%88%D0%B0%D0%BC%D0%BF%D1%83%D1%80%D0%B0/ HTTP/1.1" 200 29497 "-" "Mozilla/5.0 (compatible; MJ12bot/v1.4.8; http://mj12bot.com/)"
144.76.81.229 - - [08/Apr/2022:00:16:26 +0000] "GET /search/846/%D1%80%D0%BE%D1%81%D1%81%D0%B8%D1%8F/ HTTP/1.1" 200 33314 "-" "Mozilla/5.0 (compatible; MJ12bot/v1.4.8; http://mj12bot.com/)"
144.76.81.229 - - [08/Apr/2022:00:16:28 +0000] "GET /search/846/%D1%83%D0%B3%D0%BE%D0%BB%D1%8C/ HTTP/1.1" 200 35624 "-" "Mozilla/5.0 (compatible; MJ12bot/v1.4.8; http://mj12bot.com/)"
144.76.81.229 - - [08/Apr/2022:00:16:31 +0000] "GET /search/879/%D1%80%D0%BE%D1%81%D1%81%D0%B8%D1%8F/ HTTP/1.1" 200 31366 "-" "Mozilla/5.0 (compatible; MJ12bot/v1.4.8; http://mj12bot.com/)"
144.76.81.229 - - [08/Apr/2022:00:16:33 +0000] "GET /search/879/%D1%88%D0%B0%D0%BC%D0%BF%D1%83%D1%80%D0%B0/ HTTP/1.1" 200 29438 "-" "Mozilla/5.0 (compatible; MJ12bot/v1.4.8; http://mj12bot.com/)"
2.73.182.161 - - [08/Apr/2022:00:16:35 +0000] "GET /aksessuary/shampury-i-vertely/vertel-gril/vertel-gril-57sm/reviews/ HTTP/2.0" 200 31095 "https://www.google.kz/" "Mozilla/5.0 (iPhone; CPU iPhone OS 15_3_1 like Mac OS X) AppleWebKit/605.1.15 (KHTML, like Gecko) Version/15.3 Mobile/15E148 Safari/604.1"
2.73.182.161 - - [08/Apr/2022:00:16:35 +0000] "GET /wa-content/font/ruble/arial/fontface.css HTTP/2.0" 200 371 "https://justgrill.ru/aksessuary/shampury-i-vertely/vertel-gril/vertel-gril-57sm/reviews/" "Mozilla/5.0 (iPhone; CPU iPhone OS 15_3_1 like Mac OS X) AppleWebKit/605.1.15 (KHTML, like Gecko) Version/15.3 Mobile/15E148 Safari/604.1"
2.73.182.161 - - [08/Apr/2022:00:16:36 +0000] "GET /wa-content/js/jquery-plugins/jquery.cookie.js HTTP/2.0" 200 1343 "https://justgrill.ru/aksessuary/shampury-i-vertely/vertel-gril/vertel-gril-57sm/reviews/" "Mozilla/5.0 (iPhone; CPU iPhone OS 15_3_1 like Mac OS X) AppleWebKit/605.1.15 (KHTML, like Gecko) Version/15.3 Mobile/15E148 Safari/604.1"
2.73.182.161 - - [08/Apr/2022:00:16:36 +0000] "GET /wa-content/js/jquery-plugins/jquery.cookie.js?v2.4.1 HTTP/2.0" 200 1343 "https://justgrill.ru/aksessuary/shampury-i-vertely/vertel-gril/vertel-gril-57sm/reviews/" "Mozilla/5.0 (iPhone; CPU iPhone OS 15_3_1 like Mac OS X) AppleWebKit/605.1.15 (KHTML, like Gecko) Version/15.3 Mobile/15E148 Safari/604.1"
2.73.182.161 - - [08/Apr/2022:00:16:36 +0000] "GET /wa-content/js/jquery-plugins/jquery.retina.min.js?v2.4.1 HTTP/2.0" 200 900 "https://justgrill.ru/aksessuary/shampury-i-vertely/vertel-gril/vertel-gril-57sm/reviews/" "Mozilla/5.0 (iPhone; CPU iPhone OS 15_3_1 like Mac OS X) AppleWebKit/605.1.15 (KHTML, like Gecko) Version/15.3 Mobile/15E148 Safari/604.1"
144.76.81.229 - - [08/Apr/2022:00:16:36 +0000] "GET /search/919/%D1%80%D0%BE%D1%81%D1%81%D0%B8%D1%8F/ HTTP/1.1" 200 31496 "-" "Mozilla/5.0 (compatible; MJ12bot/v1.4.8; http://mj12bot.com/)"
2.73.182.161 - - [08/Apr/2022:00:16:36 +0000] "GET /searchpro-plugin/config/?v1.9.0.1649376995?1325213340 HTTP/2.0" 200 557 "https://justgrill.ru/aksessuary/shampury-i-vertely/vertel-gril/vertel-gril-57sm/reviews/" "Mozilla/5.0 (iPhone; CPU iPhone OS 15_3_1 like Mac OS X) AppleWebKit/605.1.15 (KHTML, like Gecko) Version/15.3 Mobile/15E148 Safari/604.1"
2.73.182.161 - - [08/Apr/2022:00:16:37 +0000] "GET /searchpro-plugin/config/?v1.9.0.1649376995?1125320483 HTTP/2.0" 200 557 "https://justgrill.ru/aksessuary/shampury-i-vertely/vertel-gril/vertel-gril-57sm/reviews/" "Mozilla/5.0 (iPhone; CPU iPhone OS 15_3_1 like Mac OS X) AppleWebKit/605.1.15 (KHTML, like Gecko) Version/15.3 Mobile/15E148 Safari/604.1"
144.76.81.229 - - [08/Apr/2022:00:16:38 +0000] "GET /search/924/%D1%83%D0%B3%D0%BE%D0%BB%D1%8C/ HTTP/1.1" 200 30179 "-" "Mozilla/5.0 (compatible; MJ12bot/v1.4.8; http://mj12bot.com/)"
2.73.182.161 - - [08/Apr/2022:00:16:39 +0000] "GET /wa-data/public/site/themes/justgrill/fonts/Roboto.woff2 HTTP/2.0" 200 28036 "https://justgrill.ru/aksessuary/shampury-i-vertely/vertel-gril/vertel-gril-57sm/reviews/" "Mozilla/5.0 (iPhone; CPU iPhone OS 15_3_1 like Mac OS X) AppleWebKit/605.1.15 (KHTML, like Gecko) Version/15.3 Mobile/15E148 Safari/604.1"
2.73.182.161 - - [08/Apr/2022:00:16:39 +0000] "GET /wa-data/public/site/themes/justgrill/fonts/Robotobold.woff2 HTTP/2.0" 200 28384 "https://justgrill.ru/aksessuary/shampury-i-vertely/vertel-gril/vertel-gril-57sm/reviews/" "Mozilla/5.0 (iPhone; CPU iPhone OS 15_3_1 like Mac OS X) AppleWebKit/605.1.15 (KHTML, like Gecko) Version/15.3 Mobile/15E148 Safari/604.1"
2.73.182.161 - - [08/Apr/2022:00:16:39 +0000] "GET /wa-data/public/site/themes/justgrill/fonts/Robotolight.woff2 HTTP/2.0" 200 28296 "https://justgrill.ru/aksessuary/shampury-i-vertely/vertel-gril/vertel-gril-57sm/reviews/" "Mozilla/5.0 (iPhone; CPU iPhone OS 15_3_1 like Mac OS X) AppleWebKit/605.1.15 (KHTML, like Gecko) Version/15.3 Mobile/15E148 Safari/604.1"
2.73.182.161 - - [08/Apr/2022:00:16:39 +0000] "GET /wa-apps/shop/plugins/searchpro/fonts/Roboto/Roboto-Regular.woff2 HTTP/2.0" 200 66004 "https://justgrill.ru/aksessuary/shampury-i-vertely/vertel-gril/vertel-gril-57sm/reviews/" "Mozilla/5.0 (iPhone; CPU iPhone OS 15_3_1 like Mac OS X) AppleWebKit/605.1.15 (KHTML, like Gecko) Version/15.3 Mobile/15E148 Safari/604.1"
2.73.182.161 - - [08/Apr/2022:00:16:39 +0000] "GET /wa-content/js/signup/signup.js?v=8.21.0.1649376995 HTTP/2.0" 200 6675 "https://justgrill.ru/aksessuary/shampury-i-vertely/vertel-gril/vertel-gril-57sm/reviews/" "Mozilla/5.0 (iPhone; CPU iPhone OS 15_3_1 like Mac OS X) AppleWebKit/605.1.15 (KHTML, like Gecko) Version/15.3 Mobile/15E148 Safari/604.1"
2.73.182.161 - - [08/Apr/2022:00:16:39 +0000] "GET /wa-content/css/signup/signup.css?v=8.21.0.1649376995 HTTP/2.0" 200 1909 "https://justgrill.ru/aksessuary/shampury-i-vertely/vertel-gril/vertel-gril-57sm/reviews/" "Mozilla/5.0 (iPhone; CPU iPhone OS 15_3_1 like Mac OS X) AppleWebKit/605.1.15 (KHTML, like Gecko) Version/15.3 Mobile/15E148 Safari/604.1"
2.73.182.161 - - [08/Apr/2022:00:16:39 +0000] "GET /wa-data/public/site/themes/justgrill/img/basket.svg HTTP/2.0" 200 3868 "https://justgrill.ru/aksessuary/shampury-i-vertely/vertel-gril/vertel-gril-57sm/reviews/" "Mozilla/5.0 (iPhone; CPU iPhone OS 15_3_1 like Mac OS X) AppleWebKit/605.1.15 (KHTML, like Gecko) Version/15.3 Mobile/15E148 Safari/604.1"
2.73.182.161 - - [08/Apr/2022:00:16:39 +0000] "GET /wa-data/public/site/themes/justgrill/img/user.svg HTTP/2.0" 200 5703 "https://justgrill.ru/aksessuary/shampury-i-vertely/vertel-gril/vertel-gril-57sm/reviews/" "Mozilla/5.0 (iPhone; CPU iPhone OS 15_3_1 like Mac OS X) AppleWebKit/605.1.15 (KHTML, like Gecko) Version/15.3 Mobile/15E148 Safari/604.1"
2.73.182.161 - - [08/Apr/2022:00:16:39 +0000] "GET /wa-data/public/site/themes/justgrill/img/deli.svg HTTP/2.0" 200 1527 "https://justgrill.ru/aksessuary/shampury-i-vertely/vertel-gril/vertel-gril-57sm/reviews/" "Mozilla/5.0 (iPhone; CPU iPhone OS 15_3_1 like Mac OS X) AppleWebKit/605.1.15 (KHTML, like Gecko) Version/15.3 Mobile/15E148 Safari/604.1"
2.73.182.161 - - [08/Apr/2022:00:16:39 +0000] "GET /wa-content/js/login/login-frontend-form.min.js?v=8.21.0.1649376995 HTTP/2.0" 200 5488 "https://justgrill.ru/aksessuary/shampury-i-vertely/vertel-gril/vertel-gril-57sm/reviews/" "Mozilla/5.0 (iPhone; CPU iPhone OS 15_3_1 like Mac OS X) AppleWebKit/605.1.15 (KHTML, like Gecko) Version/15.3 Mobile/15E148 Safari/604.1"
2.73.182.161 - - [08/Apr/2022:00:16:39 +0000] "GET /wa-content/css/login/frontend/login.css?v=8.21.0.1649376995 HTTP/2.0" 200 1762 "https://justgrill.ru/aksessuary/shampury-i-vertely/vertel-gril/vertel-gril-57sm/reviews/" "Mozilla/5.0 (iPhone; CPU iPhone OS 15_3_1 like Mac OS X) AppleWebKit/605.1.15 (KHTML, like Gecko) Version/15.3 Mobile/15E148 Safari/604.1"
2.73.182.161 - - [08/Apr/2022:00:16:39 +0000] "GET /wa-content/font/ruble/arial/alsrubl-arial-bold.woff HTTP/2.0" 200 1792 "https://justgrill.ru/aksessuary/shampury-i-vertely/vertel-gril/vertel-gril-57sm/reviews/" "Mozilla/5.0 (iPhone; CPU iPhone OS 15_3_1 like Mac OS X) AppleWebKit/605.1.15 (KHTML, like Gecko) Version/15.3 Mobile/15E148 Safari/604.1"
2.73.182.161 - - [08/Apr/2022:00:16:39 +0000] "GET /wa-data/public/site/themes/justgrill/fonts/Robotoblack.woff2 HTTP/2.0" 200 28452 "https://justgrill.ru/aksessuary/shampury-i-vertely/vertel-gril/vertel-gril-57sm/reviews/" "Mozilla/5.0 (iPhone; CPU iPhone OS 15_3_1 like Mac OS X) AppleWebKit/605.1.15 (KHTML, like Gecko) Version/15.3 Mobile/15E148 Safari/604.1"
2.73.182.161 - - [08/Apr/2022:00:16:39 +0000] "GET /wa-data/public/site/themes/justgrill/img/stock.svg HTTP/2.0" 200 3342 "https://justgrill.ru/aksessuary/shampury-i-vertely/vertel-gril/vertel-gril-57sm/reviews/" "Mozilla/5.0 (iPhone; CPU iPhone OS 15_3_1 like Mac OS X) AppleWebKit/605.1.15 (KHTML, like Gecko) Version/15.3 Mobile/15E148 Safari/604.1"
2.73.182.161 - - [08/Apr/2022:00:16:39 +0000] "GET /wa-content/js/login/forgotpassword-frontend-form.min.js?v=8.21.0.1649376995 HTTP/2.0" 200 4709 "https://justgrill.ru/aksessuary/shampury-i-vertely/vertel-gril/vertel-gril-57sm/reviews/" "Mozilla/5.0 (iPhone; CPU iPhone OS 15_3_1 like Mac OS X) AppleWebKit/605.1.15 (KHTML, like Gecko) Version/15.3 Mobile/15E148 Safari/604.1"
2.73.182.161 - - [08/Apr/2022:00:16:39 +0000] "GET /wa-content/css/login/frontend/forgot-password.css?v=8.21.0.1649376995 HTTP/2.0" 200 1560 "https://justgrill.ru/aksessuary/shampury-i-vertely/vertel-gril/vertel-gril-57sm/reviews/" "Mozilla/5.0 (iPhone; CPU iPhone OS 15_3_1 like Mac OS X) AppleWebKit/605.1.15 (KHTML, like Gecko) Version/15.3 Mobile/15E148 Safari/604.1"
2.73.182.161 - - [08/Apr/2022:00:16:39 +0000] "GET /wa-content/font/ruble/arial/alsrubl-arial-regular.woff HTTP/2.0" 200 1788 "https://justgrill.ru/aksessuary/shampury-i-vertely/vertel-gril/vertel-gril-57sm/reviews/" "Mozilla/5.0 (iPhone; CPU iPhone OS 15_3_1 like Mac OS X) AppleWebKit/605.1.15 (KHTML, like Gecko) Version/15.3 Mobile/15E148 Safari/604.1"
2.73.182.161 - - [08/Apr/2022:00:16:39 +0000] "GET /wa-data/public/site/themes/justgrill/fonts/Robotomedium.woff2 HTTP/2.0" 200 28312 "https://justgrill.ru/aksessuary/shampury-i-vertely/vertel-gril/vertel-gril-57sm/reviews/" "Mozilla/5.0 (iPhone; CPU iPhone OS 15_3_1 like Mac OS X) AppleWebKit/605.1.15 (KHTML, like Gecko) Version/15.3 Mobile/15E148 Safari/604.1"
93.158.161.3 - - [08/Apr/2022:00:16:40 +0000] "GET /search/gb/ HTTP/1.1" 200 42997 "-" "Mozilla/5.0 (compatible; YandexBot/3.0; +http://yandex.com/bots)"
2.73.182.161 - - [08/Apr/2022:00:16:40 +0000] "GET /ecommerce_prepare_data/sku_detail/?sku_id=3848 HTTP/2.0" 200 326 "https://justgrill.ru/aksessuary/shampury-i-vertely/vertel-gril/vertel-gril-57sm/reviews/" "Mozilla/5.0 (iPhone; CPU iPhone OS 15_3_1 like Mac OS X) AppleWebKit/605.1.15 (KHTML, like Gecko) Version/15.3 Mobile/15E148 Safari/604.1"
2.73.182.161 - - [08/Apr/2022:00:16:40 +0000] "GET /regions/getPopupContent/ HTTP/2.0" 200 1023 "https://justgrill.ru/aksessuary/shampury-i-vertely/vertel-gril/vertel-gril-57sm/reviews/" "Mozilla/5.0 (iPhone; CPU iPhone OS 15_3_1 like Mac OS X) AppleWebKit/605.1.15 (KHTML, like Gecko) Version/15.3 Mobile/15E148 Safari/604.1"
77.88.5.229 - - [08/Apr/2022:00:16:40 +0000] "GET /wa-content/js/jquery-plugins/jquery.cookie.js HTTP/1.1" 200 1355 "https://saratov.justgrill.ru/aksessuary/" "Mozilla/5.0 (compatible; YandexBot/3.0; +http://yandex.com/bots) AppleWebKit/537.36 (KHTML, like Gecko) Chrome/81.0.4044.268"
144.76.81.229 - - [08/Apr/2022:00:16:40 +0000] "GET /search/926/%D1%83%D0%B3%D0%BE%D0%BB%D1%8C/ HTTP/1.1" 200 29573 "-" "Mozilla/5.0 (compatible; MJ12bot/v1.4.8; http://mj12bot.com/)"
144.76.81.229 - - [08/Apr/2022:00:16:43 +0000] "GET /search/928/%D1%83%D0%B3%D0%BE%D0%BB%D1%8C/ HTTP/1.1" 200 32390 "-" "Mozilla/5.0 (compatible; MJ12bot/v1.4.8; http://mj12bot.com/)"
2.73.182.161 - - [08/Apr/2022:00:16:43 +0000] "GET /wa-data/public/site/themes/justgrill/img/menu-arrow-right.svg HTTP/2.0" 200 202 "https://justgrill.ru/aksessuary/shampury-i-vertely/vertel-gril/vertel-gril-57sm/reviews/" "Mozilla/5.0 (iPhone; CPU iPhone OS 15_3_1 like Mac OS X) AppleWebKit/605.1.15 (KHTML, like Gecko) Version/15.3 Mobile/15E148 Safari/604.1"
2.73.182.161 - - [08/Apr/2022:00:16:43 +0000] "GET /wa-data/public/site/themes/justgrill/img/menu-arrow-left.svg HTTP/2.0" 200 201 "https://justgrill.ru/aksessuary/shampury-i-vertely/vertel-gril/vertel-gril-57sm/reviews/" "Mozilla/5.0 (iPhone; CPU iPhone OS 15_3_1 like Mac OS X) AppleWebKit/605.1.15 (KHTML, like Gecko) Version/15.3 Mobile/15E148 Safari/604.1"
2.73.182.161 - - [08/Apr/2022:00:16:44 +0000] "GET /wa-data/public/site/themes/justgrill/img/phone.svg HTTP/2.0" 200 99750 "https://justgrill.ru/aksessuary/shampury-i-vertely/vertel-gril/vertel-gril-57sm/reviews/" "Mozilla/5.0 (iPhone; CPU iPhone OS 15_3_1 like Mac OS X) AppleWebKit/605.1.15 (KHTML, like Gecko) Version/15.3 Mobile/15E148 Safari/604.1"
2.73.182.161 - - [08/Apr/2022:00:16:44 +0000] "GET /wa-data/public/site/themes/justgrill/img/email.svg HTTP/2.0" 200 354 "https://justgrill.ru/aksessuary/shampury-i-vertely/vertel-gril/vertel-gril-57sm/reviews/" "Mozilla/5.0 (iPhone; CPU iPhone OS 15_3_1 like Mac OS X) AppleWebKit/605.1.15 (KHTML, like Gecko) Version/15.3 Mobile/15E148 Safari/604.1"
2.73.182.161 - - [08/Apr/2022:00:16:44 +0000] "GET /wa-data/public/site/themes/justgrill/img/adress.svg HTTP/2.0" 200 80968 "https://justgrill.ru/aksessuary/shampury-i-vertely/vertel-gril/vertel-gril-57sm/reviews/" "Mozilla/5.0 (iPhone; CPU iPhone OS 15_3_1 like Mac OS X) AppleWebKit/605.1.15 (KHTML, like Gecko) Version/15.3 Mobile/15E148 Safari/604.1"
2.73.182.161 - - [08/Apr/2022:00:16:44 +0000] "GET /shop/captcha.php?rid=1649376995624f7ee353796 HTTP/2.0" 200 13703 "https://justgrill.ru/aksessuary/shampury-i-vertely/vertel-gril/vertel-gril-57sm/reviews/" "Mozilla/5.0 (iPhone; CPU iPhone OS 15_3_1 like Mac OS X) AppleWebKit/605.1.15 (KHTML, like Gecko) Version/15.3 Mobile/15E148 Safari/604.1"
144.76.81.229 - - [08/Apr/2022:00:16:46 +0000] "GET /search/928/%D1%88%D0%B0%D0%BC%D0%BF%D1%83%D1%80%D0%B0/ HTTP/1.1" 200 29454 "-" "Mozilla/5.0 (compatible; MJ12bot/v1.4.8; http://mj12bot.com/)"
2.73.182.161 - - [08/Apr/2022:00:16:46 +0000] "HEAD /wa-data/public/site/themes/justgrill/img/deli@2x.svg HTTP/2.0" 404 0 "https://justgrill.ru/aksessuary/shampury-i-vertely/vertel-gril/vertel-gril-57sm/reviews/" "Mozilla/5.0 (iPhone; CPU iPhone OS 15_3_1 like Mac OS X) AppleWebKit/605.1.15 (KHTML, like Gecko) Version/15.3 Mobile/15E148 Safari/604.1"
2.73.182.161 - - [08/Apr/2022:00:16:46 +0000] "HEAD /wa-data/public/site/themes/justgrill/img/stock@2x.svg HTTP/2.0" 404 0 "https://justgrill.ru/aksessuary/shampury-i-vertely/vertel-gril/vertel-gril-57sm/reviews/" "Mozilla/5.0 (iPhone; CPU iPhone OS 15_3_1 like Mac OS X) AppleWebKit/605.1.15 (KHTML, like Gecko) Version/15.3 Mobile/15E148 Safari/604.1"
2.73.182.161 - - [08/Apr/2022:00:16:46 +0000] "HEAD /shop/captcha.php?rid=1649376995624f7ee353796 HTTP/2.0" 200 0 "https://justgrill.ru/aksessuary/shampury-i-vertely/vertel-gril/vertel-gril-57sm/reviews/" "Mozilla/5.0 (iPhone; CPU iPhone OS 15_3_1 like Mac OS X) AppleWebKit/605.1.15 (KHTML, like Gecko) Version/15.3 Mobile/15E148 Safari/604.1"
2.73.182.161 - - [08/Apr/2022:00:16:47 +0000] "GET /shop/captcha.php?rid=1649376995624f7ee353796 HTTP/2.0" 200 13714 "https://justgrill.ru/aksessuary/shampury-i-vertely/vertel-gril/vertel-gril-57sm/reviews/" "Mozilla/5.0 (iPhone; CPU iPhone OS 15_3_1 like Mac OS X) AppleWebKit/605.1.15 (KHTML, like Gecko) Version/15.3 Mobile/15E148 Safari/604.1"
144.76.81.229 - - [08/Apr/2022:00:16:48 +0000] "GET /search/929/%D1%83%D0%B3%D0%BE%D0%BB%D1%8C/ HTTP/1.1" 200 30848 "-" "Mozilla/5.0 (compatible; MJ12bot/v1.4.8; http://mj12bot.com/)"
2.73.182.161 - - [08/Apr/2022:00:16:48 +0000] "GET /favicon.ico HTTP/2.0" 200 54978 "https://justgrill.ru/aksessuary/shampury-i-vertely/vertel-gril/vertel-gril-57sm/reviews/" "Mozilla/5.0 (iPhone; CPU iPhone OS 15_3_1 like Mac OS X) AppleWebKit/605.1.15 (KHTML, like Gecko) Version/15.3 Mobile/15E148 Safari/604.1"
144.76.81.229 - - [08/Apr/2022:00:16:50 +0000] "GET /search/930/%D1%83%D0%B3%D0%BE%D0%BB%D1%8C/ HTTP/1.1" 200 31363 "-" "Mozilla/5.0 (compatible; MJ12bot/v1.4.8; http://mj12bot.com/)"
144.76.81.229 - - [08/Apr/2022:00:16:53 +0000] "GET /search/931/%D1%87%D0%B5%D1%85%D0%BE%D0%BB/ HTTP/1.1" 200 29545 "-" "Mozilla/5.0 (compatible; MJ12bot/v1.4.8; http://mj12bot.com/)"
144.76.81.229 - - [08/Apr/2022:00:16:56 +0000] "GET /search/932/%D1%83%D0%B3%D0%BE%D0%BB%D1%8C/ HTTP/1.1" 200 32029 "-" "Mozilla/5.0 (compatible; MJ12bot/v1.4.8; http://mj12bot.com/)"
144.76.81.229 - - [08/Apr/2022:00:16:59 +0000] "GET /search/939/%D1%83%D0%B3%D0%BE%D0%BB%D1%8C/ HTTP/1.1" 200 29526 "-" "Mozilla/5.0 (compatible; MJ12bot/v1.4.8; http://mj12bot.com/)"
144.76.81.229 - - [08/Apr/2022:00:17:02 +0000] "GET /search/943/%D1%87%D0%B5%D1%85%D0%BE%D0%BB/ HTTP/1.1" 200 31896 "-" "Mozilla/5.0 (compatible; MJ12bot/v1.4.8; http://mj12bot.com/)"
144.76.81.229 - - [08/Apr/2022:00:17:04 +0000] "GET /search/947/%D1%83%D0%B3%D0%BE%D0%BB%D1%8C/ HTTP/1.1" 200 30771 "-" "Mozilla/5.0 (compatible; MJ12bot/v1.4.8; http://mj12bot.com/)"
144.76.81.229 - - [08/Apr/2022:00:17:07 +0000] "GET /search/949/%D1%83%D0%B3%D0%BE%D0%BB%D1%8C/ HTTP/1.1" 200 30194 "-" "Mozilla/5.0 (compatible; MJ12bot/v1.4.8; http://mj12bot.com/)"
144.76.81.229 - - [08/Apr/2022:00:17:09 +0000] "GET /search/949/%D1%88%D0%B0%D0%BC%D0%BF%D1%83%D1%80%D0%B0/ HTTP/1.1" 200 29458 "-" "Mozilla/5.0 (compatible; MJ12bot/v1.4.8; http://mj12bot.com/)"
144.76.81.229 - - [08/Apr/2022:00:17:12 +0000] "GET /search/955/%D1%83%D0%B3%D0%BE%D0%BB%D1%8C/ HTTP/1.1" 200 38060 "-" "Mozilla/5.0 (compatible; MJ12bot/v1.4.8; http://mj12bot.com/)"
144.76.81.229 - - [08/Apr/2022:00:17:15 +0000] "GET /search/956/%D1%83%D0%B3%D0%BE%D0%BB%D1%8C/ HTTP/1.1" 200 31897 "-" "Mozilla/5.0 (compatible; MJ12bot/v1.4.8; http://mj12bot.com/)"
144.76.81.229 - - [08/Apr/2022:00:17:18 +0000] "GET /search/957/%D1%80%D0%BE%D1%81%D1%81%D0%B8%D1%8F/ HTTP/1.1" 200 29493 "-" "Mozilla/5.0 (compatible; MJ12bot/v1.4.8; http://mj12bot.com/)"
144.76.81.229 - - [08/Apr/2022:00:17:21 +0000] "GET /search/957/%D1%83%D0%B3%D0%BE%D0%BB%D1%8C/ HTTP/1.1" 200 32108 "-" "Mozilla/5.0 (compatible; MJ12bot/v1.4.8; http://mj12bot.com/)"
144.76.81.229 - - [08/Apr/2022:00:17:24 +0000] "GET /search/958/%D1%83%D0%B3%D0%BE%D0%BB%D1%8C/ HTTP/1.1" 200 31110 "-" "Mozilla/5.0 (compatible; MJ12bot/v1.4.8; http://mj12bot.com/)"
193.233.41.34 - - [08/Apr/2022:00:17:24 +0000] "GET /aksessuary/podstavki-i-rostery/podstavka-gril/podstavka-rebrshek/ HTTP/1.1" 200 32623 "-" "Mozilla/5.0 (X11; Linux x86_64) AppleWebKit/537.36 (KHTML, like Gecko) Chrome/80.0.3987.149 Safari/537.36"
144.76.81.229 - - [08/Apr/2022:00:17:26 +0000] "GET /search/959/%D1%83%D0%B3%D0%BE%D0%BB%D1%8C/ HTTP/1.1" 200 31590 "-" "Mozilla/5.0 (compatible; MJ12bot/v1.4.8; http://mj12bot.com/)"
144.76.81.229 - - [08/Apr/2022:00:17:29 +0000] "GET /search/960/%D1%83%D0%B3%D0%BE%D0%BB%D1%8C/ HTTP/1.1" 200 33830 "-" "Mozilla/5.0 (compatible; MJ12bot/v1.4.8; http://mj12bot.com/)"
77.88.5.217 - - [08/Apr/2022:00:17:29 +0000] "GET /grili/gazovye/ HTTP/1.1" 200 39803 "-" "Mozilla/5.0 (compatible; YandexBot/3.0; +http://yandex.com/bots)"
144.76.81.229 - - [08/Apr/2022:00:17:32 +0000] "GET /search/961/%D0%B2%D0%B5%D1%80%D1%82%D0%B5%D0%BB/ HTTP/1.1" 200 38100 "-" "Mozilla/5.0 (compatible; MJ12bot/v1.4.8; http://mj12bot.com/)"
144.76.81.229 - - [08/Apr/2022:00:17:34 +0000] "GET /search/962/%D0%B2%D0%B5%D1%80%D1%82%D0%B5%D0%BB/ HTTP/1.1" 200 33581 "-" "Mozilla/5.0 (compatible; MJ12bot/v1.4.8; http://mj12bot.com/)"
144.76.81.229 - - [08/Apr/2022:00:17:36 +0000] "GET /search/962/%D1%83%D0%B3%D0%BE%D0%BB%D1%8C/ HTTP/1.1" 200 29492 "-" "Mozilla/5.0 (compatible; MJ12bot/v1.4.8; http://mj12bot.com/)"
144.76.81.229 - - [08/Apr/2022:00:17:39 +0000] "GET /search/962/%D1%88%D0%B0%D0%BC%D0%BF%D1%83%D1%80%D0%B0/ HTTP/1.1" 200 33579 "-" "Mozilla/5.0 (compatible; MJ12bot/v1.4.8; http://mj12bot.com/)"
144.76.81.229 - - [08/Apr/2022:00:17:41 +0000] "GET /search/963/%D0%B2%D0%B5%D1%80%D1%82%D0%B5%D0%BB/ HTTP/1.1" 200 37891 "-" "Mozilla/5.0 (compatible; MJ12bot/v1.4.8; http://mj12bot.com/)"
54.36.148.8 - - [08/Apr/2022:00:17:43 +0000] "GET /search/1015/md-%D0%BA%D0%B5%D1%80%D0%B0%D0%BC%D0%B8%D0%BA%D0%B0/ HTTP/2.0" 200 32069 "-" "Mozilla/5.0 (compatible; AhrefsBot/7.0; +http://ahrefs.com/robot/)"
144.76.81.229 - - [08/Apr/2022:00:17:45 +0000] "GET /search/963/%D1%80%D0%BE%D1%81%D1%81%D0%B8%D1%8F/ HTTP/1.1" 200 29803 "-" "Mozilla/5.0 (compatible; MJ12bot/v1.4.8; http://mj12bot.com/)"
144.76.81.229 - - [08/Apr/2022:00:17:48 +0000] "GET /search/963/%D1%83%D0%B3%D0%BE%D0%BB%D1%8C/ HTTP/1.1" 200 29594 "-" "Mozilla/5.0 (compatible; MJ12bot/v1.4.8; http://mj12bot.com/)"
144.76.81.229 - - [08/Apr/2022:00:17:51 +0000] "GET /search/963/%D1%88%D0%B0%D0%BC%D0%BF%D1%83%D1%80%D0%B0/ HTTP/1.1" 200 37869 "-" "Mozilla/5.0 (compatible; MJ12bot/v1.4.8; http://mj12bot.com/)"
144.76.81.229 - - [08/Apr/2022:00:17:53 +0000] "GET /search/964/%D0%B1%D0%B0%D0%BB%D0%BB%D0%BE%D0%BD/ HTTP/1.1" 200 35860 "-" "Mozilla/5.0 (compatible; MJ12bot/v1.4.8; http://mj12bot.com/)"
144.76.81.229 - - [08/Apr/2022:00:17:56 +0000] "GET /search/964/%D1%80%D0%BE%D1%81%D1%81%D0%B8%D1%8F/ HTTP/1.1" 200 30650 "-" "Mozilla/5.0 (compatible; MJ12bot/v1.4.8; http://mj12bot.com/)"
144.76.81.229 - - [08/Apr/2022:00:17:59 +0000] "GET /search/965/%D0%B1%D0%B0%D0%BB%D0%BB%D0%BE%D0%BD/ HTTP/1.1" 200 33510 "-" "Mozilla/5.0 (compatible; MJ12bot/v1.4.8; http://mj12bot.com/)"
144.76.81.229 - - [08/Apr/2022:00:18:01 +0000] "GET /search/969/%D1%83%D0%B3%D0%BE%D0%BB%D1%8C/ HTTP/1.1" 200 29432 "-" "Mozilla/5.0 (compatible; MJ12bot/v1.4.8; http://mj12bot.com/)"
77.88.5.229 - - [08/Apr/2022:00:18:03 +0000] "GET /sitemap-blog.xml HTTP/1.1" 200 4502 "-" "Mozilla/5.0 (compatible; YandexBot/3.0; +http://yandex.com/bots)"
144.76.81.229 - - [08/Apr/2022:00:18:03 +0000] "GET /search/970/%D1%83%D0%B3%D0%BE%D0%BB%D1%8C/ HTTP/1.1" 200 31441 "-" "Mozilla/5.0 (compatible; MJ12bot/v1.4.8; http://mj12bot.com/)"
144.76.81.229 - - [08/Apr/2022:00:18:06 +0000] "GET /search/971/%D0%B1%D0%B0%D0%BB%D0%BB%D0%BE%D0%BD/ HTTP/1.1" 200 37510 "-" "Mozilla/5.0 (compatible; MJ12bot/v1.4.8; http://mj12bot.com/)"
144.76.81.229 - - [08/Apr/2022:00:18:08 +0000] "GET /search/971/%D1%80%D0%BE%D1%81%D1%81%D0%B8%D1%8F/ HTTP/1.1" 200 34315 "-" "Mozilla/5.0 (compatible; MJ12bot/v1.4.8; http://mj12bot.com/)"
178.154.154.251 - - [08/Apr/2022:00:18:10 +0000] "POST /ym_api/1/?action=/cart HTTP/1.1" 200 110 "-" "Apache-HttpClient/4.5.6 (Java/11.0.8-shenandoah)"
144.76.81.229 - - [08/Apr/2022:00:18:11 +0000] "GET /search/971/%D1%87%D0%B5%D1%85%D0%BE%D0%BB/ HTTP/1.1" 200 29551 "-" "Mozilla/5.0 (compatible; MJ12bot/v1.4.8; http://mj12bot.com/)"
144.76.81.229 - - [08/Apr/2022:00:18:14 +0000] "GET /search/976/%D1%80%D0%BE%D1%81%D1%81%D0%B8%D1%8F/ HTTP/1.1" 200 32679 "-" "Mozilla/5.0 (compatible; MJ12bot/v1.4.8; http://mj12bot.com/)"
144.76.81.229 - - [08/Apr/2022:00:18:16 +0000] "GET /search/976/%D1%83%D0%B3%D0%BE%D0%BB%D1%8C/ HTTP/1.1" 200 33507 "-" "Mozilla/5.0 (compatible; MJ12bot/v1.4.8; http://mj12bot.com/)"
144.76.81.229 - - [08/Apr/2022:00:18:18 +0000] "GET /search/976/%D1%88%D0%B0%D0%BC%D0%BF%D1%83%D1%80%D0%B0/ HTTP/1.1" 200 29492 "-" "Mozilla/5.0 (compatible; MJ12bot/v1.4.8; http://mj12bot.com/)"
