185.191.171.41 - - [08/Apr/2022:00:25:47 +0000] "GET /robots.txt HTTP/1.1" 200 252 "-" "Mozilla/5.0 (compatible; SemrushBot/7~bl; +http://www.semrush.com/bot.html)"
185.191.171.33 - - [08/Apr/2022:00:25:48 +0000] "GET /aksessuary/posuda/protiveni-gril/protiven-dlya-griley-weber-q-200-2000-serii/ HTTP/1.1" 301 5 "-" "Mozilla/5.0 (compatible; SemrushBot/7~bl; +http://www.semrush.com/bot.html)"
185.191.171.1 - - [08/Apr/2022:00:25:48 +0000] "GET /aksessuary/posuda/protiveni-gril/protiven-dlya-griley-weber-q-200-2000-serii/ HTTP/1.1" 301 162 "-" "Mozilla/5.0 (compatible; SemrushBot/7~bl; +http://www.semrush.com/bot.html)"
185.191.171.33 - - [08/Apr/2022:00:25:51 +0000] "GET /aksessuary/posuda/protiveni-gril/protiven-dlya-griley-weber-q-200-2000-serii/ HTTP/1.1" 200 32011 "-" "Mozilla/5.0 (compatible; SemrushBot/7~bl; +http://www.semrush.com/bot.html)"
109.248.100.162 - - [08/Apr/2022:00:25:51 +0000] "GET /photos/photo/author/1558/20210224/ HTTP/1.1" 200 29289 "-" "Mozilla/5.0 (X11; Linux x86_64) AppleWebKit/537.36 (KHTML, like Gecko) Chrome/85.0.4183.83 Safari/537.36"
17.121.114.242 - - [08/Apr/2022:00:25:57 +0000] "GET /blog/kak-ukhazhivat-za-nozhami-dlya-myasa/ HTTP/1.1" 200 29685 "-" "Mozilla/5.0 (Macintosh; Intel Mac OS X 10_15_5) AppleWebKit/605.1.15 (KHTML, like Gecko) Version/13.1.1 Safari/605.1.15 (Applebot/0.1; +http://www.apple.com/go/applebot)"
185.191.171.2 - - [08/Apr/2022:00:26:13 +0000] "GET /blog/osnovnyye-printsipy-myetoda-low-and-slow/comment/ HTTP/1.1" 302 5 "-" "Mozilla/5.0 (compatible; SemrushBot/7~bl; +http://www.semrush.com/bot.html)"
185.191.171.40 - - [08/Apr/2022:00:26:15 +0000] "GET /blog/osnovnyye-printsipy-myetoda-low-and-slow/ HTTP/1.1" 200 29532 "-" "Mozilla/5.0 (compatible; SemrushBot/7~bl; +http://www.semrush.com/bot.html)"
92.119.202.55 - - [08/Apr/2022:00:26:43 +0000] "GET /spetsii-dlya-grilya/pripravy/priprava-k-baranine-55g-mini-melnitsa/ HTTP/1.1" 200 33461 "-" "Mozilla/5.0 (X11; Linux x86_64) AppleWebKit/537.36 (KHTML, like Gecko) Chrome/80.0.3987.149 Safari/537.36"
66.249.66.55 - - [08/Apr/2022:00:26:58 +0000] "GET /blog/zhyenskiy-styeyk-filye-minon-s-pyeryechnym-sousom/ HTTP/1.1" 200 29425 "-" "Mozilla/5.0 (compatible; Googlebot/2.1; +http://www.google.com/bot.html)"
66.249.92.28 - - [08/Apr/2022:00:27:22 +0000] "GET /brand/Weber/?utm_source=google&utm_medium=cpc&utm_campaign=g_poisk_krd_v&utm_term=%2B%D0%B3%D1%80%D0%B8%D0%BB%D1%8C%20%2B%D0%B2%D0%B5%D0%B1%D0%B5%D1%80&utm_content=network%7Cg%7Cposition%7Cnone%7Cad_id%7C413117715813%7Cmatch_type%7Cb%7Cplacement%7C%7Ckeyword%7C%2B%D0%B3%D1%80%D0%B8%D0%BB%D1%8C%20%2B%D0%B2%D0%B5%D0%B1%D0%B5%D1%80%7Cdevice_type%7Cm%7Cdevice%7C%7Cplacement_category%7C HTTP/1.1" 301 5 "-" "Mozilla/5.0 (iPhone; CPU iPhone OS 14_7_1 like Mac OS X) AppleWebKit/605.1.15 (KHTML, like Gecko) Version/14.1.2 Mobile/15E148 Safari/604.1 (compatible; AdsBot-Google-Mobile; +http://www.google.com/mobile/adsbot.html)"
66.249.92.28 - - [08/Apr/2022:00:27:23 +0000] "GET /brand/weber/?utm_source=google&utm_medium=cpc&utm_campaign=g_poisk_krd_v&utm_term=%2B%D0%B3%D1%80%D0%B8%D0%BB%D1%8C%20%2B%D0%B2%D0%B5%D0%B1%D0%B5%D1%80&utm_content=network%7Cg%7Cposition%7Cnone%7Cad_id%7C413117715813%7Cmatch_type%7Cb%7Cplacement%7C%7Ckeyword%7C%2B%D0%B3%D1%80%D0%B8%D0%BB%D1%8C%20%2B%D0%B2%D0%B5%D0%B1%D0%B5%D1%80%7Cdevice_type%7Cm%7Cdevice%7C%7Cplacement_category%7C HTTP/1.1" 200 36854 "-" "Mozilla/5.0 (iPhone; CPU iPhone OS 14_7_1 like Mac OS X) AppleWebKit/605.1.15 (KHTML, like Gecko) Version/14.1.2 Mobile/15E148 Safari/604.1 (compatible; AdsBot-Google-Mobile; +http://www.google.com/mobile/adsbot.html)"
193.233.41.34 - - [08/Apr/2022:00:27:23 +0000] "GET /spetsii-dlya-grilya/pripravy/priprava-sredizemnomorskie-travy-100g-banka/ HTTP/1.1" 200 34445 "-" "Mozilla/5.0 (X11; Linux x86_64) AppleWebKit/537.36 (KHTML, like Gecko) Chrome/80.0.3987.149 Safari/537.36"
93.158.161.2 - - [08/Apr/2022:00:27:51 +0000] "GET / HTTP/1.1" 301 162 "-" "Mozilla/5.0 (compatible; YandexMetrika/2.0; +http://yandex.com/bots yabs01)"
93.158.161.59 - - [08/Apr/2022:00:28:23 +0000] "GET / HTTP/1.1" 301 162 "-" "Mozilla/5.0 (compatible; YandexMetrika/2.0; +http://yandex.com/bots yabs01)"
45.148.247.189 - - [08/Apr/2022:00:28:29 +0000] "GET /photos/moskva/ HTTP/1.1" 200 24940 "-" "Mozilla/5.0 (X11; Linux x86_64) AppleWebKit/537.36 (KHTML, like Gecko) Chrome/83.0.2549.68 Safari/537.36"
54.36.149.54 - - [08/Apr/2022:00:28:39 +0000] "GET /search/1010/md-%D0%BA%D0%B5%D1%80%D0%B0%D0%BC%D0%B8%D0%BA%D0%B0/ HTTP/2.0" 200 30335 "-" "Mozilla/5.0 (compatible; AhrefsBot/7.0; +http://ahrefs.com/robot/)"
37.9.71.121 - - [08/Apr/2022:00:28:50 +0000] "POST /ym_api/1/?action=/cart HTTP/1.1" 200 110 "-" "Apache-HttpClient/4.5.6 (Java/11.0.8-shenandoah)"
193.35.227.143 - - [08/Apr/2022:00:28:55 +0000] "GET /search/%D0%B1%D0%B0%D0%BB%D0%BB%D0%BE%D0%BD/?page=3 HTTP/1.1" 200 43332 "-" "Mozilla/5.0 (X11; Linux x86_64) AppleWebKit/537.36 (KHTML, like Gecko) Chrome/80.0.3987.149 Safari/537.36"
77.88.5.246 - - [08/Apr/2022:00:29:10 +0000] "GET /?yclid=7710547526903176844 HTTP/1.1" 200 40186 "-" "Mozilla/5.0 (compatible; YandexMetrika/2.0; +http://yandex.com/bots yabs01)"
77.88.5.229 - - [08/Apr/2022:00:29:10 +0000] "GET /robots.txt HTTP/1.1" 200 5 "-" "Mozilla/5.0 (compatible; YandexBot/3.0; +http://yandex.com/bots)"
77.88.5.82 - - [08/Apr/2022:00:29:10 +0000] "GET / HTTP/1.1" 301 162 "-" "Mozilla/5.0 (compatible; YandexMetrika/2.0; +http://yandex.com/bots yabs01)"
77.88.5.229 - - [08/Apr/2022:00:29:14 +0000] "GET /brand/Napoleon/ HTTP/1.1" 301 162 "-" "Mozilla/5.0 (compatible; YandexBot/3.0; +http://yandex.com/bots) AppleWebKit/537.36 (KHTML, like Gecko) Chrome/81.0.4044.268"
66.249.92.58 - - [08/Apr/2022:00:29:22 +0000] "GET /grili/gazovye/weber/go-anywhere-gas/gazovyj-gril-weber-go-anywhere-gas-chernyy/?utm_source=google&utm_medium=cpc&utm_campaign=14471874650%7Cpoisk_RF&utm_content=coy:542591026298%7Cadp:none%7Cplt:%7Cd:m%7Cmat:b&utm_term= HTTP/1.1" 200 36025 "-" "Mozilla/5.0 (iPhone; CPU iPhone OS 14_7_1 like Mac OS X) AppleWebKit/605.1.15 (KHTML, like Gecko) Version/14.1.2 Mobile/15E148 Safari/604.1 (compatible; AdsBot-Google-Mobile; +http://www.google.com/mobile/adsbot.html)"
77.88.5.70 - - [08/Apr/2022:00:29:29 +0000] "GET /brand/Napoleon/ HTTP/1.1" 301 162 "-" "Mozilla/5.0 (compatible; YandexBot/3.0; +http://yandex.com/bots) AppleWebKit/537.36 (KHTML, like Gecko) Chrome/81.0.4044.268"
77.88.5.70 - - [08/Apr/2022:00:29:29 +0000] "GET /brand/Napoleon/ HTTP/1.1" 301 5 "-" "Mozilla/5.0 (compatible; YandexBot/3.0; +http://yandex.com/bots) AppleWebKit/537.36 (KHTML, like Gecko) Chrome/81.0.4044.268"
77.88.5.229 - - [08/Apr/2022:00:29:32 +0000] "GET /brand/napoleon/ HTTP/1.1" 200 37181 "-" "Mozilla/5.0 (compatible; YandexBot/3.0; +http://yandex.com/bots) AppleWebKit/537.36 (KHTML, like Gecko) Chrome/81.0.4044.268"
207.46.13.110 - - [08/Apr/2022:00:29:44 +0000] "GET /sitemap-photos.xml HTTP/2.0" 200 1335 "-" "Mozilla/5.0 (compatible; bingbot/2.0; +http://www.bing.com/bingbot.htm)"
185.191.171.16 - - [08/Apr/2022:00:29:47 +0000] "GET /robots.txt HTTP/1.1" 200 251 "-" "Mozilla/5.0 (compatible; SemrushBot/7~bl; +http://www.semrush.com/bot.html)"
185.191.171.18 - - [08/Apr/2022:00:29:48 +0000] "GET /search/845/napoleon/ HTTP/1.1" 200 38194 "-" "Mozilla/5.0 (compatible; SemrushBot/7~bl; +http://www.semrush.com/bot.html)"
66.249.66.28 - - [08/Apr/2022:00:29:59 +0000] "GET /aksessuary/chekhly-dlya-griley/chekhol-napoleon-bilex-605/ HTTP/1.1" 301 5 "-" "Mozilla/5.0 (compatible; Googlebot/2.1; +http://www.google.com/bot.html)"
66.249.66.30 - - [08/Apr/2022:00:30:00 +0000] "GET /aksessuary/chekhly-dlya-griley/chekhol-gril-napoleon-bilex-605/ HTTP/1.1" 200 32596 "-" "Mozilla/5.0 (compatible; Googlebot/2.1; +http://www.google.com/bot.html)"
66.249.66.57 - - [08/Apr/2022:00:30:03 +0000] "GET /aksessuary/ HTTP/1.1" 200 38811 "-" "Mozilla/5.0 (compatible; Googlebot/2.1; +http://www.google.com/bot.html)"
66.249.66.59 - - [08/Apr/2022:00:30:04 +0000] "GET /aksessuary/ HTTP/1.1" 200 38825 "-" "Mozilla/5.0 (Linux; Android 6.0.1; Nexus 5X Build/MMB29P) AppleWebKit/537.36 (KHTML, like Gecko) Chrome/99.0.4844.84 Mobile Safari/537.36 (compatible; Googlebot/2.1; +http://www.google.com/bot.html)"
77.88.5.136 - - [08/Apr/2022:00:30:06 +0000] "GET / HTTP/1.1" 301 162 "-" "Mozilla/5.0 (compatible; YandexMetrika/2.0; +http://yandex.com/bots yabs01)"
77.88.5.229 - - [08/Apr/2022:00:30:16 +0000] "GET /wa-content/css/login/frontend/login.css?v=8.21.0.1649376700 HTTP/1.1" 200 1774 "-" "Mozilla/5.0 (compatible; YandexMetrika/4.0; +http://yandex.com/bots)"
77.88.5.229 - - [08/Apr/2022:00:30:18 +0000] "GET /wa-content/css/login/frontend/forgot-password.css?v=8.21.0.1649376700 HTTP/1.1" 200 1572 "-" "Mozilla/5.0 (compatible; YandexMetrika/4.0; +http://yandex.com/bots)"
66.249.66.55 - - [08/Apr/2022:00:30:26 +0000] "GET /mangaly/mangal/pech-gril-grillver-iskander-inklayn-eyr-chugun-reshyotka/ HTTP/1.1" 301 5 "-" "Mozilla/5.0 (compatible; Googlebot/2.1; +http://www.google.com/bot.html)"
66.249.66.57 - - [08/Apr/2022:00:30:27 +0000] "GET /mangaly/mangal/grillver/iskander/pech-gril-grillver-iskander-inklayn-eyr-chugun-reshyotka/ HTTP/1.1" 200 33604 "-" "Mozilla/5.0 (compatible; Googlebot/2.1; +http://www.google.com/bot.html)"
37.187.27.125 - - [08/Apr/2022:00:30:27 +0000] "GET /robots.txt HTTP/1.1" 200 5 "-" "Mozilla/5.0 (compatible; MJ12bot/v1.4.8; http://mj12bot.com/)"
54.36.149.49 - - [08/Apr/2022:00:30:29 +0000] "GET /search/1012/md-%D0%BA%D0%B5%D1%80%D0%B0%D0%BC%D0%B8%D0%BA%D0%B0/ HTTP/2.0" 200 30190 "-" "Mozilla/5.0 (compatible; AhrefsBot/7.0; +http://ahrefs.com/robot/)"
37.187.27.125 - - [08/Apr/2022:00:30:30 +0000] "GET /brendy/kamado-joe/gril-big-joe-iii-red-mobilnyy-s-telezhkoybok-polkizharootsekatel-i-instrum/ HTTP/1.1" 301 162 "-" "Mozilla/5.0 (compatible; MJ12bot/v1.4.8; http://mj12bot.com/)"
37.187.27.125 - - [08/Apr/2022:00:30:31 +0000] "GET /robots.txt HTTP/1.1" 200 606 "-" "Mozilla/5.0 (compatible; MJ12bot/v1.4.8; http://mj12bot.com/)"
37.187.27.125 - - [08/Apr/2022:00:30:33 +0000] "GET /brendy/kamado-joe/gril-big-joe-iii-red-mobilnyy-s-telezhkoybok-polkizharootsekatel-i-instrum/ HTTP/1.1" 301 5 "-" "Mozilla/5.0 (compatible; MJ12bot/v1.4.8; http://mj12bot.com/)"
185.191.171.37 - - [08/Apr/2022:00:30:34 +0000] "GET /aksessuary/chistka-i-ukhod/sredstva-chistki-grilya/chistyashchee-sredstvo-dlya-griley-weber-q-i-pulse-300-ml/ HTTP/1.1" 200 35388 "-" "Mozilla/5.0 (compatible; SemrushBot/7~bl; +http://www.semrush.com/bot.html)"
37.187.27.125 - - [08/Apr/2022:00:30:36 +0000] "GET /grili/keramicheskie/kamado-joe/big-iii/keramicheskij-gril-kamado-joe-big-iii-red/ HTTP/1.1" 200 35529 "-" "Mozilla/5.0 (compatible; MJ12bot/v1.4.8; http://mj12bot.com/)"
77.88.5.229 - - [08/Apr/2022:00:30:39 +0000] "GET /wa-content/css/signup/signup.css?v=8.21.0.1649376700 HTTP/1.1" 200 1921 "-" "Mozilla/5.0 (compatible; YandexMetrika/4.0; +http://yandex.com/bots)"
37.187.27.125 - - [08/Apr/2022:00:30:42 +0000] "GET /brendy/kamado-joe/gril-big-joe-iii-red-mobilnyy-s-telezhkoybok-polkizharootsekatel-i-instrum/ HTTP/1.1" 301 5 "-" "Mozilla/5.0 (compatible; MJ12bot/v1.4.8; http://mj12bot.com/)"
146.19.209.205 - - [08/Apr/2022:00:30:42 +0000] "GET /aksessuary/reshetki/reshetka-gril/skladnaya-reshetka-big-green-egg-vtoroy-uroven/ HTTP/1.1" 200 31866 "-" "Mozilla/5.0 (X11; Linux x86_64) AppleWebKit/537.36 (KHTML, like Gecko) Chrome/85.0.4183.83 Safari/537.36"
37.187.27.125 - - [08/Apr/2022:00:30:45 +0000] "GET /grili/keramicheskie/kamado-joe/big-iii/keramicheskij-gril-kamado-joe-big-iii-red/ HTTP/1.1" 200 35527 "-" "Mozilla/5.0 (compatible; MJ12bot/v1.4.8; http://mj12bot.com/)"
37.187.27.125 - - [08/Apr/2022:00:30:47 +0000] "GET /grili/keramicheskie/kamado-joe/big-iii/keramicheskij-gril-kamado-joe-big-iii-red/ HTTP/1.1" 301 162 "-" "Mozilla/5.0 (compatible; MJ12bot/v1.4.8; http://mj12bot.com/)"
37.187.27.125 - - [08/Apr/2022:00:30:50 +0000] "GET /grili/keramicheskie/kamado-joe/big-iii/keramicheskij-gril-kamado-joe-big-iii-red/ HTTP/1.1" 200 35528 "-" "Mozilla/5.0 (compatible; MJ12bot/v1.4.8; http://mj12bot.com/)"
37.187.27.125 - - [08/Apr/2022:00:30:52 +0000] "GET /grili/koptilni/char-broil/ HTTP/1.1" 301 5 "-" "Mozilla/5.0 (compatible; MJ12bot/v1.4.8; http://mj12bot.com/)"
114.119.128.67 - - [08/Apr/2022:00:30:54 +0000] "GET /aksessuary/chistka-i-ukhod/shchetka-gril/t-obraznaya-shhetka-ochistki-grilya-weber-30-sm HTTP/1.1" 301 5 "-" "Mozilla/5.0 (Linux; Android 7.0;) AppleWebKit/537.36 (KHTML, like Gecko) Mobile Safari/537.36 (compatible; PetalBot;+https://webmaster.petalsearch.com/site/petalbot)"
37.187.27.125 - - [08/Apr/2022:00:30:55 +0000] "GET /mangaly/koptilni/ HTTP/1.1" 200 31740 "-" "Mozilla/5.0 (compatible; MJ12bot/v1.4.8; http://mj12bot.com/)"
37.187.27.125 - - [08/Apr/2022:00:30:59 +0000] "GET /mangaly/mangal/mangal-family-standart-fs-2000/ HTTP/1.1" 301 5 "-" "Mozilla/5.0 (compatible; MJ12bot/v1.4.8; http://mj12bot.com/)"
114.119.128.67 - - [08/Apr/2022:00:30:59 +0000] "GET /aksessuary/chistka-i-ukhod/shchetka-gril/t-obraznaya-shhetka-ochistki-grilya-weber-30-sm/ HTTP/1.1" 301 5 "-" "Mozilla/5.0 (Linux; Android 7.0;) AppleWebKit/537.36 (KHTML, like Gecko) Mobile Safari/537.36 (compatible; PetalBot;+https://webmaster.petalsearch.com/site/petalbot)"
77.88.5.229 - - [08/Apr/2022:00:31:00 +0000] "GET /wa-content/js/jquery-plugins/jquery.cookie.js HTTP/1.1" 200 1355 "https://justgrill.ru/brand/napoleon/" "Mozilla/5.0 (compatible; YandexBot/3.0; +http://yandex.com/bots) AppleWebKit/537.36 (KHTML, like Gecko) Chrome/81.0.4044.268"
37.187.27.125 - - [08/Apr/2022:00:31:02 +0000] "GET /mangaly/mangal/gratar/family/mangal-family-standart-fs-2000/ HTTP/1.1" 200 33011 "-" "Mozilla/5.0 (compatible; MJ12bot/v1.4.8; http://mj12bot.com/)"
114.119.128.67 - - [08/Apr/2022:00:31:02 +0000] "GET /aksessuary/chistka-i-ukhod/shchetka-gril/t-obraznaya-shhetka-ochistki-grilya-weber-30-sm/ HTTP/1.1" 301 5 "-" "Mozilla/5.0 (Linux; Android 7.0;) AppleWebKit/537.36 (KHTML, like Gecko) Mobile Safari/537.36 (compatible; PetalBot;+https://webmaster.petalsearch.com/site/petalbot)"
37.187.27.125 - - [08/Apr/2022:00:31:04 +0000] "GET /mangaly/mangal/mangal-klassika-600k-mkl600k/ HTTP/1.1" 301 5 "-" "Mozilla/5.0 (compatible; MJ12bot/v1.4.8; http://mj12bot.com/)"
114.119.128.67 - - [08/Apr/2022:00:31:06 +0000] "GET /aksessuary/chistka-i-ukhod/shchetka-gril/t-obraznaya-shhetka-ochistki-grilya-weber-30-sm/ HTTP/1.1" 301 5 "-" "Mozilla/5.0 (Linux; Android 7.0;) AppleWebKit/537.36 (KHTML, like Gecko) Mobile Safari/537.36 (compatible; PetalBot;+https://webmaster.petalsearch.com/site/petalbot)"
37.187.27.125 - - [08/Apr/2022:00:31:09 +0000] "GET /mangaly/mangal/gratar/klassika/mangal-klassika-600k-mkl600k/ HTTP/1.1" 200 33300 "-" "Mozilla/5.0 (compatible; MJ12bot/v1.4.8; http://mj12bot.com/)"
114.119.128.67 - - [08/Apr/2022:00:31:09 +0000] "GET /aksessuary/chistka-i-ukhod/shchetka-gril/t-obraznaya-shhetka-ochistki-grilya-weber-30-sm/ HTTP/1.1" 301 5 "-" "Mozilla/5.0 (Linux; Android 7.0;) AppleWebKit/537.36 (KHTML, like Gecko) Mobile Safari/537.36 (compatible; PetalBot;+https://webmaster.petalsearch.com/site/petalbot)"
37.187.27.125 - - [08/Apr/2022:00:31:11 +0000] "GET /mangaly/mangal/mangal-man-202/ HTTP/1.1" 301 5 "-" "Mozilla/5.0 (compatible; MJ12bot/v1.4.8; http://mj12bot.com/)"
114.119.128.67 - - [08/Apr/2022:00:31:12 +0000] "GET /aksessuary/chistka-i-ukhod/shchetka-gril/t-obraznaya-shhetka-ochistki-grilya-weber-30-sm/ HTTP/1.1" 301 5 "-" "Mozilla/5.0 (Linux; Android 7.0;) AppleWebKit/537.36 (KHTML, like Gecko) Mobile Safari/537.36 (compatible; PetalBot;+https://webmaster.petalsearch.com/site/petalbot)"
37.187.27.125 - - [08/Apr/2022:00:31:14 +0000] "GET /mangaly/mangal/gratar/man/mangal-man-202/ HTTP/1.1" 200 33021 "-" "Mozilla/5.0 (compatible; MJ12bot/v1.4.8; http://mj12bot.com/)"
37.187.27.125 - - [08/Apr/2022:00:31:16 +0000] "GET /mangaly/mangal/mangal-man-203/ HTTP/1.1" 301 5 "-" "Mozilla/5.0 (compatible; MJ12bot/v1.4.8; http://mj12bot.com/)"
114.119.150.166 - - [08/Apr/2022:00:31:16 +0000] "GET /brendy/grillver/nabor-instrumentov-dlya-pech-mangalov-iskander/ HTTP/1.1" 301 5 "-" "Mozilla/5.0 (Linux; Android 7.0;) AppleWebKit/537.36 (KHTML, like Gecko) Mobile Safari/537.36 (compatible; PetalBot;+https://webmaster.petalsearch.com/site/petalbot)"
114.119.128.67 - - [08/Apr/2022:00:31:16 +0000] "GET /aksessuary/chistka-i-ukhod/shchetka-gril/t-obraznaya-shhetka-ochistki-grilya-weber-30-sm/ HTTP/1.1" 301 5 "-" "Mozilla/5.0 (Linux; Android 7.0;) AppleWebKit/537.36 (KHTML, like Gecko) Mobile Safari/537.36 (compatible; PetalBot;+https://webmaster.petalsearch.com/site/petalbot)"
109.252.215.8 - - [08/Apr/2022:00:31:17 +0000] "GET /grili/ugolnye/weber/master-touch/gril-ugolnyy-master-touch-weber-gbs-e-5750-chernyy/ HTTP/2.0" 200 37801 "-" "Mozilla/5.0 (Windows NT 10.0; Win64; x64) AppleWebKit/537.36 (KHTML, like Gecko) Chrome/100.0.4896.75 Safari/537.36"
37.187.27.125 - - [08/Apr/2022:00:31:19 +0000] "GET /mangaly/mangal/gratar/man/mangal-man-203/ HTTP/1.1" 200 33244 "-" "Mozilla/5.0 (compatible; MJ12bot/v1.4.8; http://mj12bot.com/)"
114.119.150.166 - - [08/Apr/2022:00:31:21 +0000] "GET /mangaly/aksessuary/nabor-instrumentov-dlya-pech-mangalov-grillver-iskander/ HTTP/1.1" 200 31455 "-" "Mozilla/5.0 (Linux; Android 7.0;) AppleWebKit/537.36 (KHTML, like Gecko) Mobile Safari/537.36 (compatible; PetalBot;+https://webmaster.petalsearch.com/site/petalbot)"
37.187.27.125 - - [08/Apr/2022:00:31:21 +0000] "GET /mangaly/mangal/mangal-man-205/ HTTP/1.1" 301 5 "-" "Mozilla/5.0 (compatible; MJ12bot/v1.4.8; http://mj12bot.com/)"
37.187.27.125 - - [08/Apr/2022:00:31:24 +0000] "GET /mangaly/mangal/gratar/man/mangal-man-205/ HTTP/1.1" 200 33540 "-" "Mozilla/5.0 (compatible; MJ12bot/v1.4.8; http://mj12bot.com/)"
37.187.27.125 - - [08/Apr/2022:00:31:29 +0000] "GET /mangaly/mangal/mangal-man-302/ HTTP/1.1" 301 5 "-" "Mozilla/5.0 (compatible; MJ12bot/v1.4.8; http://mj12bot.com/)"
216.244.66.234 - - [08/Apr/2022:00:31:30 +0000] "GET /robots.txt HTTP/1.1" 200 5 "-" "Mozilla/5.0 (compatible; DotBot/1.2; +https://opensiteexplorer.org/dotbot; help@moz.com)"
37.187.27.125 - - [08/Apr/2022:00:31:32 +0000] "GET /mangaly/mangal/gratar/man/mangal-man-302/ HTTP/1.1" 200 33058 "-" "Mozilla/5.0 (compatible; MJ12bot/v1.4.8; http://mj12bot.com/)"
66.249.66.31 - - [08/Apr/2022:00:31:32 +0000] "GET /aksessuary/oborudovanie/fonar-gril/fonar-dlya-griley-weber-q-belyy/ HTTP/1.1" 200 32907 "-" "Mozilla/5.0 (Linux; Android 6.0.1; Nexus 5X Build/MMB29P) AppleWebKit/537.36 (KHTML, like Gecko) Chrome/99.0.4844.84 Mobile Safari/537.36 (compatible; Googlebot/2.1; +http://www.google.com/bot.html)"
185.191.171.42 - - [08/Apr/2022:00:31:34 +0000] "GET /grili-i-oborudovanie-dlya-griley/grili/drovyanye/modul-shashlychnyy-dlya-suomi-grill-fireplace-/ HTTP/1.1" 301 5 "-" "Mozilla/5.0 (compatible; SemrushBot/7~bl; +http://www.semrush.com/bot.html)"
37.187.27.125 - - [08/Apr/2022:00:31:34 +0000] "GET /mangaly/mangal/mangal-man-303/ HTTP/1.1" 301 5 "-" "Mozilla/5.0 (compatible; MJ12bot/v1.4.8; http://mj12bot.com/)"
185.191.171.26 - - [08/Apr/2022:00:31:37 +0000] "GET /grili/drovyanye/modul-shashlychnyy-dlya-suomi-grill-fireplace-/ HTTP/1.1" 200 31649 "-" "Mozilla/5.0 (compatible; SemrushBot/7~bl; +http://www.semrush.com/bot.html)"
37.187.27.125 - - [08/Apr/2022:00:31:38 +0000] "GET /mangaly/mangal/gratar/man/mangal-man-303/ HTTP/1.1" 200 33323 "-" "Mozilla/5.0 (compatible; MJ12bot/v1.4.8; http://mj12bot.com/)"
77.88.5.229 - - [08/Apr/2022:00:31:39 +0000] "GET /wa-content/js/jquery-plugins/jquery.cookie.js HTTP/1.1" 200 1355 "https://justgrill.ru/brand/napoleon/" "Mozilla/5.0 (compatible; YandexBot/3.0; +http://yandex.com/bots) AppleWebKit/537.36 (KHTML, like Gecko) Chrome/81.0.4044.268"
37.187.27.125 - - [08/Apr/2022:00:31:41 +0000] "GET /mangaly/mangal/mangal-professional-standart-ps-3000/ HTTP/1.1" 301 5 "-" "Mozilla/5.0 (compatible; MJ12bot/v1.4.8; http://mj12bot.com/)"
77.88.5.209 - - [08/Apr/2022:00:31:42 +0000] "GET / HTTP/1.1" 301 162 "-" "Mozilla/5.0 (compatible; YandexMetrika/2.0; +http://yandex.com/bots yabs01)"
37.187.27.125 - - [08/Apr/2022:00:31:44 +0000] "GET /mangaly/mangal/gratar/professional/mangal-professional-standart-ps-3000/ HTTP/1.1" 200 33222 "-" "Mozilla/5.0 (compatible; MJ12bot/v1.4.8; http://mj12bot.com/)"
37.187.27.125 - - [08/Apr/2022:00:31:46 +0000] "GET /robots.txt HTTP/1.1" 200 614 "-" "Mozilla/5.0 (compatible; MJ12bot/v1.4.8; http://mj12bot.com/)"
37.187.27.125 - - [08/Apr/2022:00:31:48 +0000] "GET /brendy/kamado-joe/gril-big-joe-iii-red-mobilnyy-s-telezhkoybok-polkizharootsekatel-i-instrum/ HTTP/1.1" 301 5 "-" "Mozilla/5.0 (compatible; MJ12bot/v1.4.8; http://mj12bot.com/)"
37.187.27.125 - - [08/Apr/2022:00:31:50 +0000] "GET /brendy/kamado-joe/gril-big-joe-iii-red-mobilnyy-s-telezhkoybok-polkizharootsekatel-i-instrum/ HTTP/1.1" 301 162 "-" "Mozilla/5.0 (compatible; MJ12bot/v1.4.8; http://mj12bot.com/)"
37.187.27.125 - - [08/Apr/2022:00:31:53 +0000] "GET /brendy/kamado-joe/gril-big-joe-iii-red-mobilnyy-s-telezhkoybok-polkizharootsekatel-i-instrum/ HTTP/1.1" 301 5 "-" "Mozilla/5.0 (compatible; MJ12bot/v1.4.8; http://mj12bot.com/)"
37.187.27.125 - - [08/Apr/2022:00:31:56 +0000] "GET /grili/keramicheskie/kamado-joe/big-iii/keramicheskij-gril-kamado-joe-big-iii-red/ HTTP/1.1" 200 35534 "-" "Mozilla/5.0 (compatible; MJ12bot/v1.4.8; http://mj12bot.com/)"
37.187.27.125 - - [08/Apr/2022:00:31:59 +0000] "GET /grili-i-oborudovanie-dlya-griley/grili/drovyanye/ HTTP/1.1" 301 5 "-" "Mozilla/5.0 (compatible; MJ12bot/v1.4.8; http://mj12bot.com/)"
37.187.27.125 - - [08/Apr/2022:00:32:01 +0000] "GET /grili-i-oborudovanie-dlya-griley/grili/drovyanye/ HTTP/1.1" 301 162 "-" "Mozilla/5.0 (compatible; MJ12bot/v1.4.8; http://mj12bot.com/)"
37.187.27.125 - - [08/Apr/2022:00:32:04 +0000] "GET /grili-i-oborudovanie-dlya-griley/grili/drovyanye/ HTTP/1.1" 301 5 "-" "Mozilla/5.0 (compatible; MJ12bot/v1.4.8; http://mj12bot.com/)"
77.88.5.229 - - [08/Apr/2022:00:32:07 +0000] "GET /arkhiv/weber-summit-grill-center/reviews/ HTTP/1.1" 404 26647 "-" "Mozilla/5.0 (compatible; YandexBot/3.0; +http://yandex.com/bots)"
37.187.27.125 - - [08/Apr/2022:00:32:08 +0000] "GET /grili/drovyanye/ HTTP/1.1" 200 33713 "-" "Mozilla/5.0 (compatible; MJ12bot/v1.4.8; http://mj12bot.com/)"
37.187.27.125 - - [08/Apr/2022:00:32:11 +0000] "GET /grili-i-oborudovanie-dlya-griley/grili/drovyanye/shashlychnyy-modul-dlya-suomi-grill/ HTTP/1.1" 301 5 "-" "Mozilla/5.0 (compatible; MJ12bot/v1.4.8; http://mj12bot.com/)"
37.187.27.125 - - [08/Apr/2022:00:32:13 +0000] "GET /grili-i-oborudovanie-dlya-griley/grili/drovyanye/shashlychnyy-modul-dlya-suomi-grill/ HTTP/1.1" 301 162 "-" "Mozilla/5.0 (compatible; MJ12bot/v1.4.8; http://mj12bot.com/)"
37.187.27.125 - - [08/Apr/2022:00:32:16 +0000] "GET /grili-i-oborudovanie-dlya-griley/grili/drovyanye/shashlychnyy-modul-dlya-suomi-grill/ HTTP/1.1" 301 5 "-" "Mozilla/5.0 (compatible; MJ12bot/v1.4.8; http://mj12bot.com/)"
37.187.27.125 - - [08/Apr/2022:00:32:20 +0000] "GET /grili/drovyanye/shashlychnyy-modul-dlya-suomi-grill/ HTTP/1.1" 200 31833 "-" "Mozilla/5.0 (compatible; MJ12bot/v1.4.8; http://mj12bot.com/)"
37.187.27.125 - - [08/Apr/2022:00:32:23 +0000] "GET /grili/drovyanye/ HTTP/1.1" 301 5 "-" "Mozilla/5.0 (compatible; MJ12bot/v1.4.8; http://mj12bot.com/)"
37.187.27.125 - - [08/Apr/2022:00:32:25 +0000] "GET /grili/drovyanye/ HTTP/1.1" 301 162 "-" "Mozilla/5.0 (compatible; MJ12bot/v1.4.8; http://mj12bot.com/)"
37.187.27.125 - - [08/Apr/2022:00:32:29 +0000] "GET /grili/drovyanye/ HTTP/1.1" 200 33710 "-" "Mozilla/5.0 (compatible; MJ12bot/v1.4.8; http://mj12bot.com/)"
157.55.39.198 - - [08/Apr/2022:00:32:29 +0000] "GET /mangaly/tandyry/tandyr-amfora-skif-31-sm HTTP/2.0" 301 0 "-" "Mozilla/5.0 (compatible; bingbot/2.0; +http://www.bing.com/bingbot.htm)"
37.187.27.125 - - [08/Apr/2022:00:32:32 +0000] "GET /grili/drovyanye/shashlychnyy-modul-dlya-suomi-grill/ HTTP/1.1" 301 5 "-" "Mozilla/5.0 (compatible; MJ12bot/v1.4.8; http://mj12bot.com/)"
77.88.5.229 - - [08/Apr/2022:00:32:33 +0000] "GET /aksessuary/ugol/ugol-kamado-brikety-47-kg-korobka/reviews/ HTTP/1.1" 301 5 "-" "Mozilla/5.0 (compatible; YandexBot/3.0; +http://yandex.com/bots)"
77.88.5.229 - - [08/Apr/2022:00:32:35 +0000] "GET /aksessuary/ugli-i-rozzhigi/brikety-gril/ugolnye-brikety-dlya-grilya-kamado-4-7-kg-korobka/reviews/ HTTP/1.1" 200 31104 "-" "Mozilla/5.0 (compatible; YandexBot/3.0; +http://yandex.com/bots)"
37.187.27.125 - - [08/Apr/2022:00:32:36 +0000] "GET /grili/drovyanye/shashlychnyy-modul-dlya-suomi-grill/ HTTP/1.1" 301 162 "-" "Mozilla/5.0 (compatible; MJ12bot/v1.4.8; http://mj12bot.com/)"
37.187.27.125 - - [08/Apr/2022:00:32:39 +0000] "GET /grili/drovyanye/shashlychnyy-modul-dlya-suomi-grill/ HTTP/1.1" 200 31831 "-" "Mozilla/5.0 (compatible; MJ12bot/v1.4.8; http://mj12bot.com/)"
157.55.39.198 - - [08/Apr/2022:00:32:40 +0000] "GET /mangaly/tandyry/tandyr-amfora-skif-31-sm/ HTTP/2.0" 200 32905 "-" "Mozilla/5.0 (compatible; bingbot/2.0; +http://www.bing.com/bingbot.htm)"
114.119.128.85 - - [08/Apr/2022:00:32:41 +0000] "GET /grili/gazovye/broil-king/gril-gazovyy-broil-king-baron-s490-new-ir/reviews HTTP/1.1" 301 5 "-" "Mozilla/5.0 (Linux; Android 7.0;) AppleWebKit/537.36 (KHTML, like Gecko) Mobile Safari/537.36 (compatible; PetalBot;+https://webmaster.petalsearch.com/site/petalbot)"
37.187.27.125 - - [08/Apr/2022:00:32:42 +0000] "GET /grili/keramicheskie/kamado-joe/big-iii/keramicheskij-gril-kamado-joe-big-iii-red/ HTTP/1.1" 301 5 "-" "Mozilla/5.0 (compatible; MJ12bot/v1.4.8; http://mj12bot.com/)"
216.244.66.234 - - [08/Apr/2022:00:32:43 +0000] "GET /brand/big-green-egg/ HTTP/1.1" 301 162 "-" "Mozilla/5.0 (compatible; DotBot/1.2; +https://opensiteexplorer.org/dotbot; help@moz.com)"
37.187.27.125 - - [08/Apr/2022:00:32:45 +0000] "GET /grili/keramicheskie/kamado-joe/big-iii/keramicheskij-gril-kamado-joe-big-iii-red/ HTTP/1.1" 301 162 "-" "Mozilla/5.0 (compatible; MJ12bot/v1.4.8; http://mj12bot.com/)"
114.119.128.85 - - [08/Apr/2022:00:32:46 +0000] "GET /grili/gazovye/broil-king/gril-gazovyy-broil-king-baron-s490-new-ir/reviews/ HTTP/1.1" 301 5 "-" "Mozilla/5.0 (Linux; Android 7.0;) AppleWebKit/537.36 (KHTML, like Gecko) Mobile Safari/537.36 (compatible; PetalBot;+https://webmaster.petalsearch.com/site/petalbot)"
37.187.27.125 - - [08/Apr/2022:00:32:48 +0000] "GET /grili/keramicheskie/kamado-joe/big-iii/keramicheskij-gril-kamado-joe-big-iii-red/ HTTP/1.1" 200 35530 "-" "Mozilla/5.0 (compatible; MJ12bot/v1.4.8; http://mj12bot.com/)"
216.244.66.234 - - [08/Apr/2022:00:32:50 +0000] "GET /aksessuary/oborudovanie/telezhki-gril/ HTTP/1.1" 301 162 "-" "Mozilla/5.0 (compatible; DotBot/1.2; +https://opensiteexplorer.org/dotbot; help@moz.com)"
54.36.149.100 - - [08/Apr/2022:00:32:51 +0000] "GET /search/928/md-%D0%BA%D0%B5%D1%80%D0%B0%D0%BC%D0%B8%D0%BA%D0%B0/ HTTP/2.0" 200 29511 "-" "Mozilla/5.0 (compatible; AhrefsBot/7.0; +http://ahrefs.com/robot/)"
216.244.66.234 - - [08/Apr/2022:00:32:54 +0000] "GET /brands/ HTTP/1.1" 301 162 "-" "Mozilla/5.0 (compatible; DotBot/1.2; +https://opensiteexplorer.org/dotbot; help@moz.com)"
114.119.128.85 - - [08/Apr/2022:00:32:56 +0000] "GET /grili/gazovye/broil-king/baron/gril-gazovyy-broil-king-baron-s490-new-ir/reviews/ HTTP/1.1" 200 30955 "-" "Mozilla/5.0 (Linux; Android 7.0;) AppleWebKit/537.36 (KHTML, like Gecko) Mobile Safari/537.36 (compatible; PetalBot;+https://webmaster.petalsearch.com/site/petalbot)"
109.248.105.31 - - [08/Apr/2022:00:32:57 +0000] "GET /search/960/weber/ HTTP/1.1" 200 30716 "-" "Mozilla/5.0 (X11; Linux x86_64) AppleWebKit/537.36 (KHTML, like Gecko) Chrome/83.0.2549.68 Safari/537.36"
216.244.66.234 - - [08/Apr/2022:00:32:57 +0000] "GET /brand/Rashko+Baba/ HTTP/1.1" 301 162 "-" "Mozilla/5.0 (compatible; DotBot/1.2; +https://opensiteexplorer.org/dotbot; help@moz.com)"
216.244.66.234 - - [08/Apr/2022:00:33:00 +0000] "GET /brendy/broil-king/gril-gazovyy-grillpro-300/ HTTP/1.1" 301 162 "-" "Mozilla/5.0 (compatible; DotBot/1.2; +https://opensiteexplorer.org/dotbot; help@moz.com)"
216.244.66.234 - - [08/Apr/2022:00:33:02 +0000] "GET /aksessuary/chistka-i-ukhod/shchetka-gril/shchetka-dlya-grilya-broil-king-iz-nerzhaveyushchey-stali/ HTTP/1.1" 301 162 "-" "Mozilla/5.0 (compatible; DotBot/1.2; +https://opensiteexplorer.org/dotbot; help@moz.com)"
216.244.66.234 - - [08/Apr/2022:00:33:04 +0000] "GET /aksessuary/oborudovanie/telezhki-gril/dopolnitelnaya-rukoyatka-k-nozhkam-big-green-egg-xxl/ HTTP/1.1" 301 162 "-" "Mozilla/5.0 (compatible; DotBot/1.2; +https://opensiteexplorer.org/dotbot; help@moz.com)"
114.119.129.14 - - [08/Apr/2022:00:33:05 +0000] "GET /grili/ugolnye/napoleon/ugolny-gril-napoleon-apollo-as300k-48-sm-cherny HTTP/1.1" 301 5 "-" "Mozilla/5.0 (Linux; Android 7.0;) AppleWebKit/537.36 (KHTML, like Gecko) Mobile Safari/537.36 (compatible; PetalBot;+https://webmaster.petalsearch.com/site/petalbot)"
216.244.66.234 - - [08/Apr/2022:00:33:06 +0000] "GET /blog/yagodnyy-sous-k-myasu-vkus-i-polza/ HTTP/1.1" 301 162 "-" "Mozilla/5.0 (compatible; DotBot/1.2; +https://opensiteexplorer.org/dotbot; help@moz.com)"
114.119.129.14 - - [08/Apr/2022:00:33:07 +0000] "GET /grili/ugolnye/napoleon/ugolny-gril-napoleon-apollo-as300k-48-sm-cherny/ HTTP/1.1" 301 5 "-" "Mozilla/5.0 (Linux; Android 7.0;) AppleWebKit/537.36 (KHTML, like Gecko) Mobile Safari/537.36 (compatible; PetalBot;+https://webmaster.petalsearch.com/site/petalbot)"
216.244.66.234 - - [08/Apr/2022:00:33:08 +0000] "GET /blog/ryebra-kalbi--ryedkiy-dyelikatyes-iz-koryei/ HTTP/1.1" 301 162 "-" "Mozilla/5.0 (compatible; DotBot/1.2; +https://opensiteexplorer.org/dotbot; help@moz.com)"
216.244.66.234 - - [08/Apr/2022:00:33:09 +0000] "GET /aksessuary/chistka-i-ukhod/kovriki-gril/kovrik-zashchitnyy-dlya-grilya-weber/ HTTP/1.1" 301 162 "-" "Mozilla/5.0 (compatible; DotBot/1.2; +https://opensiteexplorer.org/dotbot; help@moz.com)"
216.244.66.234 - - [08/Apr/2022:00:33:10 +0000] "GET /aksessuary/instrumenty/shchiptsy-gril/pintset-kulinarnyy/ HTTP/1.1" 301 162 "-" "Mozilla/5.0 (compatible; DotBot/1.2; +https://opensiteexplorer.org/dotbot; help@moz.com)"
114.119.129.14 - - [08/Apr/2022:00:33:11 +0000] "GET /mangaly/koptilni/smoker-koptilnya-napoleon-apollo-as300k-48-sm-cherny/ HTTP/1.1" 200 35814 "-" "Mozilla/5.0 (Linux; Android 7.0;) AppleWebKit/537.36 (KHTML, like Gecko) Mobile Safari/537.36 (compatible; PetalBot;+https://webmaster.petalsearch.com/site/petalbot)"
216.244.66.234 - - [08/Apr/2022:00:33:12 +0000] "GET /aksessuary/oborudovanie/termometry-gril/besprovodnoy-tsifrovoy-bluetooth-termometr-gril-napoleon/ HTTP/1.1" 301 162 "-" "Mozilla/5.0 (compatible; DotBot/1.2; +https://opensiteexplorer.org/dotbot; help@moz.com)"
77.88.5.229 - - [08/Apr/2022:00:33:12 +0000] "GET /grili/gazovye/napoleon/gazovyy-gril-napoleon-rogue-425-se-chernyy-s-ik-gorelkoy-3-3-i-vertelom/ HTTP/1.1" 200 35518 "-" "Mozilla/5.0 (compatible; YandexBot/3.0; +http://yandex.com/bots)"
216.244.66.234 - - [08/Apr/2022:00:33:13 +0000] "GET /blog/tag/%D0%BF%D1%80%D0%B0%D0%B2%D0%B8%D0%BB%D1%8C%D0%BD%D0%BE%D0%B5+%D0%BF%D0%B8%D1%82%D0%B0%D0%BD%D0%B8%D0%B5/ HTTP/1.1" 301 162 "-" "Mozilla/5.0 (compatible; DotBot/1.2; +https://opensiteexplorer.org/dotbot; help@moz.com)"
77.88.5.70 - - [08/Apr/2022:00:33:13 +0000] "GET /grili/gazovye/napoleon/rogue/gazovyy-gril-rogue-625-se-stalnoy-s-ik-gorelkoy/ HTTP/1.1" 200 35365 "-" "Mozilla/5.0 (compatible; YandexBot/3.0; +http://yandex.com/bots)"
216.244.66.234 - - [08/Apr/2022:00:33:14 +0000] "GET /product/beefeater-bugg/ HTTP/1.1" 301 162 "-" "Mozilla/5.0 (compatible; DotBot/1.2; +https://opensiteexplorer.org/dotbot; help@moz.com)"
77.88.5.229 - - [08/Apr/2022:00:33:14 +0000] "GET /grili/gazovye/napoleon/legend/gazovyy-gril-napoleon-legend-325-stalnoy-s-konforkoy/ HTTP/1.1" 200 35872 "-" "Mozilla/5.0 (compatible; YandexBot/3.0; +http://yandex.com/bots)"
216.244.66.234 - - [08/Apr/2022:00:33:15 +0000] "GET /product/gazovyy-gril-napoleon-travelq-285/ HTTP/1.1" 301 162 "-" "Mozilla/5.0 (compatible; DotBot/1.2; +https://opensiteexplorer.org/dotbot; help@moz.com)"
77.88.5.70 - - [08/Apr/2022:00:33:16 +0000] "GET /grili/gazovye/napoleon/gazovyy-gril-napoleon-prestige-500-fantom-s-ik-gorelkoy-3-3/ HTTP/1.1" 200 35614 "-" "Mozilla/5.0 (compatible; YandexBot/3.0; +http://yandex.com/bots)"
216.244.66.234 - - [08/Apr/2022:00:33:16 +0000] "GET /product/nozhki-dlya-ustanovki-na-stol-xl/ HTTP/1.1" 301 162 "-" "Mozilla/5.0 (compatible; DotBot/1.2; +https://opensiteexplorer.org/dotbot; help@moz.com)"
216.244.66.234 - - [08/Apr/2022:00:33:17 +0000] "GET /product/ragasco-lpg-335-l/ HTTP/1.1" 301 162 "-" "Mozilla/5.0 (compatible; DotBot/1.2; +https://opensiteexplorer.org/dotbot; help@moz.com)"
77.88.5.229 - - [08/Apr/2022:00:33:17 +0000] "GET /aksessuary/oborudovanie/vstraivaemaya-gazovaya-gorelka-dvukhkonturnaya/ HTTP/1.1" 200 31990 "-" "Mozilla/5.0 (compatible; YandexBot/3.0; +http://yandex.com/bots)"
216.244.66.234 - - [08/Apr/2022:00:33:18 +0000] "GET /aksessuary/roster-dlya-kuritsy/gourmet-bbq-system-roster/ HTTP/1.1" 301 162 "-" "Mozilla/5.0 (compatible; DotBot/1.2; +https://opensiteexplorer.org/dotbot; help@moz.com)"
77.88.5.70 - - [08/Apr/2022:00:33:19 +0000] "GET /grili/gazovye/napoleon/gazovyy-gril-rogue-625-se-chernyy-s-ik-gorelkoy-3-3/ HTTP/1.1" 200 35064 "-" "Mozilla/5.0 (compatible; YandexBot/3.0; +http://yandex.com/bots)"
216.244.66.234 - - [08/Apr/2022:00:33:19 +0000] "GET /brendy/big-green-egg/polovinka-reshetki-dlya-grilya-xl/ HTTP/1.1" 301 162 "-" "Mozilla/5.0 (compatible; DotBot/1.2; +https://opensiteexplorer.org/dotbot; help@moz.com)"
77.88.5.229 - - [08/Apr/2022:00:33:20 +0000] "GET /aksessuary/oborudovanie/mebel-gril/bokovaya-vstraivaemaya-gazovaya-konforka-napoleon-s-kryshkoy/ HTTP/1.1" 200 32373 "-" "Mozilla/5.0 (compatible; YandexBot/3.0; +http://yandex.com/bots)"
216.244.66.234 - - [08/Apr/2022:00:33:20 +0000] "GET /wp-content/uploads/2014/06/%D0%BA%D1%83%D1%80%D0%B8%D1%86%D0%B01.jpg HTTP/1.1" 301 162 "-" "Mozilla/5.0 (compatible; DotBot/1.2; +https://opensiteexplorer.org/dotbot; help@moz.com)"
77.88.5.70 - - [08/Apr/2022:00:33:21 +0000] "GET /robots.txt HTTP/1.1" 200 618 "-" "Mozilla/5.0 (compatible; YandexBot/3.0; +http://yandex.com/bots)"
77.88.5.229 - - [08/Apr/2022:00:33:22 +0000] "GET /grili/gazovye/napoleon/prestige/vstraivaemyy-gazovyy-gril-napoleon-prestige-bipro-500/ HTTP/1.1" 200 35169 "-" "Mozilla/5.0 (compatible; YandexBot/3.0; +http://yandex.com/bots)"
77.88.5.70 - - [08/Apr/2022:00:33:23 +0000] "GET /aksessuary/podstavki-i-rostery/podstavka-gril/podstavka-dlya-zapekaniya-tomatov-i-pertsev-malaya/ HTTP/1.1" 200 31736 "-" "Mozilla/5.0 (compatible; YandexBot/3.0; +http://yandex.com/bots)"
77.88.5.229 - - [08/Apr/2022:00:33:24 +0000] "GET /aksessuary/dlya-kopcheniya/doski-i-doshchechki/kedrovaya-infuzionnaya-doska/ HTTP/1.1" 200 32269 "-" "Mozilla/5.0 (compatible; YandexBot/3.0; +http://yandex.com/bots)"
77.88.5.70 - - [08/Apr/2022:00:33:25 +0000] "GET / HTTP/1.1" 200 39455 "-" "Mozilla/5.0 (compatible; YandexBot/3.0; +http://yandex.com/bots)"
77.88.5.229 - - [08/Apr/2022:00:33:26 +0000] "GET /grili/gazovye/napoleon/gazovyy-gril-napoleon-freestyle-425-sb-s-konforkoy/ HTTP/1.1" 200 35184 "-" "Mozilla/5.0 (compatible; YandexBot/3.0; +http://yandex.com/bots)"
5.45.201.213 - - [08/Apr/2022:00:33:29 +0000] "POST /ym_api/1/?action=/cart HTTP/1.1" 200 111 "-" "Apache-HttpClient/4.5.6 (Java/11.0.8-shenandoah)"
216.244.66.234 - - [08/Apr/2022:00:33:29 +0000] "GET /blog/category/news/?page=2 HTTP/1.1" 301 162 "-" "Mozilla/5.0 (compatible; DotBot/1.2; +https://opensiteexplorer.org/dotbot; help@moz.com)"
77.88.5.229 - - [08/Apr/2022:00:33:41 +0000] "GET /wa-content/js/jquery-plugins/jquery.cookie.js HTTP/1.1" 200 1355 "https://kazan.justgrill.ru/" "Mozilla/5.0 (compatible; YandexBot/3.0; +http://yandex.com/bots) AppleWebKit/537.36 (KHTML, like Gecko) Chrome/81.0.4044.268"
77.88.5.70 - - [08/Apr/2022:00:33:46 +0000] "GET /grili/gazovye/napoleon/bilex/gazovyy-gril-napoleon-bilex-605/ HTTP/1.1" 200 36418 "-" "Mozilla/5.0 (compatible; YandexBot/3.0; +http://yandex.com/bots)"
77.88.5.229 - - [08/Apr/2022:00:33:48 +0000] "GET /grili/gazovye/weber/spirit/gazovyj-gril-weber-spirit-e-315-gbs-chernyy/ HTTP/1.1" 200 36787 "-" "Mozilla/5.0 (compatible; YandexBot/3.0; +http://yandex.com/bots)"
216.244.66.234 - - [08/Apr/2022:00:33:48 +0000] "GET /wa-data/public/shop/products/07/14/11407/images/8313/8313.970.jpg HTTP/1.1" 301 162 "-" "Mozilla/5.0 (compatible; DotBot/1.2; +https://opensiteexplorer.org/dotbot; help@moz.com)"
77.88.5.70 - - [08/Apr/2022:00:33:49 +0000] "GET /grili/gazovye/weber/spirit/gazovyj-gril-weber-spirit-e-325-gbs-cherny/ HTTP/1.1" 200 36877 "-" "Mozilla/5.0 (compatible; YandexBot/3.0; +http://yandex.com/bots)"
216.244.66.234 - - [08/Apr/2022:00:33:49 +0000] "GET /wa-data/public/shop/products/58/92/9258/images/5829/5829.970.jpg HTTP/1.1" 301 162 "-" "Mozilla/5.0 (compatible; DotBot/1.2; +https://opensiteexplorer.org/dotbot; help@moz.com)"
77.88.5.229 - - [08/Apr/2022:00:33:51 +0000] "GET /robots.txt HTTP/1.1" 200 5 "-" "Mozilla/5.0 (compatible; YandexBot/3.0; +http://yandex.com/bots)"
77.88.5.229 - - [08/Apr/2022:00:33:54 +0000] "GET /mangaly/tandyry/tandyr-amfora-donskoy-21-sm/ HTTP/1.1" 301 162 "-" "Mozilla/5.0 (compatible; YandexAccessibilityBot/3.0; +http://yandex.com/bots)"
77.88.5.208 - - [08/Apr/2022:00:33:55 +0000] "GET /mangaly/tandyry/tandyr-amfora-donskoy-21-sm/ HTTP/1.1" 200 33685 "-" "Mozilla/5.0 (compatible; YandexAccessibilityBot/3.0; +http://yandex.com/bots)"
66.249.92.28 - - [08/Apr/2022:00:34:03 +0000] "GET /searchpro-plugin/config/?v1.9.0.1648885445?1521582285 HTTP/1.1" 200 573 "https://krd.justgrill.ru/?utm_source=google&utm_medium=cpc&utm_campaign=g_poisk_krd_v&utm_term=%2B%D0%B1%D0%B0%D1%80%D0%B1%D0%B5%D0%BA%D1%8E%20%2B%D0%BC%D0%B0%D0%BD%D0%B3%D0%B0%D0%BB&utm_content=network%7Cg%7Cposition%7Cnone%7Cad_id%7C210194102827%7Cmatch_type%7Cb%7Cplacement%7C%7Ckeyword%7C%2B%D0%B1%D0%B0%D1%80%D0%B1%D0%B5%D0%BA%D1%8E%20%2B%D0%BC%D0%B0%D0%BD%D0%B3%D0%B0%D0%BB%7Cdevice_type%7Cm%7Cdevice%7C%7Cplacement_category%7C" "Mozilla/5.0 (iPhone; CPU iPhone OS 14_7_1 like Mac OS X) AppleWebKit/605.1.15 (KHTML, like Gecko) Version/14.1.2 Mobile/15E148 Safari/604.1 (compatible; AdsBot-Google-Mobile; +http://www.google.com/mobile/adsbot.html)"
2.59.163.23 - - [08/Apr/2022:00:34:10 +0000] "GET /aksessuary/podstavki-i-rostery/roster-gril/roster-broil-king-dlya-prigotovleniya-na-paru/ HTTP/1.1" 200 32576 "-" "Mozilla/5.0 (X11; Linux x86_64) AppleWebKit/537.36 (KHTML, like Gecko) Chrome/80.0.3987.149 Safari/537.36"
185.191.171.40 - - [08/Apr/2022:00:34:22 +0000] "GET /mangaly/tandyry/tandyr-bolshoy-semeynyy-s-termometrom/ HTTP/1.1" 200 32815 "-" "Mozilla/5.0 (compatible; SemrushBot/7~bl; +http://www.semrush.com/bot.html)"
93.158.161.33 - - [08/Apr/2022:00:34:22 +0000] "GET / HTTP/1.1" 301 162 "-" "Mozilla/5.0 (compatible; YandexMetrika/2.0; +http://yandex.com/bots yabs01)"
185.191.171.2 - - [08/Apr/2022:00:34:39 +0000] "GET /robots.txt HTTP/1.1" 200 256 "-" "Mozilla/5.0 (compatible; SemrushBot/7~bl; +http://www.semrush.com/bot.html)"
185.191.171.7 - - [08/Apr/2022:00:34:40 +0000] "GET /blog/kurinye-lollipopy-na-grile/ HTTP/1.1" 200 29162 "-" "Mozilla/5.0 (compatible; SemrushBot/7~bl; +http://www.semrush.com/bot.html)"
40.77.167.97 - - [08/Apr/2022:00:34:41 +0000] "GET /robots.txt HTTP/2.0" 200 237 "-" "Mozilla/5.0 (compatible; bingbot/2.0; +http://www.bing.com/bingbot.htm)"
45.148.247.189 - - [08/Apr/2022:00:34:44 +0000] "GET /grili/gazovye/broil-king/baron/gazovyy-gril-broil-king-baron-340-chernyy/ HTTP/1.1" 200 38741 "-" "Mozilla/5.0 (X11; Linux x86_64) AppleWebKit/537.36 (KHTML, like Gecko) Chrome/83.0.2549.68 Safari/537.36"
77.88.5.234 - - [08/Apr/2022:00:34:44 +0000] "GET / HTTP/1.1" 301 162 "-" "Mozilla/5.0 (compatible; YandexMetrika/2.0; +http://yandex.com/bots yabs01)"
77.88.5.70 - - [08/Apr/2022:00:34:49 +0000] "GET /product/gril-gazovyy-broil-king-portachef-pro-belaya-kryshka/ HTTP/1.1" 404 26659 "-" "Mozilla/5.0 (compatible; YandexBot/3.0; +http://yandex.com/bots)"
54.36.148.38 - - [08/Apr/2022:00:34:51 +0000] "GET /obogrevateli-ulichnye/gazovye/nagrevatel-gaz-ulich-patio-m-g31-37mbar-s-ruchupr-82kvt-stal/ HTTP/2.0" 200 33066 "-" "Mozilla/5.0 (compatible; AhrefsBot/7.0; +http://ahrefs.com/robot/)"
66.249.66.63 - - [08/Apr/2022:00:35:15 +0000] "GET /blog/blinchiki-s-syrom-na-grile/ HTTP/1.1" 500 15370 "-" "Mozilla/5.0 (Linux; Android 6.0.1; Nexus 5X Build/MMB29P) AppleWebKit/537.36 (KHTML, like Gecko) Chrome/99.0.4844.84 Mobile Safari/537.36 (compatible; Googlebot/2.1; +http://www.google.com/bot.html)"
216.244.66.234 - - [08/Apr/2022:00:35:21 +0000] "GET /aksessuary/posuda/?sort=rating&order=desc HTTP/1.1" 301 162 "-" "Mozilla/5.0 (compatible; DotBot/1.2; +https://opensiteexplorer.org/dotbot; help@moz.com)"
216.244.66.234 - - [08/Apr/2022:00:35:31 +0000] "GET /grili/horeca/?sort=rating&order=desc HTTP/1.1" 301 162 "-" "Mozilla/5.0 (compatible; DotBot/1.2; +https://opensiteexplorer.org/dotbot; help@moz.com)"
114.119.129.205 - - [08/Apr/2022:00:35:36 +0000] "GET /obogrevateli-ulichnye/chashi-dlya-kostra/kamin-drovyanoy-weber-fireplace-chernyy/ HTTP/1.1" 200 33459 "-" "Mozilla/5.0 (Linux; Android 7.0;) AppleWebKit/537.36 (KHTML, like Gecko) Mobile Safari/537.36 (compatible; PetalBot;+https://webmaster.petalsearch.com/site/petalbot)"
77.88.5.229 - - [08/Apr/2022:00:35:37 +0000] "GET /search/1018/o-grill/ HTTP/1.1" 200 29409 "-" "Mozilla/5.0 (compatible; YandexBot/3.0; +http://yandex.com/bots)"
54.36.148.114 - - [08/Apr/2022:00:36:47 +0000] "GET /search/947/md-%D0%BA%D0%B5%D1%80%D0%B0%D0%BC%D0%B8%D0%BA%D0%B0/ HTTP/2.0" 200 30746 "-" "Mozilla/5.0 (compatible; AhrefsBot/7.0; +http://ahrefs.com/robot/)"
77.88.5.229 - - [08/Apr/2022:00:36:49 +0000] "GET /grili/gazovye/broil-king/gazovyy-gril-broil-king-royal-340-chernyy/ HTTP/1.1" 200 36995 "-" "Mozilla/5.0 (compatible; YandexBot/3.0; +http://yandex.com/bots) AppleWebKit/537.36 (KHTML, like Gecko) Chrome/81.0.4044.268"
93.158.161.52 - - [08/Apr/2022:00:36:53 +0000] "GET /?yclid=7710547526903176844 HTTP/1.1" 301 162 "-" "Mozilla/5.0 (compatible; YandexMetrika/2.0; +http://yandex.com/bots yabs01)"
77.88.5.229 - - [08/Apr/2022:00:36:55 +0000] "GET /wa-content/js/jquery-plugins/jquery.cookie.js HTTP/1.1" 200 1355 "https://saratov.justgrill.ru/grili/gazovye/broil-king/gazovyy-gril-broil-king-royal-340-chernyy/" "Mozilla/5.0 (compatible; YandexBot/3.0; +http://yandex.com/bots) AppleWebKit/537.36 (KHTML, like Gecko) Chrome/81.0.4044.268"
194.156.101.172 - - [08/Apr/2022:00:36:56 +0000] "GET /aksessuary/instrumenty/kisti-gril/kist-gril-napoleon-pro-silikonovaya/ HTTP/1.1" 200 34236 "-" "Mozilla/5.0 (X11; Linux x86_64) AppleWebKit/537.36 (KHTML, like Gecko) Chrome/80.0.3987.149 Safari/537.36"
77.88.5.229 - - [08/Apr/2022:00:36:58 +0000] "GET /robots.txt HTTP/1.1" 200 620 "-" "Mozilla/5.0 (compatible; YandexBot/3.0; +http://yandex.com/bots)"
216.244.66.234 - - [08/Apr/2022:00:37:00 +0000] "GET /brand/Weber/?sort=stock&order=desc HTTP/1.1" 301 162 "-" "Mozilla/5.0 (compatible; DotBot/1.2; +https://opensiteexplorer.org/dotbot; help@moz.com)"
5.182.37.22 - - [08/Apr/2022:00:37:02 +0000] "GET /photos/photo/author/1558/img_8102_1/ HTTP/1.1" 200 30508 "-" "Mozilla/5.0 (X11; Linux x86_64) AppleWebKit/537.36 (KHTML, like Gecko) Chrome/85.0.4183.83 Safari/537.36"
77.88.5.229 - - [08/Apr/2022:00:37:02 +0000] "GET /aksessuary/posuda/press-burger/press-dlya-burgera-big-green-egg-zelenyy/ HTTP/1.1" 200 32315 "-" "Mozilla/5.0 (compatible; YandexBot/3.0; +http://yandex.com/bots)"
45.151.167.13 - - [08/Apr/2022:00:37:12 +0000] "GET /adminer.php HTTP/2.0" 302 0 "-" "Mozilla/5.0 (Windows NT 5.1; rv:5.0.3) Gecko/20100401 Firefox/5.0.3"
45.151.167.13 - - [08/Apr/2022:00:37:12 +0000] "GET /webasyst/ HTTP/2.0" 200 6027 "-" "Mozilla/5.0 (Windows NT 5.1; rv:5.0.3) Gecko/20100401 Firefox/5.0.3"
194.156.101.172 - - [08/Apr/2022:00:37:14 +0000] "GET /aksessuary/posuda/poddon-osnova-char-broil-grill-s-razdelochnoy-doskoy/ HTTP/1.1" 200 32344 "-" "Mozilla/5.0 (X11; Linux x86_64) AppleWebKit/537.36 (KHTML, like Gecko) Chrome/83.0.2549.68 Safari/537.36"
77.88.5.229 - - [08/Apr/2022:00:37:14 +0000] "GET /grili/gazovye/o-grill/ HTTP/1.1" 200 31901 "-" "Mozilla/5.0 (compatible; YandexBot/3.0; +http://yandex.com/bots)"
77.88.5.229 - - [08/Apr/2022:00:37:16 +0000] "GET /wa-content/js/jquery-plugins/jquery.cookie.js HTTP/1.1" 200 1355 "https://saratov.justgrill.ru/grili/gazovye/o-grill/" "Mozilla/5.0 (compatible; YandexBot/3.0; +http://yandex.com/bots) AppleWebKit/537.36 (KHTML, like Gecko) Chrome/81.0.4044.268"
185.191.171.18 - - [08/Apr/2022:00:37:22 +0000] "GET /aksessuary/chistka-i-ukhod/ HTTP/1.1" 200 37296 "-" "Mozilla/5.0 (compatible; SemrushBot/7~bl; +http://www.semrush.com/bot.html)"
77.88.5.70 - - [08/Apr/2022:00:37:23 +0000] "GET /obogrevateli-ulichnye/gazovye/ HTTP/1.1" 200 34805 "-" "Mozilla/5.0 (compatible; YandexBot/3.0; +http://yandex.com/bots) AppleWebKit/537.36 (KHTML, like Gecko) Chrome/81.0.4044.268"
77.88.5.229 - - [08/Apr/2022:00:37:25 +0000] "GET /grili/gazovye/char-broil/professional/gril-gazovyy-char-broil-professional-pro-2s/ HTTP/1.1" 200 34481 "-" "Mozilla/5.0 (compatible; YandexBot/3.0; +http://yandex.com/bots) AppleWebKit/537.36 (KHTML, like Gecko) Chrome/81.0.4044.268"
77.88.5.70 - - [08/Apr/2022:00:37:26 +0000] "GET /search/broil-king/ HTTP/1.1" 200 45574 "-" "Mozilla/5.0 (compatible; YandexBot/3.0; +http://yandex.com/bots) AppleWebKit/537.36 (KHTML, like Gecko) Chrome/81.0.4044.268"
77.88.5.229 - - [08/Apr/2022:00:37:27 +0000] "GET /grili/drovyanye/ HTTP/1.1" 200 33247 "-" "Mozilla/5.0 (compatible; YandexBot/3.0; +http://yandex.com/bots) AppleWebKit/537.36 (KHTML, like Gecko) Chrome/81.0.4044.268"
77.88.5.70 - - [08/Apr/2022:00:37:28 +0000] "GET /aksessuary/instrumenty/ HTTP/1.1" 200 36557 "-" "Mozilla/5.0 (compatible; YandexBot/3.0; +http://yandex.com/bots) AppleWebKit/537.36 (KHTML, like Gecko) Chrome/81.0.4044.268"
66.249.66.3 - - [08/Apr/2022:00:37:29 +0000] "GET /grili/gazovye/napoleon/prestige/prestige-pro-825/ HTTP/1.1" 301 5 "-" "Mozilla/5.0 (compatible; Googlebot/2.1; +http://www.google.com/bot.html)"
66.249.66.28 - - [08/Apr/2022:00:37:30 +0000] "GET /grili/gazovye/napoleon/prestige-pro/gazovyy-gril-napoleon-prestige-prestige-pro-825/ HTTP/1.1" 200 37659 "-" "Mozilla/5.0 (compatible; Googlebot/2.1; +http://www.google.com/bot.html)"
77.88.5.70 - - [08/Apr/2022:00:37:32 +0000] "GET /wa-content/js/jquery-plugins/jquery.cookie.js HTTP/1.1" 200 1355 "https://saratov.justgrill.ru/obogrevateli-ulichnye/gazovye/" "Mozilla/5.0 (compatible; YandexBot/3.0; +http://yandex.com/bots) AppleWebKit/537.36 (KHTML, like Gecko) Chrome/81.0.4044.268"
77.88.5.86 - - [08/Apr/2022:00:37:36 +0000] "GET /?yclid=7710547526903176844 HTTP/1.1" 200 39651 "-" "Mozilla/5.0 (compatible; YandexMetrika/2.0; +http://yandex.com/bots yabs01)"
185.191.171.23 - - [08/Apr/2022:00:37:41 +0000] "GET /obogrevateli-ulichnye/gazovye/nagrevatel-gaz-infrakras-masterleto-ml-3-pepel-5-13-kvt/ HTTP/1.1" 200 33568 "-" "Mozilla/5.0 (compatible; SemrushBot/7~bl; +http://www.semrush.com/bot.html)"
77.88.5.70 - - [08/Apr/2022:00:37:42 +0000] "GET /wa-content/js/jquery-plugins/jquery.cookie.js HTTP/1.1" 200 1355 "https://saratov.justgrill.ru/grili/gazovye/char-broil/professional/gril-gazovyy-char-broil-professional-pro-2s/" "Mozilla/5.0 (compatible; YandexBot/3.0; +http://yandex.com/bots) AppleWebKit/537.36 (KHTML, like Gecko) Chrome/81.0.4044.268"
185.191.171.10 - - [08/Apr/2022:00:37:49 +0000] "GET /grili-i-oborudovanie-dlya-griley/grili/drovyanye/shashlychnyy-modul-dlya-suomi-grill/ HTTP/1.1" 301 5 "-" "Mozilla/5.0 (compatible; SemrushBot/7~bl; +http://www.semrush.com/bot.html)"
77.88.5.70 - - [08/Apr/2022:00:37:51 +0000] "GET /wa-content/js/jquery-plugins/jquery.cookie.js HTTP/1.1" 200 1355 "https://saratov.justgrill.ru/grili/drovyanye/" "Mozilla/5.0 (compatible; YandexBot/3.0; +http://yandex.com/bots) AppleWebKit/537.36 (KHTML, like Gecko) Chrome/81.0.4044.268"
185.191.171.3 - - [08/Apr/2022:00:37:52 +0000] "GET /grili/drovyanye/shashlychnyy-modul-dlya-suomi-grill/ HTTP/1.1" 200 32832 "-" "Mozilla/5.0 (compatible; SemrushBot/7~bl; +http://www.semrush.com/bot.html)"
77.88.5.70 - - [08/Apr/2022:00:37:54 +0000] "GET /wa-content/js/jquery-plugins/jquery.cookie.js HTTP/1.1" 200 1355 "https://saratov.justgrill.ru/aksessuary/instrumenty/" "Mozilla/5.0 (compatible; YandexBot/3.0; +http://yandex.com/bots) AppleWebKit/537.36 (KHTML, like Gecko) Chrome/81.0.4044.268"
77.88.5.70 - - [08/Apr/2022:00:37:58 +0000] "GET /brand/Meatbrothers/ HTTP/1.1" 301 5 "-" "Mozilla/5.0 (compatible; YandexBot/3.0; +http://yandex.com/bots)"
77.88.5.70 - - [08/Apr/2022:00:37:59 +0000] "GET /robots.txt HTTP/1.1" 200 618 "-" "Mozilla/5.0 (compatible; YandexBot/3.0; +http://yandex.com/bots)"
77.88.5.229 - - [08/Apr/2022:00:37:59 +0000] "GET /aksessuary/instrumenty/nabory-gril/nabor-gril-weber-ruchki-plastik-2-sht/ HTTP/1.1" 200 33598 "-" "Mozilla/5.0 (compatible; YandexBot/3.0; +http://yandex.com/bots)"
77.88.5.70 - - [08/Apr/2022:00:38:02 +0000] "GET /brand/meatbrothers/ HTTP/1.1" 200 29590 "-" "Mozilla/5.0 (compatible; YandexBot/3.0; +http://yandex.com/bots)"
77.88.5.229 - - [08/Apr/2022:00:38:02 +0000] "GET /brand/Big+Green+Egg/ HTTP/1.1" 301 5 "-" "Mozilla/5.0 (compatible; YandexBot/3.0; +http://yandex.com/bots) AppleWebKit/537.36 (KHTML, like Gecko) Chrome/81.0.4044.268"
77.88.5.70 - - [08/Apr/2022:00:38:03 +0000] "GET /aksessuary/dlya-pitstsy/lopatki-pitstsa/ HTTP/1.1" 200 29820 "-" "Mozilla/5.0 (compatible; YandexBot/3.0; +http://yandex.com/bots)"
37.9.71.212 - - [08/Apr/2022:00:38:08 +0000] "POST /ym_api/1/?action=/cart HTTP/1.1" 200 111 "-" "Apache-HttpClient/4.5.6 (Java/11.0.8-shenandoah)"
77.88.5.229 - - [08/Apr/2022:00:38:09 +0000] "GET / HTTP/1.1" 301 162 "-" "Mozilla/5.0 (compatible; YandexMetrika/2.0; +http://yandex.com/bots yabs01)"
77.88.5.70 - - [08/Apr/2022:00:38:09 +0000] "GET / HTTP/1.1" 200 39196 "-" "Mozilla/5.0 (compatible; YandexMetrika/2.0; +http://yandex.com/bots yabs01)"
