176.115.148.255 - - [08/Apr/2022:03:59:07 +0000] "GET /ecommerce_prepare_data/products_list/?state_json=%7B%22sku_ids%22%3A%5B%2211085%22%2C%2211721%22%2C%2212325%22%2C%2210778%22%2C%2212327%22%2C%2211079%22%2C%2210648%22%2C%2211720%22%2C%2212025%22%2C%229903%22%2C%227896%22%2C%2212100%22%2C%229904%22%2C%2211287%22%2C%228499%22%2C%223619%22%2C%2211207%22%2C%223601%22%2C%224872%22%2C%2210524%22%2C%2212339%22%2C%229422%22%2C%2210688%22%2C%2210787%22%2C%2210918%22%2C%2211437%22%2C%2210523%22%2C%229403%22%2C%2210522%22%2C%224871%22%5D%2C%22list_name%22%3A%22%D0%93%D1%80%D0%B8%D0%BB%D0%B8%2F%D0%A3%D0%B3%D0%BE%D0%BB%D1%8C%D0%BD%D1%8B%D0%B5+%D0%B3%D1%80%D0%B8%D0%BB%D0%B8%22%7D HTTP/2.0" 200 1375 "https://nn.justgrill.ru/grili/ugolnye/?sort=price&order=desc" "Mozilla/5.0 (Linux; Android 11; vivo 2004) AppleWebKit/537.36 (KHTML, like Gecko) Chrome/100.0.4896.79 Mobile Safari/537.36"
176.115.148.255 - - [08/Apr/2022:03:59:08 +0000] "GET /regions/getPopupContent/ HTTP/2.0" 200 1029 "https://nn.justgrill.ru/grili/ugolnye/?sort=price&order=desc" "Mozilla/5.0 (Linux; Android 11; vivo 2004) AppleWebKit/537.36 (KHTML, like Gecko) Chrome/100.0.4896.79 Mobile Safari/537.36"
176.115.148.255 - - [08/Apr/2022:03:59:08 +0000] "GET /regions/getPopupContent/ HTTP/2.0" 200 1029 "https://nn.justgrill.ru/grili/ugolnye/?sort=price&order=desc" "Mozilla/5.0 (Linux; Android 11; vivo 2004) AppleWebKit/537.36 (KHTML, like Gecko) Chrome/100.0.4896.79 Mobile Safari/537.36"
66.249.66.3 - - [08/Apr/2022:03:59:12 +0000] "GET /grili/gazovye/ HTTP/1.1" 200 40338 "-" "Mozilla/5.0 (compatible; Googlebot/2.1; +http://www.google.com/bot.html)"
176.115.148.255 - - [08/Apr/2022:03:59:12 +0000] "GET /grili/ugolnye/?sort=price&order=asc HTTP/2.0" 200 37507 "https://nn.justgrill.ru/grili/ugolnye/?sort=price&order=desc" "Mozilla/5.0 (Linux; Android 11; vivo 2004) AppleWebKit/537.36 (KHTML, like Gecko) Chrome/100.0.4896.79 Mobile Safari/537.36"
176.115.148.255 - - [08/Apr/2022:03:59:13 +0000] "GET /searchpro-plugin/config/?v1.9.0.1649390352?759882043 HTTP/2.0" 200 559 "https://nn.justgrill.ru/grili/ugolnye/?sort=price&order=asc" "Mozilla/5.0 (Linux; Android 11; vivo 2004) AppleWebKit/537.36 (KHTML, like Gecko) Chrome/100.0.4896.79 Mobile Safari/537.36"
176.115.148.255 - - [08/Apr/2022:03:59:13 +0000] "GET /searchpro-plugin/config/?v1.9.0.1649390352?705492631 HTTP/2.0" 200 559 "https://nn.justgrill.ru/grili/ugolnye/?sort=price&order=asc" "Mozilla/5.0 (Linux; Android 11; vivo 2004) AppleWebKit/537.36 (KHTML, like Gecko) Chrome/100.0.4896.79 Mobile Safari/537.36"
176.115.148.255 - - [08/Apr/2022:03:59:13 +0000] "GET /shop/captcha.php?rid=1649390352624fb3109044c HTTP/2.0" 200 13534 "https://nn.justgrill.ru/grili/ugolnye/?sort=price&order=asc" "Mozilla/5.0 (Linux; Android 11; vivo 2004) AppleWebKit/537.36 (KHTML, like Gecko) Chrome/100.0.4896.79 Mobile Safari/537.36"
176.115.148.255 - - [08/Apr/2022:03:59:14 +0000] "GET /wa-content/js/signup/signup.js?v=8.21.0.1649390352 HTTP/2.0" 200 6675 "https://nn.justgrill.ru/grili/ugolnye/?sort=price&order=asc" "Mozilla/5.0 (Linux; Android 11; vivo 2004) AppleWebKit/537.36 (KHTML, like Gecko) Chrome/100.0.4896.79 Mobile Safari/537.36"
176.115.148.255 - - [08/Apr/2022:03:59:14 +0000] "GET /wa-content/css/signup/signup.css?v=8.21.0.1649390352 HTTP/2.0" 200 1909 "https://nn.justgrill.ru/grili/ugolnye/?sort=price&order=asc" "Mozilla/5.0 (Linux; Android 11; vivo 2004) AppleWebKit/537.36 (KHTML, like Gecko) Chrome/100.0.4896.79 Mobile Safari/537.36"
176.115.148.255 - - [08/Apr/2022:03:59:14 +0000] "GET /wa-content/js/login/login-frontend-form.min.js?v=8.21.0.1649390352 HTTP/2.0" 200 5488 "https://nn.justgrill.ru/grili/ugolnye/?sort=price&order=asc" "Mozilla/5.0 (Linux; Android 11; vivo 2004) AppleWebKit/537.36 (KHTML, like Gecko) Chrome/100.0.4896.79 Mobile Safari/537.36"
176.115.148.255 - - [08/Apr/2022:03:59:14 +0000] "GET /wa-content/css/login/frontend/login.css?v=8.21.0.1649390352 HTTP/2.0" 200 1762 "https://nn.justgrill.ru/grili/ugolnye/?sort=price&order=asc" "Mozilla/5.0 (Linux; Android 11; vivo 2004) AppleWebKit/537.36 (KHTML, like Gecko) Chrome/100.0.4896.79 Mobile Safari/537.36"
176.115.148.255 - - [08/Apr/2022:03:59:14 +0000] "GET /wa-content/js/login/forgotpassword-frontend-form.min.js?v=8.21.0.1649390352 HTTP/2.0" 200 4709 "https://nn.justgrill.ru/grili/ugolnye/?sort=price&order=asc" "Mozilla/5.0 (Linux; Android 11; vivo 2004) AppleWebKit/537.36 (KHTML, like Gecko) Chrome/100.0.4896.79 Mobile Safari/537.36"
176.115.148.255 - - [08/Apr/2022:03:59:14 +0000] "GET /wa-content/css/login/frontend/forgot-password.css?v=8.21.0.1649390352 HTTP/2.0" 200 1560 "https://nn.justgrill.ru/grili/ugolnye/?sort=price&order=asc" "Mozilla/5.0 (Linux; Android 11; vivo 2004) AppleWebKit/537.36 (KHTML, like Gecko) Chrome/100.0.4896.79 Mobile Safari/537.36"
176.115.148.255 - - [08/Apr/2022:03:59:14 +0000] "GET /ecommerce_prepare_data/products_list/?state_json=%7B%22sku_ids%22%3A%5B%226421%22%2C%226422%22%2C%226423%22%2C%226424%22%2C%2212272%22%2C%223660%22%2C%223610%22%2C%223656%22%2C%223677%22%2C%2210521%22%2C%224871%22%2C%2210522%22%2C%229403%22%2C%2210523%22%2C%2210688%22%2C%2210787%22%2C%2210918%22%2C%2211437%22%2C%229422%22%2C%2212339%22%2C%2210524%22%2C%224872%22%2C%223601%22%2C%2211207%22%2C%223619%22%2C%228499%22%2C%229904%22%2C%2211287%22%2C%2212100%22%2C%227896%22%5D%2C%22list_name%22%3A%22%D0%93%D1%80%D0%B8%D0%BB%D0%B8%2F%D0%A3%D0%B3%D0%BE%D0%BB%D1%8C%D0%BD%D1%8B%D0%B5+%D0%B3%D1%80%D0%B8%D0%BB%D0%B8%22%7D HTTP/2.0" 200 1313 "https://nn.justgrill.ru/grili/ugolnye/?sort=price&order=asc" "Mozilla/5.0 (Linux; Android 11; vivo 2004) AppleWebKit/537.36 (KHTML, like Gecko) Chrome/100.0.4896.79 Mobile Safari/537.36"
176.115.148.255 - - [08/Apr/2022:03:59:15 +0000] "GET /regions/getPopupContent/ HTTP/2.0" 200 1029 "https://nn.justgrill.ru/grili/ugolnye/?sort=price&order=asc" "Mozilla/5.0 (Linux; Android 11; vivo 2004) AppleWebKit/537.36 (KHTML, like Gecko) Chrome/100.0.4896.79 Mobile Safari/537.36"
109.252.100.24 - - [08/Apr/2022:03:59:15 +0000] "GET /aksessuary/ugli-i-rozzhigi/brikety-gril/ HTTP/2.0" 200 30634 "https://yandex.ru/" "Mozilla/5.0 (iPhone; CPU iPhone OS 15_3_1 like Mac OS X) AppleWebKit/605.1.15 (KHTML, like Gecko) Version/15.3 Mobile/15E148 Safari/604.1"
176.115.148.255 - - [08/Apr/2022:03:59:15 +0000] "GET /regions/getPopupContent/ HTTP/2.0" 200 1029 "https://nn.justgrill.ru/grili/ugolnye/?sort=price&order=asc" "Mozilla/5.0 (Linux; Android 11; vivo 2004) AppleWebKit/537.36 (KHTML, like Gecko) Chrome/100.0.4896.79 Mobile Safari/537.36"
109.252.100.24 - - [08/Apr/2022:03:59:15 +0000] "GET /wa-content/font/ruble/arial/fontface.css HTTP/2.0" 200 371 "https://justgrill.ru/aksessuary/ugli-i-rozzhigi/brikety-gril/" "Mozilla/5.0 (iPhone; CPU iPhone OS 15_3_1 like Mac OS X) AppleWebKit/605.1.15 (KHTML, like Gecko) Version/15.3 Mobile/15E148 Safari/604.1"
109.252.100.24 - - [08/Apr/2022:03:59:15 +0000] "GET /wa-content/js/jquery-plugins/jquery.cookie.js HTTP/2.0" 200 1343 "https://justgrill.ru/aksessuary/ugli-i-rozzhigi/brikety-gril/" "Mozilla/5.0 (iPhone; CPU iPhone OS 15_3_1 like Mac OS X) AppleWebKit/605.1.15 (KHTML, like Gecko) Version/15.3 Mobile/15E148 Safari/604.1"
109.252.100.24 - - [08/Apr/2022:03:59:15 +0000] "GET /wa-content/js/jquery-plugins/jquery.cookie.js?v2.4.1 HTTP/2.0" 200 1343 "https://justgrill.ru/aksessuary/ugli-i-rozzhigi/brikety-gril/" "Mozilla/5.0 (iPhone; CPU iPhone OS 15_3_1 like Mac OS X) AppleWebKit/605.1.15 (KHTML, like Gecko) Version/15.3 Mobile/15E148 Safari/604.1"
109.252.100.24 - - [08/Apr/2022:03:59:15 +0000] "GET /wa-content/js/jquery-plugins/jquery.retina.min.js?v2.4.1 HTTP/2.0" 200 900 "https://justgrill.ru/aksessuary/ugli-i-rozzhigi/brikety-gril/" "Mozilla/5.0 (iPhone; CPU iPhone OS 15_3_1 like Mac OS X) AppleWebKit/605.1.15 (KHTML, like Gecko) Version/15.3 Mobile/15E148 Safari/604.1"
109.252.100.24 - - [08/Apr/2022:03:59:15 +0000] "GET /wa-content/css/jquery-ui/base/jquery.ui.slider.css HTTP/2.0" 200 331 "https://justgrill.ru/aksessuary/ugli-i-rozzhigi/brikety-gril/" "Mozilla/5.0 (iPhone; CPU iPhone OS 15_3_1 like Mac OS X) AppleWebKit/605.1.15 (KHTML, like Gecko) Version/15.3 Mobile/15E148 Safari/604.1"
109.252.100.24 - - [08/Apr/2022:03:59:15 +0000] "GET /wa-content/js/jquery-ui/jquery.ui.core.min.js?v2.4.1 HTTP/2.0" 200 2032 "https://justgrill.ru/aksessuary/ugli-i-rozzhigi/brikety-gril/" "Mozilla/5.0 (iPhone; CPU iPhone OS 15_3_1 like Mac OS X) AppleWebKit/605.1.15 (KHTML, like Gecko) Version/15.3 Mobile/15E148 Safari/604.1"
109.252.100.24 - - [08/Apr/2022:03:59:15 +0000] "GET /wa-content/js/jquery-ui/jquery.ui.widget.min.js?v2.4.1 HTTP/2.0" 200 1301 "https://justgrill.ru/aksessuary/ugli-i-rozzhigi/brikety-gril/" "Mozilla/5.0 (iPhone; CPU iPhone OS 15_3_1 like Mac OS X) AppleWebKit/605.1.15 (KHTML, like Gecko) Version/15.3 Mobile/15E148 Safari/604.1"
109.252.100.24 - - [08/Apr/2022:03:59:15 +0000] "GET /wa-content/js/jquery-ui/jquery.ui.mouse.min.js?v2.4.1 HTTP/2.0" 200 932 "https://justgrill.ru/aksessuary/ugli-i-rozzhigi/brikety-gril/" "Mozilla/5.0 (iPhone; CPU iPhone OS 15_3_1 like Mac OS X) AppleWebKit/605.1.15 (KHTML, like Gecko) Version/15.3 Mobile/15E148 Safari/604.1"
109.252.100.24 - - [08/Apr/2022:03:59:15 +0000] "GET /wa-content/js/jquery-ui/jquery.ui.slider.min.js?v2.4.1 HTTP/2.0" 200 2846 "https://justgrill.ru/aksessuary/ugli-i-rozzhigi/brikety-gril/" "Mozilla/5.0 (iPhone; CPU iPhone OS 15_3_1 like Mac OS X) AppleWebKit/605.1.15 (KHTML, like Gecko) Version/15.3 Mobile/15E148 Safari/604.1"
109.252.100.24 - - [08/Apr/2022:03:59:15 +0000] "GET /searchpro-plugin/config/?v1.9.0.1649390355?15092098 HTTP/2.0" 200 558 "https://justgrill.ru/aksessuary/ugli-i-rozzhigi/brikety-gril/" "Mozilla/5.0 (iPhone; CPU iPhone OS 15_3_1 like Mac OS X) AppleWebKit/605.1.15 (KHTML, like Gecko) Version/15.3 Mobile/15E148 Safari/604.1"
109.252.100.24 - - [08/Apr/2022:03:59:15 +0000] "GET /wa-data/public/site/themes/justgrill/fonts/Roboto.woff2 HTTP/2.0" 200 28036 "https://justgrill.ru/aksessuary/ugli-i-rozzhigi/brikety-gril/" "Mozilla/5.0 (iPhone; CPU iPhone OS 15_3_1 like Mac OS X) AppleWebKit/605.1.15 (KHTML, like Gecko) Version/15.3 Mobile/15E148 Safari/604.1"
109.252.100.24 - - [08/Apr/2022:03:59:15 +0000] "GET /wa-data/public/site/themes/justgrill/fonts/Robotobold.woff2 HTTP/2.0" 200 28384 "https://justgrill.ru/aksessuary/ugli-i-rozzhigi/brikety-gril/" "Mozilla/5.0 (iPhone; CPU iPhone OS 15_3_1 like Mac OS X) AppleWebKit/605.1.15 (KHTML, like Gecko) Version/15.3 Mobile/15E148 Safari/604.1"
109.252.100.24 - - [08/Apr/2022:03:59:15 +0000] "GET /wa-data/public/site/themes/justgrill/fonts/Robotolight.woff2 HTTP/2.0" 200 28296 "https://justgrill.ru/aksessuary/ugli-i-rozzhigi/brikety-gril/" "Mozilla/5.0 (iPhone; CPU iPhone OS 15_3_1 like Mac OS X) AppleWebKit/605.1.15 (KHTML, like Gecko) Version/15.3 Mobile/15E148 Safari/604.1"
109.252.100.24 - - [08/Apr/2022:03:59:15 +0000] "GET /wa-apps/shop/plugins/searchpro/fonts/Roboto/Roboto-Regular.woff2 HTTP/2.0" 200 66004 "https://justgrill.ru/aksessuary/ugli-i-rozzhigi/brikety-gril/" "Mozilla/5.0 (iPhone; CPU iPhone OS 15_3_1 like Mac OS X) AppleWebKit/605.1.15 (KHTML, like Gecko) Version/15.3 Mobile/15E148 Safari/604.1"
109.252.100.24 - - [08/Apr/2022:03:59:15 +0000] "GET /wa-data/public/site/themes/justgrill/img/basket.svg HTTP/2.0" 200 3868 "https://justgrill.ru/aksessuary/ugli-i-rozzhigi/brikety-gril/" "Mozilla/5.0 (iPhone; CPU iPhone OS 15_3_1 like Mac OS X) AppleWebKit/605.1.15 (KHTML, like Gecko) Version/15.3 Mobile/15E148 Safari/604.1"
109.252.100.24 - - [08/Apr/2022:03:59:15 +0000] "GET /wa-data/public/site/themes/justgrill/img/user.svg HTTP/2.0" 200 5703 "https://justgrill.ru/aksessuary/ugli-i-rozzhigi/brikety-gril/" "Mozilla/5.0 (iPhone; CPU iPhone OS 15_3_1 like Mac OS X) AppleWebKit/605.1.15 (KHTML, like Gecko) Version/15.3 Mobile/15E148 Safari/604.1"
109.252.100.24 - - [08/Apr/2022:03:59:16 +0000] "GET /searchpro-plugin/config/?v1.9.0.1649390355?377165449 HTTP/2.0" 200 558 "https://justgrill.ru/aksessuary/ugli-i-rozzhigi/brikety-gril/" "Mozilla/5.0 (iPhone; CPU iPhone OS 15_3_1 like Mac OS X) AppleWebKit/605.1.15 (KHTML, like Gecko) Version/15.3 Mobile/15E148 Safari/604.1"
109.252.100.24 - - [08/Apr/2022:03:59:16 +0000] "GET /wa-content/js/signup/signup.js?v=8.21.0.1649390355 HTTP/2.0" 200 6675 "https://justgrill.ru/aksessuary/ugli-i-rozzhigi/brikety-gril/" "Mozilla/5.0 (iPhone; CPU iPhone OS 15_3_1 like Mac OS X) AppleWebKit/605.1.15 (KHTML, like Gecko) Version/15.3 Mobile/15E148 Safari/604.1"
109.252.100.24 - - [08/Apr/2022:03:59:16 +0000] "GET /wa-content/css/signup/signup.css?v=8.21.0.1649390355 HTTP/2.0" 200 1909 "https://justgrill.ru/aksessuary/ugli-i-rozzhigi/brikety-gril/" "Mozilla/5.0 (iPhone; CPU iPhone OS 15_3_1 like Mac OS X) AppleWebKit/605.1.15 (KHTML, like Gecko) Version/15.3 Mobile/15E148 Safari/604.1"
109.252.100.24 - - [08/Apr/2022:03:59:16 +0000] "GET /wa-content/font/ruble/arial/alsrubl-arial-regular.woff HTTP/2.0" 200 1788 "https://justgrill.ru/aksessuary/ugli-i-rozzhigi/brikety-gril/" "Mozilla/5.0 (iPhone; CPU iPhone OS 15_3_1 like Mac OS X) AppleWebKit/605.1.15 (KHTML, like Gecko) Version/15.3 Mobile/15E148 Safari/604.1"
109.252.100.24 - - [08/Apr/2022:03:59:16 +0000] "GET /wa-data/public/site/themes/justgrill/fonts/Robotomedium.woff2 HTTP/2.0" 200 28312 "https://justgrill.ru/aksessuary/ugli-i-rozzhigi/brikety-gril/" "Mozilla/5.0 (iPhone; CPU iPhone OS 15_3_1 like Mac OS X) AppleWebKit/605.1.15 (KHTML, like Gecko) Version/15.3 Mobile/15E148 Safari/604.1"
109.252.100.24 - - [08/Apr/2022:03:59:16 +0000] "GET /wa-data/public/site/themes/justgrill/img/arrow-f.svg HTTP/2.0" 200 223 "https://justgrill.ru/aksessuary/ugli-i-rozzhigi/brikety-gril/" "Mozilla/5.0 (iPhone; CPU iPhone OS 15_3_1 like Mac OS X) AppleWebKit/605.1.15 (KHTML, like Gecko) Version/15.3 Mobile/15E148 Safari/604.1"
109.252.100.24 - - [08/Apr/2022:03:59:16 +0000] "GET /wa-content/js/login/login-frontend-form.min.js?v=8.21.0.1649390355 HTTP/2.0" 200 5488 "https://justgrill.ru/aksessuary/ugli-i-rozzhigi/brikety-gril/" "Mozilla/5.0 (iPhone; CPU iPhone OS 15_3_1 like Mac OS X) AppleWebKit/605.1.15 (KHTML, like Gecko) Version/15.3 Mobile/15E148 Safari/604.1"
109.252.100.24 - - [08/Apr/2022:03:59:16 +0000] "GET /wa-content/css/login/frontend/login.css?v=8.21.0.1649390355 HTTP/2.0" 200 1762 "https://justgrill.ru/aksessuary/ugli-i-rozzhigi/brikety-gril/" "Mozilla/5.0 (iPhone; CPU iPhone OS 15_3_1 like Mac OS X) AppleWebKit/605.1.15 (KHTML, like Gecko) Version/15.3 Mobile/15E148 Safari/604.1"
109.252.100.24 - - [08/Apr/2022:03:59:16 +0000] "GET /wa-content/js/login/forgotpassword-frontend-form.min.js?v=8.21.0.1649390355 HTTP/2.0" 200 4709 "https://justgrill.ru/aksessuary/ugli-i-rozzhigi/brikety-gril/" "Mozilla/5.0 (iPhone; CPU iPhone OS 15_3_1 like Mac OS X) AppleWebKit/605.1.15 (KHTML, like Gecko) Version/15.3 Mobile/15E148 Safari/604.1"
109.252.100.24 - - [08/Apr/2022:03:59:16 +0000] "GET /wa-content/css/login/frontend/forgot-password.css?v=8.21.0.1649390355 HTTP/2.0" 200 1560 "https://justgrill.ru/aksessuary/ugli-i-rozzhigi/brikety-gril/" "Mozilla/5.0 (iPhone; CPU iPhone OS 15_3_1 like Mac OS X) AppleWebKit/605.1.15 (KHTML, like Gecko) Version/15.3 Mobile/15E148 Safari/604.1"
109.252.100.24 - - [08/Apr/2022:03:59:16 +0000] "GET /wa-content/font/ruble/arial/alsrubl-arial-bold.woff HTTP/2.0" 200 1792 "https://justgrill.ru/aksessuary/ugli-i-rozzhigi/brikety-gril/" "Mozilla/5.0 (iPhone; CPU iPhone OS 15_3_1 like Mac OS X) AppleWebKit/605.1.15 (KHTML, like Gecko) Version/15.3 Mobile/15E148 Safari/604.1"
109.252.100.24 - - [08/Apr/2022:03:59:16 +0000] "GET /wa-data/public/site/themes/justgrill/img/menu-arrow-right.svg HTTP/2.0" 200 202 "https://justgrill.ru/aksessuary/ugli-i-rozzhigi/brikety-gril/" "Mozilla/5.0 (iPhone; CPU iPhone OS 15_3_1 like Mac OS X) AppleWebKit/605.1.15 (KHTML, like Gecko) Version/15.3 Mobile/15E148 Safari/604.1"
109.252.100.24 - - [08/Apr/2022:03:59:16 +0000] "GET /wa-data/public/site/themes/justgrill/img/menu-arrow-left.svg HTTP/2.0" 200 201 "https://justgrill.ru/aksessuary/ugli-i-rozzhigi/brikety-gril/" "Mozilla/5.0 (iPhone; CPU iPhone OS 15_3_1 like Mac OS X) AppleWebKit/605.1.15 (KHTML, like Gecko) Version/15.3 Mobile/15E148 Safari/604.1"
109.252.100.24 - - [08/Apr/2022:03:59:16 +0000] "GET /wa-data/public/site/themes/justgrill/img/phone.svg HTTP/2.0" 200 99750 "https://justgrill.ru/aksessuary/ugli-i-rozzhigi/brikety-gril/" "Mozilla/5.0 (iPhone; CPU iPhone OS 15_3_1 like Mac OS X) AppleWebKit/605.1.15 (KHTML, like Gecko) Version/15.3 Mobile/15E148 Safari/604.1"
109.252.100.24 - - [08/Apr/2022:03:59:16 +0000] "GET /wa-data/public/site/themes/justgrill/img/email.svg HTTP/2.0" 200 354 "https://justgrill.ru/aksessuary/ugli-i-rozzhigi/brikety-gril/" "Mozilla/5.0 (iPhone; CPU iPhone OS 15_3_1 like Mac OS X) AppleWebKit/605.1.15 (KHTML, like Gecko) Version/15.3 Mobile/15E148 Safari/604.1"
109.252.100.24 - - [08/Apr/2022:03:59:16 +0000] "GET /wa-data/public/site/themes/justgrill/img/adress.svg HTTP/2.0" 200 80968 "https://justgrill.ru/aksessuary/ugli-i-rozzhigi/brikety-gril/" "Mozilla/5.0 (iPhone; CPU iPhone OS 15_3_1 like Mac OS X) AppleWebKit/605.1.15 (KHTML, like Gecko) Version/15.3 Mobile/15E148 Safari/604.1"
109.252.100.24 - - [08/Apr/2022:03:59:16 +0000] "GET /ecommerce_prepare_data/products_list/?state_json=%7B%22sku_ids%22%3A%5B%229412%22%2C%229392%22%2C%2211705%22%2C%2212081%22%2C%2211698%22%2C%229917%22%2C%229415%22%2C%229892%22%5D%2C%22list_name%22%3A%22%D0%90%D0%BA%D1%81%D0%B5%D1%81%D1%81%D1%83%D0%B0%D1%80%D1%8B%2F%D0%A3%D0%B3%D0%BE%D0%BB%D1%8C+%D0%B8+%D1%80%D0%BE%D0%B7%D0%B6%D0%B8%D0%B3%2F%D0%91%D1%80%D0%B8%D0%BA%D0%B5%D1%82%D1%8B%22%7D HTTP/2.0" 200 578 "https://justgrill.ru/aksessuary/ugli-i-rozzhigi/brikety-gril/" "Mozilla/5.0 (iPhone; CPU iPhone OS 15_3_1 like Mac OS X) AppleWebKit/605.1.15 (KHTML, like Gecko) Version/15.3 Mobile/15E148 Safari/604.1"
109.252.100.24 - - [08/Apr/2022:03:59:16 +0000] "GET /regions/getPopupContent/ HTTP/2.0" 200 1023 "https://justgrill.ru/aksessuary/ugli-i-rozzhigi/brikety-gril/" "Mozilla/5.0 (iPhone; CPU iPhone OS 15_3_1 like Mac OS X) AppleWebKit/605.1.15 (KHTML, like Gecko) Version/15.3 Mobile/15E148 Safari/604.1"
109.252.100.24 - - [08/Apr/2022:03:59:16 +0000] "GET /wa-data/public/site/themes/justgrill/fonts/Robotoblack.woff2 HTTP/2.0" 200 28452 "https://justgrill.ru/aksessuary/ugli-i-rozzhigi/brikety-gril/" "Mozilla/5.0 (iPhone; CPU iPhone OS 15_3_1 like Mac OS X) AppleWebKit/605.1.15 (KHTML, like Gecko) Version/15.3 Mobile/15E148 Safari/604.1"
212.119.202.70 - - [08/Apr/2022:03:59:29 +0000] "GET /grili/ugolnye/weber/master-touch/gril-ugolnyy-master-touch-gbs-se-e-5755-cherny/ HTTP/2.0" 200 35586 "https://www.google.com/" "Mozilla/5.0 (Windows NT 6.1; Win64; x64) AppleWebKit/537.36 (KHTML, like Gecko) Chrome/100.0.4896.75 Safari/537.36"
212.119.202.70 - - [08/Apr/2022:03:59:31 +0000] "GET /searchpro-plugin/config/?v1.9.0.1649390369?1668232725 HTTP/2.0" 200 557 "https://justgrill.ru/grili/ugolnye/weber/master-touch/gril-ugolnyy-master-touch-gbs-se-e-5755-cherny/" "Mozilla/5.0 (Windows NT 6.1; Win64; x64) AppleWebKit/537.36 (KHTML, like Gecko) Chrome/100.0.4896.75 Safari/537.36"
212.119.202.70 - - [08/Apr/2022:03:59:31 +0000] "GET /searchpro-plugin/config/?v1.9.0.1649390369?1787744050 HTTP/2.0" 200 557 "https://justgrill.ru/grili/ugolnye/weber/master-touch/gril-ugolnyy-master-touch-gbs-se-e-5755-cherny/" "Mozilla/5.0 (Windows NT 6.1; Win64; x64) AppleWebKit/537.36 (KHTML, like Gecko) Chrome/100.0.4896.75 Safari/537.36"
212.119.202.70 - - [08/Apr/2022:03:59:31 +0000] "GET /wa-content/css/signup/signup.css?v=8.21.0.1649390369 HTTP/2.0" 200 1909 "https://justgrill.ru/grili/ugolnye/weber/master-touch/gril-ugolnyy-master-touch-gbs-se-e-5755-cherny/" "Mozilla/5.0 (Windows NT 6.1; Win64; x64) AppleWebKit/537.36 (KHTML, like Gecko) Chrome/100.0.4896.75 Safari/537.36"
212.119.202.70 - - [08/Apr/2022:03:59:31 +0000] "GET /wa-content/css/login/frontend/login.css?v=8.21.0.1649390369 HTTP/2.0" 200 1762 "https://justgrill.ru/grili/ugolnye/weber/master-touch/gril-ugolnyy-master-touch-gbs-se-e-5755-cherny/" "Mozilla/5.0 (Windows NT 6.1; Win64; x64) AppleWebKit/537.36 (KHTML, like Gecko) Chrome/100.0.4896.75 Safari/537.36"
212.119.202.70 - - [08/Apr/2022:03:59:32 +0000] "GET /wa-content/css/login/frontend/forgot-password.css?v=8.21.0.1649390369 HTTP/2.0" 200 1560 "https://justgrill.ru/grili/ugolnye/weber/master-touch/gril-ugolnyy-master-touch-gbs-se-e-5755-cherny/" "Mozilla/5.0 (Windows NT 6.1; Win64; x64) AppleWebKit/537.36 (KHTML, like Gecko) Chrome/100.0.4896.75 Safari/537.36"
54.36.148.206 - - [08/Apr/2022:03:59:33 +0000] "GET /aksessuary/oborudovanie/ HTTP/2.0" 200 36890 "-" "Mozilla/5.0 (compatible; AhrefsBot/7.0; +http://ahrefs.com/robot/)"
212.119.202.70 - - [08/Apr/2022:03:59:33 +0000] "GET /regions/getPopupContent/ HTTP/2.0" 200 1023 "https://justgrill.ru/grili/ugolnye/weber/master-touch/gril-ugolnyy-master-touch-gbs-se-e-5755-cherny/" "Mozilla/5.0 (Windows NT 6.1; Win64; x64) AppleWebKit/537.36 (KHTML, like Gecko) Chrome/100.0.4896.75 Safari/537.36"
212.119.202.70 - - [08/Apr/2022:03:59:33 +0000] "GET /wa-content/js/signup/signup.js?v=8.21.0.1649390369 HTTP/2.0" 200 6675 "https://justgrill.ru/grili/ugolnye/weber/master-touch/gril-ugolnyy-master-touch-gbs-se-e-5755-cherny/" "Mozilla/5.0 (Windows NT 6.1; Win64; x64) AppleWebKit/537.36 (KHTML, like Gecko) Chrome/100.0.4896.75 Safari/537.36"
212.119.202.70 - - [08/Apr/2022:03:59:33 +0000] "GET /wa-content/js/login/login-frontend-form.min.js?v=8.21.0.1649390369 HTTP/2.0" 200 5488 "https://justgrill.ru/grili/ugolnye/weber/master-touch/gril-ugolnyy-master-touch-gbs-se-e-5755-cherny/" "Mozilla/5.0 (Windows NT 6.1; Win64; x64) AppleWebKit/537.36 (KHTML, like Gecko) Chrome/100.0.4896.75 Safari/537.36"
212.119.202.70 - - [08/Apr/2022:03:59:33 +0000] "GET /wa-content/js/login/forgotpassword-frontend-form.min.js?v=8.21.0.1649390369 HTTP/2.0" 200 4709 "https://justgrill.ru/grili/ugolnye/weber/master-touch/gril-ugolnyy-master-touch-gbs-se-e-5755-cherny/" "Mozilla/5.0 (Windows NT 6.1; Win64; x64) AppleWebKit/537.36 (KHTML, like Gecko) Chrome/100.0.4896.75 Safari/537.36"
212.119.202.70 - - [08/Apr/2022:03:59:33 +0000] "GET /regions/getPopupContent/ HTTP/2.0" 200 1023 "https://justgrill.ru/grili/ugolnye/weber/master-touch/gril-ugolnyy-master-touch-gbs-se-e-5755-cherny/" "Mozilla/5.0 (Windows NT 6.1; Win64; x64) AppleWebKit/537.36 (KHTML, like Gecko) Chrome/100.0.4896.75 Safari/537.36"
114.119.150.166 - - [08/Apr/2022:03:59:34 +0000] "GET /aksessuary/posuda/zharovnya-chugunnaya-ovalnaya-dgrilya-big-green-egg-5-2-l-kryshka-zelenyy/ HTTP/1.1" 200 32546 "-" "Mozilla/5.0 (Linux; Android 7.0;) AppleWebKit/537.36 (KHTML, like Gecko) Mobile Safari/537.36 (compatible; PetalBot;+https://webmaster.petalsearch.com/site/petalbot)"
172.121.223.42 - - [08/Apr/2022:03:59:44 +0000] "GET / HTTP/1.1" 301 5 "-" "Mozilla/5.0 (compatible; MSIE 9.0; Windows NT 6.1; WOW64; Trident/5.0)"
172.121.223.42 - - [08/Apr/2022:03:59:45 +0000] "GET / HTTP/1.1" 200 39194 "-" "Mozilla/5.0 (compatible; MSIE 9.0; Windows NT 6.1; WOW64; Trident/5.0)"
172.121.223.42 - - [08/Apr/2022:03:59:46 +0000] "GET / HTTP/1.1" 301 162 "-" "Mozilla/5.0 (compatible; MSIE 9.0; Windows NT 6.1; WOW64; Trident/5.0)"
172.121.223.42 - - [08/Apr/2022:03:59:47 +0000] "GET / HTTP/1.1" 200 39196 "-" "Mozilla/5.0 (compatible; MSIE 9.0; Windows NT 6.1; WOW64; Trident/5.0)"
54.213.169.81 - - [08/Apr/2022:03:59:50 +0000] "GET / HTTP/1.1" 301 162 "-" "Mozilla/5.0 (X11; Linux x86_64; rv:92.0) Gecko/20100101 Firefox/92.0"
54.213.169.81 - - [08/Apr/2022:03:59:52 +0000] "GET / HTTP/2.0" 200 39173 "-" "Mozilla/5.0 (X11; Linux x86_64; rv:92.0) Gecko/20100101 Firefox/92.0"
54.213.169.81 - - [08/Apr/2022:03:59:52 +0000] "GET /wa-content/font/ruble/arial/fontface.css HTTP/2.0" 200 371 "https://justgrill.ru/" "Mozilla/5.0 (X11; Linux x86_64; rv:92.0) Gecko/20100101 Firefox/92.0"
54.213.169.81 - - [08/Apr/2022:03:59:52 +0000] "GET /wa-content/js/jquery-plugins/jquery.cookie.js HTTP/2.0" 200 1343 "https://justgrill.ru/" "Mozilla/5.0 (X11; Linux x86_64; rv:92.0) Gecko/20100101 Firefox/92.0"
54.213.169.81 - - [08/Apr/2022:03:59:52 +0000] "GET /wa-content/js/jquery-plugins/jquery.cookie.js?v2.4.1 HTTP/2.0" 200 1343 "https://justgrill.ru/" "Mozilla/5.0 (X11; Linux x86_64; rv:92.0) Gecko/20100101 Firefox/92.0"
54.213.169.81 - - [08/Apr/2022:03:59:52 +0000] "GET /wa-content/js/jquery-plugins/jquery.retina.min.js?v2.4.1 HTTP/2.0" 200 900 "https://justgrill.ru/" "Mozilla/5.0 (X11; Linux x86_64; rv:92.0) Gecko/20100101 Firefox/92.0"
54.213.169.81 - - [08/Apr/2022:03:59:53 +0000] "GET /searchpro-plugin/config/?v1.9.0.1649390392?739019522 HTTP/2.0" 200 557 "https://justgrill.ru/" "Mozilla/5.0 (X11; Linux x86_64; rv:92.0) Gecko/20100101 Firefox/92.0"
54.213.169.81 - - [08/Apr/2022:03:59:53 +0000] "GET /wa-data/public/site/themes/justgrill/fonts/Roboto.woff2 HTTP/2.0" 200 28036 "https://justgrill.ru/wa-data/public/site/themes/justgrill/css/fonts.css?v3.3.1.1649390391" "Mozilla/5.0 (X11; Linux x86_64; rv:92.0) Gecko/20100101 Firefox/92.0"
54.213.169.81 - - [08/Apr/2022:03:59:53 +0000] "GET /wa-data/public/site/themes/justgrill/fonts/Robotobold.woff2 HTTP/2.0" 200 28384 "https://justgrill.ru/wa-data/public/site/themes/justgrill/css/fonts.css?v3.3.1.1649390391" "Mozilla/5.0 (X11; Linux x86_64; rv:92.0) Gecko/20100101 Firefox/92.0"
54.213.169.81 - - [08/Apr/2022:03:59:53 +0000] "GET /wa-data/public/site/themes/justgrill/fonts/Robotolight.woff2 HTTP/2.0" 200 28296 "https://justgrill.ru/wa-data/public/site/themes/justgrill/css/fonts.css?v3.3.1.1649390391" "Mozilla/5.0 (X11; Linux x86_64; rv:92.0) Gecko/20100101 Firefox/92.0"
54.213.169.81 - - [08/Apr/2022:03:59:53 +0000] "GET /searchpro-plugin/config/?v1.9.0.1649390392?1230308634 HTTP/2.0" 200 557 "https://justgrill.ru/" "Mozilla/5.0 (X11; Linux x86_64; rv:92.0) Gecko/20100101 Firefox/92.0"
54.213.169.81 - - [08/Apr/2022:03:59:53 +0000] "GET /wa-data/public/site/themes/justgrill/img/basket.svg HTTP/2.0" 200 3868 "https://justgrill.ru/wa-data/public/site/themes/justgrill/css/main.css?v3.3.1.1649390391" "Mozilla/5.0 (X11; Linux x86_64; rv:92.0) Gecko/20100101 Firefox/92.0"
54.213.169.81 - - [08/Apr/2022:03:59:53 +0000] "GET /wa-data/public/site/themes/justgrill/img/user.svg HTTP/2.0" 200 5703 "https://justgrill.ru/wa-data/public/site/themes/justgrill/css/main.css?v3.3.1.1649390391" "Mozilla/5.0 (X11; Linux x86_64; rv:92.0) Gecko/20100101 Firefox/92.0"
54.213.169.81 - - [08/Apr/2022:03:59:53 +0000] "GET /wa-data/public/site/themes/justgrill/img/phone.svg HTTP/2.0" 200 99750 "https://justgrill.ru/wa-data/public/site/themes/justgrill/css/main.css?v3.3.1.1649390391" "Mozilla/5.0 (X11; Linux x86_64; rv:92.0) Gecko/20100101 Firefox/92.0"
54.213.169.81 - - [08/Apr/2022:03:59:53 +0000] "GET /wa-data/public/site/themes/justgrill/img/email.svg HTTP/2.0" 200 354 "https://justgrill.ru/wa-data/public/site/themes/justgrill/css/main.css?v3.3.1.1649390391" "Mozilla/5.0 (X11; Linux x86_64; rv:92.0) Gecko/20100101 Firefox/92.0"
54.213.169.81 - - [08/Apr/2022:03:59:53 +0000] "GET /wa-data/public/site/themes/justgrill/img/adress.svg HTTP/2.0" 200 80968 "https://justgrill.ru/wa-data/public/site/themes/justgrill/css/main.css?v3.3.1.1649390391" "Mozilla/5.0 (X11; Linux x86_64; rv:92.0) Gecko/20100101 Firefox/92.0"
54.213.169.81 - - [08/Apr/2022:03:59:53 +0000] "GET /wa-data/public/site/themes/justgrill/fonts/Robotoblack.woff2 HTTP/2.0" 200 28452 "https://justgrill.ru/wa-data/public/site/themes/justgrill/css/fonts.css?v3.3.1.1649390391" "Mozilla/5.0 (X11; Linux x86_64; rv:92.0) Gecko/20100101 Firefox/92.0"
54.213.169.81 - - [08/Apr/2022:03:59:53 +0000] "GET /wa-data/public/site/themes/justgrill/fonts/Robotomedium.woff2 HTTP/2.0" 200 28312 "https://justgrill.ru/wa-data/public/site/themes/justgrill/css/fonts.css?v3.3.1.1649390391" "Mozilla/5.0 (X11; Linux x86_64; rv:92.0) Gecko/20100101 Firefox/92.0"
54.213.169.81 - - [08/Apr/2022:03:59:53 +0000] "GET /wa-content/font/ruble/arial/alsrubl-arial-regular.woff HTTP/2.0" 200 1788 "https://justgrill.ru/wa-content/font/ruble/arial/fontface.css" "Mozilla/5.0 (X11; Linux x86_64; rv:92.0) Gecko/20100101 Firefox/92.0"
54.213.169.81 - - [08/Apr/2022:03:59:54 +0000] "GET /wa-content/css/signup/signup.css?v=8.21.0.1649390392 HTTP/2.0" 200 1909 "https://justgrill.ru/" "Mozilla/5.0 (X11; Linux x86_64; rv:92.0) Gecko/20100101 Firefox/92.0"
54.213.169.81 - - [08/Apr/2022:03:59:54 +0000] "GET /wa-content/js/signup/signup.js?v=8.21.0.1649390392 HTTP/2.0" 200 6675 "https://justgrill.ru/" "Mozilla/5.0 (X11; Linux x86_64; rv:92.0) Gecko/20100101 Firefox/92.0"
54.213.169.81 - - [08/Apr/2022:03:59:54 +0000] "GET /wa-content/css/login/frontend/login.css?v=8.21.0.1649390392 HTTP/2.0" 200 1762 "https://justgrill.ru/" "Mozilla/5.0 (X11; Linux x86_64; rv:92.0) Gecko/20100101 Firefox/92.0"
54.213.169.81 - - [08/Apr/2022:03:59:54 +0000] "GET /wa-content/js/login/login-frontend-form.min.js?v=8.21.0.1649390392 HTTP/2.0" 200 5488 "https://justgrill.ru/" "Mozilla/5.0 (X11; Linux x86_64; rv:92.0) Gecko/20100101 Firefox/92.0"
54.213.169.81 - - [08/Apr/2022:03:59:54 +0000] "GET /wa-content/js/login/forgotpassword-frontend-form.min.js?v=8.21.0.1649390392 HTTP/2.0" 200 4709 "https://justgrill.ru/" "Mozilla/5.0 (X11; Linux x86_64; rv:92.0) Gecko/20100101 Firefox/92.0"
54.213.169.81 - - [08/Apr/2022:03:59:54 +0000] "GET /wa-content/css/login/frontend/forgot-password.css?v=8.21.0.1649390392 HTTP/2.0" 200 1560 "https://justgrill.ru/" "Mozilla/5.0 (X11; Linux x86_64; rv:92.0) Gecko/20100101 Firefox/92.0"
54.213.169.81 - - [08/Apr/2022:03:59:54 +0000] "GET /wa-apps/shop/plugins/searchpro/fonts/Roboto/Roboto-Regular.woff2 HTTP/2.0" 200 66004 "https://justgrill.ru/wa-apps/shop/plugins/searchpro/css/frontend.fonts.css?v1.9.0.1649390392" "Mozilla/5.0 (X11; Linux x86_64; rv:92.0) Gecko/20100101 Firefox/92.0"
54.213.169.81 - - [08/Apr/2022:03:59:54 +0000] "GET /regions/getPopupContent/ HTTP/2.0" 200 1023 "https://justgrill.ru/" "Mozilla/5.0 (X11; Linux x86_64; rv:92.0) Gecko/20100101 Firefox/92.0"
54.213.169.81 - - [08/Apr/2022:03:59:54 +0000] "GET /regions/getPopupContent/ HTTP/2.0" 200 1023 "https://justgrill.ru/" "Mozilla/5.0 (X11; Linux x86_64; rv:92.0) Gecko/20100101 Firefox/92.0"
54.213.169.81 - - [08/Apr/2022:03:59:55 +0000] "GET /favicon.ico HTTP/2.0" 200 54978 "https://justgrill.ru/" "Mozilla/5.0 (X11; Linux x86_64; rv:92.0) Gecko/20100101 Firefox/92.0"
45.141.210.207 - - [08/Apr/2022:03:59:58 +0000] "GET /aksessuary/dlya-tandyrov/reshetki-i-etazherki/kryuk-kovanyy/ HTTP/1.1" 200 33188 "-" "Mozilla/5.0 (X11; Linux x86_64) AppleWebKit/537.36 (KHTML, like Gecko) Chrome/83.0.2549.68 Safari/537.36"
114.119.129.143 - - [08/Apr/2022:04:00:02 +0000] "GET /aksessuary/podstavki-i-rostery/roster-gril/roster-weber-ceramic-antiprigar/reviews HTTP/1.1" 301 5 "-" "Mozilla/5.0 (Linux; Android 7.0;) AppleWebKit/537.36 (KHTML, like Gecko) Mobile Safari/537.36 (compatible; PetalBot;+https://webmaster.petalsearch.com/site/petalbot)"
176.115.148.255 - - [08/Apr/2022:04:00:02 +0000] "GET /favicon.ico HTTP/2.0" 200 54978 "https://nn.justgrill.ru/grili/ugolnye/?sort=price&order=asc" "Mozilla/5.0 (Linux; Android 11; vivo 2004) AppleWebKit/537.36 (KHTML, like Gecko) Chrome/100.0.4896.79 Mobile Safari/537.36"
109.252.100.24 - - [08/Apr/2022:04:00:03 +0000] "GET /favicon.ico HTTP/2.0" 200 54978 "https://justgrill.ru/aksessuary/ugli-i-rozzhigi/brikety-gril/" "Mozilla/5.0 (iPhone; CPU iPhone OS 15_3_1 like Mac OS X) AppleWebKit/605.1.15 (KHTML, like Gecko) Version/15.3 Mobile/15E148 Safari/604.1"
114.119.129.143 - - [08/Apr/2022:04:00:04 +0000] "GET /aksessuary/podstavki-i-rostery/roster-gril/roster-weber-ceramic-antiprigar/reviews/ HTTP/1.1" 200 31755 "-" "Mozilla/5.0 (Linux; Android 7.0;) AppleWebKit/537.36 (KHTML, like Gecko) Mobile Safari/537.36 (compatible; PetalBot;+https://webmaster.petalsearch.com/site/petalbot)"
212.119.202.70 - - [08/Apr/2022:04:00:06 +0000] "GET /favicon.ico HTTP/2.0" 200 54978 "https://justgrill.ru/grili/ugolnye/weber/master-touch/gril-ugolnyy-master-touch-gbs-se-e-5755-cherny/" "Mozilla/5.0 (Windows NT 6.1; Win64; x64) AppleWebKit/537.36 (KHTML, like Gecko) Chrome/100.0.4896.75 Safari/537.36"
5.188.113.194 - admin [08/Apr/2022:04:00:07 +0000] "GET /cml1c/adfc9ee9-8d33-4958-a478-3f8659809409/?type=catalog&mode=checkauth HTTP/1.1" 200 57 "-" "1C+Enterprise/8.3"
5.188.113.194 - admin [08/Apr/2022:04:00:07 +0000] "GET /cml1c/adfc9ee9-8d33-4958-a478-3f8659809409/?type=catalog&mode=checkauth HTTP/1.1" 200 57 "-" "1C+Enterprise/8.3"
5.188.113.194 - admin [08/Apr/2022:04:00:07 +0000] "GET /cml1c/adfc9ee9-8d33-4958-a478-3f8659809409/?type=catalog&mode=checkauth HTTP/1.1" 200 57 "-" "1C+Enterprise/8.3"
5.188.113.194 - admin [08/Apr/2022:04:00:07 +0000] "GET /cml1c/adfc9ee9-8d33-4958-a478-3f8659809409/?type=catalog&mode=checkauth HTTP/1.1" 200 57 "-" "1C+Enterprise/8.3"
5.188.113.194 - admin [08/Apr/2022:04:00:07 +0000] "GET /cml1c/adfc9ee9-8d33-4958-a478-3f8659809409/?type=catalog&mode=checkauth HTTP/1.1" 200 57 "-" "1C+Enterprise/8.3"
5.188.113.194 - admin [08/Apr/2022:04:00:14 +0000] "GET /cml1c/adfc9ee9-8d33-4958-a478-3f8659809409/?type=catalog&mode=checkauth HTTP/1.1" 200 57 "-" "1C+Enterprise/8.3"
5.188.113.194 - admin [08/Apr/2022:04:00:14 +0000] "GET /cml1c/adfc9ee9-8d33-4958-a478-3f8659809409/?type=catalog&mode=checkauth HTTP/1.1" 200 57 "-" "1C+Enterprise/8.3"
5.188.113.194 - admin [08/Apr/2022:04:00:14 +0000] "GET /cml1c/adfc9ee9-8d33-4958-a478-3f8659809409/?type=catalog&mode=init&sessid= HTTP/1.1" 200 39 "-" "1C+Enterprise/8.3"
5.188.113.194 - admin [08/Apr/2022:04:00:14 +0000] "GET /cml1c/adfc9ee9-8d33-4958-a478-3f8659809409/?type=catalog&mode=init&sessid= HTTP/1.1" 200 39 "-" "1C+Enterprise/8.3"
5.188.113.194 - admin [08/Apr/2022:04:00:15 +0000] "POST /cml1c/adfc9ee9-8d33-4958-a478-3f8659809409/?type=catalog&mode=file&filename=v8_yZdThe_1d.zip&sessid= HTTP/1.1" 200 50 "-" "1C+Enterprise/8.3"
5.188.113.194 - admin [08/Apr/2022:04:00:15 +0000] "POST /cml1c/adfc9ee9-8d33-4958-a478-3f8659809409/?type=catalog&mode=file&filename=v8_yZdThe_1c.zip&sessid= HTTP/1.1" 200 50 "-" "1C+Enterprise/8.3"
5.188.113.194 - admin [08/Apr/2022:04:00:15 +0000] "GET /cml1c/adfc9ee9-8d33-4958-a478-3f8659809409/?type=catalog&mode=import&filename=offers0_1.xml&sessid= HTTP/1.1" 200 53 "-" "1C+Enterprise/8.3"
5.188.113.194 - admin [08/Apr/2022:04:00:15 +0000] "GET /cml1c/adfc9ee9-8d33-4958-a478-3f8659809409/?type=catalog&mode=import&filename=offers0_1.xml&sessid= HTTP/1.1" 200 53 "-" "1C+Enterprise/8.3"
114.119.129.167 - - [08/Apr/2022:04:00:20 +0000] "GET /aksessuary/ugli-i-rozzhigi/starter-rozzhig HTTP/1.1" 301 5 "-" "Mozilla/5.0 (Linux; Android 7.0;) AppleWebKit/537.36 (KHTML, like Gecko) Mobile Safari/537.36 (compatible; PetalBot;+https://webmaster.petalsearch.com/site/petalbot)"
114.119.129.167 - - [08/Apr/2022:04:00:22 +0000] "GET /aksessuary/ugli-i-rozzhigi/starter-rozzhig/ HTTP/1.1" 200 30092 "-" "Mozilla/5.0 (Linux; Android 7.0;) AppleWebKit/537.36 (KHTML, like Gecko) Mobile Safari/537.36 (compatible; PetalBot;+https://webmaster.petalsearch.com/site/petalbot)"
5.188.113.194 - admin [08/Apr/2022:04:00:23 +0000] "GET /cml1c/adfc9ee9-8d33-4958-a478-3f8659809409/?type=catalog&mode=import&filename=offers0_1.xml&sessid= HTTP/1.1" 200 91 "-" "1C+Enterprise/8.3"
5.188.113.194 - admin [08/Apr/2022:04:00:23 +0000] "GET /cml1c/adfc9ee9-8d33-4958-a478-3f8659809409/?type=catalog&mode=import&filename=offers0_1.xml&sessid= HTTP/1.1" 200 91 "-" "1C+Enterprise/8.3"
5.188.113.194 - admin [08/Apr/2022:04:00:24 +0000] "GET /cml1c/adfc9ee9-8d33-4958-a478-3f8659809409/?type=catalog&mode=checkauth HTTP/1.1" 200 57 "-" "1C+Enterprise/8.3"
5.188.113.194 - admin [08/Apr/2022:04:00:24 +0000] "GET /cml1c/adfc9ee9-8d33-4958-a478-3f8659809409/?type=catalog&mode=checkauth HTTP/1.1" 200 57 "-" "1C+Enterprise/8.3"
5.188.113.194 - admin [08/Apr/2022:04:00:24 +0000] "GET /cml1c/adfc9ee9-8d33-4958-a478-3f8659809409/?type=catalog&mode=init&sessid= HTTP/1.1" 200 39 "-" "1C+Enterprise/8.3"
5.188.113.194 - admin [08/Apr/2022:04:00:24 +0000] "GET /cml1c/adfc9ee9-8d33-4958-a478-3f8659809409/?type=catalog&mode=init&sessid= HTTP/1.1" 200 39 "-" "1C+Enterprise/8.3"
66.249.66.31 - - [08/Apr/2022:04:00:24 +0000] "GET /brendy/big-green-egg/prokladka-vysokotemperaturnaya-dlya-grilya-xl-l/ HTTP/1.1" 301 5 "-" "Mozilla/5.0 (Linux; Android 6.0.1; Nexus 5X Build/MMB29P) AppleWebKit/537.36 (KHTML, like Gecko) Chrome/100.0.4896.75 Mobile Safari/537.36 (compatible; Googlebot/2.1; +http://www.google.com/bot.html)"
5.188.113.194 - admin [08/Apr/2022:04:00:24 +0000] "POST /cml1c/adfc9ee9-8d33-4958-a478-3f8659809409/?type=catalog&mode=file&filename=v8_yZdThe_1e.zip&sessid= HTTP/1.1" 200 50 "-" "1C+Enterprise/8.3"
5.188.113.194 - admin [08/Apr/2022:04:00:24 +0000] "POST /cml1c/adfc9ee9-8d33-4958-a478-3f8659809409/?type=catalog&mode=file&filename=v8_yZdThe_1f.zip&sessid= HTTP/1.1" 200 50 "-" "1C+Enterprise/8.3"
5.188.113.194 - admin [08/Apr/2022:04:00:24 +0000] "GET /cml1c/adfc9ee9-8d33-4958-a478-3f8659809409/?type=catalog&mode=import&filename=offers0_1.xml&sessid= HTTP/1.1" 200 55 "-" "1C+Enterprise/8.3"
5.188.113.194 - admin [08/Apr/2022:04:00:25 +0000] "GET /cml1c/adfc9ee9-8d33-4958-a478-3f8659809409/?type=catalog&mode=import&filename=offers0_1.xml&sessid= HTTP/1.1" 200 55 "-" "1C+Enterprise/8.3"
66.249.66.31 - - [08/Apr/2022:04:00:25 +0000] "GET /aksessuary/oborudovanie/prokladka-vysokotemperaturnaya-dlya-grilya-xl-l/ HTTP/1.1" 200 32628 "-" "Mozilla/5.0 (Linux; Android 6.0.1; Nexus 5X Build/MMB29P) AppleWebKit/537.36 (KHTML, like Gecko) Chrome/100.0.4896.75 Mobile Safari/537.36 (compatible; Googlebot/2.1; +http://www.google.com/bot.html)"
5.188.113.194 - admin [08/Apr/2022:04:00:31 +0000] "GET /cml1c/adfc9ee9-8d33-4958-a478-3f8659809409/?type=catalog&mode=import&filename=offers0_1.xml&sessid= HTTP/1.1" 200 5 "-" "1C+Enterprise/8.3"
93.158.161.33 - - [08/Apr/2022:04:00:31 +0000] "GET / HTTP/1.1" 301 162 "-" "Mozilla/5.0 (compatible; YandexMetrika/2.0; +http://yandex.com/bots yabs01)"
5.188.113.194 - admin [08/Apr/2022:04:00:32 +0000] "GET /cml1c/adfc9ee9-8d33-4958-a478-3f8659809409/?type=catalog&mode=import&filename=offers0_1.xml&sessid= HTTP/1.1" 200 91 "-" "1C+Enterprise/8.3"
5.188.113.194 - admin [08/Apr/2022:04:00:35 +0000] "GET /cml1c/adfc9ee9-8d33-4958-a478-3f8659809409/?type=catalog&mode=checkauth HTTP/1.1" 200 57 "-" "1C+Enterprise/8.3"
5.188.113.194 - admin [08/Apr/2022:04:00:35 +0000] "GET /cml1c/adfc9ee9-8d33-4958-a478-3f8659809409/?type=catalog&mode=init&sessid= HTTP/1.1" 200 39 "-" "1C+Enterprise/8.3"
5.188.113.194 - admin [08/Apr/2022:04:00:36 +0000] "POST /cml1c/adfc9ee9-8d33-4958-a478-3f8659809409/?type=catalog&mode=file&filename=v8_yZdThe_20.zip&sessid= HTTP/1.1" 200 50 "-" "1C+Enterprise/8.3"
5.188.113.194 - admin [08/Apr/2022:04:00:36 +0000] "GET /cml1c/adfc9ee9-8d33-4958-a478-3f8659809409/?type=catalog&mode=import&filename=offers4_1.xml&sessid= HTTP/1.1" 200 53 "-" "1C+Enterprise/8.3"
114.119.129.14 - - [08/Apr/2022:04:00:39 +0000] "GET /aksessuary/podstavki/rama-s-kryuchkami-dlya-smokey-mountain-cooker/ HTTP/1.1" 301 5 "-" "Mozilla/5.0 (Linux; Android 7.0;) AppleWebKit/537.36 (KHTML, like Gecko) Mobile Safari/537.36 (compatible; PetalBot;+https://webmaster.petalsearch.com/site/petalbot)"
5.188.113.194 - admin [08/Apr/2022:04:00:44 +0000] "GET /cml1c/adfc9ee9-8d33-4958-a478-3f8659809409/?type=catalog&mode=import&filename=offers4_1.xml&sessid= HTTP/1.1" 200 91 "-" "1C+Enterprise/8.3"
5.188.113.194 - admin [08/Apr/2022:04:00:45 +0000] "GET /cml1c/adfc9ee9-8d33-4958-a478-3f8659809409/?type=catalog&mode=checkauth HTTP/1.1" 200 57 "-" "1C+Enterprise/8.3"
5.188.113.194 - admin [08/Apr/2022:04:00:45 +0000] "GET /cml1c/adfc9ee9-8d33-4958-a478-3f8659809409/?type=catalog&mode=init&sessid= HTTP/1.1" 200 39 "-" "1C+Enterprise/8.3"
5.188.113.194 - admin [08/Apr/2022:04:00:45 +0000] "POST /cml1c/adfc9ee9-8d33-4958-a478-3f8659809409/?type=catalog&mode=file&filename=v8_yZdThe_21.zip&sessid= HTTP/1.1" 200 50 "-" "1C+Enterprise/8.3"
5.188.113.194 - admin [08/Apr/2022:04:00:45 +0000] "GET /cml1c/adfc9ee9-8d33-4958-a478-3f8659809409/?type=catalog&mode=import&filename=offers4_1.xml&sessid= HTTP/1.1" 200 55 "-" "1C+Enterprise/8.3"
66.249.66.31 - - [08/Apr/2022:04:00:46 +0000] "GET /aksessuary/termometr-dlya-grilya/termometr-mekhanicheskiy/ HTTP/1.1" 301 5 "-" "Mozilla/5.0 (compatible; Googlebot/2.1; +http://www.google.com/bot.html)"
66.249.66.29 - - [08/Apr/2022:04:00:47 +0000] "GET /aksessuary/oborudovanie/termometry-gril/termometr-gril-mekhanicheskiy-napoleon/ HTTP/1.1" 200 33064 "-" "Mozilla/5.0 (compatible; Googlebot/2.1; +http://www.google.com/bot.html)"
5.188.113.194 - admin [08/Apr/2022:04:00:54 +0000] "GET /cml1c/adfc9ee9-8d33-4958-a478-3f8659809409/?type=catalog&mode=import&filename=offers4_1.xml&sessid= HTTP/1.1" 200 91 "-" "1C+Enterprise/8.3"
95.163.255.84 - - [08/Apr/2022:04:00:56 +0000] "GET /aksessuary/protiveni/forma-dlya-vypekaniya-xl-l-diametr-36sm/ HTTP/1.1" 301 5 "-" "Mozilla/5.0 (compatible; Linux x86_64; Mail.RU_Bot/2.0; +http://go.mail.ru/help/robots)"
95.163.255.85 - - [08/Apr/2022:04:00:59 +0000] "GET /aksessuary/shampura/shampur-gibkiy/ HTTP/1.1" 301 5 "-" "Mozilla/5.0 (compatible; Linux x86_64; Mail.RU_Bot/2.0; +http://go.mail.ru/help/robots)"
95.163.255.83 - - [08/Apr/2022:04:01:01 +0000] "GET /robots.txt HTTP/1.0" 200 602 "-" "Mozilla/5.0 (compatible; Linux x86_64; Mail.RU_Bot/2.0; +http://go.mail.ru/help/robots)"
95.163.255.83 - - [08/Apr/2022:04:01:04 +0000] "GET /aksessuary/protiveni/protiven-dlya-modeley-485p500pro500605730/ HTTP/1.1" 301 5 "-" "Mozilla/5.0 (compatible; Linux x86_64; Mail.RU_Bot/2.0; +http://go.mail.ru/help/robots)"
95.163.255.86 - - [08/Apr/2022:04:01:07 +0000] "GET /aksessuary/nabor-dlya-barbekyu/ HTTP/1.1" 301 5 "-" "Mozilla/5.0 (compatible; Linux x86_64; Mail.RU_Bot/2.0; +http://go.mail.ru/help/robots)"
185.191.171.12 - - [08/Apr/2022:04:01:11 +0000] "GET /blog/starter-for-charcoal-1/ HTTP/1.1" 200 29447 "-" "Mozilla/5.0 (compatible; SemrushBot/7~bl; +http://www.semrush.com/bot.html)"
77.88.5.234 - - [08/Apr/2022:04:01:11 +0000] "GET /?yclid=7710547526903176844 HTTP/1.1" 200 40186 "-" "Mozilla/5.0 (compatible; YandexMetrika/2.0; +http://yandex.com/bots yabs01)"
95.163.255.86 - - [08/Apr/2022:04:01:11 +0000] "GET /product/weber-one-touch-original-47-sm-kremovyj-blue/ HTTP/1.1" 301 5 "-" "Mozilla/5.0 (compatible; Linux x86_64; Mail.RU_Bot/2.0; +http://go.mail.ru/help/robots)"
95.163.255.85 - - [08/Apr/2022:04:01:16 +0000] "GET /aksessuary/shampury-i-vertely/shampur-gril/shampur-dlya-grilya-big-green-egg-gibkiy-50-sm/ HTTP/1.1" 200 34195 "https://justgrill.ru/aksessuary/shampura/shampur-gibkiy/" "Mozilla/5.0 (compatible; Linux x86_64; Mail.RU_Bot/2.0; +http://go.mail.ru/help/robots)"
95.163.255.83 - - [08/Apr/2022:04:01:21 +0000] "GET /aksessuary/posuda/forma-dlya-vypekaniya-xl-l-diametr-36sm/ HTTP/1.1" 200 31985 "https://justgrill.ru/aksessuary/protiveni/forma-dlya-vypekaniya-xl-l-diametr-36sm/" "Mozilla/5.0 (compatible; Linux x86_64; Mail.RU_Bot/2.0; +http://go.mail.ru/help/robots)"
95.163.255.89 - - [08/Apr/2022:04:01:26 +0000] "GET /aksessuary/posuda/planche-gril/protiven-napoleon-dlya-modeley-485-p500-pro500-605-730/ HTTP/1.1" 200 31841 "https://justgrill.ru/aksessuary/protiveni/protiven-dlya-modeley-485p500pro500605730/" "Mozilla/5.0 (compatible; Linux x86_64; Mail.RU_Bot/2.0; +http://go.mail.ru/help/robots)"
95.163.255.87 - - [08/Apr/2022:04:01:31 +0000] "GET /arkhiv/weber-one-touch-original-47-sm-kremovyj-blue/ HTTP/1.1" 200 32320 "https://justgrill.ru/product/weber-one-touch-original-47-sm-kremovyj-blue/" "Mozilla/5.0 (compatible; Linux x86_64; Mail.RU_Bot/2.0; +http://go.mail.ru/help/robots)"
66.249.66.198 - - [08/Apr/2022:04:01:31 +0000] "GET /brendy/char-broil/ HTTP/1.1" 301 5 "-" "Mozilla/5.0 (Linux; Android 6.0.1; Nexus 5X Build/MMB29P) AppleWebKit/537.36 (KHTML, like Gecko) Chrome/99.0.4844.84 Mobile Safari/537.36 (compatible; Googlebot/2.1; +http://www.google.com/bot.html)"
66.249.66.196 - - [08/Apr/2022:04:01:33 +0000] "GET /brand/char-broil/ HTTP/1.1" 200 36554 "-" "Mozilla/5.0 (Linux; Android 6.0.1; Nexus 5X Build/MMB29P) AppleWebKit/537.36 (KHTML, like Gecko) Chrome/99.0.4844.84 Mobile Safari/537.36 (compatible; Googlebot/2.1; +http://www.google.com/bot.html)"
66.249.66.55 - - [08/Apr/2022:04:01:35 +0000] "GET /aksessuary/posuda/chugunnyy-mini-kazan-v-nabore-s-bambukovoy-lozhkoy/ HTTP/1.1" 301 5 "-" "Mozilla/5.0 (compatible; Googlebot/2.1; +http://www.google.com/bot.html)"
66.249.66.55 - - [08/Apr/2022:04:01:36 +0000] "GET /mangaly/chugunnyy-mini-kazan-v-nabore-s-bambukovoy-lozhkoy/ HTTP/1.1" 301 5 "-" "Mozilla/5.0 (compatible; Googlebot/2.1; +http://www.google.com/bot.html)"
114.119.129.147 - - [08/Apr/2022:04:01:38 +0000] "GET /grili/ugolnye/weber/gril-go-anywhere/ugolny-gril-go-anywhere-weber-cherny HTTP/1.1" 301 5 "-" "Mozilla/5.0 (Linux; Android 7.0;) AppleWebKit/537.36 (KHTML, like Gecko) Mobile Safari/537.36 (compatible; PetalBot;+https://webmaster.petalsearch.com/site/petalbot)"
66.249.66.59 - - [08/Apr/2022:04:01:38 +0000] "GET /mangaly/kazany/mini-kazan-broil-king-v-nabore-s-bambukovoy-lozhkoy-chugunnyy/ HTTP/1.1" 200 32497 "-" "Mozilla/5.0 (compatible; Googlebot/2.1; +http://www.google.com/bot.html)"
114.119.129.147 - - [08/Apr/2022:04:01:40 +0000] "GET /grili/ugolnye/weber/gril-go-anywhere/ugolny-gril-go-anywhere-weber-cherny/ HTTP/1.1" 200 35347 "-" "Mozilla/5.0 (Linux; Android 7.0;) AppleWebKit/537.36 (KHTML, like Gecko) Mobile Safari/537.36 (compatible; PetalBot;+https://webmaster.petalsearch.com/site/petalbot)"
185.103.166.154 - - [08/Apr/2022:04:01:42 +0000] "GET /aksessuary/oborudovanie/termometry-gril/tsifrovoy-termometr-gril-big-green-egg-s-2-mya-shchupami/ HTTP/1.1" 200 35299 "-" "Mozilla/5.0 (X11; Linux x86_64) AppleWebKit/537.36 (KHTML, like Gecko) Chrome/85.0.4183.83 Safari/537.36"
185.212.117.249 - - [08/Apr/2022:04:01:49 +0000] "GET /photos/photo/-aktsiya-2021sayt/ HTTP/1.1" 200 30441 "-" "Mozilla/5.0 (X11; Linux x86_64) AppleWebKit/537.36 (KHTML, like Gecko) Chrome/85.0.4183.83 Safari/537.36"
93.158.161.52 - - [08/Apr/2022:04:02:05 +0000] "GET / HTTP/1.1" 301 162 "-" "Mozilla/5.0 (compatible; YandexMetrika/2.0; +http://yandex.com/bots yabs01)"
66.249.66.58 - - [08/Apr/2022:04:02:11 +0000] "GET /blog/kak-zastavit-myaso-byt-myagkim/ HTTP/1.1" 500 16361 "-" "Mozilla/5.0 (Linux; Android 6.0.1; Nexus 5X Build/MMB29P) AppleWebKit/537.36 (KHTML, like Gecko) Chrome/99.0.4844.84 Mobile Safari/537.36 (compatible; Googlebot/2.1; +http://www.google.com/bot.html)"
54.36.148.219 - - [08/Apr/2022:04:02:16 +0000] "GET /aksessuary/chistka-i-ukhod/skrebok-gril/ HTTP/2.0" 200 30174 "-" "Mozilla/5.0 (compatible; AhrefsBot/7.0; +http://ahrefs.com/robot/)"
5.45.201.213 - - [08/Apr/2022:04:02:17 +0000] "POST /ym_api/1/?action=/cart HTTP/1.1" 200 111 "-" "Apache-HttpClient/4.5.6 (Java/11.0.8-shenandoah)"
54.36.148.51 - - [08/Apr/2022:04:02:21 +0000] "GET /wa-content/css/jquery-ui/base/jquery.ui.slider.css HTTP/2.0" 200 331 "-" "Mozilla/5.0 (compatible; AhrefsBot/7.0; +http://ahrefs.com/robot/)"
77.88.5.48 - - [08/Apr/2022:04:02:22 +0000] "GET / HTTP/1.1" 301 162 "-" "Mozilla/5.0 (compatible; YandexMetrika/2.0; +http://yandex.com/bots yabs01)"
114.119.129.163 - - [08/Apr/2022:04:02:28 +0000] "GET /grili-i-oborudovanie-dlya-griley/grili/drovyanye/zont-dlya-grilya-suomi-grill-90-antik-med HTTP/1.1" 301 5 "-" "Mozilla/5.0 (Linux; Android 7.0;) AppleWebKit/537.36 (KHTML, like Gecko) Mobile Safari/537.36 (compatible; PetalBot;+https://webmaster.petalsearch.com/site/petalbot)"
114.119.129.163 - - [08/Apr/2022:04:02:29 +0000] "GET /grili-i-oborudovanie-dlya-griley/grili/drovyanye/zont-dlya-grilya-suomi-grill-90-antik-med/ HTTP/1.1" 301 5 "-" "Mozilla/5.0 (Linux; Android 7.0;) AppleWebKit/537.36 (KHTML, like Gecko) Mobile Safari/537.36 (compatible; PetalBot;+https://webmaster.petalsearch.com/site/petalbot)"
114.119.129.163 - - [08/Apr/2022:04:02:33 +0000] "GET /grili/drovyanye/zont-dlya-grilya-suomi-grill-90-antik-med/ HTTP/1.1" 200 31715 "-" "Mozilla/5.0 (Linux; Android 7.0;) AppleWebKit/537.36 (KHTML, like Gecko) Mobile Safari/537.36 (compatible; PetalBot;+https://webmaster.petalsearch.com/site/petalbot)"
66.249.66.30 - - [08/Apr/2022:04:02:47 +0000] "GET /brand/Weber/ HTTP/1.1" 301 5 "-" "Mozilla/5.0 (compatible; Googlebot/2.1; +http://www.google.com/bot.html)"
66.249.66.30 - - [08/Apr/2022:04:02:48 +0000] "GET /brand/weber/ HTTP/1.1" 200 36024 "-" "Mozilla/5.0 (compatible; Googlebot/2.1; +http://www.google.com/bot.html)"
77.88.5.86 - - [08/Apr/2022:04:02:55 +0000] "GET /?yclid=7710547526903176844 HTTP/1.1" 301 162 "-" "Mozilla/5.0 (compatible; YandexMetrika/2.0; +http://yandex.com/bots yabs01)"
188.119.122.52 - - [08/Apr/2022:04:02:56 +0000] "GET /search/965/%D0%B1%D0%B0%D0%BB%D0%BB%D0%BE%D0%BD/ HTTP/1.1" 200 32585 "-" "Mozilla/5.0 (X11; Linux x86_64) AppleWebKit/537.36 (KHTML, like Gecko) Chrome/85.0.4183.83 Safari/537.36"
114.119.128.44 - - [08/Apr/2022:04:02:59 +0000] "GET /grili/keramicheskie/big-green-egg/bge-xlarge/ HTTP/1.1" 301 5 "-" "Mozilla/5.0 (Linux; Android 7.0;) AppleWebKit/537.36 (KHTML, like Gecko) Mobile Safari/537.36 (compatible; PetalBot;+https://webmaster.petalsearch.com/site/petalbot)"
114.119.128.44 - - [08/Apr/2022:04:03:05 +0000] "GET /grili/keramicheskie/big-green-egg/keramicheskij-gril-big-green-egg-xlarge/ HTTP/1.1" 200 37233 "-" "Mozilla/5.0 (Linux; Android 7.0;) AppleWebKit/537.36 (KHTML, like Gecko) Mobile Safari/537.36 (compatible; PetalBot;+https://webmaster.petalsearch.com/site/petalbot)"
66.249.66.59 - - [08/Apr/2022:04:03:15 +0000] "GET /arkhiv/ugolnyj-gril-weber-one-touch-premium-47-sm/ HTTP/1.1" 200 32045 "-" "Mozilla/5.0 (Linux; Android 6.0.1; Nexus 5X Build/MMB29P) AppleWebKit/537.36 (KHTML, like Gecko) Chrome/100.0.4896.75 Mobile Safari/537.36 (compatible; Googlebot/2.1; +http://www.google.com/bot.html)"
