114.119.128.58 - - [08/Apr/2022:04:03:20 +0000] "GET /aksessuary/dlya-kopcheniya/shchepa/shchepa-dlya-kopcheniya-nabor-weber-6-porod-dereva/reviews HTTP/1.1" 301 5 "-" "Mozilla/5.0 (Linux; Android 7.0;) AppleWebKit/537.36 (KHTML, like Gecko) Mobile Safari/537.36 (compatible; PetalBot;+https://webmaster.petalsearch.com/site/petalbot)"
114.119.128.58 - - [08/Apr/2022:04:03:22 +0000] "GET /aksessuary/dlya-kopcheniya/shchepa/shchepa-dlya-kopcheniya-nabor-weber-6-porod-dereva/reviews/ HTTP/1.1" 200 31205 "-" "Mozilla/5.0 (Linux; Android 7.0;) AppleWebKit/537.36 (KHTML, like Gecko) Mobile Safari/537.36 (compatible; PetalBot;+https://webmaster.petalsearch.com/site/petalbot)"
185.139.213.27 - - [08/Apr/2022:04:03:22 +0000] "GET /aksessuary/ugli-i-rozzhigi/starter-rozzhig/starter-dlya-uglya-char-broil-bystryy-rozzhig/ HTTP/1.1" 200 32376 "-" "Mozilla/5.0 (X11; Linux x86_64) AppleWebKit/537.36 (KHTML, like Gecko) Chrome/85.0.4183.83 Safari/537.36"
114.119.128.5 - - [08/Apr/2022:04:03:38 +0000] "GET /grili-i-oborudovanie-dlya-griley/grili/ugolnye/19202100-koptilnya-oklahoma-joes-drum-bronco-pro/ HTTP/1.1" 301 5 "-" "Mozilla/5.0 (Linux; Android 7.0;) AppleWebKit/537.36 (KHTML, like Gecko) Mobile Safari/537.36 (compatible; PetalBot;+https://webmaster.petalsearch.com/site/petalbot)"
114.119.128.5 - - [08/Apr/2022:04:03:40 +0000] "GET /mangaly/koptilni/koptilnya-char-broil-oklahoma-joes-drum-bronco-pro/ HTTP/1.1" 200 34116 "-" "Mozilla/5.0 (Linux; Android 7.0;) AppleWebKit/537.36 (KHTML, like Gecko) Mobile Safari/537.36 (compatible; PetalBot;+https://webmaster.petalsearch.com/site/petalbot)"
66.249.66.57 - - [08/Apr/2022:04:03:49 +0000] "GET /aksessuary/posuda/poddon-gril/poddon-weber-alyuminieve-dlya-sbora-zhira/ HTTP/1.1" 200 32100 "-" "Mozilla/5.0 (Linux; Android 6.0.1; Nexus 5X Build/MMB29P) AppleWebKit/537.36 (KHTML, like Gecko) Chrome/100.0.4896.75 Mobile Safari/537.36 (compatible; Googlebot/2.1; +http://www.google.com/bot.html)"
77.88.5.229 - - [08/Apr/2022:04:03:51 +0000] "GET /grili/ugolnye/ HTTP/1.1" 200 37836 "-" "Mozilla/5.0 (compatible; YandexBot/3.0; +http://yandex.com/bots)"
66.249.66.31 - - [08/Apr/2022:04:03:59 +0000] "GET /brand/Primo/ HTTP/1.1" 301 5 "-" "Mozilla/5.0 (compatible; Googlebot/2.1; +http://www.google.com/bot.html)"
66.249.66.2 - - [08/Apr/2022:04:04:00 +0000] "GET /brand/primo/ HTTP/1.1" 404 27548 "-" "Mozilla/5.0 (compatible; Googlebot/2.1; +http://www.google.com/bot.html)"
207.46.13.185 - - [08/Apr/2022:04:04:28 +0000] "GET /aksessuary/chistka-i-ukhod/kovriki-gril/ HTTP/2.0" 200 30297 "-" "Mozilla/5.0 (compatible; bingbot/2.0; +http://www.bing.com/bingbot.htm)"
213.108.2.179 - - [08/Apr/2022:04:04:48 +0000] "GET /blog/rss/ HTTP/1.1" 200 10237 "-" "Mozilla/5.0 (Linux; Android 6.0; BQS-5050 Build/MRA58K) AppleWebKit/537.36 (KHTML, like Gecko) Chrome/78.0.3904.62 Mobile Safari/537.36 YaApp_Android/9.35 YaSearchBrowser/9.35"
207.46.13.110 - - [08/Apr/2022:04:04:57 +0000] "GET /aksessuary/ugli-i-rozzhigi/kamado-joe/ HTTP/2.0" 200 29880 "-" "Mozilla/5.0 (compatible; bingbot/2.0; +http://www.bing.com/bingbot.htm)"
77.88.5.208 - - [08/Apr/2022:04:05:04 +0000] "GET / HTTP/1.1" 301 162 "-" "Mozilla/5.0 (compatible; YandexMetrika/2.0; +http://yandex.com/bots yabs01)"
54.36.149.105 - - [08/Apr/2022:04:05:09 +0000] "GET /brand/big-green-egg/ HTTP/2.0" 200 36369 "-" "Mozilla/5.0 (compatible; AhrefsBot/7.0; +http://ahrefs.com/robot/)"
66.249.66.54 - - [08/Apr/2022:04:05:11 +0000] "GET /brendy/o-grill/ HTTP/1.1" 301 5 "-" "Mozilla/5.0 (compatible; Googlebot/2.1; +http://www.google.com/bot.html)"
66.249.66.46 - - [08/Apr/2022:04:05:12 +0000] "GET /brendy/o-grill/ HTTP/1.1" 301 162 "-" "Mozilla/5.0 (compatible; Googlebot/2.1; +http://www.google.com/bot.html)"
77.88.5.210 - - [08/Apr/2022:04:05:13 +0000] "GET /?yclid=7710547526903176844 HTTP/1.1" 200 39843 "-" "Mozilla/5.0 (compatible; YandexMetrika/2.0; +http://yandex.com/bots yabs01)"
66.249.66.57 - - [08/Apr/2022:04:05:13 +0000] "GET /brendy/o-grill/ HTTP/1.1" 301 5 "-" "Mozilla/5.0 (compatible; Googlebot/2.1; +http://www.google.com/bot.html)"
66.249.66.59 - - [08/Apr/2022:04:05:14 +0000] "GET /brand/o-grill/ HTTP/1.1" 200 34566 "-" "Mozilla/5.0 (compatible; Googlebot/2.1; +http://www.google.com/bot.html)"
77.88.5.229 - - [08/Apr/2022:04:05:16 +0000] "GET /spetsii-dlya-grilya/smesi/smyes-soli-v-myelnitsye/ HTTP/1.1" 200 32060 "-" "Mozilla/5.0 (compatible; YandexBot/3.0; +http://yandex.com/bots)"
45.159.251.252 - - [08/Apr/2022:04:05:25 +0000] "GET /spetsii-dlya-grilya/sousy/sous-barbekyu-smoky-595g-butylka-steklo-lillie-s/ HTTP/1.1" 200 32333 "-" "Mozilla/5.0 (X11; Linux x86_64) AppleWebKit/537.36 (KHTML, like Gecko) Chrome/80.0.3987.149 Safari/537.36"
185.191.171.23 - - [08/Apr/2022:04:05:34 +0000] "GET /mangaly/aksessuary/kryshka-gril-grillver-fayrkraft-dlya-mangalov-s-chugunnoy-reshyotkoy/ HTTP/1.1" 200 32995 "-" "Mozilla/5.0 (compatible; SemrushBot/7~bl; +http://www.semrush.com/bot.html)"
77.88.5.253 - - [08/Apr/2022:04:05:45 +0000] "GET / HTTP/1.1" 301 162 "-" "Mozilla/5.0 (compatible; YandexMetrika/2.0; +http://yandex.com/bots yabs01)"
77.88.5.242 - - [08/Apr/2022:04:06:04 +0000] "GET / HTTP/1.1" 301 162 "-" "Mozilla/5.0 (compatible; YandexMetrika/2.0; +http://yandex.com/bots yabs01)"
114.119.129.113 - - [08/Apr/2022:04:06:23 +0000] "GET /grili/keramicheskie/kamado-joe/classic-ii-stand-alone/ HTTP/1.1" 301 5 "-" "Mozilla/5.0 (Linux; Android 7.0;) AppleWebKit/537.36 (KHTML, like Gecko) Mobile Safari/537.36 (compatible; PetalBot;+https://webmaster.petalsearch.com/site/petalbot)"
66.249.66.11 - - [08/Apr/2022:04:06:23 +0000] "GET /aksessuary/reshetki/polovina-reshetki-dlya-grilya-xl/ HTTP/1.1" 301 5 "-" "Mozilla/5.0 (compatible; Googlebot/2.1; +http://www.google.com/bot.html)"
66.249.66.7 - - [08/Apr/2022:04:06:24 +0000] "GET /aksessuary/reshetki/reshetka-gril/polovina-reshetki-dlya-grilya-big-green-egg-xl/ HTTP/1.1" 200 32055 "-" "Mozilla/5.0 (compatible; Googlebot/2.1; +http://www.google.com/bot.html)"
178.154.154.251 - - [08/Apr/2022:04:06:26 +0000] "POST /ym_api/1/?action=/stocks HTTP/1.1" 200 1422 "-" "Apache-HttpClient/4.5.6 (Java/11.0.8-shenandoah)"
114.119.129.113 - - [08/Apr/2022:04:06:28 +0000] "GET /grili/keramicheskie/kamado-joe/classic-ii/keramicheskij-gril-kamado-joe-classic-ii-stand-alone/ HTTP/1.1" 200 37906 "-" "Mozilla/5.0 (Linux; Android 7.0;) AppleWebKit/537.36 (KHTML, like Gecko) Mobile Safari/537.36 (compatible; PetalBot;+https://webmaster.petalsearch.com/site/petalbot)"
193.233.35.254 - - [08/Apr/2022:04:06:36 +0000] "GET /photos/photo/xcep9abdths/ HTTP/1.1" 200 30544 "-" "Mozilla/5.0 (X11; Linux x86_64) AppleWebKit/537.36 (KHTML, like Gecko) Chrome/83.0.2549.68 Safari/537.36"
77.88.5.208 - - [08/Apr/2022:04:06:43 +0000] "GET /aksessuary/podstavki-i-rostery/podstavka-gril/podstavka-gril-big-green-egg-dlya-perchikov-s-nozhom/ HTTP/1.1" 301 5 "-" "Mozilla/5.0 (compatible; YandexBot/3.0; +http://yandex.com/bots) AppleWebKit/537.36 (KHTML, like Gecko) Chrome/81.0.4044.268"
77.88.5.253 - - [08/Apr/2022:04:06:43 +0000] "GET /aksessuary/podstavki-i-rostery/podstavka-gril/podstavka-gril-big-green-egg-dlya-perchikov-s-nozhom/ HTTP/1.1" 301 162 "-" "Mozilla/5.0 (compatible; YandexBot/3.0; +http://yandex.com/bots) AppleWebKit/537.36 (KHTML, like Gecko) Chrome/81.0.4044.268"
77.88.5.70 - - [08/Apr/2022:04:06:44 +0000] "GET /aksessuary/podstavki-i-rostery/podstavka-gril/podstavka-gril-big-green-egg-dlya-perchikov-s-nozhom/ HTTP/1.1" 200 31845 "-" "Mozilla/5.0 (compatible; YandexBot/3.0; +http://yandex.com/bots) AppleWebKit/537.36 (KHTML, like Gecko) Chrome/81.0.4044.268"
77.88.5.229 - - [08/Apr/2022:04:06:49 +0000] "GET /wa-content/js/jquery-plugins/jquery.cookie.js HTTP/1.1" 200 1355 "https://justgrill.ru/aksessuary/podstavki-i-rostery/podstavka-gril/podstavka-gril-big-green-egg-dlya-perchikov-s-nozhom/" "Mozilla/5.0 (compatible; YandexBot/3.0; +http://yandex.com/bots) AppleWebKit/537.36 (KHTML, like Gecko) Chrome/81.0.4044.268"
77.88.5.229 - - [08/Apr/2022:04:07:11 +0000] "GET /aksessuary/dlya-tandyrov/chekhly/chekhol-dlya-tandyra-komfort/ HTTP/1.1" 200 31411 "-" "Mozilla/5.0 (compatible; YandexBot/3.0; +http://yandex.com/bots)"
194.116.190.93 - - [08/Apr/2022:04:07:19 +0000] "GET /aksessuary/chekhly-dlya-griley/chekhol-dlya-grilya-broil-king-charcoal-500/ HTTP/1.1" 200 32220 "-" "Mozilla/5.0 (X11; Linux x86_64) AppleWebKit/537.36 (KHTML, like Gecko) Chrome/80.0.3987.149 Safari/537.36"
80.71.156.209 - - [08/Apr/2022:04:07:23 +0000] "GET /grili/ugolnye/weber/master-touch/14716004-gril-ugolnyy-master-touch-gbs-c-5750-siniy-okean/ HTTP/1.1" 200 35771 "-" "Mozilla/5.0 (X11; Linux x86_64) AppleWebKit/537.36 (KHTML, like Gecko) Chrome/83.0.2549.68 Safari/537.36"
66.249.66.54 - - [08/Apr/2022:04:07:35 +0000] "GET /grili/gazovye/napoleon/bilex/bilex-485_/ HTTP/1.1" 301 5 "-" "Mozilla/5.0 (compatible; Googlebot/2.1; +http://www.google.com/bot.html)"
66.249.66.210 - - [08/Apr/2022:04:07:36 +0000] "GET / HTTP/1.1" 200 39672 "-" "Mozilla/5.0 (compatible; Googlebot/2.1; +http://www.google.com/bot.html)"
66.249.66.48 - - [08/Apr/2022:04:07:37 +0000] "GET /grili/gazovye/napoleon/bilex/bilex-485_/ HTTP/1.1" 301 162 "-" "Mozilla/5.0 (compatible; Googlebot/2.1; +http://www.google.com/bot.html)"
66.249.66.57 - - [08/Apr/2022:04:07:38 +0000] "GET /grili/gazovye/napoleon/bilex/bilex-485_/ HTTP/1.1" 301 5 "-" "Mozilla/5.0 (compatible; Googlebot/2.1; +http://www.google.com/bot.html)"
66.249.66.59 - - [08/Apr/2022:04:07:39 +0000] "GET /grili/gazovye/napoleon/bilex/gazovyy-gril-napoleon-bilex-485/ HTTP/1.1" 200 35145 "-" "Mozilla/5.0 (compatible; Googlebot/2.1; +http://www.google.com/bot.html)"
77.88.5.229 - - [08/Apr/2022:04:07:40 +0000] "GET /brand/oklahoma-joe/ HTTP/1.1" 200 28619 "-" "Mozilla/5.0 (compatible; YandexBot/3.0; +http://yandex.com/bots) AppleWebKit/537.36 (KHTML, like Gecko) Chrome/81.0.4044.268"
81.30.217.22 - - [08/Apr/2022:04:07:48 +0000] "GET /grili/gazovye/broil-king/gazovyy-gril-broil-king-grillpro-300-chernyy/ HTTP/2.0" 200 34352 "https://yandex.ru/" "Mozilla/5.0 (Windows NT 10.0; Win64; x64) AppleWebKit/537.36 (KHTML, like Gecko) Chrome/98.0.4758.119 YaBrowser/22.3.0.2430 Yowser/2.5 Safari/537.36"
81.30.217.22 - - [08/Apr/2022:04:07:48 +0000] "GET /wa-content/font/ruble/arial/fontface.css HTTP/2.0" 200 371 "https://ufa.justgrill.ru/grili/gazovye/broil-king/gazovyy-gril-broil-king-grillpro-300-chernyy/" "Mozilla/5.0 (Windows NT 10.0; Win64; x64) AppleWebKit/537.36 (KHTML, like Gecko) Chrome/98.0.4758.119 YaBrowser/22.3.0.2430 Yowser/2.5 Safari/537.36"
77.88.5.70 - - [08/Apr/2022:04:07:48 +0000] "GET /wa-content/js/jquery-plugins/jquery.cookie.js HTTP/1.1" 200 1355 "https://saratov.justgrill.ru/brand/oklahoma-joe/" "Mozilla/5.0 (compatible; YandexBot/3.0; +http://yandex.com/bots) AppleWebKit/537.36 (KHTML, like Gecko) Chrome/81.0.4044.268"
81.30.217.22 - - [08/Apr/2022:04:07:48 +0000] "GET /wa-content/js/jquery-plugins/jquery.cookie.js HTTP/2.0" 200 1343 "https://ufa.justgrill.ru/grili/gazovye/broil-king/gazovyy-gril-broil-king-grillpro-300-chernyy/" "Mozilla/5.0 (Windows NT 10.0; Win64; x64) AppleWebKit/537.36 (KHTML, like Gecko) Chrome/98.0.4758.119 YaBrowser/22.3.0.2430 Yowser/2.5 Safari/537.36"
81.30.217.22 - - [08/Apr/2022:04:07:48 +0000] "GET /wa-content/js/jquery-plugins/jquery.cookie.js?v2.4.1 HTTP/2.0" 200 1343 "https://ufa.justgrill.ru/grili/gazovye/broil-king/gazovyy-gril-broil-king-grillpro-300-chernyy/" "Mozilla/5.0 (Windows NT 10.0; Win64; x64) AppleWebKit/537.36 (KHTML, like Gecko) Chrome/98.0.4758.119 YaBrowser/22.3.0.2430 Yowser/2.5 Safari/537.36"
81.30.217.22 - - [08/Apr/2022:04:07:48 +0000] "GET /wa-content/js/jquery-plugins/jquery.retina.min.js?v2.4.1 HTTP/2.0" 200 900 "https://ufa.justgrill.ru/grili/gazovye/broil-king/gazovyy-gril-broil-king-grillpro-300-chernyy/" "Mozilla/5.0 (Windows NT 10.0; Win64; x64) AppleWebKit/537.36 (KHTML, like Gecko) Chrome/98.0.4758.119 YaBrowser/22.3.0.2430 Yowser/2.5 Safari/537.36"
81.30.217.22 - - [08/Apr/2022:04:07:48 +0000] "GET /searchpro-plugin/config/?v1.9.0.1649390868?814051065 HTTP/2.0" 200 560 "https://ufa.justgrill.ru/grili/gazovye/broil-king/gazovyy-gril-broil-king-grillpro-300-chernyy/" "Mozilla/5.0 (Windows NT 10.0; Win64; x64) AppleWebKit/537.36 (KHTML, like Gecko) Chrome/98.0.4758.119 YaBrowser/22.3.0.2430 Yowser/2.5 Safari/537.36"
81.30.217.22 - - [08/Apr/2022:04:07:49 +0000] "GET /searchpro-plugin/config/?v1.9.0.1649390868?568465646 HTTP/2.0" 200 560 "https://ufa.justgrill.ru/grili/gazovye/broil-king/gazovyy-gril-broil-king-grillpro-300-chernyy/" "Mozilla/5.0 (Windows NT 10.0; Win64; x64) AppleWebKit/537.36 (KHTML, like Gecko) Chrome/98.0.4758.119 YaBrowser/22.3.0.2430 Yowser/2.5 Safari/537.36"
81.30.217.22 - - [08/Apr/2022:04:07:49 +0000] "GET /wa-data/public/site/themes/justgrill/fonts/Robotobold.woff2 HTTP/2.0" 200 28384 "https://ufa.justgrill.ru/wa-data/public/site/themes/justgrill/css/fonts.css?v3.3.1.1649390867" "Mozilla/5.0 (Windows NT 10.0; Win64; x64) AppleWebKit/537.36 (KHTML, like Gecko) Chrome/98.0.4758.119 YaBrowser/22.3.0.2430 Yowser/2.5 Safari/537.36"
81.30.217.22 - - [08/Apr/2022:04:07:49 +0000] "GET /wa-data/public/site/themes/justgrill/fonts/Robotolight.woff2 HTTP/2.0" 200 28296 "https://ufa.justgrill.ru/wa-data/public/site/themes/justgrill/css/fonts.css?v3.3.1.1649390867" "Mozilla/5.0 (Windows NT 10.0; Win64; x64) AppleWebKit/537.36 (KHTML, like Gecko) Chrome/98.0.4758.119 YaBrowser/22.3.0.2430 Yowser/2.5 Safari/537.36"
81.30.217.22 - - [08/Apr/2022:04:07:49 +0000] "GET /wa-data/public/site/themes/justgrill/fonts/Roboto.woff2 HTTP/2.0" 200 28036 "https://ufa.justgrill.ru/wa-data/public/site/themes/justgrill/css/fonts.css?v3.3.1.1649390867" "Mozilla/5.0 (Windows NT 10.0; Win64; x64) AppleWebKit/537.36 (KHTML, like Gecko) Chrome/98.0.4758.119 YaBrowser/22.3.0.2430 Yowser/2.5 Safari/537.36"
81.30.217.22 - - [08/Apr/2022:04:07:49 +0000] "GET /wa-content/css/signup/signup.css?v=8.21.0.1649390868 HTTP/2.0" 200 1909 "https://ufa.justgrill.ru/grili/gazovye/broil-king/gazovyy-gril-broil-king-grillpro-300-chernyy/" "Mozilla/5.0 (Windows NT 10.0; Win64; x64) AppleWebKit/537.36 (KHTML, like Gecko) Chrome/98.0.4758.119 YaBrowser/22.3.0.2430 Yowser/2.5 Safari/537.36"
81.30.217.22 - - [08/Apr/2022:04:07:49 +0000] "GET /wa-content/css/login/frontend/login.css?v=8.21.0.1649390868 HTTP/2.0" 200 1762 "https://ufa.justgrill.ru/grili/gazovye/broil-king/gazovyy-gril-broil-king-grillpro-300-chernyy/" "Mozilla/5.0 (Windows NT 10.0; Win64; x64) AppleWebKit/537.36 (KHTML, like Gecko) Chrome/98.0.4758.119 YaBrowser/22.3.0.2430 Yowser/2.5 Safari/537.36"
81.30.217.22 - - [08/Apr/2022:04:07:49 +0000] "GET /wa-content/css/login/frontend/forgot-password.css?v=8.21.0.1649390868 HTTP/2.0" 200 1560 "https://ufa.justgrill.ru/grili/gazovye/broil-king/gazovyy-gril-broil-king-grillpro-300-chernyy/" "Mozilla/5.0 (Windows NT 10.0; Win64; x64) AppleWebKit/537.36 (KHTML, like Gecko) Chrome/98.0.4758.119 YaBrowser/22.3.0.2430 Yowser/2.5 Safari/537.36"
81.30.217.22 - - [08/Apr/2022:04:07:49 +0000] "GET /wa-data/public/site/themes/justgrill/img/basket.svg HTTP/2.0" 200 3868 "https://ufa.justgrill.ru/wa-data/public/site/themes/justgrill/css/main.css?v3.3.1.1649390867" "Mozilla/5.0 (Windows NT 10.0; Win64; x64) AppleWebKit/537.36 (KHTML, like Gecko) Chrome/98.0.4758.119 YaBrowser/22.3.0.2430 Yowser/2.5 Safari/537.36"
81.30.217.22 - - [08/Apr/2022:04:07:49 +0000] "GET /wa-data/public/site/themes/justgrill/img/user.svg HTTP/2.0" 200 5703 "https://ufa.justgrill.ru/wa-data/public/site/themes/justgrill/css/main.css?v3.3.1.1649390867" "Mozilla/5.0 (Windows NT 10.0; Win64; x64) AppleWebKit/537.36 (KHTML, like Gecko) Chrome/98.0.4758.119 YaBrowser/22.3.0.2430 Yowser/2.5 Safari/537.36"
81.30.217.22 - - [08/Apr/2022:04:07:49 +0000] "GET /wa-content/font/ruble/arial/alsrubl-arial-regular.woff HTTP/2.0" 200 1788 "https://ufa.justgrill.ru/wa-content/font/ruble/arial/fontface.css" "Mozilla/5.0 (Windows NT 10.0; Win64; x64) AppleWebKit/537.36 (KHTML, like Gecko) Chrome/98.0.4758.119 YaBrowser/22.3.0.2430 Yowser/2.5 Safari/537.36"
81.30.217.22 - - [08/Apr/2022:04:07:49 +0000] "GET /wa-data/public/site/themes/justgrill/fonts/Robotomedium.woff2 HTTP/2.0" 200 28312 "https://ufa.justgrill.ru/wa-data/public/site/themes/justgrill/css/fonts.css?v3.3.1.1649390867" "Mozilla/5.0 (Windows NT 10.0; Win64; x64) AppleWebKit/537.36 (KHTML, like Gecko) Chrome/98.0.4758.119 YaBrowser/22.3.0.2430 Yowser/2.5 Safari/537.36"
81.30.217.22 - - [08/Apr/2022:04:07:49 +0000] "GET /wa-content/font/ruble/arial/alsrubl-arial-bold.woff HTTP/2.0" 200 1792 "https://ufa.justgrill.ru/wa-content/font/ruble/arial/fontface.css" "Mozilla/5.0 (Windows NT 10.0; Win64; x64) AppleWebKit/537.36 (KHTML, like Gecko) Chrome/98.0.4758.119 YaBrowser/22.3.0.2430 Yowser/2.5 Safari/537.36"
81.30.217.22 - - [08/Apr/2022:04:07:49 +0000] "GET /wa-apps/shop/plugins/searchpro/fonts/Roboto/Roboto-Regular.woff2 HTTP/2.0" 200 66004 "https://ufa.justgrill.ru/wa-apps/shop/plugins/searchpro/css/frontend.fonts.css?v1.9.0.1649390868" "Mozilla/5.0 (Windows NT 10.0; Win64; x64) AppleWebKit/537.36 (KHTML, like Gecko) Chrome/98.0.4758.119 YaBrowser/22.3.0.2430 Yowser/2.5 Safari/537.36"
81.30.217.22 - - [08/Apr/2022:04:07:49 +0000] "GET /regions/getPopupContent/ HTTP/2.0" 200 1024 "https://ufa.justgrill.ru/grili/gazovye/broil-king/gazovyy-gril-broil-king-grillpro-300-chernyy/" "Mozilla/5.0 (Windows NT 10.0; Win64; x64) AppleWebKit/537.36 (KHTML, like Gecko) Chrome/98.0.4758.119 YaBrowser/22.3.0.2430 Yowser/2.5 Safari/537.36"
81.30.217.22 - - [08/Apr/2022:04:07:49 +0000] "GET /wa-data/public/site/themes/justgrill/img/spec.svg HTTP/2.0" 200 1307 "https://ufa.justgrill.ru/grili/gazovye/broil-king/gazovyy-gril-broil-king-grillpro-300-chernyy/" "Mozilla/5.0 (Windows NT 10.0; Win64; x64) AppleWebKit/537.36 (KHTML, like Gecko) Chrome/98.0.4758.119 YaBrowser/22.3.0.2430 Yowser/2.5 Safari/537.36"
81.30.217.22 - - [08/Apr/2022:04:07:49 +0000] "GET /wa-data/public/site/themes/justgrill/img/deli.svg HTTP/2.0" 200 1527 "https://ufa.justgrill.ru/grili/gazovye/broil-king/gazovyy-gril-broil-king-grillpro-300-chernyy/" "Mozilla/5.0 (Windows NT 10.0; Win64; x64) AppleWebKit/537.36 (KHTML, like Gecko) Chrome/98.0.4758.119 YaBrowser/22.3.0.2430 Yowser/2.5 Safari/537.36"
81.30.217.22 - - [08/Apr/2022:04:07:49 +0000] "GET /wa-data/public/site/themes/justgrill/img/stock.svg HTTP/2.0" 200 3342 "https://ufa.justgrill.ru/grili/gazovye/broil-king/gazovyy-gril-broil-king-grillpro-300-chernyy/" "Mozilla/5.0 (Windows NT 10.0; Win64; x64) AppleWebKit/537.36 (KHTML, like Gecko) Chrome/98.0.4758.119 YaBrowser/22.3.0.2430 Yowser/2.5 Safari/537.36"
81.30.217.22 - - [08/Apr/2022:04:07:49 +0000] "GET /wa-data/public/site/themes/justgrill/img/arrow-f.svg HTTP/2.0" 200 223 "https://ufa.justgrill.ru/grili/gazovye/broil-king/gazovyy-gril-broil-king-grillpro-300-chernyy/" "Mozilla/5.0 (Windows NT 10.0; Win64; x64) AppleWebKit/537.36 (KHTML, like Gecko) Chrome/98.0.4758.119 YaBrowser/22.3.0.2430 Yowser/2.5 Safari/537.36"
81.30.217.22 - - [08/Apr/2022:04:07:49 +0000] "GET /regions/getPopupContent/ HTTP/2.0" 200 1024 "https://ufa.justgrill.ru/grili/gazovye/broil-king/gazovyy-gril-broil-king-grillpro-300-chernyy/" "Mozilla/5.0 (Windows NT 10.0; Win64; x64) AppleWebKit/537.36 (KHTML, like Gecko) Chrome/98.0.4758.119 YaBrowser/22.3.0.2430 Yowser/2.5 Safari/537.36"
81.30.217.22 - - [08/Apr/2022:04:07:50 +0000] "GET /shop/captcha.php?rid=1649390868624fb51418874 HTTP/2.0" 200 12965 "https://ufa.justgrill.ru/grili/gazovye/broil-king/gazovyy-gril-broil-king-grillpro-300-chernyy/" "Mozilla/5.0 (Windows NT 10.0; Win64; x64) AppleWebKit/537.36 (KHTML, like Gecko) Chrome/98.0.4758.119 YaBrowser/22.3.0.2430 Yowser/2.5 Safari/537.36"
81.30.217.22 - - [08/Apr/2022:04:07:50 +0000] "GET /wa-content/js/signup/signup.js?v=8.21.0.1649390868 HTTP/2.0" 200 6675 "https://ufa.justgrill.ru/grili/gazovye/broil-king/gazovyy-gril-broil-king-grillpro-300-chernyy/" "Mozilla/5.0 (Windows NT 10.0; Win64; x64) AppleWebKit/537.36 (KHTML, like Gecko) Chrome/98.0.4758.119 YaBrowser/22.3.0.2430 Yowser/2.5 Safari/537.36"
81.30.217.22 - - [08/Apr/2022:04:07:50 +0000] "GET /wa-content/js/login/login-frontend-form.min.js?v=8.21.0.1649390868 HTTP/2.0" 200 5488 "https://ufa.justgrill.ru/grili/gazovye/broil-king/gazovyy-gril-broil-king-grillpro-300-chernyy/" "Mozilla/5.0 (Windows NT 10.0; Win64; x64) AppleWebKit/537.36 (KHTML, like Gecko) Chrome/98.0.4758.119 YaBrowser/22.3.0.2430 Yowser/2.5 Safari/537.36"
81.30.217.22 - - [08/Apr/2022:04:07:50 +0000] "GET /wa-content/js/login/forgotpassword-frontend-form.min.js?v=8.21.0.1649390868 HTTP/2.0" 200 4709 "https://ufa.justgrill.ru/grili/gazovye/broil-king/gazovyy-gril-broil-king-grillpro-300-chernyy/" "Mozilla/5.0 (Windows NT 10.0; Win64; x64) AppleWebKit/537.36 (KHTML, like Gecko) Chrome/98.0.4758.119 YaBrowser/22.3.0.2430 Yowser/2.5 Safari/537.36"
81.30.217.22 - - [08/Apr/2022:04:07:50 +0000] "GET /wa-data/public/site/themes/justgrill/img/phone.svg HTTP/2.0" 200 99750 "https://ufa.justgrill.ru/wa-data/public/site/themes/justgrill/css/main.css?v3.3.1.1649390867" "Mozilla/5.0 (Windows NT 10.0; Win64; x64) AppleWebKit/537.36 (KHTML, like Gecko) Chrome/98.0.4758.119 YaBrowser/22.3.0.2430 Yowser/2.5 Safari/537.36"
81.30.217.22 - - [08/Apr/2022:04:07:50 +0000] "GET /wa-data/public/site/themes/justgrill/img/email.svg HTTP/2.0" 200 354 "https://ufa.justgrill.ru/wa-data/public/site/themes/justgrill/css/main.css?v3.3.1.1649390867" "Mozilla/5.0 (Windows NT 10.0; Win64; x64) AppleWebKit/537.36 (KHTML, like Gecko) Chrome/98.0.4758.119 YaBrowser/22.3.0.2430 Yowser/2.5 Safari/537.36"
81.30.217.22 - - [08/Apr/2022:04:07:50 +0000] "GET /wa-data/public/site/themes/justgrill/img/adress.svg HTTP/2.0" 200 80968 "https://ufa.justgrill.ru/wa-data/public/site/themes/justgrill/css/main.css?v3.3.1.1649390867" "Mozilla/5.0 (Windows NT 10.0; Win64; x64) AppleWebKit/537.36 (KHTML, like Gecko) Chrome/98.0.4758.119 YaBrowser/22.3.0.2430 Yowser/2.5 Safari/537.36"
81.30.217.22 - - [08/Apr/2022:04:07:50 +0000] "GET /wa-data/public/site/themes/justgrill/img/arrow.svg HTTP/2.0" 200 46336 "https://ufa.justgrill.ru/wa-data/public/site/themes/justgrill/css/main.css?v3.3.1.1649390867" "Mozilla/5.0 (Windows NT 10.0; Win64; x64) AppleWebKit/537.36 (KHTML, like Gecko) Chrome/98.0.4758.119 YaBrowser/22.3.0.2430 Yowser/2.5 Safari/537.36"
66.249.81.38 - - [08/Apr/2022:04:07:51 +0000] "GET /.well-known/traffic-advice HTTP/1.1" 301 5 "-" "Chrome Privacy Preserving Prefetch Proxy"
54.36.149.1 - - [08/Apr/2022:04:07:55 +0000] "GET /spetsii-dlya-grilya/pripravy/priprava-italyanskaya-40g-mini-melnitsa/ HTTP/2.0" 200 33444 "-" "Mozilla/5.0 (compatible; AhrefsBot/7.0; +http://ahrefs.com/robot/)"
176.125.243.20 - - [08/Apr/2022:04:08:04 +0000] "GET /aksessuary/chekhly-dlya-griley/sumka-dlya-grilya-weber-smokey-joe/ HTTP/1.1" 200 33324 "-" "Mozilla/5.0 (X11; Linux x86_64) AppleWebKit/537.36 (KHTML, like Gecko) Chrome/83.0.2549.68 Safari/537.36"
77.88.5.229 - - [08/Apr/2022:04:08:08 +0000] "GET /grili/gazovye/broil-king/gazovyy-gril-broil-king-grillpro-300-chernyy/ HTTP/1.1" 200 34755 "-" "Mozilla/5.0 (compatible; YandexBot/3.0; +http://yandex.com/bots)"
77.88.5.229 - - [08/Apr/2022:04:08:10 +0000] "GET / HTTP/1.1" 301 162 "-" "Mozilla/5.0 (compatible; YandexMetrika/2.0; +http://yandex.com/bots yabs01)"
114.119.128.56 - - [08/Apr/2022:04:08:24 +0000] "GET /grili/dlya-dachi-gazovye/gril-gazovyy-vstraivaemyy-s-yashchikami-imperial-xls HTTP/1.1" 301 5 "-" "Mozilla/5.0 (Linux; Android 7.0;) AppleWebKit/537.36 (KHTML, like Gecko) Mobile Safari/537.36 (compatible; PetalBot;+https://webmaster.petalsearch.com/site/petalbot)"
77.88.5.229 - - [08/Apr/2022:04:08:25 +0000] "GET /aksessuary/reshetki/reshetka-gril/komplekt-osnovnykh-barbekyu-reshetok-dlya-grilya-r425-nerzh-stal/ HTTP/1.1" 200 32050 "-" "Mozilla/5.0 (compatible; YandexBot/3.0; +http://yandex.com/bots)"
114.119.128.56 - - [08/Apr/2022:04:08:27 +0000] "GET /grili/dlya-dachi-gazovye/gril-gazovyy-vstraivaemyy-s-yashchikami-imperial-xls/ HTTP/1.1" 301 5 "-" "Mozilla/5.0 (Linux; Android 7.0;) AppleWebKit/537.36 (KHTML, like Gecko) Mobile Safari/537.36 (compatible; PetalBot;+https://webmaster.petalsearch.com/site/petalbot)"
81.30.217.22 - - [08/Apr/2022:04:08:30 +0000] "GET /favicon.ico HTTP/2.0" 200 54978 "https://ufa.justgrill.ru/grili/gazovye/broil-king/gazovyy-gril-broil-king-grillpro-300-chernyy/" "Mozilla/5.0 (Windows NT 10.0; Win64; x64) AppleWebKit/537.36 (KHTML, like Gecko) Chrome/98.0.4758.119 YaBrowser/22.3.0.2430 Yowser/2.5 Safari/537.36"
77.88.5.229 - - [08/Apr/2022:04:08:31 +0000] "GET /grili/gazovye/broil-king/baron/gril-gazovyy-broil-king-baron-590-new-chernyy/ HTTP/1.1" 200 35837 "-" "Mozilla/5.0 (compatible; YandexBot/3.0; +http://yandex.com/bots)"
114.119.128.56 - - [08/Apr/2022:04:08:32 +0000] "GET /grili/gazovye/broil-king/imperial/vstraivaemyy-gazovyy-gril-broil-king-imperial-xls/ HTTP/1.1" 200 36043 "-" "Mozilla/5.0 (Linux; Android 7.0;) AppleWebKit/537.36 (KHTML, like Gecko) Mobile Safari/537.36 (compatible; PetalBot;+https://webmaster.petalsearch.com/site/petalbot)"
77.88.5.229 - - [08/Apr/2022:04:08:34 +0000] "GET /wa-content/js/jquery-plugins/jquery.cookie.js HTTP/1.1" 200 1355 "-" "Mozilla/5.0 (compatible; YandexBot/3.0; +http://yandex.com/bots)"
66.249.66.57 - - [08/Apr/2022:04:08:48 +0000] "GET /aksessuary/knigi-o-grile/ HTTP/1.1" 200 30657 "-" "Mozilla/5.0 (compatible; Googlebot/2.1; +http://www.google.com/bot.html)"
77.88.5.229 - - [08/Apr/2022:04:08:53 +0000] "GET /robots.txt HTTP/1.1" 200 618 "-" "Mozilla/5.0 (compatible; YandexBot/3.0; +http://yandex.com/bots)"
77.88.5.229 - - [08/Apr/2022:04:08:57 +0000] "GET /grili/dlya-dachi/ HTTP/1.1" 200 37416 "-" "Mozilla/5.0 (compatible; YandexBot/3.0; +http://yandex.com/bots)"
142.132.139.169 - - [08/Apr/2022:04:09:05 +0000] "GET /blog/rss/ HTTP/1.1" 200 10238 "-" "Mozilla/5.0 (compatible; DataForSeoBot/1.0; +https://dataforseo.com/dataforseo-bot)"
66.249.92.54 - - [08/Apr/2022:04:09:19 +0000] "GET /wa-content/font/ruble/arial/fontface.css HTTP/1.1" 200 383 "https://justgrill.ru/grili/keramicheskie/?utm_source=google&utm_medium=cpc&utm_term=entity_%2Fg%2F11h3vdjfcr&utm_content=&utm_campaign=grili_krasnodar_kms&network=d&placement=&adposition=none&keyword=entity_%2Fg%2F11h3vdjfcr" "Mozilla/5.0 (iPhone; CPU iPhone OS 14_7_1 like Mac OS X) AppleWebKit/605.1.15 (KHTML, like Gecko) Version/14.1.2 Mobile/15E148 Safari/604.1 (compatible; AdsBot-Google-Mobile; +http://www.google.com/mobile/adsbot.html)"
66.249.92.54 - - [08/Apr/2022:04:09:24 +0000] "GET /wa-content/css/jquery-ui/base/jquery.ui.slider.css HTTP/1.1" 200 343 "https://justgrill.ru/grili/keramicheskie/?utm_source=google&utm_medium=cpc&utm_term=entity_%2Fg%2F11h3vdjfcr&utm_content=&utm_campaign=grili_krasnodar_kms&network=d&placement=&adposition=none&keyword=entity_%2Fg%2F11h3vdjfcr" "Mozilla/5.0 (iPhone; CPU iPhone OS 14_7_1 like Mac OS X) AppleWebKit/605.1.15 (KHTML, like Gecko) Version/14.1.2 Mobile/15E148 Safari/604.1 (compatible; AdsBot-Google-Mobile; +http://www.google.com/mobile/adsbot.html)"
66.249.92.54 - - [08/Apr/2022:04:09:25 +0000] "GET /wa-content/js/jquery-plugins/jquery.cookie.js?v2.4.1 HTTP/1.1" 200 1355 "https://justgrill.ru/grili/keramicheskie/?utm_source=google&utm_medium=cpc&utm_term=entity_%2Fg%2F11h3vdjfcr&utm_content=&utm_campaign=grili_krasnodar_kms&network=d&placement=&adposition=none&keyword=entity_%2Fg%2F11h3vdjfcr" "Mozilla/5.0 (iPhone; CPU iPhone OS 14_7_1 like Mac OS X) AppleWebKit/605.1.15 (KHTML, like Gecko) Version/14.1.2 Mobile/15E148 Safari/604.1 (compatible; AdsBot-Google-Mobile; +http://www.google.com/mobile/adsbot.html)"
66.249.92.54 - - [08/Apr/2022:04:09:31 +0000] "GET /wa-content/js/jquery-ui/jquery.ui.core.min.js?v2.4.1 HTTP/1.1" 200 2044 "https://justgrill.ru/grili/keramicheskie/?utm_source=google&utm_medium=cpc&utm_term=entity_%2Fg%2F11h3vdjfcr&utm_content=&utm_campaign=grili_krasnodar_kms&network=d&placement=&adposition=none&keyword=entity_%2Fg%2F11h3vdjfcr" "Mozilla/5.0 (iPhone; CPU iPhone OS 14_7_1 like Mac OS X) AppleWebKit/605.1.15 (KHTML, like Gecko) Version/14.1.2 Mobile/15E148 Safari/604.1 (compatible; AdsBot-Google-Mobile; +http://www.google.com/mobile/adsbot.html)"
66.249.92.54 - - [08/Apr/2022:04:09:34 +0000] "GET /wa-content/js/jquery-ui/jquery.ui.widget.min.js?v2.4.1 HTTP/1.1" 200 1313 "https://justgrill.ru/grili/keramicheskie/?utm_source=google&utm_medium=cpc&utm_term=entity_%2Fg%2F11h3vdjfcr&utm_content=&utm_campaign=grili_krasnodar_kms&network=d&placement=&adposition=none&keyword=entity_%2Fg%2F11h3vdjfcr" "Mozilla/5.0 (iPhone; CPU iPhone OS 14_7_1 like Mac OS X) AppleWebKit/605.1.15 (KHTML, like Gecko) Version/14.1.2 Mobile/15E148 Safari/604.1 (compatible; AdsBot-Google-Mobile; +http://www.google.com/mobile/adsbot.html)"
66.249.92.54 - - [08/Apr/2022:04:09:35 +0000] "GET /wa-content/js/jquery-ui/jquery.ui.slider.min.js?v2.4.1 HTTP/1.1" 200 2858 "https://justgrill.ru/grili/keramicheskie/?utm_source=google&utm_medium=cpc&utm_term=entity_%2Fg%2F11h3vdjfcr&utm_content=&utm_campaign=grili_krasnodar_kms&network=d&placement=&adposition=none&keyword=entity_%2Fg%2F11h3vdjfcr" "Mozilla/5.0 (iPhone; CPU iPhone OS 14_7_1 like Mac OS X) AppleWebKit/605.1.15 (KHTML, like Gecko) Version/14.1.2 Mobile/15E148 Safari/604.1 (compatible; AdsBot-Google-Mobile; +http://www.google.com/mobile/adsbot.html)"
66.249.92.54 - - [08/Apr/2022:04:09:38 +0000] "GET /wa-content/js/jquery-plugins/jquery.retina.min.js?v2.4.1 HTTP/1.1" 200 912 "https://justgrill.ru/grili/keramicheskie/?utm_source=google&utm_medium=cpc&utm_term=entity_%2Fg%2F11h3vdjfcr&utm_content=&utm_campaign=grili_krasnodar_kms&network=d&placement=&adposition=none&keyword=entity_%2Fg%2F11h3vdjfcr" "Mozilla/5.0 (iPhone; CPU iPhone OS 14_7_1 like Mac OS X) AppleWebKit/605.1.15 (KHTML, like Gecko) Version/14.1.2 Mobile/15E148 Safari/604.1 (compatible; AdsBot-Google-Mobile; +http://www.google.com/mobile/adsbot.html)"
66.249.92.54 - - [08/Apr/2022:04:09:38 +0000] "GET /wa-content/js/jquery-ui/jquery.ui.mouse.min.js?v2.4.1 HTTP/1.1" 200 944 "https://justgrill.ru/grili/keramicheskie/?utm_source=google&utm_medium=cpc&utm_term=entity_%2Fg%2F11h3vdjfcr&utm_content=&utm_campaign=grili_krasnodar_kms&network=d&placement=&adposition=none&keyword=entity_%2Fg%2F11h3vdjfcr" "Mozilla/5.0 (iPhone; CPU iPhone OS 14_7_1 like Mac OS X) AppleWebKit/605.1.15 (KHTML, like Gecko) Version/14.1.2 Mobile/15E148 Safari/604.1 (compatible; AdsBot-Google-Mobile; +http://www.google.com/mobile/adsbot.html)"
66.249.92.54 - - [08/Apr/2022:04:09:39 +0000] "GET /wa-content/js/jquery-plugins/jquery.cookie.js HTTP/1.1" 200 1355 "https://justgrill.ru/grili/keramicheskie/?utm_source=google&utm_medium=cpc&utm_term=entity_%2Fg%2F11h3vdjfcr&utm_content=&utm_campaign=grili_krasnodar_kms&network=d&placement=&adposition=none&keyword=entity_%2Fg%2F11h3vdjfcr" "Mozilla/5.0 (iPhone; CPU iPhone OS 14_7_1 like Mac OS X) AppleWebKit/605.1.15 (KHTML, like Gecko) Version/14.1.2 Mobile/15E148 Safari/604.1 (compatible; AdsBot-Google-Mobile; +http://www.google.com/mobile/adsbot.html)"
66.249.92.54 - - [08/Apr/2022:04:09:42 +0000] "GET /searchpro-plugin/config/?v1.9.0.1648892344?629074087 HTTP/1.1" 200 569 "https://justgrill.ru/grili/keramicheskie/?utm_source=google&utm_medium=cpc&utm_term=entity_%2Fg%2F11h3vdjfcr&utm_content=&utm_campaign=grili_krasnodar_kms&network=d&placement=&adposition=none&keyword=entity_%2Fg%2F11h3vdjfcr" "Mozilla/5.0 (iPhone; CPU iPhone OS 14_7_1 like Mac OS X) AppleWebKit/605.1.15 (KHTML, like Gecko) Version/14.1.2 Mobile/15E148 Safari/604.1 (compatible; AdsBot-Google-Mobile; +http://www.google.com/mobile/adsbot.html)"
66.249.92.54 - - [08/Apr/2022:04:09:42 +0000] "GET /searchpro-plugin/config/?v1.9.0.1648892344?1116166471 HTTP/1.1" 200 569 "https://justgrill.ru/grili/keramicheskie/?utm_source=google&utm_medium=cpc&utm_term=entity_%2Fg%2F11h3vdjfcr&utm_content=&utm_campaign=grili_krasnodar_kms&network=d&placement=&adposition=none&keyword=entity_%2Fg%2F11h3vdjfcr" "Mozilla/5.0 (iPhone; CPU iPhone OS 14_7_1 like Mac OS X) AppleWebKit/605.1.15 (KHTML, like Gecko) Version/14.1.2 Mobile/15E148 Safari/604.1 (compatible; AdsBot-Google-Mobile; +http://www.google.com/mobile/adsbot.html)"
66.249.92.54 - - [08/Apr/2022:04:09:50 +0000] "GET /wa-content/js/signup/signup.js?v=8.21.0.1648892344 HTTP/1.1" 200 6688 "https://justgrill.ru/grili/keramicheskie/?utm_source=google&utm_medium=cpc&utm_term=entity_%2Fg%2F11h3vdjfcr&utm_content=&utm_campaign=grili_krasnodar_kms&network=d&placement=&adposition=none&keyword=entity_%2Fg%2F11h3vdjfcr" "Mozilla/5.0 (iPhone; CPU iPhone OS 14_7_1 like Mac OS X) AppleWebKit/605.1.15 (KHTML, like Gecko) Version/14.1.2 Mobile/15E148 Safari/604.1 (compatible; AdsBot-Google-Mobile; +http://www.google.com/mobile/adsbot.html)"
66.249.92.54 - - [08/Apr/2022:04:09:50 +0000] "GET /wa-content/js/login/login-frontend-form.min.js?v=8.21.0.1648892344 HTTP/1.1" 200 5501 "https://justgrill.ru/grili/keramicheskie/?utm_source=google&utm_medium=cpc&utm_term=entity_%2Fg%2F11h3vdjfcr&utm_content=&utm_campaign=grili_krasnodar_kms&network=d&placement=&adposition=none&keyword=entity_%2Fg%2F11h3vdjfcr" "Mozilla/5.0 (iPhone; CPU iPhone OS 14_7_1 like Mac OS X) AppleWebKit/605.1.15 (KHTML, like Gecko) Version/14.1.2 Mobile/15E148 Safari/604.1 (compatible; AdsBot-Google-Mobile; +http://www.google.com/mobile/adsbot.html)"
66.249.92.54 - - [08/Apr/2022:04:09:51 +0000] "GET /wa-content/css/login/frontend/forgot-password.css?v=8.21.0.1648892344 HTTP/1.1" 200 1572 "https://justgrill.ru/grili/keramicheskie/?utm_source=google&utm_medium=cpc&utm_term=entity_%2Fg%2F11h3vdjfcr&utm_content=&utm_campaign=grili_krasnodar_kms&network=d&placement=&adposition=none&keyword=entity_%2Fg%2F11h3vdjfcr" "Mozilla/5.0 (iPhone; CPU iPhone OS 14_7_1 like Mac OS X) AppleWebKit/605.1.15 (KHTML, like Gecko) Version/14.1.2 Mobile/15E148 Safari/604.1 (compatible; AdsBot-Google-Mobile; +http://www.google.com/mobile/adsbot.html)"
66.249.92.54 - - [08/Apr/2022:04:09:51 +0000] "GET /wa-content/js/login/forgotpassword-frontend-form.min.js?v=8.21.0.1648892344 HTTP/1.1" 200 4722 "https://justgrill.ru/grili/keramicheskie/?utm_source=google&utm_medium=cpc&utm_term=entity_%2Fg%2F11h3vdjfcr&utm_content=&utm_campaign=grili_krasnodar_kms&network=d&placement=&adposition=none&keyword=entity_%2Fg%2F11h3vdjfcr" "Mozilla/5.0 (iPhone; CPU iPhone OS 14_7_1 like Mac OS X) AppleWebKit/605.1.15 (KHTML, like Gecko) Version/14.1.2 Mobile/15E148 Safari/604.1 (compatible; AdsBot-Google-Mobile; +http://www.google.com/mobile/adsbot.html)"
66.249.92.54 - - [08/Apr/2022:04:09:52 +0000] "GET /wa-content/css/login/frontend/login.css?v=8.21.0.1648892344 HTTP/1.1" 200 1774 "https://justgrill.ru/grili/keramicheskie/?utm_source=google&utm_medium=cpc&utm_term=entity_%2Fg%2F11h3vdjfcr&utm_content=&utm_campaign=grili_krasnodar_kms&network=d&placement=&adposition=none&keyword=entity_%2Fg%2F11h3vdjfcr" "Mozilla/5.0 (iPhone; CPU iPhone OS 14_7_1 like Mac OS X) AppleWebKit/605.1.15 (KHTML, like Gecko) Version/14.1.2 Mobile/15E148 Safari/604.1 (compatible; AdsBot-Google-Mobile; +http://www.google.com/mobile/adsbot.html)"
66.249.92.54 - - [08/Apr/2022:04:09:52 +0000] "GET /wa-content/font/ruble/arial/alsrubl-arial-regular.woff HTTP/1.1" 200 1788 "https://justgrill.ru/wa-content/font/ruble/arial/fontface.css" "Mozilla/5.0 (iPhone; CPU iPhone OS 14_7_1 like Mac OS X) AppleWebKit/605.1.15 (KHTML, like Gecko) Version/14.1.2 Mobile/15E148 Safari/604.1 (compatible; AdsBot-Google-Mobile; +http://www.google.com/mobile/adsbot.html)"
66.249.92.54 - - [08/Apr/2022:04:09:53 +0000] "GET /wa-content/css/signup/signup.css?v=8.21.0.1648892344 HTTP/1.1" 200 1921 "https://justgrill.ru/grili/keramicheskie/?utm_source=google&utm_medium=cpc&utm_term=entity_%2Fg%2F11h3vdjfcr&utm_content=&utm_campaign=grili_krasnodar_kms&network=d&placement=&adposition=none&keyword=entity_%2Fg%2F11h3vdjfcr" "Mozilla/5.0 (iPhone; CPU iPhone OS 14_7_1 like Mac OS X) AppleWebKit/605.1.15 (KHTML, like Gecko) Version/14.1.2 Mobile/15E148 Safari/604.1 (compatible; AdsBot-Google-Mobile; +http://www.google.com/mobile/adsbot.html)"
114.119.129.143 - - [08/Apr/2022:04:09:53 +0000] "GET /aksessuary/chekhly-dlya-griley/premium-chekhol-dlya-spirit-2013-200-serii HTTP/1.1" 301 5 "-" "Mozilla/5.0 (Linux; Android 7.0;) AppleWebKit/537.36 (KHTML, like Gecko) Mobile Safari/537.36 (compatible; PetalBot;+https://webmaster.petalsearch.com/site/petalbot)"
66.249.92.54 - - [08/Apr/2022:04:09:54 +0000] "GET /wa-data/public/site/themes/justgrill/fonts/Roboto.woff2 HTTP/1.1" 200 28036 "https://justgrill.ru/wa-data/public/site/themes/justgrill/css/fonts.css?v3.3.1.1648892344" "Mozilla/5.0 (iPhone; CPU iPhone OS 14_7_1 like Mac OS X) AppleWebKit/605.1.15 (KHTML, like Gecko) Version/14.1.2 Mobile/15E148 Safari/604.1 (compatible; AdsBot-Google-Mobile; +http://www.google.com/mobile/adsbot.html)"
66.249.92.54 - - [08/Apr/2022:04:09:54 +0000] "GET /wa-data/public/site/themes/justgrill/fonts/Robotolight.woff2 HTTP/1.1" 200 28296 "https://justgrill.ru/wa-data/public/site/themes/justgrill/css/fonts.css?v3.3.1.1648892344" "Mozilla/5.0 (iPhone; CPU iPhone OS 14_7_1 like Mac OS X) AppleWebKit/605.1.15 (KHTML, like Gecko) Version/14.1.2 Mobile/15E148 Safari/604.1 (compatible; AdsBot-Google-Mobile; +http://www.google.com/mobile/adsbot.html)"
66.249.92.54 - - [08/Apr/2022:04:09:55 +0000] "GET /wa-data/public/site/themes/justgrill/fonts/Robotobold.woff2 HTTP/1.1" 200 28384 "https://justgrill.ru/wa-data/public/site/themes/justgrill/css/fonts.css?v3.3.1.1648892344" "Mozilla/5.0 (iPhone; CPU iPhone OS 14_7_1 like Mac OS X) AppleWebKit/605.1.15 (KHTML, like Gecko) Version/14.1.2 Mobile/15E148 Safari/604.1 (compatible; AdsBot-Google-Mobile; +http://www.google.com/mobile/adsbot.html)"
66.249.92.54 - - [08/Apr/2022:04:09:55 +0000] "GET /wa-data/public/site/themes/justgrill/fonts/Robotomedium.woff2 HTTP/1.1" 200 28312 "https://justgrill.ru/wa-data/public/site/themes/justgrill/css/fonts.css?v3.3.1.1648892344" "Mozilla/5.0 (iPhone; CPU iPhone OS 14_7_1 like Mac OS X) AppleWebKit/605.1.15 (KHTML, like Gecko) Version/14.1.2 Mobile/15E148 Safari/604.1 (compatible; AdsBot-Google-Mobile; +http://www.google.com/mobile/adsbot.html)"
66.249.92.54 - - [08/Apr/2022:04:09:56 +0000] "GET /regions/getPopupContent/ HTTP/1.1" 200 1035 "https://justgrill.ru/grili/keramicheskie/?utm_source=google&utm_medium=cpc&utm_term=entity_%2Fg%2F11h3vdjfcr&utm_content=&utm_campaign=grili_krasnodar_kms&network=d&placement=&adposition=none&keyword=entity_%2Fg%2F11h3vdjfcr" "Mozilla/5.0 (iPhone; CPU iPhone OS 14_7_1 like Mac OS X) AppleWebKit/605.1.15 (KHTML, like Gecko) Version/14.1.2 Mobile/15E148 Safari/604.1 (compatible; AdsBot-Google-Mobile; +http://www.google.com/mobile/adsbot.html)"
66.249.92.54 - - [08/Apr/2022:04:09:56 +0000] "GET /regions/getPopupContent/ HTTP/1.1" 200 1035 "https://justgrill.ru/grili/keramicheskie/?utm_source=google&utm_medium=cpc&utm_term=entity_%2Fg%2F11h3vdjfcr&utm_content=&utm_campaign=grili_krasnodar_kms&network=d&placement=&adposition=none&keyword=entity_%2Fg%2F11h3vdjfcr" "Mozilla/5.0 (iPhone; CPU iPhone OS 14_7_1 like Mac OS X) AppleWebKit/605.1.15 (KHTML, like Gecko) Version/14.1.2 Mobile/15E148 Safari/604.1 (compatible; AdsBot-Google-Mobile; +http://www.google.com/mobile/adsbot.html)"
66.249.92.54 - - [08/Apr/2022:04:09:57 +0000] "GET /wa-apps/shop/plugins/searchpro/fonts/Roboto/Roboto-Regular.woff2 HTTP/1.1" 200 66004 "https://justgrill.ru/wa-apps/shop/plugins/searchpro/css/frontend.fonts.css?v1.9.0.1648892344" "Mozilla/5.0 (iPhone; CPU iPhone OS 14_7_1 like Mac OS X) AppleWebKit/605.1.15 (KHTML, like Gecko) Version/14.1.2 Mobile/15E148 Safari/604.1 (compatible; AdsBot-Google-Mobile; +http://www.google.com/mobile/adsbot.html)"
114.119.129.143 - - [08/Apr/2022:04:09:58 +0000] "GET /aksessuary/chekhly-dlya-griley/premium-chekhol-dlya-spirit-2013-200-serii HTTP/1.1" 301 162 "-" "Mozilla/5.0 (Linux; Android 7.0;) AppleWebKit/537.36 (KHTML, like Gecko) Mobile Safari/537.36 (compatible; PetalBot;+https://webmaster.petalsearch.com/site/petalbot)"
66.249.66.9 - - [08/Apr/2022:04:10:00 +0000] "GET /grili/keramicheskie/ HTTP/1.1" 200 36353 "-" "Mozilla/5.0 (compatible; Googlebot/2.1; +http://www.google.com/bot.html)"
114.119.153.49 - - [08/Apr/2022:04:10:03 +0000] "GET /brand/big-green-egg/ HTTP/1.1" 200 36179 "-" "Mozilla/5.0 (Linux; Android 7.0;) AppleWebKit/537.36 (KHTML, like Gecko) Mobile Safari/537.36 (compatible; PetalBot;+https://webmaster.petalsearch.com/site/petalbot)"
114.119.129.143 - - [08/Apr/2022:04:10:05 +0000] "GET /aksessuary/chekhly-dlya-griley/premium-chekhol-dlya-spirit-2013-200-serii HTTP/1.1" 301 5 "-" "Mozilla/5.0 (Linux; Android 7.0;) AppleWebKit/537.36 (KHTML, like Gecko) Mobile Safari/537.36 (compatible; PetalBot;+https://webmaster.petalsearch.com/site/petalbot)"
114.119.129.143 - - [08/Apr/2022:04:10:09 +0000] "GET /aksessuary/chekhly-dlya-griley/premium-chekhol-dlya-spirit-2013-200-serii/ HTTP/1.1" 301 5 "-" "Mozilla/5.0 (Linux; Android 7.0;) AppleWebKit/537.36 (KHTML, like Gecko) Mobile Safari/537.36 (compatible; PetalBot;+https://webmaster.petalsearch.com/site/petalbot)"
45.155.52.135 - - [08/Apr/2022:04:10:14 +0000] "GET /obogrevateli-ulichnye/gazovye/nagrevatel-gaz-ulich-patio-m-g31-37mbar-b-ruchupr-82kvt-beloe-steklo/ HTTP/1.1" 200 33601 "-" "Mozilla/5.0 (X11; Linux x86_64) AppleWebKit/537.36 (KHTML, like Gecko) Chrome/83.0.2549.68 Safari/537.36"
213.87.89.109 - - [08/Apr/2022:04:10:16 +0000] "GET /aksessuary/gazovoe-oborudovanie/gazovyy-shlang-s-reduktorom-3-v-1-gril-weber/ HTTP/2.0" 200 35918 "https://yandex.ru/" "Mozilla/5.0 (Linux; arm_64; Android 10; Mi 9T) AppleWebKit/537.36 (KHTML, like Gecko) Chrome/98.0.4758.132 YaBrowser/22.3.2.95.00 SA/3 Mobile Safari/537.36"
213.87.89.109 - - [08/Apr/2022:04:10:17 +0000] "GET /wa-data/public/site/themes/justgrill/fonts/Robotobold.woff2 HTTP/2.0" 200 28384 "https://justgrill.ru/wa-data/public/site/themes/justgrill/css/fonts.css?v3.3.1.1649391016" "Mozilla/5.0 (Linux; arm_64; Android 10; Mi 9T) AppleWebKit/537.36 (KHTML, like Gecko) Chrome/98.0.4758.132 YaBrowser/22.3.2.95.00 SA/3 Mobile Safari/537.36"
213.87.89.109 - - [08/Apr/2022:04:10:17 +0000] "GET /wa-data/public/site/themes/justgrill/fonts/Robotolight.woff2 HTTP/2.0" 200 28296 "https://justgrill.ru/wa-data/public/site/themes/justgrill/css/fonts.css?v3.3.1.1649391016" "Mozilla/5.0 (Linux; arm_64; Android 10; Mi 9T) AppleWebKit/537.36 (KHTML, like Gecko) Chrome/98.0.4758.132 YaBrowser/22.3.2.95.00 SA/3 Mobile Safari/537.36"
213.87.89.109 - - [08/Apr/2022:04:10:17 +0000] "GET /searchpro-plugin/config/?v1.9.0.1649391016?307132185 HTTP/2.0" 200 557 "https://justgrill.ru/aksessuary/gazovoe-oborudovanie/gazovyy-shlang-s-reduktorom-3-v-1-gril-weber/" "Mozilla/5.0 (Linux; arm_64; Android 10; Mi 9T) AppleWebKit/537.36 (KHTML, like Gecko) Chrome/98.0.4758.132 YaBrowser/22.3.2.95.00 SA/3 Mobile Safari/537.36"
213.87.89.109 - - [08/Apr/2022:04:10:17 +0000] "GET /wa-data/public/site/themes/justgrill/fonts/Roboto.woff2 HTTP/2.0" 200 28036 "https://justgrill.ru/wa-data/public/site/themes/justgrill/css/fonts.css?v3.3.1.1649391016" "Mozilla/5.0 (Linux; arm_64; Android 10; Mi 9T) AppleWebKit/537.36 (KHTML, like Gecko) Chrome/98.0.4758.132 YaBrowser/22.3.2.95.00 SA/3 Mobile Safari/537.36"
213.87.89.109 - - [08/Apr/2022:04:10:17 +0000] "GET /searchpro-plugin/config/?v1.9.0.1649391016?597868289 HTTP/2.0" 200 557 "https://justgrill.ru/aksessuary/gazovoe-oborudovanie/gazovyy-shlang-s-reduktorom-3-v-1-gril-weber/" "Mozilla/5.0 (Linux; arm_64; Android 10; Mi 9T) AppleWebKit/537.36 (KHTML, like Gecko) Chrome/98.0.4758.132 YaBrowser/22.3.2.95.00 SA/3 Mobile Safari/537.36"
213.87.89.109 - - [08/Apr/2022:04:10:17 +0000] "GET /wa-apps/shop/plugins/searchpro/fonts/Roboto/Roboto-Regular.woff2 HTTP/2.0" 200 66004 "https://justgrill.ru/wa-apps/shop/plugins/searchpro/css/frontend.fonts.css?v1.9.0.1649391016" "Mozilla/5.0 (Linux; arm_64; Android 10; Mi 9T) AppleWebKit/537.36 (KHTML, like Gecko) Chrome/98.0.4758.132 YaBrowser/22.3.2.95.00 SA/3 Mobile Safari/537.36"
213.87.89.109 - - [08/Apr/2022:04:10:17 +0000] "GET /wa-data/public/site/themes/justgrill/fonts/Robotomedium.woff2 HTTP/2.0" 200 28312 "https://justgrill.ru/wa-data/public/site/themes/justgrill/css/fonts.css?v3.3.1.1649391016" "Mozilla/5.0 (Linux; arm_64; Android 10; Mi 9T) AppleWebKit/537.36 (KHTML, like Gecko) Chrome/98.0.4758.132 YaBrowser/22.3.2.95.00 SA/3 Mobile Safari/537.36"
213.87.89.109 - - [08/Apr/2022:04:10:17 +0000] "GET /wa-data/public/site/themes/justgrill/img/phone.svg HTTP/2.0" 200 99750 "https://justgrill.ru/wa-data/public/site/themes/justgrill/css/main.css?v3.3.1.1649391016" "Mozilla/5.0 (Linux; arm_64; Android 10; Mi 9T) AppleWebKit/537.36 (KHTML, like Gecko) Chrome/98.0.4758.132 YaBrowser/22.3.2.95.00 SA/3 Mobile Safari/537.36"
213.87.89.109 - - [08/Apr/2022:04:10:17 +0000] "GET /wa-data/public/site/themes/justgrill/img/adress.svg HTTP/2.0" 200 80968 "https://justgrill.ru/wa-data/public/site/themes/justgrill/css/main.css?v3.3.1.1649391016" "Mozilla/5.0 (Linux; arm_64; Android 10; Mi 9T) AppleWebKit/537.36 (KHTML, like Gecko) Chrome/98.0.4758.132 YaBrowser/22.3.2.95.00 SA/3 Mobile Safari/537.36"
213.87.89.109 - - [08/Apr/2022:04:10:17 +0000] "GET /wa-content/js/signup/signup.js?v=8.21.0.1649391016 HTTP/2.0" 200 6675 "https://justgrill.ru/aksessuary/gazovoe-oborudovanie/gazovyy-shlang-s-reduktorom-3-v-1-gril-weber/" "Mozilla/5.0 (Linux; arm_64; Android 10; Mi 9T) AppleWebKit/537.36 (KHTML, like Gecko) Chrome/98.0.4758.132 YaBrowser/22.3.2.95.00 SA/3 Mobile Safari/537.36"
213.87.89.109 - - [08/Apr/2022:04:10:17 +0000] "GET /wa-content/css/signup/signup.css?v=8.21.0.1649391016 HTTP/2.0" 200 1909 "https://justgrill.ru/aksessuary/gazovoe-oborudovanie/gazovyy-shlang-s-reduktorom-3-v-1-gril-weber/" "Mozilla/5.0 (Linux; arm_64; Android 10; Mi 9T) AppleWebKit/537.36 (KHTML, like Gecko) Chrome/98.0.4758.132 YaBrowser/22.3.2.95.00 SA/3 Mobile Safari/537.36"
213.87.89.109 - - [08/Apr/2022:04:10:17 +0000] "GET /wa-content/js/login/login-frontend-form.min.js?v=8.21.0.1649391016 HTTP/2.0" 200 5488 "https://justgrill.ru/aksessuary/gazovoe-oborudovanie/gazovyy-shlang-s-reduktorom-3-v-1-gril-weber/" "Mozilla/5.0 (Linux; arm_64; Android 10; Mi 9T) AppleWebKit/537.36 (KHTML, like Gecko) Chrome/98.0.4758.132 YaBrowser/22.3.2.95.00 SA/3 Mobile Safari/537.36"
213.87.89.109 - - [08/Apr/2022:04:10:17 +0000] "GET /wa-content/css/login/frontend/login.css?v=8.21.0.1649391016 HTTP/2.0" 200 1762 "https://justgrill.ru/aksessuary/gazovoe-oborudovanie/gazovyy-shlang-s-reduktorom-3-v-1-gril-weber/" "Mozilla/5.0 (Linux; arm_64; Android 10; Mi 9T) AppleWebKit/537.36 (KHTML, like Gecko) Chrome/98.0.4758.132 YaBrowser/22.3.2.95.00 SA/3 Mobile Safari/537.36"
213.87.89.109 - - [08/Apr/2022:04:10:17 +0000] "GET /wa-content/js/login/forgotpassword-frontend-form.min.js?v=8.21.0.1649391016 HTTP/2.0" 200 4709 "https://justgrill.ru/aksessuary/gazovoe-oborudovanie/gazovyy-shlang-s-reduktorom-3-v-1-gril-weber/" "Mozilla/5.0 (Linux; arm_64; Android 10; Mi 9T) AppleWebKit/537.36 (KHTML, like Gecko) Chrome/98.0.4758.132 YaBrowser/22.3.2.95.00 SA/3 Mobile Safari/537.36"
213.87.89.109 - - [08/Apr/2022:04:10:17 +0000] "GET /wa-content/css/login/frontend/forgot-password.css?v=8.21.0.1649391016 HTTP/2.0" 200 1560 "https://justgrill.ru/aksessuary/gazovoe-oborudovanie/gazovyy-shlang-s-reduktorom-3-v-1-gril-weber/" "Mozilla/5.0 (Linux; arm_64; Android 10; Mi 9T) AppleWebKit/537.36 (KHTML, like Gecko) Chrome/98.0.4758.132 YaBrowser/22.3.2.95.00 SA/3 Mobile Safari/537.36"
213.87.89.109 - - [08/Apr/2022:04:10:18 +0000] "GET /wa-data/public/site/themes/justgrill/img/arrow.svg HTTP/2.0" 200 46336 "https://justgrill.ru/wa-data/public/site/themes/justgrill/css/main.css?v3.3.1.1649391016" "Mozilla/5.0 (Linux; arm_64; Android 10; Mi 9T) AppleWebKit/537.36 (KHTML, like Gecko) Chrome/98.0.4758.132 YaBrowser/22.3.2.95.00 SA/3 Mobile Safari/537.36"
213.87.89.109 - - [08/Apr/2022:04:10:18 +0000] "GET /regions/getPopupContent/ HTTP/2.0" 200 1023 "https://justgrill.ru/aksessuary/gazovoe-oborudovanie/gazovyy-shlang-s-reduktorom-3-v-1-gril-weber/" "Mozilla/5.0 (Linux; arm_64; Android 10; Mi 9T) AppleWebKit/537.36 (KHTML, like Gecko) Chrome/98.0.4758.132 YaBrowser/22.3.2.95.00 SA/3 Mobile Safari/537.36"
213.87.89.109 - - [08/Apr/2022:04:10:18 +0000] "GET /regions/getPopupContent/ HTTP/2.0" 200 1023 "https://justgrill.ru/aksessuary/gazovoe-oborudovanie/gazovyy-shlang-s-reduktorom-3-v-1-gril-weber/" "Mozilla/5.0 (Linux; arm_64; Android 10; Mi 9T) AppleWebKit/537.36 (KHTML, like Gecko) Chrome/98.0.4758.132 YaBrowser/22.3.2.95.00 SA/3 Mobile Safari/537.36"
213.87.89.109 - - [08/Apr/2022:04:10:18 +0000] "GET /favicon.ico HTTP/2.0" 200 54978 "https://justgrill.ru/aksessuary/gazovoe-oborudovanie/gazovyy-shlang-s-reduktorom-3-v-1-gril-weber/" "Mozilla/5.0 (Linux; arm_64; Android 10; Mi 9T) AppleWebKit/537.36 (KHTML, like Gecko) Chrome/98.0.4758.132 YaBrowser/22.3.2.95.00 SA/3 Mobile Safari/537.36"
185.191.171.6 - - [08/Apr/2022:04:10:20 +0000] "GET /robots.txt HTTP/1.1" 200 248 "-" "Mozilla/5.0 (compatible; SemrushBot/7~bl; +http://www.semrush.com/bot.html)"
114.119.128.56 - - [08/Apr/2022:04:10:41 +0000] "GET /aksessuary/ugli-i-rozzhigi/big-green-egg HTTP/1.1" 301 5 "-" "Mozilla/5.0 (Linux; Android 7.0;) AppleWebKit/537.36 (KHTML, like Gecko) Mobile Safari/537.36 (compatible; PetalBot;+https://webmaster.petalsearch.com/site/petalbot)"
54.36.148.1 - - [08/Apr/2022:04:10:41 +0000] "GET /aksessuary/reshetki/reshetka-gril/dopolnitelnyy-reshetka-yarus-dlya-grilya-napoleon-as300k/ HTTP/2.0" 200 32753 "-" "Mozilla/5.0 (compatible; AhrefsBot/7.0; +http://ahrefs.com/robot/)"
77.88.5.158 - - [08/Apr/2022:04:10:45 +0000] "GET / HTTP/1.1" 301 162 "-" "Mozilla/5.0 (compatible; YandexMetrika/2.0; +http://yandex.com/bots yabs01)"
