114.119.129.143 - - [08/Apr/2022:00:38:10 +0000] "GET /brendy/weber/7182-chekhol-dlya-griley-spirit-ii-200-y-serii/ HTTP/1.1" 301 5 "-" "Mozilla/5.0 (Linux; Android 7.0;) AppleWebKit/537.36 (KHTML, like Gecko) Mobile Safari/537.36 (compatible; PetalBot;+https://webmaster.petalsearch.com/site/petalbot)"
114.119.129.143 - - [08/Apr/2022:00:38:12 +0000] "GET /aksessuary/chekhly-dlya-griley/chekhol-dlya-griley-weber-spirit-ii-200-y-serii/ HTTP/1.1" 200 34268 "-" "Mozilla/5.0 (Linux; Android 7.0;) AppleWebKit/537.36 (KHTML, like Gecko) Mobile Safari/537.36 (compatible; PetalBot;+https://webmaster.petalsearch.com/site/petalbot)"
77.88.5.229 - - [08/Apr/2022:00:38:14 +0000] "GET /obogrevateli-ulichnye/ HTTP/1.1" 200 35129 "-" "Mozilla/5.0 (compatible; YandexBot/3.0; +http://yandex.com/bots) AppleWebKit/537.36 (KHTML, like Gecko) Chrome/81.0.4044.268"
77.88.5.229 - - [08/Apr/2022:00:38:18 +0000] "GET /brand/Lappigrill/ HTTP/1.1" 301 5 "-" "Mozilla/5.0 (compatible; YandexBot/3.0; +http://yandex.com/bots) AppleWebKit/537.36 (KHTML, like Gecko) Chrome/81.0.4044.268"
77.88.5.70 - - [08/Apr/2022:00:38:19 +0000] "GET /brand/lappigrill/ HTTP/1.1" 404 26217 "-" "Mozilla/5.0 (compatible; YandexBot/3.0; +http://yandex.com/bots) AppleWebKit/537.36 (KHTML, like Gecko) Chrome/81.0.4044.268"
77.88.5.229 - - [08/Apr/2022:00:38:23 +0000] "GET /?yclid=7710547526903176844 HTTP/1.1" 200 39762 "-" "Mozilla/5.0 (compatible; YandexMetrika/2.0; +http://yandex.com/bots yabs01)"
77.88.5.229 - - [08/Apr/2022:00:38:29 +0000] "GET /brand/Grillux/ HTTP/1.1" 301 5 "-" "Mozilla/5.0 (compatible; YandexBot/3.0; +http://yandex.com/bots)"
77.88.5.229 - - [08/Apr/2022:00:38:29 +0000] "GET / HTTP/1.1" 301 162 "-" "Mozilla/5.0 (compatible; YandexMetrika/2.0; +http://yandex.com/bots yabs01)"
77.88.5.229 - - [08/Apr/2022:00:38:30 +0000] "GET /grili/ugolnye/ HTTP/1.1" 200 36876 "-" "Mozilla/5.0 (compatible; YandexBot/3.0; +http://yandex.com/bots) AppleWebKit/537.36 (KHTML, like Gecko) Chrome/81.0.4044.268"
77.88.5.229 - - [08/Apr/2022:00:38:37 +0000] "GET /brand/lappigrill/ HTTP/1.1" 404 26215 "-" "Mozilla/5.0 (compatible; YandexBot/3.0; +http://yandex.com/bots)"
77.88.5.229 - - [08/Apr/2022:00:38:42 +0000] "GET /brand/grillux/ HTTP/1.1" 200 31193 "-" "Mozilla/5.0 (compatible; YandexBot/3.0; +http://yandex.com/bots)"
77.88.5.70 - - [08/Apr/2022:00:38:43 +0000] "GET /wa-content/js/jquery-plugins/jquery.cookie.js HTTP/1.1" 200 1355 "https://saratov.justgrill.ru/search/broil-king/" "Mozilla/5.0 (compatible; YandexBot/3.0; +http://yandex.com/bots) AppleWebKit/537.36 (KHTML, like Gecko) Chrome/81.0.4044.268"
54.36.148.221 - - [08/Apr/2022:00:38:45 +0000] "GET /search/985/md-%D0%BA%D0%B5%D1%80%D0%B0%D0%BC%D0%B8%D0%BA%D0%B0/ HTTP/2.0" 200 30451 "-" "Mozilla/5.0 (compatible; AhrefsBot/7.0; +http://ahrefs.com/robot/)"
77.88.5.229 - - [08/Apr/2022:00:38:56 +0000] "GET /brand/JustGrill%E2%84%A2/ HTTP/1.1" 301 5 "-" "Mozilla/5.0 (compatible; YandexBot/3.0; +http://yandex.com/bots) AppleWebKit/537.36 (KHTML, like Gecko) Chrome/81.0.4044.268"
77.88.5.229 - - [08/Apr/2022:00:39:01 +0000] "GET /brand/Rashko+Baba/ HTTP/1.1" 301 5 "-" "Mozilla/5.0 (compatible; YandexBot/3.0; +http://yandex.com/bots)"
77.88.5.229 - - [08/Apr/2022:00:39:12 +0000] "GET /brand/big-green-egg/ HTTP/1.1" 200 35450 "-" "Mozilla/5.0 (compatible; YandexBot/3.0; +http://yandex.com/bots) AppleWebKit/537.36 (KHTML, like Gecko) Chrome/81.0.4044.268"
114.119.128.67 - - [08/Apr/2022:00:39:17 +0000] "GET /blog/kak-sdelat-na-steyke-krasivyy-risunok HTTP/1.1" 301 5 "-" "Mozilla/5.0 (Linux; Android 7.0;) AppleWebKit/537.36 (KHTML, like Gecko) Mobile Safari/537.36 (compatible; PetalBot;+https://webmaster.petalsearch.com/site/petalbot)"
78.153.158.25 - - [08/Apr/2022:00:39:17 +0000] "GET /aksessuary/dlya-pitstsy/nozhi-pitstsa/nozh-dlya-pitstsy-Weber-10-cm-plastikovaya-ruchka/ HTTP/1.1" 200 34358 "-" "Mozilla/5.0 (X11; Linux x86_64) AppleWebKit/537.36 (KHTML, like Gecko) Chrome/83.0.2549.68 Safari/537.36"
114.119.128.67 - - [08/Apr/2022:00:39:20 +0000] "GET /blog/kak-sdelat-na-steyke-krasivyy-risunok/ HTTP/1.1" 500 15032 "-" "Mozilla/5.0 (Linux; Android 7.0;) AppleWebKit/537.36 (KHTML, like Gecko) Mobile Safari/537.36 (compatible; PetalBot;+https://webmaster.petalsearch.com/site/petalbot)"
185.191.171.5 - - [08/Apr/2022:00:39:20 +0000] "GET /grili-i-oborudovanie-dlya-griley/grili/drovyanye/kupol-dlya-grilya-suomi-grill-90-antik-med/ HTTP/1.1" 301 5 "-" "Mozilla/5.0 (compatible; SemrushBot/7~bl; +http://www.semrush.com/bot.html)"
77.88.5.229 - - [08/Apr/2022:00:39:21 +0000] "GET /grili/ugolnye/ HTTP/1.1" 200 36876 "-" "Mozilla/5.0 (compatible; YandexBot/3.0; +http://yandex.com/bots) AppleWebKit/537.36 (KHTML, like Gecko) Chrome/81.0.4044.268"
66.249.92.59 - - [08/Apr/2022:00:39:22 +0000] "GET /wa-content/js/jquery-ui/jquery.ui.widget.min.js?v2.4.1 HTTP/1.1" 200 1313 "https://stavr.justgrill.ru/grili/keramicheskie/?utm_source=google&utm_medium=cpc&utm_campaign=g_poisk_26_v&utm_term=%2B%D0%BA%D0%B5%D1%80%D0%B0%D0%BC%D0%B8%D1%87%D0%B5%D1%81%D0%BA%D0%B8%D0%B9%20%2B%D0%B3%D1%80%D0%B8%D0%BB%D1%8C%20%2B%D1%86%D0%B5%D0%BD%D0%B0&utm_content=network%7Cg%7Cposition%7Cnone%7Cad_id%7C294105584288%7Cmatch_type%7Cb%7Cplacement%7C%7Ckeyword%7C%2B%D0%BA%D0%B5%D1%80%D0%B0%D0%BC%D0%B8%D1%87%D0%B5%D1%81%D0%BA%D0%B8%D0%B9%20%2B%D0%B3%D1%80%D0%B8%D0%BB%D1%8C%20%2B%D1%86%D0%B5%D0%BD%D0%B0%7Cdevice_type%7Cm%7Cdevice%7C%7Cplacement_category%7C" "Mozilla/5.0 (iPhone; CPU iPhone OS 14_7_1 like Mac OS X) AppleWebKit/605.1.15 (KHTML, like Gecko) Version/14.1.2 Mobile/15E148 Safari/604.1 (compatible; AdsBot-Google-Mobile; +http://www.google.com/mobile/adsbot.html)"
185.191.171.25 - - [08/Apr/2022:00:39:24 +0000] "GET /search/817/%D1%83%D0%B3%D0%BE%D0%BB%D1%8C/ HTTP/1.1" 200 30721 "-" "Mozilla/5.0 (compatible; SemrushBot/7~bl; +http://www.semrush.com/bot.html)"
77.88.5.70 - - [08/Apr/2022:00:39:24 +0000] "GET /wa-content/js/jquery-plugins/jquery.cookie.js HTTP/1.1" 200 1355 "https://saratov.justgrill.ru/grili/ugolnye/" "Mozilla/5.0 (compatible; YandexBot/3.0; +http://yandex.com/bots) AppleWebKit/537.36 (KHTML, like Gecko) Chrome/81.0.4044.268"
77.88.5.229 - - [08/Apr/2022:00:39:32 +0000] "GET /wa-content/js/jquery-plugins/jquery.cookie.js HTTP/1.1" 200 1355 "https://saratov.justgrill.ru/search/broil-king/" "Mozilla/5.0 (compatible; YandexBot/3.0; +http://yandex.com/bots) AppleWebKit/537.36 (KHTML, like Gecko) Chrome/81.0.4044.268"
77.88.5.229 - - [08/Apr/2022:00:39:36 +0000] "GET /brand/Stubb%27s/ HTTP/1.1" 301 5 "-" "Mozilla/5.0 (compatible; YandexBot/3.0; +http://yandex.com/bots) AppleWebKit/537.36 (KHTML, like Gecko) Chrome/81.0.4044.268"
77.88.5.70 - - [08/Apr/2022:00:39:37 +0000] "GET /brand/stubbs/ HTTP/1.1" 200 29153 "-" "Mozilla/5.0 (compatible; YandexBot/3.0; +http://yandex.com/bots) AppleWebKit/537.36 (KHTML, like Gecko) Chrome/81.0.4044.268"
77.88.5.229 - - [08/Apr/2022:00:39:37 +0000] "GET /brand/Oklahoma+Joe/ HTTP/1.1" 301 5 "-" "Mozilla/5.0 (compatible; YandexBot/3.0; +http://yandex.com/bots)"
77.88.5.70 - - [08/Apr/2022:00:39:38 +0000] "GET /brand/oklahoma-joe/ HTTP/1.1" 200 28616 "-" "Mozilla/5.0 (compatible; YandexBot/3.0; +http://yandex.com/bots)"
77.88.5.229 - - [08/Apr/2022:00:39:42 +0000] "GET /brand/Char-Broil/ HTTP/1.1" 301 5 "-" "Mozilla/5.0 (compatible; YandexBot/3.0; +http://yandex.com/bots)"
77.88.5.70 - - [08/Apr/2022:00:39:43 +0000] "GET /brand/char-broil/ HTTP/1.1" 200 35622 "-" "Mozilla/5.0 (compatible; YandexBot/3.0; +http://yandex.com/bots)"
193.233.46.188 - - [08/Apr/2022:00:39:48 +0000] "GET /aksessuary/posuda/vok-gril/uzkiy-vok-broil-king-glubokiy/ HTTP/1.1" 200 32805 "-" "Mozilla/5.0 (X11; Linux x86_64) AppleWebKit/537.36 (KHTML, like Gecko) Chrome/85.0.4183.83 Safari/537.36"
77.88.5.229 - - [08/Apr/2022:00:39:51 +0000] "GET /brand/CapeHerb/ HTTP/1.1" 301 5 "-" "Mozilla/5.0 (compatible; YandexBot/3.0; +http://yandex.com/bots) AppleWebKit/537.36 (KHTML, like Gecko) Chrome/81.0.4044.268"
77.88.5.70 - - [08/Apr/2022:00:39:52 +0000] "GET /brand/cape-herb/ HTTP/1.1" 200 33066 "-" "Mozilla/5.0 (compatible; YandexBot/3.0; +http://yandex.com/bots) AppleWebKit/537.36 (KHTML, like Gecko) Chrome/81.0.4044.268"
66.249.92.55 - - [08/Apr/2022:00:39:53 +0000] "GET /wa-content/css/signup/signup.css?v=8.21.0.1648909340 HTTP/1.1" 200 1921 "https://stavr.justgrill.ru/grili/keramicheskie/?utm_source=google&utm_medium=cpc&utm_campaign=g_poisk_26_v&utm_term=%2B%D0%BA%D0%B5%D1%80%D0%B0%D0%BC%D0%B8%D1%87%D0%B5%D1%81%D0%BA%D0%B8%D0%B9%20%2B%D0%B3%D1%80%D0%B8%D0%BB%D1%8C%20%2B%D1%86%D0%B5%D0%BD%D0%B0&utm_content=network%7Cg%7Cposition%7Cnone%7Cad_id%7C294105584288%7Cmatch_type%7Cb%7Cplacement%7C%7Ckeyword%7C%2B%D0%BA%D0%B5%D1%80%D0%B0%D0%BC%D0%B8%D1%87%D0%B5%D1%81%D0%BA%D0%B8%D0%B9%20%2B%D0%B3%D1%80%D0%B8%D0%BB%D1%8C%20%2B%D1%86%D0%B5%D0%BD%D0%B0%7Cdevice_type%7Cm%7Cdevice%7C%7Cplacement_category%7C" "Mozilla/5.0 (iPhone; CPU iPhone OS 14_7_1 like Mac OS X) AppleWebKit/605.1.15 (KHTML, like Gecko) Version/14.1.2 Mobile/15E148 Safari/604.1 (compatible; AdsBot-Google-Mobile; +http://www.google.com/mobile/adsbot.html)"
66.249.92.55 - - [08/Apr/2022:00:39:53 +0000] "GET /wa-content/js/signup/signup.js?v=8.21.0.1648909340 HTTP/1.1" 200 6688 "https://stavr.justgrill.ru/grili/keramicheskie/?utm_source=google&utm_medium=cpc&utm_campaign=g_poisk_26_v&utm_term=%2B%D0%BA%D0%B5%D1%80%D0%B0%D0%BC%D0%B8%D1%87%D0%B5%D1%81%D0%BA%D0%B8%D0%B9%20%2B%D0%B3%D1%80%D0%B8%D0%BB%D1%8C%20%2B%D1%86%D0%B5%D0%BD%D0%B0&utm_content=network%7Cg%7Cposition%7Cnone%7Cad_id%7C294105584288%7Cmatch_type%7Cb%7Cplacement%7C%7Ckeyword%7C%2B%D0%BA%D0%B5%D1%80%D0%B0%D0%BC%D0%B8%D1%87%D0%B5%D1%81%D0%BA%D0%B8%D0%B9%20%2B%D0%B3%D1%80%D0%B8%D0%BB%D1%8C%20%2B%D1%86%D0%B5%D0%BD%D0%B0%7Cdevice_type%7Cm%7Cdevice%7C%7Cplacement_category%7C" "Mozilla/5.0 (iPhone; CPU iPhone OS 14_7_1 like Mac OS X) AppleWebKit/605.1.15 (KHTML, like Gecko) Version/14.1.2 Mobile/15E148 Safari/604.1 (compatible; AdsBot-Google-Mobile; +http://www.google.com/mobile/adsbot.html)"
66.249.92.55 - - [08/Apr/2022:00:39:54 +0000] "GET /wa-content/js/login/forgotpassword-frontend-form.min.js?v=8.21.0.1648909340 HTTP/1.1" 200 4722 "https://stavr.justgrill.ru/grili/keramicheskie/?utm_source=google&utm_medium=cpc&utm_campaign=g_poisk_26_v&utm_term=%2B%D0%BA%D0%B5%D1%80%D0%B0%D0%BC%D0%B8%D1%87%D0%B5%D1%81%D0%BA%D0%B8%D0%B9%20%2B%D0%B3%D1%80%D0%B8%D0%BB%D1%8C%20%2B%D1%86%D0%B5%D0%BD%D0%B0&utm_content=network%7Cg%7Cposition%7Cnone%7Cad_id%7C294105584288%7Cmatch_type%7Cb%7Cplacement%7C%7Ckeyword%7C%2B%D0%BA%D0%B5%D1%80%D0%B0%D0%BC%D0%B8%D1%87%D0%B5%D1%81%D0%BA%D0%B8%D0%B9%20%2B%D0%B3%D1%80%D0%B8%D0%BB%D1%8C%20%2B%D1%86%D0%B5%D0%BD%D0%B0%7Cdevice_type%7Cm%7Cdevice%7C%7Cplacement_category%7C" "Mozilla/5.0 (iPhone; CPU iPhone OS 14_7_1 like Mac OS X) AppleWebKit/605.1.15 (KHTML, like Gecko) Version/14.1.2 Mobile/15E148 Safari/604.1 (compatible; AdsBot-Google-Mobile; +http://www.google.com/mobile/adsbot.html)"
66.249.92.55 - - [08/Apr/2022:00:39:54 +0000] "GET /wa-content/js/login/login-frontend-form.min.js?v=8.21.0.1648909340 HTTP/1.1" 200 5501 "https://stavr.justgrill.ru/grili/keramicheskie/?utm_source=google&utm_medium=cpc&utm_campaign=g_poisk_26_v&utm_term=%2B%D0%BA%D0%B5%D1%80%D0%B0%D0%BC%D0%B8%D1%87%D0%B5%D1%81%D0%BA%D0%B8%D0%B9%20%2B%D0%B3%D1%80%D0%B8%D0%BB%D1%8C%20%2B%D1%86%D0%B5%D0%BD%D0%B0&utm_content=network%7Cg%7Cposition%7Cnone%7Cad_id%7C294105584288%7Cmatch_type%7Cb%7Cplacement%7C%7Ckeyword%7C%2B%D0%BA%D0%B5%D1%80%D0%B0%D0%BC%D0%B8%D1%87%D0%B5%D1%81%D0%BA%D0%B8%D0%B9%20%2B%D0%B3%D1%80%D0%B8%D0%BB%D1%8C%20%2B%D1%86%D0%B5%D0%BD%D0%B0%7Cdevice_type%7Cm%7Cdevice%7C%7Cplacement_category%7C" "Mozilla/5.0 (iPhone; CPU iPhone OS 14_7_1 like Mac OS X) AppleWebKit/605.1.15 (KHTML, like Gecko) Version/14.1.2 Mobile/15E148 Safari/604.1 (compatible; AdsBot-Google-Mobile; +http://www.google.com/mobile/adsbot.html)"
66.249.92.55 - - [08/Apr/2022:00:39:55 +0000] "GET /wa-content/css/login/frontend/login.css?v=8.21.0.1648909340 HTTP/1.1" 200 1774 "https://stavr.justgrill.ru/grili/keramicheskie/?utm_source=google&utm_medium=cpc&utm_campaign=g_poisk_26_v&utm_term=%2B%D0%BA%D0%B5%D1%80%D0%B0%D0%BC%D0%B8%D1%87%D0%B5%D1%81%D0%BA%D0%B8%D0%B9%20%2B%D0%B3%D1%80%D0%B8%D0%BB%D1%8C%20%2B%D1%86%D0%B5%D0%BD%D0%B0&utm_content=network%7Cg%7Cposition%7Cnone%7Cad_id%7C294105584288%7Cmatch_type%7Cb%7Cplacement%7C%7Ckeyword%7C%2B%D0%BA%D0%B5%D1%80%D0%B0%D0%BC%D0%B8%D1%87%D0%B5%D1%81%D0%BA%D0%B8%D0%B9%20%2B%D0%B3%D1%80%D0%B8%D0%BB%D1%8C%20%2B%D1%86%D0%B5%D0%BD%D0%B0%7Cdevice_type%7Cm%7Cdevice%7C%7Cplacement_category%7C" "Mozilla/5.0 (iPhone; CPU iPhone OS 14_7_1 like Mac OS X) AppleWebKit/605.1.15 (KHTML, like Gecko) Version/14.1.2 Mobile/15E148 Safari/604.1 (compatible; AdsBot-Google-Mobile; +http://www.google.com/mobile/adsbot.html)"
66.249.92.55 - - [08/Apr/2022:00:39:55 +0000] "GET /wa-content/css/login/frontend/forgot-password.css?v=8.21.0.1648909340 HTTP/1.1" 200 1572 "https://stavr.justgrill.ru/grili/keramicheskie/?utm_source=google&utm_medium=cpc&utm_campaign=g_poisk_26_v&utm_term=%2B%D0%BA%D0%B5%D1%80%D0%B0%D0%BC%D0%B8%D1%87%D0%B5%D1%81%D0%BA%D0%B8%D0%B9%20%2B%D0%B3%D1%80%D0%B8%D0%BB%D1%8C%20%2B%D1%86%D0%B5%D0%BD%D0%B0&utm_content=network%7Cg%7Cposition%7Cnone%7Cad_id%7C294105584288%7Cmatch_type%7Cb%7Cplacement%7C%7Ckeyword%7C%2B%D0%BA%D0%B5%D1%80%D0%B0%D0%BC%D0%B8%D1%87%D0%B5%D1%81%D0%BA%D0%B8%D0%B9%20%2B%D0%B3%D1%80%D0%B8%D0%BB%D1%8C%20%2B%D1%86%D0%B5%D0%BD%D0%B0%7Cdevice_type%7Cm%7Cdevice%7C%7Cplacement_category%7C" "Mozilla/5.0 (iPhone; CPU iPhone OS 14_7_1 like Mac OS X) AppleWebKit/605.1.15 (KHTML, like Gecko) Version/14.1.2 Mobile/15E148 Safari/604.1 (compatible; AdsBot-Google-Mobile; +http://www.google.com/mobile/adsbot.html)"
93.158.161.33 - - [08/Apr/2022:00:39:57 +0000] "GET /wa-content/js/jquery-plugins/jquery.cookie.js HTTP/1.1" 200 1355 "https://saratov.justgrill.ru/brand/cape-herb/" "Mozilla/5.0 (compatible; YandexBot/3.0; +http://yandex.com/bots) AppleWebKit/537.36 (KHTML, like Gecko) Chrome/81.0.4044.268"
114.119.129.189 - - [08/Apr/2022:00:40:04 +0000] "GET /grili/ugolnye/weber/master-touch/14710004-gril-ugolnyy-master-touch-gbs-c-5750-dymchatyy/ HTTP/1.1" 200 35964 "-" "Mozilla/5.0 (Linux; Android 7.0;) AppleWebKit/537.36 (KHTML, like Gecko) Mobile Safari/537.36 (compatible; PetalBot;+https://webmaster.petalsearch.com/site/petalbot)"
77.88.5.229 - - [08/Apr/2022:00:40:08 +0000] "GET /brand/big-green-egg/ HTTP/1.1" 200 35450 "-" "Mozilla/5.0 (compatible; YandexBot/3.0; +http://yandex.com/bots) AppleWebKit/537.36 (KHTML, like Gecko) Chrome/81.0.4044.268"
77.88.5.70 - - [08/Apr/2022:00:40:08 +0000] "GET /brand/Samura/ HTTP/1.1" 301 5 "-" "Mozilla/5.0 (compatible; YandexBot/3.0; +http://yandex.com/bots)"
77.88.5.229 - - [08/Apr/2022:00:40:09 +0000] "GET /brand/samura/ HTTP/1.1" 200 33682 "-" "Mozilla/5.0 (compatible; YandexBot/3.0; +http://yandex.com/bots)"
77.88.5.229 - - [08/Apr/2022:00:40:20 +0000] "GET /wa-content/js/jquery-plugins/jquery.cookie.js HTTP/1.1" 200 1355 "https://saratov.justgrill.ru/brand/big-green-egg/" "Mozilla/5.0 (compatible; YandexBot/3.0; +http://yandex.com/bots) AppleWebKit/537.36 (KHTML, like Gecko) Chrome/81.0.4044.268"
77.88.5.70 - - [08/Apr/2022:00:40:22 +0000] "GET /wa-content/js/jquery-plugins/jquery.cookie.js HTTP/1.1" 200 1355 "https://saratov.justgrill.ru/brand/stubbs/" "Mozilla/5.0 (compatible; YandexBot/3.0; +http://yandex.com/bots) AppleWebKit/537.36 (KHTML, like Gecko) Chrome/81.0.4044.268"
77.88.5.229 - - [08/Apr/2022:00:40:26 +0000] "GET /brand/HPC+Research/ HTTP/1.1" 301 5 "-" "Mozilla/5.0 (compatible; YandexBot/3.0; +http://yandex.com/bots) AppleWebKit/537.36 (KHTML, like Gecko) Chrome/81.0.4044.268"
54.36.148.235 - - [08/Apr/2022:00:40:30 +0000] "GET /search/986/md-%D0%BA%D0%B5%D1%80%D0%B0%D0%BC%D0%B8%D0%BA%D0%B0/ HTTP/2.0" 200 29491 "-" "Mozilla/5.0 (compatible; AhrefsBot/7.0; +http://ahrefs.com/robot/)"
77.88.5.229 - - [08/Apr/2022:00:40:35 +0000] "GET /obogrevateli-ulichnye/ HTTP/1.1" 200 35131 "-" "Mozilla/5.0 (compatible; YandexBot/3.0; +http://yandex.com/bots) AppleWebKit/537.36 (KHTML, like Gecko) Chrome/81.0.4044.268"
77.88.5.229 - - [08/Apr/2022:00:40:41 +0000] "GET /brand/Kratki/ HTTP/1.1" 301 5 "-" "Mozilla/5.0 (compatible; YandexBot/3.0; +http://yandex.com/bots)"
77.88.5.229 - - [08/Apr/2022:00:40:42 +0000] "GET /brand/kratki/ HTTP/1.1" 200 32211 "-" "Mozilla/5.0 (compatible; YandexBot/3.0; +http://yandex.com/bots)"
185.191.171.36 - - [08/Apr/2022:00:40:46 +0000] "GET /grili/gazovye/weber/genesis/gazovyy-gril-weber-genesis-ii-sp-435-gbs-nerzhstal/ HTTP/1.1" 200 36902 "-" "Mozilla/5.0 (compatible; SemrushBot/7~bl; +http://www.semrush.com/bot.html)"
77.88.5.229 - - [08/Apr/2022:00:40:54 +0000] "GET /brand/%D0%90%D1%80%D1%82-%D1%82%D0%B0%D0%BD%D0%B4%D1%8B%D1%80/ HTTP/1.1" 301 5 "-" "Mozilla/5.0 (compatible; YandexBot/3.0; +http://yandex.com/bots) AppleWebKit/537.36 (KHTML, like Gecko) Chrome/81.0.4044.268"
77.88.5.229 - - [08/Apr/2022:00:40:54 +0000] "GET /brand/art-tandyr/ HTTP/1.1" 200 28939 "-" "Mozilla/5.0 (compatible; YandexBot/3.0; +http://yandex.com/bots) AppleWebKit/537.36 (KHTML, like Gecko) Chrome/81.0.4044.268"
77.88.5.70 - - [08/Apr/2022:00:40:56 +0000] "GET /wa-content/js/jquery-plugins/jquery.cookie.js HTTP/1.1" 200 1355 "https://saratov.justgrill.ru/brand/art-tandyr/" "Mozilla/5.0 (compatible; YandexBot/3.0; +http://yandex.com/bots) AppleWebKit/537.36 (KHTML, like Gecko) Chrome/81.0.4044.268"
93.158.161.33 - - [08/Apr/2022:00:40:57 +0000] "GET /brand/justgrill/ HTTP/1.1" 200 28114 "-" "Mozilla/5.0 (compatible; YandexBot/3.0; +http://yandex.com/bots) AppleWebKit/537.36 (KHTML, like Gecko) Chrome/81.0.4044.268"
77.88.5.229 - - [08/Apr/2022:00:41:02 +0000] "GET /brand/rashko-baba/ HTTP/1.1" 200 29644 "-" "Mozilla/5.0 (compatible; YandexBot/3.0; +http://yandex.com/bots)"
77.88.5.229 - - [08/Apr/2022:00:41:04 +0000] "GET /brand/O-Grill/ HTTP/1.1" 301 5 "-" "Mozilla/5.0 (compatible; YandexBot/3.0; +http://yandex.com/bots) AppleWebKit/537.36 (KHTML, like Gecko) Chrome/81.0.4044.268"
77.88.5.229 - - [08/Apr/2022:00:41:07 +0000] "GET /brand/justgrill/ HTTP/1.1" 200 28114 "-" "Mozilla/5.0 (compatible; YandexBot/3.0; +http://yandex.com/bots) AppleWebKit/537.36 (KHTML, like Gecko) Chrome/81.0.4044.268"
77.88.5.229 - - [08/Apr/2022:00:41:16 +0000] "GET /brand/HPC+Research/ HTTP/1.1" 301 5 "-" "Mozilla/5.0 (compatible; YandexBot/3.0; +http://yandex.com/bots) AppleWebKit/537.36 (KHTML, like Gecko) Chrome/81.0.4044.268"
194.4.51.218 - - [08/Apr/2022:00:41:23 +0000] "GET /aksessuary/instrumenty/kisti-gril/kistochka-big-green-egg-dlya-sousa/ HTTP/1.1" 200 31677 "-" "Mozilla/5.0 (X11; Linux x86_64) AppleWebKit/537.36 (KHTML, like Gecko) Chrome/85.0.4183.83 Safari/537.36"
77.88.5.70 - - [08/Apr/2022:00:41:26 +0000] "GET /obogrevateli-ulichnye/ HTTP/1.1" 200 35128 "-" "Mozilla/5.0 (compatible; YandexBot/3.0; +http://yandex.com/bots) AppleWebKit/537.36 (KHTML, like Gecko) Chrome/81.0.4044.268"
83.220.237.123 - - [08/Apr/2022:00:41:32 +0000] "GET /blog/zdorovoe-pitanie--prigotovlenie-na-grile/ HTTP/2.0" 500 21537 "-" "Mozilla/5.0 (Linux; Android 11; Redmi Note 9S) AppleWebKit/537.36 (KHTML, like Gecko) Chrome/99.0.4844.58 Mobile Safari/537.36"
83.220.237.123 - - [08/Apr/2022:00:41:33 +0000] "GET /wa-content/font/ruble/arial/fontface.css HTTP/2.0" 200 371 "https://justgrill.ru/blog/zdorovoe-pitanie--prigotovlenie-na-grile/" "Mozilla/5.0 (Linux; Android 11; Redmi Note 9S) AppleWebKit/537.36 (KHTML, like Gecko) Chrome/99.0.4844.58 Mobile Safari/537.36"
83.220.237.123 - - [08/Apr/2022:00:41:33 +0000] "GET /wa-content/js/jquery/jquery-1.11.1.min.js HTTP/2.0" 200 33483 "https://justgrill.ru/blog/zdorovoe-pitanie--prigotovlenie-na-grile/" "Mozilla/5.0 (Linux; Android 11; Redmi Note 9S) AppleWebKit/537.36 (KHTML, like Gecko) Chrome/99.0.4844.58 Mobile Safari/537.36"
83.220.237.123 - - [08/Apr/2022:00:41:33 +0000] "GET /wa-content/js/jquery/jquery-migrate-1.2.1.min.js HTTP/2.0" 200 3064 "https://justgrill.ru/blog/zdorovoe-pitanie--prigotovlenie-na-grile/" "Mozilla/5.0 (Linux; Android 11; Redmi Note 9S) AppleWebKit/537.36 (KHTML, like Gecko) Chrome/99.0.4844.58 Mobile Safari/537.36"
83.220.237.123 - - [08/Apr/2022:00:41:35 +0000] "GET /wa-data/public/site/themes/mobile/img/icons/hamburger-menu.svg HTTP/2.0" 200 585 "https://justgrill.ru/wa-data/public/site/themes/mobile/mobile.css?v1.1.0.1649378492" "Mozilla/5.0 (Linux; Android 11; Redmi Note 9S) AppleWebKit/537.36 (KHTML, like Gecko) Chrome/99.0.4844.58 Mobile Safari/537.36"
83.220.237.123 - - [08/Apr/2022:00:41:35 +0000] "GET /wa-data/public/site/themes/mobile/img/phone.svg HTTP/2.0" 200 1384 "https://justgrill.ru/wa-data/public/site/themes/mobile/mobile.css?v1.1.0.1649378492" "Mozilla/5.0 (Linux; Android 11; Redmi Note 9S) AppleWebKit/537.36 (KHTML, like Gecko) Chrome/99.0.4844.58 Mobile Safari/537.36"
83.220.237.123 - - [08/Apr/2022:00:41:35 +0000] "GET /wa-data/public/site/themes/mobile/img/icons/map.svg HTTP/2.0" 200 692 "https://justgrill.ru/wa-data/public/site/themes/mobile/mobile.css?v1.1.0.1649378492" "Mozilla/5.0 (Linux; Android 11; Redmi Note 9S) AppleWebKit/537.36 (KHTML, like Gecko) Chrome/99.0.4844.58 Mobile Safari/537.36"
83.220.237.123 - - [08/Apr/2022:00:41:35 +0000] "GET /wa-data/public/site/themes/mobile/img/shopping-cart.svg HTTP/2.0" 200 941 "https://justgrill.ru/wa-data/public/site/themes/mobile/mobile.css?v1.1.0.1649378492" "Mozilla/5.0 (Linux; Android 11; Redmi Note 9S) AppleWebKit/537.36 (KHTML, like Gecko) Chrome/99.0.4844.58 Mobile Safari/537.36"
83.220.237.123 - - [08/Apr/2022:00:41:35 +0000] "GET /wa-data/public/site/themes/mobile/img/icons/phone-call.svg HTTP/2.0" 200 1263 "https://justgrill.ru/wa-data/public/site/themes/mobile/mobile.css?v1.1.0.1649378492" "Mozilla/5.0 (Linux; Android 11; Redmi Note 9S) AppleWebKit/537.36 (KHTML, like Gecko) Chrome/99.0.4844.58 Mobile Safari/537.36"
66.249.66.87 - - [08/Apr/2022:00:41:37 +0000] "GET /blog/2020/ HTTP/1.1" 500 54235 "-" "Mozilla/5.0 (Linux; Android 6.0.1; Nexus 5X Build/MMB29P) AppleWebKit/537.36 (KHTML, like Gecko) Chrome/100.0.4896.75 Mobile Safari/537.36 (compatible; Googlebot/2.1; +http://www.google.com/bot.html)"
77.88.5.229 - - [08/Apr/2022:00:41:39 +0000] "GET /brand/Ragasco/ HTTP/1.1" 301 5 "-" "Mozilla/5.0 (compatible; YandexBot/3.0; +http://yandex.com/bots)"
77.88.5.229 - - [08/Apr/2022:00:41:40 +0000] "GET /brand/ragasco/ HTTP/1.1" 200 29043 "-" "Mozilla/5.0 (compatible; YandexBot/3.0; +http://yandex.com/bots)"
77.88.5.229 - - [08/Apr/2022:00:41:43 +0000] "GET /wa-content/js/jquery-plugins/jquery.cookie.js HTTP/1.1" 200 1355 "https://saratov.justgrill.ru/brand/stubbs/" "Mozilla/5.0 (compatible; YandexBot/3.0; +http://yandex.com/bots) AppleWebKit/537.36 (KHTML, like Gecko) Chrome/81.0.4044.268"
77.88.5.229 - - [08/Apr/2022:00:42:02 +0000] "GET /brand/rashko-baba/ HTTP/1.1" 200 29645 "-" "Mozilla/5.0 (compatible; YandexBot/3.0; +http://yandex.com/bots)"
77.88.5.214 - - [08/Apr/2022:00:42:02 +0000] "GET /?yclid=7710547526903176844 HTTP/1.1" 200 39806 "-" "Mozilla/5.0 (compatible; YandexMetrika/2.0; +http://yandex.com/bots yabs01)"
77.88.5.229 - - [08/Apr/2022:00:42:03 +0000] "GET /brand/hpc-research/ HTTP/1.1" 200 27816 "-" "Mozilla/5.0 (compatible; YandexBot/3.0; +http://yandex.com/bots) AppleWebKit/537.36 (KHTML, like Gecko) Chrome/81.0.4044.268"
77.88.5.70 - - [08/Apr/2022:00:42:04 +0000] "GET /brand/Gratar/ HTTP/1.1" 301 5 "-" "Mozilla/5.0 (compatible; YandexBot/3.0; +http://yandex.com/bots) AppleWebKit/537.36 (KHTML, like Gecko) Chrome/81.0.4044.268"
77.88.5.229 - - [08/Apr/2022:00:42:07 +0000] "GET /grili/keramicheskie/big-green-egg/keramicheskij-gril-big-green-egg-xlarge/ HTTP/1.1" 200 37227 "-" "Mozilla/5.0 (compatible; YandexBot/3.0; +http://yandex.com/bots)"
54.36.148.115 - - [08/Apr/2022:00:42:13 +0000] "GET /search/1018/md-%D0%BA%D0%B5%D1%80%D0%B0%D0%BC%D0%B8%D0%BA%D0%B0/ HTTP/2.0" 200 29472 "-" "Mozilla/5.0 (compatible; AhrefsBot/7.0; +http://ahrefs.com/robot/)"
185.191.171.4 - - [08/Apr/2022:00:42:13 +0000] "GET /grili/dlya-terrasy/legend/ HTTP/1.1" 200 29957 "-" "Mozilla/5.0 (compatible; SemrushBot/7~bl; +http://www.semrush.com/bot.html)"
83.220.237.123 - - [08/Apr/2022:00:42:16 +0000] "GET /blog/author/84/ HTTP/2.0" 500 27389 "https://justgrill.ru/blog/zdorovoe-pitanie--prigotovlenie-na-grile/" "Mozilla/5.0 (Linux; Android 11; Redmi Note 9S) AppleWebKit/537.36 (KHTML, like Gecko) Chrome/99.0.4844.58 Mobile Safari/537.36"
185.191.171.17 - - [08/Apr/2022:00:42:18 +0000] "GET /aksessuary/dlya-kopcheniya/pellety/vishnevaya-pelleta/ HTTP/1.1" 200 29988 "-" "Mozilla/5.0 (compatible; SemrushBot/7~bl; +http://www.semrush.com/bot.html)"
77.88.5.229 - - [08/Apr/2022:00:42:20 +0000] "GET /grili/gazovye/weber/spirit/gazovyj-gril-weber-spirit-ep-335-premium-gbs-cherny/ HTTP/1.1" 200 34580 "-" "Mozilla/5.0 (compatible; YandexBot/3.0; +http://yandex.com/bots)"
77.88.5.229 - - [08/Apr/2022:00:42:22 +0000] "GET /grili/gazovye/char-broil/professional/gril-gazovyy-char-broil-professional-pro-3s/ HTTP/1.1" 200 34417 "-" "Mozilla/5.0 (compatible; YandexBot/3.0; +http://yandex.com/bots) AppleWebKit/537.36 (KHTML, like Gecko) Chrome/81.0.4044.268"
93.158.161.33 - - [08/Apr/2022:00:42:24 +0000] "GET /wa-content/js/jquery-plugins/jquery.cookie.js HTTP/1.1" 200 1355 "https://saratov.justgrill.ru/grili/gazovye/char-broil/professional/gril-gazovyy-char-broil-professional-pro-3s/" "Mozilla/5.0 (compatible; YandexBot/3.0; +http://yandex.com/bots) AppleWebKit/537.36 (KHTML, like Gecko) Chrome/81.0.4044.268"
77.88.5.70 - - [08/Apr/2022:00:42:25 +0000] "GET /grili/gazovye/napoleon/gazovyy-gril-napoleon-freestyle-365/ HTTP/1.1" 200 34706 "-" "Mozilla/5.0 (compatible; YandexBot/3.0; +http://yandex.com/bots)"
77.88.5.229 - - [08/Apr/2022:00:42:26 +0000] "GET /brand/Lillie%27s/ HTTP/1.1" 301 5 "-" "Mozilla/5.0 (compatible; YandexBot/3.0; +http://yandex.com/bots)"
77.88.5.70 - - [08/Apr/2022:00:42:27 +0000] "GET /brand/lillies/ HTTP/1.1" 200 29115 "-" "Mozilla/5.0 (compatible; YandexBot/3.0; +http://yandex.com/bots)"
66.249.66.47 - - [08/Apr/2022:00:42:30 +0000] "GET /aksessuary/oborudovanie/mebel-gril/nastennaya-otkidnaya-polka-napoleon-ptss165p/ HTTP/1.1" 200 31828 "-" "Mozilla/5.0 (compatible; Googlebot/2.1; +http://www.google.com/bot.html)"
114.119.128.44 - - [08/Apr/2022:00:42:33 +0000] "GET /grili/gazovye/weber/summit/summit-e670/ HTTP/1.1" 301 5 "-" "Mozilla/5.0 (Linux; Android 7.0;) AppleWebKit/537.36 (KHTML, like Gecko) Mobile Safari/537.36 (compatible; PetalBot;+https://webmaster.petalsearch.com/site/petalbot)"
194.116.173.212 - - [08/Apr/2022:00:42:33 +0000] "GET /aksessuary/posuda/poddon-gril/poddony-weber-summit-smokefire-alyuminevye-10-sht/ HTTP/1.1" 200 30373 "-" "Mozilla/5.0 (X11; Linux x86_64) AppleWebKit/537.36 (KHTML, like Gecko) Chrome/85.0.4183.83 Safari/537.36"
77.88.5.229 - - [08/Apr/2022:00:42:38 +0000] "GET /brand/Amfora/ HTTP/1.1" 301 5 "-" "Mozilla/5.0 (compatible; YandexBot/3.0; +http://yandex.com/bots)"
114.119.128.44 - - [08/Apr/2022:00:42:40 +0000] "GET /grili/gazovye/weber/summit/gazovyj-gril-summit-e670-cherny/ HTTP/1.1" 200 37582 "-" "Mozilla/5.0 (Linux; Android 7.0;) AppleWebKit/537.36 (KHTML, like Gecko) Mobile Safari/537.36 (compatible; PetalBot;+https://webmaster.petalsearch.com/site/petalbot)"
77.88.5.229 - - [08/Apr/2022:00:42:41 +0000] "GET /brand/MD+%D0%9A%D0%B5%D1%80%D0%B0%D0%BC%D0%B8%D0%BA%D0%B0/ HTTP/1.1" 301 5 "-" "Mozilla/5.0 (compatible; YandexBot/3.0; +http://yandex.com/bots)"
77.88.5.70 - - [08/Apr/2022:00:42:42 +0000] "GET /brand/md-keramika/ HTTP/1.1" 200 28369 "-" "Mozilla/5.0 (compatible; YandexBot/3.0; +http://yandex.com/bots)"
77.88.5.229 - - [08/Apr/2022:00:42:42 +0000] "GET /wa-content/js/jquery-plugins/jquery.cookie.js HTTP/1.1" 200 1355 "https://saratov.justgrill.ru/obogrevateli-ulichnye/" "Mozilla/5.0 (compatible; YandexBot/3.0; +http://yandex.com/bots) AppleWebKit/537.36 (KHTML, like Gecko) Chrome/81.0.4044.268"
77.88.5.242 - - [08/Apr/2022:00:42:57 +0000] "GET /?yclid=7710547526903176844 HTTP/1.1" 200 39392 "-" "Mozilla/5.0 (compatible; YandexMetrika/2.0; +http://yandex.com/bots yabs01)"
93.158.161.33 - - [08/Apr/2022:00:42:58 +0000] "GET /brand/o-grill/ HTTP/1.1" 200 34104 "-" "Mozilla/5.0 (compatible; YandexBot/3.0; +http://yandex.com/bots) AppleWebKit/537.36 (KHTML, like Gecko) Chrome/81.0.4044.268"
77.88.5.229 - - [08/Apr/2022:00:43:04 +0000] "GET /brand/Gratar/ HTTP/1.1" 301 5 "-" "Mozilla/5.0 (compatible; YandexBot/3.0; +http://yandex.com/bots) AppleWebKit/537.36 (KHTML, like Gecko) Chrome/81.0.4044.268"
77.88.5.229 - - [08/Apr/2022:00:43:08 +0000] "GET /brand/gratar/ HTTP/1.1" 200 30039 "-" "Mozilla/5.0 (compatible; YandexBot/3.0; +http://yandex.com/bots) AppleWebKit/537.36 (KHTML, like Gecko) Chrome/81.0.4044.268"
77.88.5.70 - - [08/Apr/2022:00:43:10 +0000] "GET /brand/o-grill/ HTTP/1.1" 200 34104 "-" "Mozilla/5.0 (compatible; YandexBot/3.0; +http://yandex.com/bots) AppleWebKit/537.36 (KHTML, like Gecko) Chrome/81.0.4044.268"
77.88.5.229 - - [08/Apr/2022:00:43:11 +0000] "GET /wa-content/js/jquery-plugins/jquery.cookie.js HTTP/1.1" 200 1355 "https://saratov.justgrill.ru/brand/o-grill/" "Mozilla/5.0 (compatible; YandexBot/3.0; +http://yandex.com/bots) AppleWebKit/537.36 (KHTML, like Gecko) Chrome/81.0.4044.268"
77.88.5.229 - - [08/Apr/2022:00:43:14 +0000] "GET /wa-content/js/jquery-plugins/jquery.cookie.js HTTP/1.1" 200 1355 "https://saratov.justgrill.ru/brand/gratar/" "Mozilla/5.0 (compatible; YandexBot/3.0; +http://yandex.com/bots) AppleWebKit/537.36 (KHTML, like Gecko) Chrome/81.0.4044.268"
34.245.89.123 - - [08/Apr/2022:00:43:19 +0000] "HEAD /ads.txt HTTP/1.1" 404 0 "-" "TprAdsTxtCrawler/1.1"
34.245.89.123 - - [08/Apr/2022:00:43:19 +0000] "HEAD /app-ads.txt HTTP/1.1" 404 0 "-" "TprAdsTxtCrawler/1.1"
34.245.89.123 - - [08/Apr/2022:00:43:20 +0000] "GET /ads.txt HTTP/1.1" 404 26622 "-" "TprAdsTxtCrawler/1.1"
34.245.89.123 - - [08/Apr/2022:00:43:20 +0000] "GET /app-ads.txt HTTP/1.1" 404 26623 "-" "TprAdsTxtCrawler/1.1"
34.245.89.123 - - [08/Apr/2022:00:43:20 +0000] "HEAD /ads.txt HTTP/1.1" 301 0 "-" "TprAdsTxtCrawler/1.1"
34.245.89.123 - - [08/Apr/2022:00:43:21 +0000] "HEAD /app-ads.txt HTTP/1.1" 301 0 "-" "TprAdsTxtCrawler/1.1"
37.9.71.212 - - [08/Apr/2022:00:43:22 +0000] "POST /ym_api/1/?action=/cart HTTP/1.1" 200 109 "-" "Apache-HttpClient/4.5.6 (Java/11.0.8-shenandoah)"
34.245.89.123 - - [08/Apr/2022:00:43:22 +0000] "HEAD /ads.txt HTTP/1.1" 404 0 "-" "TprAdsTxtCrawler/1.1"
34.245.89.123 - - [08/Apr/2022:00:43:22 +0000] "HEAD /app-ads.txt HTTP/1.1" 404 0 "-" "TprAdsTxtCrawler/1.1"
34.245.89.123 - - [08/Apr/2022:00:43:22 +0000] "GET /ads.txt HTTP/1.1" 301 162 "-" "TprAdsTxtCrawler/1.1"
34.245.89.123 - - [08/Apr/2022:00:43:23 +0000] "GET /app-ads.txt HTTP/1.1" 301 162 "-" "TprAdsTxtCrawler/1.1"
77.88.5.229 - - [08/Apr/2022:00:43:23 +0000] "GET /brand/hpc-research/ HTTP/1.1" 200 27817 "-" "Mozilla/5.0 (compatible; YandexBot/3.0; +http://yandex.com/bots) AppleWebKit/537.36 (KHTML, like Gecko) Chrome/81.0.4044.268"
34.245.89.123 - - [08/Apr/2022:00:43:24 +0000] "GET /ads.txt HTTP/1.1" 404 26621 "-" "TprAdsTxtCrawler/1.1"
34.245.89.123 - - [08/Apr/2022:00:43:24 +0000] "GET /app-ads.txt HTTP/1.1" 404 26629 "-" "TprAdsTxtCrawler/1.1"
77.88.5.70 - - [08/Apr/2022:00:43:25 +0000] "GET /brand/MasterBuilt/ HTTP/1.1" 301 5 "-" "Mozilla/5.0 (compatible; YandexBot/3.0; +http://yandex.com/bots) AppleWebKit/537.36 (KHTML, like Gecko) Chrome/81.0.4044.268"
77.88.5.229 - - [08/Apr/2022:00:43:27 +0000] "GET /wa-content/js/jquery-plugins/jquery.cookie.js HTTP/1.1" 200 1355 "https://saratov.justgrill.ru/brand/hpc-research/" "Mozilla/5.0 (compatible; YandexBot/3.0; +http://yandex.com/bots) AppleWebKit/537.36 (KHTML, like Gecko) Chrome/81.0.4044.268"
66.249.92.28 - - [08/Apr/2022:00:43:28 +0000] "GET /?utm_source=google&utm_medium=cpc&utm_campaign=grili_krasnodar_kms&utm_term=kwg_entity__11h79tz76m HTTP/1.1" 200 40245 "-" "Mozilla/5.0 (iPhone; CPU iPhone OS 14_7_1 like Mac OS X) AppleWebKit/605.1.15 (KHTML, like Gecko) Version/14.1.2 Mobile/15E148 Safari/604.1 (compatible; AdsBot-Google-Mobile; +http://www.google.com/mobile/adsbot.html)"
77.88.5.229 - - [08/Apr/2022:00:43:30 +0000] "GET /brand/amfora/ HTTP/1.1" 200 34749 "-" "Mozilla/5.0 (compatible; YandexBot/3.0; +http://yandex.com/bots)"
77.88.5.229 - - [08/Apr/2022:00:43:31 +0000] "GET /grili/gazovye/napoleon/legend/gazovyy-gril-napoleon-legend-325-stalnoy-s-konforkoy/ HTTP/1.1" 200 35333 "-" "Mozilla/5.0 (compatible; YandexBot/3.0; +http://yandex.com/bots) AppleWebKit/537.36 (KHTML, like Gecko) Chrome/81.0.4044.268"
66.249.66.59 - - [08/Apr/2022:00:43:32 +0000] "GET /blog/kak-vybrat-ryebryshki-dlya-grilya-vidy-ryebyer/ HTTP/1.1" 200 29459 "-" "Mozilla/5.0 (compatible; Googlebot/2.1; +http://www.google.com/bot.html)"
66.249.66.69 - - [08/Apr/2022:00:43:55 +0000] "GET /grili/gazovye/broil-king/ HTTP/1.1" 200 34104 "-" "Mozilla/5.0 (Linux; Android 6.0.1; Nexus 5X Build/MMB29P) AppleWebKit/537.36 (KHTML, like Gecko) Chrome/99.0.4844.84 Mobile Safari/537.36 (compatible; Googlebot/2.1; +http://www.google.com/bot.html)"
66.249.66.71 - - [08/Apr/2022:00:43:57 +0000] "GET /grili/gazovye/broil-king/ HTTP/1.1" 200 34086 "-" "Mozilla/5.0 (compatible; Googlebot/2.1; +http://www.google.com/bot.html)"
95.163.255.87 - - [08/Apr/2022:00:44:02 +0000] "GET /product/203431-gazovyy-gril-adelaide-3-woody/ HTTP/1.1" 404 26648 "-" "Mozilla/5.0 (compatible; Linux x86_64; Mail.RU_Bot/2.0; +http://go.mail.ru/help/robots)"
185.191.171.13 - - [08/Apr/2022:00:44:04 +0000] "GET /search/949/%D1%88%D0%B0%D0%BC%D0%BF%D1%83%D1%80%D0%B0/ HTTP/1.1" 200 28543 "-" "Mozilla/5.0 (compatible; SemrushBot/7~bl; +http://www.semrush.com/bot.html)"
207.46.13.144 - - [08/Apr/2022:00:44:08 +0000] "GET /aksessuary/podstavki-i-rostery/ HTTP/2.0" 200 36655 "-" "Mozilla/5.0 (compatible; bingbot/2.0; +http://www.bing.com/bingbot.htm)"
77.88.5.229 - - [08/Apr/2022:00:44:17 +0000] "GET /aksessuary/ugli-i-rozzhigi/brikety-gril/ HTTP/1.1" 200 30182 "-" "Mozilla/5.0 (compatible; YandexBot/3.0; +http://yandex.com/bots)"
77.88.5.229 - - [08/Apr/2022:00:44:25 +0000] "GET /grili/gazovye/napoleon/legend/gazovyy-gril-napoleon-legend-325-stalnoy-s-konforkoy/ HTTP/1.1" 200 35340 "-" "Mozilla/5.0 (compatible; YandexBot/3.0; +http://yandex.com/bots) AppleWebKit/537.36 (KHTML, like Gecko) Chrome/81.0.4044.268"
54.36.149.62 - - [08/Apr/2022:00:44:26 +0000] "GET /search/798/md-%D0%BA%D0%B5%D1%80%D0%B0%D0%BC%D0%B8%D0%BA%D0%B0/ HTTP/2.0" 200 30581 "-" "Mozilla/5.0 (compatible; AhrefsBot/7.0; +http://ahrefs.com/robot/)"
92.118.127.24 - - [08/Apr/2022:00:44:33 +0000] "GET /aksessuary/reshetki/reshetka-gril/reshetka-dlya-ugolnykh-griley-weber-57-sm/ HTTP/1.1" 200 33857 "-" "Mozilla/5.0 (X11; Linux x86_64) AppleWebKit/537.36 (KHTML, like Gecko) Chrome/85.0.4183.83 Safari/537.36"
93.158.161.49 - - [08/Apr/2022:00:44:48 +0000] "GET /?yclid=7710547526903176844 HTTP/1.1" 301 162 "-" "Mozilla/5.0 (compatible; YandexMetrika/2.0; +http://yandex.com/bots yabs01)"
77.88.5.158 - - [08/Apr/2022:00:44:49 +0000] "GET /?yclid=7710547526903176844 HTTP/1.1" 200 39215 "-" "Mozilla/5.0 (compatible; YandexMetrika/2.0; +http://yandex.com/bots yabs01)"
77.88.5.70 - - [08/Apr/2022:00:44:55 +0000] "GET /wa-content/js/jquery-plugins/jquery.cookie.js HTTP/1.1" 200 1355 "https://saratov.justgrill.ru/grili/gazovye/napoleon/legend/gazovyy-gril-napoleon-legend-325-stalnoy-s-konforkoy/" "Mozilla/5.0 (compatible; YandexBot/3.0; +http://yandex.com/bots) AppleWebKit/537.36 (KHTML, like Gecko) Chrome/81.0.4044.268"
66.249.66.2 - - [08/Apr/2022:00:44:59 +0000] "GET /aksessuary/oborudovanie/besprovodnoy-tsifrovoy-bluetooth-termometr/ HTTP/1.1" 301 5 "-" "Mozilla/5.0 (compatible; Googlebot/2.1; +http://www.google.com/bot.html)"
66.249.66.2 - - [08/Apr/2022:00:44:59 +0000] "GET /aksessuary/oborudovanie/termometry-gril/besprovodnoy-tsifrovoy-bluetooth-termometr-gril-napoleon/ HTTP/1.1" 200 35000 "-" "Mozilla/5.0 (compatible; Googlebot/2.1; +http://www.google.com/bot.html)"
185.191.171.21 - - [08/Apr/2022:00:45:28 +0000] "GET /aksessuary/reshetki/syomnik-reshyotki/ HTTP/1.1" 200 30491 "-" "Mozilla/5.0 (compatible; SemrushBot/7~bl; +http://www.semrush.com/bot.html)"
66.249.66.49 - - [08/Apr/2022:00:45:38 +0000] "GET /grili/gazovye/broil-king/baron-340/ HTTP/1.1" 301 5 "-" "Mozilla/5.0 (compatible; Googlebot/2.1; +http://www.google.com/bot.html)"
66.249.66.51 - - [08/Apr/2022:00:45:39 +0000] "GET /grili/gazovye/broil-king/baron/gazovyy-gril-broil-king-baron-340-chernyy/ HTTP/1.1" 200 38507 "-" "Mozilla/5.0 (compatible; Googlebot/2.1; +http://www.google.com/bot.html)"
207.46.13.110 - - [08/Apr/2022:00:46:07 +0000] "GET /mangaly/aksessuary/ HTTP/2.0" 200 34552 "-" "Mozilla/5.0 (compatible; bingbot/2.0; +http://www.bing.com/bingbot.htm)"
77.88.5.229 - - [08/Apr/2022:00:46:11 +0000] "GET /brand/MasterBuilt/ HTTP/1.1" 301 5 "-" "Mozilla/5.0 (compatible; YandexBot/3.0; +http://yandex.com/bots) AppleWebKit/537.36 (KHTML, like Gecko) Chrome/81.0.4044.268"
188.119.122.52 - - [08/Apr/2022:00:46:13 +0000] "GET /aksessuary/chekhly-dlya-griley/premium-chekhol-dlya-weber-spirit-2013-200-serii/ HTTP/1.1" 200 33252 "-" "Mozilla/5.0 (X11; Linux x86_64) AppleWebKit/537.36 (KHTML, like Gecko) Chrome/80.0.3987.149 Safari/537.36"
77.88.5.229 - - [08/Apr/2022:00:46:18 +0000] "GET /brand/MasterBuilt/ HTTP/1.1" 301 5 "-" "Mozilla/5.0 (compatible; YandexBot/3.0; +http://yandex.com/bots) AppleWebKit/537.36 (KHTML, like Gecko) Chrome/81.0.4044.268"
77.88.5.229 - - [08/Apr/2022:00:46:19 +0000] "GET /robots.txt HTTP/1.1" 200 622 "-" "Mozilla/5.0 (compatible; YandexBot/3.0; +http://yandex.com/bots)"
77.88.5.229 - - [08/Apr/2022:00:46:22 +0000] "GET /brand/masterbuilt/ HTTP/1.1" 200 27270 "-" "Mozilla/5.0 (compatible; YandexBot/3.0; +http://yandex.com/bots) AppleWebKit/537.36 (KHTML, like Gecko) Chrome/81.0.4044.268"
77.88.5.229 - - [08/Apr/2022:00:46:23 +0000] "GET /grili/keramicheskie/primo/primo-xl/ HTTP/1.1" 200 33660 "-" "Mozilla/5.0 (compatible; YandexBot/3.0; +http://yandex.com/bots)"
77.88.5.234 - - [08/Apr/2022:00:46:24 +0000] "GET /wa-content/js/jquery-plugins/jquery.cookie.js HTTP/1.1" 200 1355 "https://saratov.justgrill.ru/brand/masterbuilt/" "Mozilla/5.0 (compatible; YandexBot/3.0; +http://yandex.com/bots) AppleWebKit/537.36 (KHTML, like Gecko) Chrome/81.0.4044.268"
54.36.148.252 - - [08/Apr/2022:00:46:25 +0000] "GET /search/929/md-%D0%BA%D0%B5%D1%80%D0%B0%D0%BC%D0%B8%D0%BA%D0%B0/ HTTP/2.0" 200 29486 "-" "Mozilla/5.0 (compatible; AhrefsBot/7.0; +http://ahrefs.com/robot/)"
185.191.171.42 - - [08/Apr/2022:00:46:27 +0000] "GET /aksessuary/dlya-kopcheniya/pellety/pellety-dlya-kopcheniya-apple-paket-92kg-bk/ HTTP/1.1" 200 33985 "-" "Mozilla/5.0 (compatible; SemrushBot/7~bl; +http://www.semrush.com/bot.html)"
77.88.5.229 - - [08/Apr/2022:00:46:31 +0000] "GET /wa-content/js/jquery-plugins/jquery.cookie.js HTTP/1.1" 200 1355 "https://saratov.justgrill.ru/grili/gazovye/napoleon/legend/gazovyy-gril-napoleon-legend-325-stalnoy-s-konforkoy/" "Mozilla/5.0 (compatible; YandexBot/3.0; +http://yandex.com/bots) AppleWebKit/537.36 (KHTML, like Gecko) Chrome/81.0.4044.268"
109.248.98.106 - - [08/Apr/2022:00:46:33 +0000] "GET /grili/ugolnye/ugolnyy-gril-oklahoma-joe-s-blackjack/ HTTP/1.1" 200 34493 "-" "Mozilla/5.0 (X11; Linux x86_64) AppleWebKit/537.36 (KHTML, like Gecko) Chrome/85.0.4183.83 Safari/537.36"
93.158.161.3 - - [08/Apr/2022:00:46:42 +0000] "GET / HTTP/1.1" 301 162 "-" "Mozilla/5.0 (compatible; YandexMetrika/2.0; +http://yandex.com/bots yabs01)"
185.191.171.23 - - [08/Apr/2022:00:46:43 +0000] "GET /aksessuary/gazovoe-oborudovanie/ballony-gril/ HTTP/1.1" 200 31125 "-" "Mozilla/5.0 (compatible; SemrushBot/7~bl; +http://www.semrush.com/bot.html)"
157.55.39.21 - - [08/Apr/2022:00:46:45 +0000] "GET /mangaly/broil-king/ HTTP/2.0" 200 30282 "-" "Mozilla/5.0 (compatible; bingbot/2.0; +http://www.bing.com/bingbot.htm)"
193.233.44.177 - - [08/Apr/2022:00:47:01 +0000] "GET /grili/gazovye/weber/traveller/gril-gazovyy-weber-traveler-chernyy/ HTTP/1.1" 200 36297 "-" "Mozilla/5.0 (X11; Linux x86_64) AppleWebKit/537.36 (KHTML, like Gecko) Chrome/83.0.2549.68 Safari/537.36"
77.88.5.89 - - [08/Apr/2022:00:47:04 +0000] "GET /?yclid=7710547526903176844 HTTP/1.1" 200 39836 "-" "Mozilla/5.0 (compatible; YandexMetrika/2.0; +http://yandex.com/bots yabs01)"
77.88.5.229 - - [08/Apr/2022:00:47:42 +0000] "GET /grili/gazovye/weber/spirit-ii/45012175-gril-gazovyy-spirit-ii-e-320-gbs-chernyy/ HTTP/1.1" 200 35727 "-" "Mozilla/5.0 (compatible; YandexBot/3.0; +http://yandex.com/bots)"
77.88.5.229 - - [08/Apr/2022:00:47:42 +0000] "GET /grili/gazovye/napoleon/rogue/gazovyy-gril-napoleon-rogue-525-stalnoy-s-ik-gorelkoy/ HTTP/1.1" 200 35401 "-" "Mozilla/5.0 (compatible; YandexBot/3.0; +http://yandex.com/bots) AppleWebKit/537.36 (KHTML, like Gecko) Chrome/81.0.4044.268"
77.88.5.70 - - [08/Apr/2022:00:47:43 +0000] "GET /grili/gazovye/napoleon/gazovyy-gril-napoleon-freestyle-425/ HTTP/1.1" 200 34644 "-" "Mozilla/5.0 (compatible; YandexBot/3.0; +http://yandex.com/bots) AppleWebKit/537.36 (KHTML, like Gecko) Chrome/81.0.4044.268"
77.88.5.229 - - [08/Apr/2022:00:47:44 +0000] "GET /grili/gazovye/broil-king/gazovyy-gril-broil-king-monarch-340/ HTTP/1.1" 200 35872 "-" "Mozilla/5.0 (compatible; YandexBot/3.0; +http://yandex.com/bots) AppleWebKit/537.36 (KHTML, like Gecko) Chrome/81.0.4044.268"
93.158.161.33 - - [08/Apr/2022:00:47:45 +0000] "GET /search/984/char-broil/ HTTP/1.1" 200 28996 "-" "Mozilla/5.0 (compatible; YandexBot/3.0; +http://yandex.com/bots)"
77.88.5.70 - - [08/Apr/2022:00:47:46 +0000] "GET /grili/gazovye/broil-king/signet/gril-gazovyy-broil-king-signet-340/ HTTP/1.1" 200 34872 "-" "Mozilla/5.0 (compatible; YandexBot/3.0; +http://yandex.com/bots)"
93.158.161.33 - - [08/Apr/2022:00:47:46 +0000] "GET /grili/gazovye/weber/spirit/gazovyj-gril-weber-spirit-e-325-gbs-cherny/ HTTP/1.1" 200 36385 "-" "Mozilla/5.0 (compatible; YandexBot/3.0; +http://yandex.com/bots)"
77.88.5.234 - - [08/Apr/2022:00:47:46 +0000] "GET /wa-content/js/jquery-plugins/jquery.cookie.js HTTP/1.1" 200 1355 "https://saratov.justgrill.ru/grili/gazovye/napoleon/rogue/gazovyy-gril-napoleon-rogue-525-stalnoy-s-ik-gorelkoy/" "Mozilla/5.0 (compatible; YandexBot/3.0; +http://yandex.com/bots) AppleWebKit/537.36 (KHTML, like Gecko) Chrome/81.0.4044.268"
77.88.5.70 - - [08/Apr/2022:00:47:47 +0000] "GET /grili/gazovye/char-broil/professional/gril-gazovyy-char-broil-professional-core-3b/ HTTP/1.1" 200 34363 "-" "Mozilla/5.0 (compatible; YandexBot/3.0; +http://yandex.com/bots) AppleWebKit/537.36 (KHTML, like Gecko) Chrome/81.0.4044.268"
93.158.161.33 - - [08/Apr/2022:00:47:48 +0000] "GET /grili/gazovye/napoleon/travel/gazovyj-gril-napoleon-travelq-pro-285-chernyy/ HTTP/1.1" 200 35022 "-" "Mozilla/5.0 (compatible; YandexBot/3.0; +http://yandex.com/bots) AppleWebKit/537.36 (KHTML, like Gecko) Chrome/81.0.4044.268"
77.88.5.229 - - [08/Apr/2022:00:47:48 +0000] "GET /grili/gazovye/napoleon/prestige-pro/gazovyy-gril-napoleon-prestige-pro-500/ HTTP/1.1" 200 35790 "-" "Mozilla/5.0 (compatible; YandexBot/3.0; +http://yandex.com/bots)"
77.88.5.70 - - [08/Apr/2022:00:47:49 +0000] "GET /grili/gazovye/napoleon/travel/gazovyj-gril-napoleon-travelq-pro-285x-chernyy/ HTTP/1.1" 200 35678 "-" "Mozilla/5.0 (compatible; YandexBot/3.0; +http://yandex.com/bots)"
77.88.5.234 - - [08/Apr/2022:00:47:51 +0000] "GET /wa-content/js/jquery-plugins/jquery.cookie.js HTTP/1.1" 200 1355 "https://saratov.justgrill.ru/grili/gazovye/char-broil/professional/gril-gazovyy-char-broil-professional-core-3b/" "Mozilla/5.0 (compatible; YandexBot/3.0; +http://yandex.com/bots) AppleWebKit/537.36 (KHTML, like Gecko) Chrome/81.0.4044.268"
77.88.5.229 - - [08/Apr/2022:00:47:53 +0000] "GET /wa-content/js/jquery-plugins/jquery.cookie.js HTTP/1.1" 200 1355 "https://saratov.justgrill.ru/grili/gazovye/napoleon/travel/gazovyj-gril-napoleon-travelq-pro-285-chernyy/" "Mozilla/5.0 (compatible; YandexBot/3.0; +http://yandex.com/bots) AppleWebKit/537.36 (KHTML, like Gecko) Chrome/81.0.4044.268"
77.88.5.70 - - [08/Apr/2022:00:47:54 +0000] "GET /grili/gazovye/broil-king/baron/gazovyy-gril-broil-king-baron-340-chernyy/ HTTP/1.1" 200 37785 "-" "Mozilla/5.0 (compatible; YandexBot/3.0; +http://yandex.com/bots)"
77.88.5.70 - - [08/Apr/2022:00:47:54 +0000] "GET /wa-content/js/jquery-plugins/jquery.cookie.js HTTP/1.1" 200 1355 "https://saratov.justgrill.ru/grili/gazovye/napoleon/gazovyy-gril-napoleon-freestyle-425/" "Mozilla/5.0 (compatible; YandexBot/3.0; +http://yandex.com/bots) AppleWebKit/537.36 (KHTML, like Gecko) Chrome/81.0.4044.268"
54.36.148.172 - - [08/Apr/2022:00:48:11 +0000] "GET /search/949/md-%D0%BA%D0%B5%D1%80%D0%B0%D0%BC%D0%B8%D0%BA%D0%B0/ HTTP/2.0" 200 29494 "-" "Mozilla/5.0 (compatible; AhrefsBot/7.0; +http://ahrefs.com/robot/)"
37.9.71.213 - - [08/Apr/2022:00:48:16 +0000] "POST /ym_api/1/?action=/cart HTTP/1.1" 200 111 "-" "Apache-HttpClient/4.5.6 (Java/11.0.8-shenandoah)"
185.191.171.8 - - [08/Apr/2022:00:48:22 +0000] "GET /search/984/%D1%83%D0%B3%D0%BE%D0%BB%D1%8C/ HTTP/1.1" 200 29415 "-" "Mozilla/5.0 (compatible; SemrushBot/7~bl; +http://www.semrush.com/bot.html)"
77.88.5.70 - - [08/Apr/2022:00:48:23 +0000] "GET /grili/gazovye/napoleon/bilex/gazovyy-gril-napoleon-bilex-485/ HTTP/1.1" 200 34624 "-" "Mozilla/5.0 (compatible; YandexBot/3.0; +http://yandex.com/bots)"
45.5.65.15 - - [08/Apr/2022:00:48:23 +0000] "GET / HTTP/1.1" 301 5 "-" "Mozilla/5.0 (Windows NT 10.0; Win64; x64) AppleWebKit/537.36 (KHTML, like Gecko) Chrome/55.0.2883.87 Safari/537.36"
45.5.65.15 - - [08/Apr/2022:00:48:23 +0000] "GET / HTTP/1.1" 301 162 "-" "Mozilla/5.0 (Windows NT 10.0; Win64; x64) AppleWebKit/537.36 (KHTML, like Gecko) Chrome/55.0.2883.87 Safari/537.36"
45.5.65.15 - - [08/Apr/2022:00:48:25 +0000] "GET / HTTP/1.1" 200 39195 "-" "Mozilla/5.0 (Windows NT 10.0; Win64; x64) AppleWebKit/537.36 (KHTML, like Gecko) Chrome/55.0.2883.87 Safari/537.36"
77.88.5.229 - - [08/Apr/2022:00:48:25 +0000] "GET /grili/gazovye/napoleon/gazovyy-gril-napoleon-freestyle-425-sb-s-konforkoy/ HTTP/1.1" 200 34664 "-" "Mozilla/5.0 (compatible; YandexBot/3.0; +http://yandex.com/bots) AppleWebKit/537.36 (KHTML, like Gecko) Chrome/81.0.4044.268"
45.5.65.15 - - [08/Apr/2022:00:48:25 +0000] "GET / HTTP/1.1" 301 162 "-" "Mozilla/5.0 (Windows NT 10.0; Win64; x64) AppleWebKit/537.36 (KHTML, like Gecko) Chrome/55.0.2883.87 Safari/537.36"
77.88.5.70 - - [08/Apr/2022:00:48:26 +0000] "GET /wa-content/js/jquery-plugins/jquery.cookie.js HTTP/1.1" 200 1355 "https://saratov.justgrill.ru/grili/gazovye/napoleon/gazovyy-gril-napoleon-freestyle-425-sb-s-konforkoy/" "Mozilla/5.0 (compatible; YandexBot/3.0; +http://yandex.com/bots) AppleWebKit/537.36 (KHTML, like Gecko) Chrome/81.0.4044.268"
45.5.65.15 - - [08/Apr/2022:00:48:27 +0000] "GET / HTTP/1.1" 200 39197 "-" "Mozilla/5.0 (Windows NT 10.0; Win64; x64) AppleWebKit/537.36 (KHTML, like Gecko) Chrome/55.0.2883.87 Safari/537.36"
77.88.5.229 - - [08/Apr/2022:00:48:28 +0000] "GET /grili/gazovye/napoleon/legend/gazovyy-gril-legend-410-stalnoy-s-konforkoy/ HTTP/1.1" 200 34600 "-" "Mozilla/5.0 (compatible; YandexBot/3.0; +http://yandex.com/bots) AppleWebKit/537.36 (KHTML, like Gecko) Chrome/81.0.4044.268"
77.88.5.70 - - [08/Apr/2022:00:48:29 +0000] "GET /grili/gazovye/weber/genesis/gazovyj-gril-weber-genesis-ii-e-310-gbs-cherny/ HTTP/1.1" 200 36595 "-" "Mozilla/5.0 (compatible; YandexBot/3.0; +http://yandex.com/bots) AppleWebKit/537.36 (KHTML, like Gecko) Chrome/81.0.4044.268"
52.13.241.240 - - [08/Apr/2022:00:48:34 +0000] "GET / HTTP/1.1" 301 162 "-" "Mozilla/5.0 (X11; Linux x86_64; rv:92.0) Gecko/20100101 Firefox/92.0"
52.13.241.240 - - [08/Apr/2022:00:48:36 +0000] "GET / HTTP/2.0" 200 39176 "-" "Mozilla/5.0 (X11; Linux x86_64; rv:92.0) Gecko/20100101 Firefox/92.0"
52.13.241.240 - - [08/Apr/2022:00:48:37 +0000] "GET /wa-content/font/ruble/arial/fontface.css HTTP/2.0" 200 371 "https://justgrill.ru/" "Mozilla/5.0 (X11; Linux x86_64; rv:92.0) Gecko/20100101 Firefox/92.0"
52.13.241.240 - - [08/Apr/2022:00:48:37 +0000] "GET /wa-content/js/jquery-plugins/jquery.cookie.js HTTP/2.0" 200 1343 "https://justgrill.ru/" "Mozilla/5.0 (X11; Linux x86_64; rv:92.0) Gecko/20100101 Firefox/92.0"
52.13.241.240 - - [08/Apr/2022:00:48:37 +0000] "GET /wa-content/js/jquery-plugins/jquery.cookie.js?v2.4.1 HTTP/2.0" 200 1343 "https://justgrill.ru/" "Mozilla/5.0 (X11; Linux x86_64; rv:92.0) Gecko/20100101 Firefox/92.0"
52.13.241.240 - - [08/Apr/2022:00:48:37 +0000] "GET /wa-content/js/jquery-plugins/jquery.retina.min.js?v2.4.1 HTTP/2.0" 200 900 "https://justgrill.ru/" "Mozilla/5.0 (X11; Linux x86_64; rv:92.0) Gecko/20100101 Firefox/92.0"
52.13.241.240 - - [08/Apr/2022:00:48:37 +0000] "GET /searchpro-plugin/config/?v1.9.0.1649378916?1758046968 HTTP/2.0" 200 557 "https://justgrill.ru/" "Mozilla/5.0 (X11; Linux x86_64; rv:92.0) Gecko/20100101 Firefox/92.0"
52.13.241.240 - - [08/Apr/2022:00:48:37 +0000] "GET /searchpro-plugin/config/?v1.9.0.1649378916?2012660807 HTTP/2.0" 200 557 "https://justgrill.ru/" "Mozilla/5.0 (X11; Linux x86_64; rv:92.0) Gecko/20100101 Firefox/92.0"
52.13.241.240 - - [08/Apr/2022:00:48:38 +0000] "GET /wa-data/public/site/themes/justgrill/fonts/Roboto.woff2 HTTP/2.0" 200 28036 "https://justgrill.ru/wa-data/public/site/themes/justgrill/css/fonts.css?v3.3.1.1649378916" "Mozilla/5.0 (X11; Linux x86_64; rv:92.0) Gecko/20100101 Firefox/92.0"
52.13.241.240 - - [08/Apr/2022:00:48:38 +0000] "GET /wa-data/public/site/themes/justgrill/fonts/Robotobold.woff2 HTTP/2.0" 200 28384 "https://justgrill.ru/wa-data/public/site/themes/justgrill/css/fonts.css?v3.3.1.1649378916" "Mozilla/5.0 (X11; Linux x86_64; rv:92.0) Gecko/20100101 Firefox/92.0"
52.13.241.240 - - [08/Apr/2022:00:48:38 +0000] "GET /wa-data/public/site/themes/justgrill/fonts/Robotolight.woff2 HTTP/2.0" 200 28296 "https://justgrill.ru/wa-data/public/site/themes/justgrill/css/fonts.css?v3.3.1.1649378916" "Mozilla/5.0 (X11; Linux x86_64; rv:92.0) Gecko/20100101 Firefox/92.0"
