52.13.241.240 - - [08/Apr/2022:00:48:38 +0000] "GET /wa-data/public/site/themes/justgrill/img/basket.svg HTTP/2.0" 200 3868 "https://justgrill.ru/wa-data/public/site/themes/justgrill/css/main.css?v3.3.1.1649378916" "Mozilla/5.0 (X11; Linux x86_64; rv:92.0) Gecko/20100101 Firefox/92.0"
52.13.241.240 - - [08/Apr/2022:00:48:38 +0000] "GET /wa-data/public/site/themes/justgrill/img/user.svg HTTP/2.0" 200 5703 "https://justgrill.ru/wa-data/public/site/themes/justgrill/css/main.css?v3.3.1.1649378916" "Mozilla/5.0 (X11; Linux x86_64; rv:92.0) Gecko/20100101 Firefox/92.0"
52.13.241.240 - - [08/Apr/2022:00:48:38 +0000] "GET /wa-data/public/site/themes/justgrill/img/phone.svg HTTP/2.0" 200 99750 "https://justgrill.ru/wa-data/public/site/themes/justgrill/css/main.css?v3.3.1.1649378916" "Mozilla/5.0 (X11; Linux x86_64; rv:92.0) Gecko/20100101 Firefox/92.0"
52.13.241.240 - - [08/Apr/2022:00:48:38 +0000] "GET /wa-data/public/site/themes/justgrill/img/email.svg HTTP/2.0" 200 354 "https://justgrill.ru/wa-data/public/site/themes/justgrill/css/main.css?v3.3.1.1649378916" "Mozilla/5.0 (X11; Linux x86_64; rv:92.0) Gecko/20100101 Firefox/92.0"
52.13.241.240 - - [08/Apr/2022:00:48:38 +0000] "GET /wa-data/public/site/themes/justgrill/img/adress.svg HTTP/2.0" 200 80968 "https://justgrill.ru/wa-data/public/site/themes/justgrill/css/main.css?v3.3.1.1649378916" "Mozilla/5.0 (X11; Linux x86_64; rv:92.0) Gecko/20100101 Firefox/92.0"
52.13.241.240 - - [08/Apr/2022:00:48:38 +0000] "GET /wa-data/public/site/themes/justgrill/fonts/Robotoblack.woff2 HTTP/2.0" 200 28452 "https://justgrill.ru/wa-data/public/site/themes/justgrill/css/fonts.css?v3.3.1.1649378916" "Mozilla/5.0 (X11; Linux x86_64; rv:92.0) Gecko/20100101 Firefox/92.0"
52.13.241.240 - - [08/Apr/2022:00:48:38 +0000] "GET /wa-data/public/site/themes/justgrill/fonts/Robotomedium.woff2 HTTP/2.0" 200 28312 "https://justgrill.ru/wa-data/public/site/themes/justgrill/css/fonts.css?v3.3.1.1649378916" "Mozilla/5.0 (X11; Linux x86_64; rv:92.0) Gecko/20100101 Firefox/92.0"
52.13.241.240 - - [08/Apr/2022:00:48:38 +0000] "GET /wa-content/font/ruble/arial/alsrubl-arial-regular.woff HTTP/2.0" 200 1788 "https://justgrill.ru/wa-content/font/ruble/arial/fontface.css" "Mozilla/5.0 (X11; Linux x86_64; rv:92.0) Gecko/20100101 Firefox/92.0"
52.13.241.240 - - [08/Apr/2022:00:48:39 +0000] "GET /wa-content/js/signup/signup.js?v=8.21.0.1649378916 HTTP/2.0" 200 6675 "https://justgrill.ru/" "Mozilla/5.0 (X11; Linux x86_64; rv:92.0) Gecko/20100101 Firefox/92.0"
52.13.241.240 - - [08/Apr/2022:00:48:39 +0000] "GET /wa-content/css/signup/signup.css?v=8.21.0.1649378916 HTTP/2.0" 200 1909 "https://justgrill.ru/" "Mozilla/5.0 (X11; Linux x86_64; rv:92.0) Gecko/20100101 Firefox/92.0"
52.13.241.240 - - [08/Apr/2022:00:48:39 +0000] "GET /wa-content/js/login/login-frontend-form.min.js?v=8.21.0.1649378916 HTTP/2.0" 200 5488 "https://justgrill.ru/" "Mozilla/5.0 (X11; Linux x86_64; rv:92.0) Gecko/20100101 Firefox/92.0"
52.13.241.240 - - [08/Apr/2022:00:48:39 +0000] "GET /wa-content/css/login/frontend/login.css?v=8.21.0.1649378916 HTTP/2.0" 200 1762 "https://justgrill.ru/" "Mozilla/5.0 (X11; Linux x86_64; rv:92.0) Gecko/20100101 Firefox/92.0"
52.13.241.240 - - [08/Apr/2022:00:48:39 +0000] "GET /wa-content/js/login/forgotpassword-frontend-form.min.js?v=8.21.0.1649378916 HTTP/2.0" 200 4709 "https://justgrill.ru/" "Mozilla/5.0 (X11; Linux x86_64; rv:92.0) Gecko/20100101 Firefox/92.0"
52.13.241.240 - - [08/Apr/2022:00:48:39 +0000] "GET /wa-content/css/login/frontend/forgot-password.css?v=8.21.0.1649378916 HTTP/2.0" 200 1560 "https://justgrill.ru/" "Mozilla/5.0 (X11; Linux x86_64; rv:92.0) Gecko/20100101 Firefox/92.0"
52.13.241.240 - - [08/Apr/2022:00:48:40 +0000] "GET /wa-apps/shop/plugins/searchpro/fonts/Roboto/Roboto-Regular.woff2 HTTP/2.0" 200 66004 "https://justgrill.ru/wa-apps/shop/plugins/searchpro/css/frontend.fonts.css?v1.9.0.1649378916" "Mozilla/5.0 (X11; Linux x86_64; rv:92.0) Gecko/20100101 Firefox/92.0"
52.13.241.240 - - [08/Apr/2022:00:48:40 +0000] "GET /regions/getPopupContent/ HTTP/2.0" 200 1023 "https://justgrill.ru/" "Mozilla/5.0 (X11; Linux x86_64; rv:92.0) Gecko/20100101 Firefox/92.0"
52.13.241.240 - - [08/Apr/2022:00:48:40 +0000] "GET /favicon.ico HTTP/2.0" 200 54978 "https://justgrill.ru/" "Mozilla/5.0 (X11; Linux x86_64; rv:92.0) Gecko/20100101 Firefox/92.0"
52.13.241.240 - - [08/Apr/2022:00:48:41 +0000] "GET /regions/getPopupContent/ HTTP/2.0" 200 1023 "https://justgrill.ru/" "Mozilla/5.0 (X11; Linux x86_64; rv:92.0) Gecko/20100101 Firefox/92.0"
194.55.167.16 - - [08/Apr/2022:00:48:55 +0000] "GET /photos/photo/author/1558/202001_bge_ru_winter_banners_2000x653/ HTTP/1.1" 200 29207 "-" "Mozilla/5.0 (X11; Linux x86_64) AppleWebKit/537.36 (KHTML, like Gecko) Chrome/85.0.4183.83 Safari/537.36"
77.88.5.229 - - [08/Apr/2022:00:48:57 +0000] "GET /aksessuary/dlya-tandyrov/ HTTP/1.1" 200 34431 "-" "Mozilla/5.0 (compatible; YandexBot/3.0; +http://yandex.com/bots) AppleWebKit/537.36 (KHTML, like Gecko) Chrome/81.0.4044.268"
185.191.171.42 - - [08/Apr/2022:00:49:15 +0000] "GET /aksessuary/gazovoe-oborudovanie/ballony-gril/gazovye-ballony-gril-ragasco-lpg-125-l/ HTTP/1.1" 200 35534 "-" "Mozilla/5.0 (compatible; SemrushBot/7~bl; +http://www.semrush.com/bot.html)"
77.88.5.217 - - [08/Apr/2022:00:49:16 +0000] "GET / HTTP/1.1" 301 162 "-" "Mozilla/5.0 (compatible; YandexMetrika/2.0; +http://yandex.com/bots yabs01)"
77.88.5.70 - - [08/Apr/2022:00:49:18 +0000] "GET / HTTP/1.1" 301 162 "-" "Mozilla/5.0 (compatible; YandexMetrika/2.0; +http://yandex.com/bots yabs01)"
77.88.5.229 - - [08/Apr/2022:00:49:22 +0000] "GET /wa-content/js/jquery-plugins/jquery.cookie.js HTTP/1.1" 200 1355 "https://saratov.justgrill.ru/grili/gazovye/napoleon/legend/gazovyy-gril-legend-410-stalnoy-s-konforkoy/" "Mozilla/5.0 (compatible; YandexBot/3.0; +http://yandex.com/bots) AppleWebKit/537.36 (KHTML, like Gecko) Chrome/81.0.4044.268"
185.191.171.18 - - [08/Apr/2022:00:49:30 +0000] "GET /search/963/grillver/?order=asc&sort=price HTTP/1.1" 200 29858 "-" "Mozilla/5.0 (compatible; SemrushBot/7~bl; +http://www.semrush.com/bot.html)"
185.191.171.42 - - [08/Apr/2022:00:49:33 +0000] "GET /search/963/grillver/ HTTP/1.1" 200 29777 "-" "Mozilla/5.0 (compatible; SemrushBot/7~bl; +http://www.semrush.com/bot.html)"
77.88.5.229 - - [08/Apr/2022:00:49:40 +0000] "GET /grili/gazovye/char-broil/professional/gril-gazovyy-char-broil-professional-pro-4s/ HTTP/1.1" 200 34219 "-" "Mozilla/5.0 (compatible; YandexBot/3.0; +http://yandex.com/bots) AppleWebKit/537.36 (KHTML, like Gecko) Chrome/81.0.4044.268"
114.119.129.175 - - [08/Apr/2022:00:49:46 +0000] "GET /brendy/grillver/mangal-fayrkraft-komfort/ HTTP/1.1" 301 5 "-" "Mozilla/5.0 (Linux; Android 7.0;) AppleWebKit/537.36 (KHTML, like Gecko) Mobile Safari/537.36 (compatible; PetalBot;+https://webmaster.petalsearch.com/site/petalbot)"
114.119.129.175 - - [08/Apr/2022:00:49:49 +0000] "GET /mangaly/mangal/grillver-mangal-fayrkraft-komfort-na-kolesah/ HTTP/1.1" 301 5 "-" "Mozilla/5.0 (Linux; Android 7.0;) AppleWebKit/537.36 (KHTML, like Gecko) Mobile Safari/537.36 (compatible; PetalBot;+https://webmaster.petalsearch.com/site/petalbot)"
114.119.129.175 - - [08/Apr/2022:00:49:52 +0000] "GET /mangaly/mangal/grillver/fayrkraft/grillver-mangal-fayrkraft-komfort-na-kolesah/ HTTP/1.1" 200 34428 "-" "Mozilla/5.0 (Linux; Android 7.0;) AppleWebKit/537.36 (KHTML, like Gecko) Mobile Safari/537.36 (compatible; PetalBot;+https://webmaster.petalsearch.com/site/petalbot)"
66.249.66.56 - - [08/Apr/2022:00:49:53 +0000] "GET /aksessuary/baza-dlya-grilya-l/ HTTP/1.1" 301 5 "-" "Mozilla/5.0 (Linux; Android 6.0.1; Nexus 5X Build/MMB29P) AppleWebKit/537.36 (KHTML, like Gecko) Chrome/100.0.4896.75 Mobile Safari/537.36 (compatible; Googlebot/2.1; +http://www.google.com/bot.html)"
54.36.148.178 - - [08/Apr/2022:00:49:54 +0000] "GET /search/956/md-%D0%BA%D0%B5%D1%80%D0%B0%D0%BC%D0%B8%D0%BA%D0%B0/ HTTP/2.0" 200 29500 "-" "Mozilla/5.0 (compatible; AhrefsBot/7.0; +http://ahrefs.com/robot/)"
66.249.66.56 - - [08/Apr/2022:00:49:54 +0000] "GET /grili/keramicheskie/big-green-egg/baza-dlya-keramicheskogo-grilya-big-green-egg-l/ HTTP/1.1" 200 32251 "-" "Mozilla/5.0 (Linux; Android 6.0.1; Nexus 5X Build/MMB29P) AppleWebKit/537.36 (KHTML, like Gecko) Chrome/100.0.4896.75 Mobile Safari/537.36 (compatible; Googlebot/2.1; +http://www.google.com/bot.html)"
77.88.5.229 - - [08/Apr/2022:00:49:57 +0000] "GET /robots.txt HTTP/1.1" 200 614 "-" "Mozilla/5.0 (compatible; YandexBot/3.0; +http://yandex.com/bots)"
77.88.5.229 - - [08/Apr/2022:00:50:00 +0000] "GET /wa-content/js/jquery-plugins/jquery.cookie.js HTTP/1.1" 200 1355 "https://volgodonsk.justgrill.ru/aksessuary/dlya-tandyrov/" "Mozilla/5.0 (compatible; YandexBot/3.0; +http://yandex.com/bots) AppleWebKit/537.36 (KHTML, like Gecko) Chrome/81.0.4044.268"
77.88.5.70 - - [08/Apr/2022:00:50:02 +0000] "GET /search/%D1%88%D0%B5%D0%B9%D0%BA%D0%B5%D1%80/ HTTP/1.1" 200 30957 "-" "Mozilla/5.0 (compatible; YandexBot/3.0; +http://yandex.com/bots)"
77.88.5.229 - - [08/Apr/2022:00:50:04 +0000] "GET /wa-content/js/jquery-plugins/jquery.cookie.js HTTP/1.1" 200 1355 "https://saratov.justgrill.ru/grili/gazovye/broil-king/gazovyy-gril-broil-king-monarch-340/" "Mozilla/5.0 (compatible; YandexBot/3.0; +http://yandex.com/bots) AppleWebKit/537.36 (KHTML, like Gecko) Chrome/81.0.4044.268"
185.191.171.4 - - [08/Apr/2022:00:50:17 +0000] "GET /search/766/big-green-egg/ HTTP/1.1" 200 34366 "-" "Mozilla/5.0 (compatible; SemrushBot/7~bl; +http://www.semrush.com/bot.html)"
66.249.66.54 - - [08/Apr/2022:00:50:27 +0000] "GET /aksessuary/reshetki/reshetka-gril/reshyotka-gril-iz-nerzh-stali-dlya-grillver-redlayner-lift-eyr/ HTTP/1.1" 301 5 "-" "Mozilla/5.0 (Linux; Android 6.0.1; Nexus 5X Build/MMB29P) AppleWebKit/537.36 (KHTML, like Gecko) Chrome/100.0.4896.75 Mobile Safari/537.36 (compatible; Googlebot/2.1; +http://www.google.com/bot.html)"
66.249.66.48 - - [08/Apr/2022:00:50:27 +0000] "GET /aksessuary/reshetki/reshetka-gril/reshyotka-gril-iz-nerzh-stali-dlya-grillver-redlayner-lift-eyr/ HTTP/1.1" 301 162 "-" "Mozilla/5.0 (Linux; Android 6.0.1; Nexus 5X Build/MMB29P) AppleWebKit/537.36 (KHTML, like Gecko) Chrome/100.0.4896.75 Mobile Safari/537.36 (compatible; Googlebot/2.1; +http://www.google.com/bot.html)"
77.88.5.229 - - [08/Apr/2022:00:50:28 +0000] "GET /robots.txt HTTP/1.1" 200 622 "-" "Mozilla/5.0 (compatible; YandexBot/3.0; +http://yandex.com/bots)"
46.8.26.228 - - [08/Apr/2022:00:50:29 +0000] "GET /spetsii-dlya-grilya/pertsy/chili-perets-piri-piri-80g-banka/ HTTP/1.1" 200 31873 "-" "Mozilla/5.0 (X11; Linux x86_64) AppleWebKit/537.36 (KHTML, like Gecko) Chrome/85.0.4183.83 Safari/537.36"
66.249.66.57 - - [08/Apr/2022:00:50:29 +0000] "GET /aksessuary/reshetki/reshetka-gril/reshyotka-gril-iz-nerzh-stali-dlya-grillver-redlayner-lift-eyr/ HTTP/1.1" 200 32462 "-" "Mozilla/5.0 (Linux; Android 6.0.1; Nexus 5X Build/MMB29P) AppleWebKit/537.36 (KHTML, like Gecko) Chrome/100.0.4896.75 Mobile Safari/537.36 (compatible; Googlebot/2.1; +http://www.google.com/bot.html)"
77.88.5.229 - - [08/Apr/2022:00:50:31 +0000] "GET /aksessuary/odezhda-gril/rukavitsa-gril/ HTTP/1.1" 200 28595 "-" "Mozilla/5.0 (compatible; YandexBot/3.0; +http://yandex.com/bots) AppleWebKit/537.36 (KHTML, like Gecko) Chrome/81.0.4044.268"
77.88.5.70 - - [08/Apr/2022:00:50:32 +0000] "GET /aksessuary/instrumenty/lopatki-gril/ HTTP/1.1" 200 30937 "-" "Mozilla/5.0 (compatible; YandexBot/3.0; +http://yandex.com/bots) AppleWebKit/537.36 (KHTML, like Gecko) Chrome/81.0.4044.268"
77.88.5.229 - - [08/Apr/2022:00:50:34 +0000] "GET /grili/ HTTP/1.1" 200 36760 "-" "Mozilla/5.0 (compatible; YandexBot/3.0; +http://yandex.com/bots) AppleWebKit/537.36 (KHTML, like Gecko) Chrome/81.0.4044.268"
77.88.5.70 - - [08/Apr/2022:00:50:37 +0000] "GET /wa-content/js/jquery-plugins/jquery.cookie.js HTTP/1.1" 200 1355 "https://saratov.justgrill.ru/aksessuary/odezhda-gril/rukavitsa-gril/" "Mozilla/5.0 (compatible; YandexBot/3.0; +http://yandex.com/bots) AppleWebKit/537.36 (KHTML, like Gecko) Chrome/81.0.4044.268"
77.88.5.229 - - [08/Apr/2022:00:50:39 +0000] "GET /aksessuary/reshetki/reshetka-gril/ HTTP/1.1" 200 34494 "-" "Mozilla/5.0 (compatible; YandexBot/3.0; +http://yandex.com/bots) AppleWebKit/537.36 (KHTML, like Gecko) Chrome/81.0.4044.268"
77.88.5.70 - - [08/Apr/2022:00:50:42 +0000] "GET /wa-content/js/jquery-plugins/jquery.cookie.js HTTP/1.1" 200 1355 "https://saratov.justgrill.ru/grili/" "Mozilla/5.0 (compatible; YandexBot/3.0; +http://yandex.com/bots) AppleWebKit/537.36 (KHTML, like Gecko) Chrome/81.0.4044.268"
77.88.5.229 - - [08/Apr/2022:00:50:45 +0000] "GET /grili/gazovye/char-broil/professional/gril-gazovyy-char-broil-professional-pro-4s/ HTTP/1.1" 200 34221 "-" "Mozilla/5.0 (compatible; YandexBot/3.0; +http://yandex.com/bots) AppleWebKit/537.36 (KHTML, like Gecko) Chrome/81.0.4044.268"
77.88.5.70 - - [08/Apr/2022:00:50:46 +0000] "GET /grili/gazovye/napoleon/rogue/gazovyy-gril-napoleon-rogue-525-xt-chernyy-s-ik-gorelkoy-23/ HTTP/1.1" 200 34620 "-" "Mozilla/5.0 (compatible; YandexBot/3.0; +http://yandex.com/bots)"
77.88.5.229 - - [08/Apr/2022:00:50:47 +0000] "GET /wa-content/js/jquery-plugins/jquery.cookie.js HTTP/1.1" 200 1355 "https://saratov.justgrill.ru/grili/gazovye/napoleon/legend/gazovyy-gril-legend-410-stalnoy-s-konforkoy/" "Mozilla/5.0 (compatible; YandexBot/3.0; +http://yandex.com/bots) AppleWebKit/537.36 (KHTML, like Gecko) Chrome/81.0.4044.268"
77.88.5.229 - - [08/Apr/2022:00:50:51 +0000] "GET /grili/gazovye/weber/36810021-gril-gazovyy-genesis-epx-435-chernyy/ HTTP/1.1" 200 35227 "-" "Mozilla/5.0 (compatible; YandexBot/3.0; +http://yandex.com/bots)"
77.88.5.229 - - [08/Apr/2022:00:50:55 +0000] "GET /grili/drovyanye/grillux/ HTTP/1.1" 200 30664 "-" "Mozilla/5.0 (compatible; YandexBot/3.0; +http://yandex.com/bots) AppleWebKit/537.36 (KHTML, like Gecko) Chrome/81.0.4044.268"
77.88.5.70 - - [08/Apr/2022:00:50:58 +0000] "GET /wa-content/js/jquery-plugins/jquery.cookie.js HTTP/1.1" 200 1355 "https://saratov.justgrill.ru/aksessuary/reshetki/reshetka-gril/" "Mozilla/5.0 (compatible; YandexBot/3.0; +http://yandex.com/bots) AppleWebKit/537.36 (KHTML, like Gecko) Chrome/81.0.4044.268"
77.88.5.70 - - [08/Apr/2022:00:51:01 +0000] "GET /grili/gazovye/broil-king/baron/gril-gazovyy-broil-king-baron-590-new-chernyy/ HTTP/1.1" 200 34995 "-" "Mozilla/5.0 (compatible; YandexBot/3.0; +http://yandex.com/bots) AppleWebKit/537.36 (KHTML, like Gecko) Chrome/81.0.4044.268"
77.88.5.229 - - [08/Apr/2022:00:51:02 +0000] "GET /grili/gazovye/napoleon/bilex/gazovyy-gril-napoleon-bilex-605/ HTTP/1.1" 200 35904 "-" "Mozilla/5.0 (compatible; YandexBot/3.0; +http://yandex.com/bots) AppleWebKit/537.36 (KHTML, like Gecko) Chrome/81.0.4044.268"
77.88.5.229 - - [08/Apr/2022:00:51:03 +0000] "GET /wa-content/js/jquery-plugins/jquery.cookie.js HTTP/1.1" 200 1355 "https://volgodonsk.justgrill.ru/aksessuary/dlya-tandyrov/" "Mozilla/5.0 (compatible; YandexBot/3.0; +http://yandex.com/bots) AppleWebKit/537.36 (KHTML, like Gecko) Chrome/81.0.4044.268"
77.88.5.70 - - [08/Apr/2022:00:51:03 +0000] "GET /grili/gazovye/napoleon/gazovyy-gril-napoleon-rogue-425-se-chernyy-s-ik-gorelkoy-3-3-i-vertelom/ HTTP/1.1" 200 34998 "-" "Mozilla/5.0 (compatible; YandexBot/3.0; +http://yandex.com/bots) AppleWebKit/537.36 (KHTML, like Gecko) Chrome/81.0.4044.268"
77.88.5.70 - - [08/Apr/2022:00:51:04 +0000] "GET /grili/gazovye/broil-king/baron/gril-gazovyy-broil-king-baron-s490-new-ir/ HTTP/1.1" 200 36768 "-" "Mozilla/5.0 (compatible; YandexBot/3.0; +http://yandex.com/bots) AppleWebKit/537.36 (KHTML, like Gecko) Chrome/81.0.4044.268"
77.88.5.229 - - [08/Apr/2022:00:51:05 +0000] "GET /grili/gazovye/napoleon/travel/portativnyy-gazovyy-gril-napoleon-travelq-pro-285/ HTTP/1.1" 200 34797 "-" "Mozilla/5.0 (compatible; YandexBot/3.0; +http://yandex.com/bots) AppleWebKit/537.36 (KHTML, like Gecko) Chrome/81.0.4044.268"
77.88.5.70 - - [08/Apr/2022:00:51:06 +0000] "GET /grili/gazovye/weber/genesis/gazovyy-gril-weber-genesis-ii-ep-435-gbs-chernyy/ HTTP/1.1" 200 35835 "-" "Mozilla/5.0 (compatible; YandexBot/3.0; +http://yandex.com/bots) AppleWebKit/537.36 (KHTML, like Gecko) Chrome/81.0.4044.268"
77.88.5.70 - - [08/Apr/2022:00:51:06 +0000] "GET /wa-content/js/jquery-plugins/jquery.cookie.js HTTP/1.1" 200 1355 "https://saratov.justgrill.ru/grili/gazovye/broil-king/baron/gril-gazovyy-broil-king-baron-590-new-chernyy/" "Mozilla/5.0 (compatible; YandexBot/3.0; +http://yandex.com/bots) AppleWebKit/537.36 (KHTML, like Gecko) Chrome/81.0.4044.268"
77.88.5.229 - - [08/Apr/2022:00:51:08 +0000] "GET /ym_api/yml/1/ HTTP/1.1" 200 2597 "-" "Mozilla/5.0 (compatible; YandexMarket/2.0; +http://yandex.com/bots)"
93.158.161.33 - - [08/Apr/2022:00:51:11 +0000] "GET /wa-content/js/jquery-plugins/jquery.cookie.js HTTP/1.1" 200 1355 "https://saratov.justgrill.ru/grili/gazovye/napoleon/bilex/gazovyy-gril-napoleon-bilex-605/" "Mozilla/5.0 (compatible; YandexBot/3.0; +http://yandex.com/bots) AppleWebKit/537.36 (KHTML, like Gecko) Chrome/81.0.4044.268"
93.158.161.33 - - [08/Apr/2022:00:51:13 +0000] "GET /wa-content/js/jquery-plugins/jquery.cookie.js HTTP/1.1" 200 1355 "https://saratov.justgrill.ru/grili/gazovye/napoleon/gazovyy-gril-napoleon-rogue-425-se-chernyy-s-ik-gorelkoy-3-3-i-vertelom/" "Mozilla/5.0 (compatible; YandexBot/3.0; +http://yandex.com/bots) AppleWebKit/537.36 (KHTML, like Gecko) Chrome/81.0.4044.268"
188.119.126.114 - - [08/Apr/2022:00:51:18 +0000] "GET /search/956/kamado-joe/ HTTP/1.1" 200 29015 "-" "Mozilla/5.0 (X11; Linux x86_64) AppleWebKit/537.36 (KHTML, like Gecko) Chrome/83.0.2549.68 Safari/537.36"
93.158.161.33 - - [08/Apr/2022:00:51:18 +0000] "GET /wa-content/js/jquery-plugins/jquery.cookie.js HTTP/1.1" 200 1355 "https://saratov.justgrill.ru/grili/gazovye/broil-king/baron/gril-gazovyy-broil-king-baron-s490-new-ir/" "Mozilla/5.0 (compatible; YandexBot/3.0; +http://yandex.com/bots) AppleWebKit/537.36 (KHTML, like Gecko) Chrome/81.0.4044.268"
77.88.5.229 - - [08/Apr/2022:00:51:19 +0000] "GET /wa-content/js/jquery-plugins/jquery.cookie.js HTTP/1.1" 200 1355 "https://saratov.justgrill.ru/grili/gazovye/weber/genesis/gazovyy-gril-weber-genesis-ii-ep-435-gbs-chernyy/" "Mozilla/5.0 (compatible; YandexBot/3.0; +http://yandex.com/bots) AppleWebKit/537.36 (KHTML, like Gecko) Chrome/81.0.4044.268"
77.88.5.229 - - [08/Apr/2022:00:51:22 +0000] "GET /wa-content/js/jquery-plugins/jquery.cookie.js HTTP/1.1" 200 1355 "https://saratov.justgrill.ru/grili/gazovye/napoleon/travel/portativnyy-gazovyy-gril-napoleon-travelq-pro-285/" "Mozilla/5.0 (compatible; YandexBot/3.0; +http://yandex.com/bots) AppleWebKit/537.36 (KHTML, like Gecko) Chrome/81.0.4044.268"
77.88.5.229 - - [08/Apr/2022:00:51:24 +0000] "GET /wa-content/js/jquery-plugins/jquery.cookie.js HTTP/1.1" 200 1355 "https://saratov.justgrill.ru/grili/gazovye/char-broil/professional/gril-gazovyy-char-broil-professional-pro-4s/" "Mozilla/5.0 (compatible; YandexBot/3.0; +http://yandex.com/bots) AppleWebKit/537.36 (KHTML, like Gecko) Chrome/81.0.4044.268"
93.158.161.33 - - [08/Apr/2022:00:51:26 +0000] "GET /wa-content/js/jquery-plugins/jquery.cookie.js HTTP/1.1" 200 1355 "https://saratov.justgrill.ru/grili/gazovye/broil-king/gazovyy-gril-broil-king-monarch-340/" "Mozilla/5.0 (compatible; YandexBot/3.0; +http://yandex.com/bots) AppleWebKit/537.36 (KHTML, like Gecko) Chrome/81.0.4044.268"
77.88.5.70 - - [08/Apr/2022:00:51:31 +0000] "GET /mangaly/mangal/ HTTP/1.1" 200 36400 "-" "Mozilla/5.0 (compatible; YandexBot/3.0; +http://yandex.com/bots)"
77.88.5.229 - - [08/Apr/2022:00:51:33 +0000] "GET /aksessuary/ugli-i-rozzhigi/ugol-gril/ HTTP/1.1" 200 29927 "-" "Mozilla/5.0 (compatible; YandexBot/3.0; +http://yandex.com/bots)"
77.88.5.70 - - [08/Apr/2022:00:51:35 +0000] "GET /aksessuary/instrumenty/nabory-gril/ HTTP/1.1" 200 35252 "-" "Mozilla/5.0 (compatible; YandexBot/3.0; +http://yandex.com/bots)"
77.88.5.229 - - [08/Apr/2022:00:51:37 +0000] "GET /spetsii-dlya-grilya/sousy/ HTTP/1.1" 200 30418 "-" "Mozilla/5.0 (compatible; YandexBot/3.0; +http://yandex.com/bots)"
66.249.92.132 - - [08/Apr/2022:00:51:37 +0000] "GET /grili/gazovye/?utm_source=google&utm_medium=cpc&utm_campaign=g_poisk_nn_v&utm_term=%2B%D0%B3%D0%B0%D0%B7%D0%BE%D0%B2%D0%BE%D0%B5%20%2B%D0%B1%D0%B0%D1%80%D0%B1%D0%B5%D0%BA%D1%8E&utm_content=network%7Cg%7Cposition%7Cnone%7Cad_id%7C552298375359%7Cmatch_type%7Cb%7Cplacement%7C%7Ckeyword%7C%2B%D0%B3%D0%B0%D0%B7%D0%BE%D0%B2%D0%BE%D0%B5%20%2B%D0%B1%D0%B0%D1%80%D0%B1%D0%B5%D0%BA%D1%8E%7Cdevice_type%7Cm%7Cdevice%7C%7Cplacement_category%7C HTTP/1.1" 200 40751 "-" "Mozilla/5.0 (iPhone; CPU iPhone OS 14_7_1 like Mac OS X) AppleWebKit/605.1.15 (KHTML, like Gecko) Version/14.1.2 Mobile/15E148 Safari/604.1 (compatible; AdsBot-Google-Mobile; +http://www.google.com/mobile/adsbot.html)"
77.88.5.70 - - [08/Apr/2022:00:51:38 +0000] "GET /grili/gazovye/broil-king/baron/gazovyy-gril-broil-king-baron-490-new-chernyy/ HTTP/1.1" 200 35205 "-" "Mozilla/5.0 (compatible; YandexBot/3.0; +http://yandex.com/bots)"
54.36.148.87 - - [08/Apr/2022:00:51:44 +0000] "GET /search/971/md-%D0%BA%D0%B5%D1%80%D0%B0%D0%BC%D0%B8%D0%BA%D0%B0/ HTTP/2.0" 200 29572 "-" "Mozilla/5.0 (compatible; AhrefsBot/7.0; +http://ahrefs.com/robot/)"
114.119.129.158 - - [08/Apr/2022:00:51:44 +0000] "GET /aksessuary/protiveni/protiven-dlya-modeley-325410450495600750/ HTTP/1.1" 301 5 "-" "Mozilla/5.0 (Linux; Android 7.0;) AppleWebKit/537.36 (KHTML, like Gecko) Mobile Safari/537.36 (compatible; PetalBot;+https://webmaster.petalsearch.com/site/petalbot)"
77.88.5.229 - - [08/Apr/2022:00:51:44 +0000] "GET /grili/gazovye/napoleon/prestige/ HTTP/1.1" 200 29652 "-" "Mozilla/5.0 (compatible; YandexBot/3.0; +http://yandex.com/bots) AppleWebKit/537.36 (KHTML, like Gecko) Chrome/81.0.4044.268"
77.88.5.229 - - [08/Apr/2022:00:51:48 +0000] "GET /grili/gazovye/weber/genesis/gazovyj-gril-weber-genesis-ii-sp-335-gbs-nerzh-stal/ HTTP/1.1" 200 36152 "-" "Mozilla/5.0 (compatible; YandexBot/3.0; +http://yandex.com/bots) AppleWebKit/537.36 (KHTML, like Gecko) Chrome/81.0.4044.268"
77.88.5.229 - - [08/Apr/2022:00:51:50 +0000] "GET /wa-content/js/jquery-plugins/jquery.cookie.js HTTP/1.1" 200 1355 "https://novoros.justgrill.ru/grili/gazovye/napoleon/prestige/" "Mozilla/5.0 (compatible; YandexBot/3.0; +http://yandex.com/bots) AppleWebKit/537.36 (KHTML, like Gecko) Chrome/81.0.4044.268"
185.231.205.137 - - [08/Apr/2022:00:51:51 +0000] "GET /aksessuary/oborudovanie/mebel-gril/stoliki-skladnye-dlya-grilya-big-green-egg-s/ HTTP/1.1" 200 32854 "-" "Mozilla/5.0 (X11; Linux x86_64) AppleWebKit/537.36 (KHTML, like Gecko) Chrome/80.0.3987.149 Safari/537.36"
114.119.129.158 - - [08/Apr/2022:00:51:51 +0000] "GET /aksessuary/posuda/planche-gril/protiven-napoleon-dlya-modeley-325-410-450-495-600-750/ HTTP/1.1" 200 32639 "-" "Mozilla/5.0 (Linux; Android 7.0;) AppleWebKit/537.36 (KHTML, like Gecko) Mobile Safari/537.36 (compatible; PetalBot;+https://webmaster.petalsearch.com/site/petalbot)"
77.88.5.229 - - [08/Apr/2022:00:51:54 +0000] "GET /grili/keramicheskie/ HTTP/1.1" 200 35607 "-" "Mozilla/5.0 (compatible; YandexBot/3.0; +http://yandex.com/bots) AppleWebKit/537.36 (KHTML, like Gecko) Chrome/81.0.4044.268"
185.191.171.39 - - [08/Apr/2022:00:52:28 +0000] "GET /grili/gazovye/summit/ HTTP/1.1" 200 30296 "-" "Mozilla/5.0 (compatible; SemrushBot/7~bl; +http://www.semrush.com/bot.html)"
66.249.66.93 - - [08/Apr/2022:00:52:29 +0000] "GET /aksessuary/posuda/press-burger/char-broil/ HTTP/1.1" 200 28709 "-" "Mozilla/5.0 (compatible; Googlebot/2.1; +http://www.google.com/bot.html)"
66.249.66.30 - - [08/Apr/2022:00:52:30 +0000] "GET /aksessuary/chekhly-dlya-griley/premium-chekhol-dlya-summit-600-serii/ HTTP/1.1" 301 5 "-" "Mozilla/5.0 (compatible; Googlebot/2.1; +http://www.google.com/bot.html)"
66.249.66.30 - - [08/Apr/2022:00:52:31 +0000] "GET /aksessuary/chekhly-dlya-griley/premium-chekhol-weber-dlya-summit-600-serii/ HTTP/1.1" 200 32863 "-" "Mozilla/5.0 (compatible; Googlebot/2.1; +http://www.google.com/bot.html)"
66.249.66.51 - - [08/Apr/2022:00:52:31 +0000] "GET /grili-i-oborudovanie-dlya-griley/mebel-dlya-griley/polka-setka-iz-nerzhaveyushchey-stali/ HTTP/1.1" 301 5 "-" "Mozilla/5.0 (compatible; Googlebot/2.1; +http://www.google.com/bot.html)"
66.249.66.49 - - [08/Apr/2022:00:52:33 +0000] "GET /aksessuary/oborudovanie/mebel-gril/polka-setka-iz-nerzhaveyushchey-stali-big-green-egg/ HTTP/1.1" 200 32141 "-" "Mozilla/5.0 (compatible; Googlebot/2.1; +http://www.google.com/bot.html)"
185.191.171.10 - - [08/Apr/2022:00:52:35 +0000] "GET /search/kratki/ HTTP/1.1" 200 35673 "-" "Mozilla/5.0 (compatible; SemrushBot/7~bl; +http://www.semrush.com/bot.html)"
77.88.5.70 - - [08/Apr/2022:00:52:38 +0000] "GET /grili/keramicheskie/ HTTP/1.1" 200 35611 "-" "Mozilla/5.0 (compatible; YandexBot/3.0; +http://yandex.com/bots) AppleWebKit/537.36 (KHTML, like Gecko) Chrome/81.0.4044.268"
77.88.5.229 - - [08/Apr/2022:00:52:39 +0000] "GET /wa-content/js/jquery-plugins/jquery.cookie.js HTTP/1.1" 200 1355 "https://saratov.justgrill.ru/grili/keramicheskie/" "Mozilla/5.0 (compatible; YandexBot/3.0; +http://yandex.com/bots) AppleWebKit/537.36 (KHTML, like Gecko) Chrome/81.0.4044.268"
77.88.5.229 - - [08/Apr/2022:00:52:46 +0000] "GET / HTTP/1.1" 301 162 "-" "Mozilla/5.0 (compatible; YandexMetrika/2.0; +http://yandex.com/bots yabs01)"
77.88.5.229 - - [08/Apr/2022:00:52:54 +0000] "GET /grili/gazovye/weber/genesis/gazovyj-gril-weber-genesis-ii-sp-335-gbs-nerzh-stal/ HTTP/1.1" 200 36151 "-" "Mozilla/5.0 (compatible; YandexBot/3.0; +http://yandex.com/bots) AppleWebKit/537.36 (KHTML, like Gecko) Chrome/81.0.4044.268"
66.249.66.59 - - [08/Apr/2022:00:53:03 +0000] "GET /grili/keramicheskie/gril-ugolnyy-keramicheskiy-masterbuilt/ HTTP/1.1" 301 5 "-" "Mozilla/5.0 (Linux; Android 6.0.1; Nexus 5X Build/MMB29P) AppleWebKit/537.36 (KHTML, like Gecko) Chrome/100.0.4896.75 Mobile Safari/537.36 (compatible; Googlebot/2.1; +http://www.google.com/bot.html)"
66.249.66.57 - - [08/Apr/2022:00:53:05 +0000] "GET /grili/keramicheskie/masterbuilt/keramicheskij-gril-masterbuilt-chernyy/ HTTP/1.1" 200 35227 "-" "Mozilla/5.0 (Linux; Android 6.0.1; Nexus 5X Build/MMB29P) AppleWebKit/537.36 (KHTML, like Gecko) Chrome/100.0.4896.75 Mobile Safari/537.36 (compatible; Googlebot/2.1; +http://www.google.com/bot.html)"
77.88.5.229 - - [08/Apr/2022:00:53:16 +0000] "GET /grili/gazovye/broil-king/regal/gazovyy-gril-broil-king-baron-440-chernyy/ HTTP/1.1" 200 37878 "-" "Mozilla/5.0 (compatible; YandexBot/3.0; +http://yandex.com/bots) AppleWebKit/537.36 (KHTML, like Gecko) Chrome/81.0.4044.268"
77.88.5.70 - - [08/Apr/2022:00:53:17 +0000] "GET /grili/gazovye/weber/spirit/gril-gazovyy-weber-spirit-epx-325s-premium-gbs-chernyy/ HTTP/1.1" 200 34648 "-" "Mozilla/5.0 (compatible; YandexBot/3.0; +http://yandex.com/bots) AppleWebKit/537.36 (KHTML, like Gecko) Chrome/81.0.4044.268"
77.88.5.229 - - [08/Apr/2022:00:53:20 +0000] "GET /wa-content/js/jquery-plugins/jquery.cookie.js HTTP/1.1" 200 1355 "https://saratov.justgrill.ru/grili/gazovye/weber/spirit/gril-gazovyy-weber-spirit-epx-325s-premium-gbs-chernyy/" "Mozilla/5.0 (compatible; YandexBot/3.0; +http://yandex.com/bots) AppleWebKit/537.36 (KHTML, like Gecko) Chrome/81.0.4044.268"
54.36.149.80 - - [08/Apr/2022:00:53:21 +0000] "GET /aksessuary/shampury-i-vertely/vertel-gril/vertel-gril-dlya-napoleon-600-605-730/ HTTP/2.0" 200 32792 "-" "Mozilla/5.0 (compatible; AhrefsBot/7.0; +http://ahrefs.com/robot/)"
77.88.5.70 - - [08/Apr/2022:00:53:22 +0000] "GET /grili/gazovye/char-broil/professional/gril-gazovyy-char-broil-professional-pro-2s/ HTTP/1.1" 200 34479 "-" "Mozilla/5.0 (compatible; YandexBot/3.0; +http://yandex.com/bots) AppleWebKit/537.36 (KHTML, like Gecko) Chrome/81.0.4044.268"
77.88.5.229 - - [08/Apr/2022:00:53:23 +0000] "GET /grili/gazovye/broil-king/gril-gazovyy-broil-king-crown-410-chernyy/ HTTP/1.1" 200 34774 "-" "Mozilla/5.0 (compatible; YandexBot/3.0; +http://yandex.com/bots) AppleWebKit/537.36 (KHTML, like Gecko) Chrome/81.0.4044.268"
77.88.5.70 - - [08/Apr/2022:00:53:24 +0000] "GET /grili/gazovye/napoleon/rogue/gazovyy-gril-napoleon-rogue-425-chernyy/ HTTP/1.1" 200 35426 "-" "Mozilla/5.0 (compatible; YandexBot/3.0; +http://yandex.com/bots) AppleWebKit/537.36 (KHTML, like Gecko) Chrome/81.0.4044.268"
77.88.5.70 - - [08/Apr/2022:00:53:27 +0000] "GET /wa-content/js/jquery-plugins/jquery.cookie.js HTTP/1.1" 200 1355 "https://saratov.justgrill.ru/grili/gazovye/napoleon/rogue/gazovyy-gril-napoleon-rogue-425-chernyy/" "Mozilla/5.0 (compatible; YandexBot/3.0; +http://yandex.com/bots) AppleWebKit/537.36 (KHTML, like Gecko) Chrome/81.0.4044.268"
77.88.5.229 - - [08/Apr/2022:00:53:30 +0000] "GET /grili/gazovye/napoleon/prestige-pro/gazovyy-gril-napoleon-prestige-pro-665/ HTTP/1.1" 200 36999 "-" "Mozilla/5.0 (compatible; YandexBot/3.0; +http://yandex.com/bots) AppleWebKit/537.36 (KHTML, like Gecko) Chrome/81.0.4044.268"
178.154.154.182 - - [08/Apr/2022:00:53:48 +0000] "POST /ym_api/1/?action=/cart HTTP/1.1" 200 110 "-" "Apache-HttpClient/4.5.6 (Java/11.0.8-shenandoah)"
77.88.5.229 - - [08/Apr/2022:00:53:53 +0000] "GET /aksessuary/reshetki/reshetka-gril/vspomogatelnaya-reshetka-dlya-grilya-travelq-pro-285/ HTTP/1.1" 200 31685 "-" "Mozilla/5.0 (compatible; YandexBot/3.0; +http://yandex.com/bots) AppleWebKit/537.36 (KHTML, like Gecko) Chrome/81.0.4044.268"
77.88.5.234 - - [08/Apr/2022:00:53:56 +0000] "GET /aksessuary/reshetki/reshetka-gril/komplekt-osnovnykh-barbekyu-reshetok-dlya-grilya-prestige-500-nerzh-stal/ HTTP/1.1" 200 31395 "-" "Mozilla/5.0 (compatible; YandexBot/3.0; +http://yandex.com/bots) AppleWebKit/537.36 (KHTML, like Gecko) Chrome/81.0.4044.268"
77.88.5.229 - - [08/Apr/2022:00:53:57 +0000] "GET /aksessuary/reshetki/reshetka-gril/mnogofunktsionalnya-gril-polka-iz-nerzhaveyushchey-stali-r525/ HTTP/1.1" 200 31728 "-" "Mozilla/5.0 (compatible; YandexBot/3.0; +http://yandex.com/bots)"
77.88.5.229 - - [08/Apr/2022:00:53:58 +0000] "GET /aksessuary/reshetki/reshetka-gril/komplekt-osnovnykh-barbekyu-reshetok-dlya-grilya-r525-chugun/ HTTP/1.1" 200 31288 "-" "Mozilla/5.0 (compatible; YandexBot/3.0; +http://yandex.com/bots) AppleWebKit/537.36 (KHTML, like Gecko) Chrome/81.0.4044.268"
77.88.5.229 - - [08/Apr/2022:00:53:58 +0000] "GET /aksessuary/reshetki/reshetka-gril/komplekt-osnovnykh-barbekyu-reshetok-dlya-grilya-r525-1-nerzh-stal/ HTTP/1.1" 200 31315 "-" "Mozilla/5.0 (compatible; YandexBot/3.0; +http://yandex.com/bots) AppleWebKit/537.36 (KHTML, like Gecko) Chrome/81.0.4044.268"
93.158.161.33 - - [08/Apr/2022:00:53:59 +0000] "GET /aksessuary/reshetki/reshetka-gril/gril-polka-iz-nerzhaveyushchey-stali-665/ HTTP/1.1" 200 31669 "-" "Mozilla/5.0 (compatible; YandexBot/3.0; +http://yandex.com/bots) AppleWebKit/537.36 (KHTML, like Gecko) Chrome/81.0.4044.268"
77.88.5.229 - - [08/Apr/2022:00:53:59 +0000] "GET /aksessuary/reshetki/reshetka-gril/komplekt-osnovnykh-barbekyu-reshetok-dlya-grilya-prestige-pro-500-nerzh-stal/ HTTP/1.1" 200 31408 "-" "Mozilla/5.0 (compatible; YandexBot/3.0; +http://yandex.com/bots) AppleWebKit/537.36 (KHTML, like Gecko) Chrome/81.0.4044.268"
77.88.5.70 - - [08/Apr/2022:00:54:00 +0000] "GET /aksessuary/reshetki/reshetka-gril/dopolnitelnyy-reshetka-yarus-dlya-grilya-napoleon-as300k/ HTTP/1.1" 200 31269 "-" "Mozilla/5.0 (compatible; YandexBot/3.0; +http://yandex.com/bots) AppleWebKit/537.36 (KHTML, like Gecko) Chrome/81.0.4044.268"
77.88.5.229 - - [08/Apr/2022:00:54:01 +0000] "GET /wa-content/js/jquery-plugins/jquery.cookie.js HTTP/1.1" 200 1355 "https://saratov.justgrill.ru/aksessuary/reshetki/reshetka-gril/komplekt-osnovnykh-barbekyu-reshetok-dlya-grilya-r525-chugun/" "Mozilla/5.0 (compatible; YandexBot/3.0; +http://yandex.com/bots) AppleWebKit/537.36 (KHTML, like Gecko) Chrome/81.0.4044.268"
93.158.161.33 - - [08/Apr/2022:00:54:07 +0000] "GET /wa-content/js/jquery-plugins/jquery.cookie.js HTTP/1.1" 200 1355 "https://saratov.justgrill.ru/aksessuary/reshetki/reshetka-gril/komplekt-osnovnykh-barbekyu-reshetok-dlya-grilya-prestige-pro-500-nerzh-stal/" "Mozilla/5.0 (compatible; YandexBot/3.0; +http://yandex.com/bots) AppleWebKit/537.36 (KHTML, like Gecko) Chrome/81.0.4044.268"
77.88.5.234 - - [08/Apr/2022:00:54:08 +0000] "GET /wa-content/js/jquery-plugins/jquery.cookie.js HTTP/1.1" 200 1355 "https://saratov.justgrill.ru/aksessuary/reshetki/reshetka-gril/komplekt-osnovnykh-barbekyu-reshetok-dlya-grilya-r525-1-nerzh-stal/" "Mozilla/5.0 (compatible; YandexBot/3.0; +http://yandex.com/bots) AppleWebKit/537.36 (KHTML, like Gecko) Chrome/81.0.4044.268"
93.158.161.33 - - [08/Apr/2022:00:54:10 +0000] "GET /grili/gazovye/char-broil/professional/gril-gazovyy-char-broil-professional-core-4b/ HTTP/1.1" 200 34004 "-" "Mozilla/5.0 (compatible; YandexBot/3.0; +http://yandex.com/bots) AppleWebKit/537.36 (KHTML, like Gecko) Chrome/81.0.4044.268"
77.88.5.70 - - [08/Apr/2022:00:54:11 +0000] "GET /aksessuary/reshetki/reshetka-gril/komplekt-osnovnykh-barbekyu-reshetok-dlya-grilya-f-r425-chugun/ HTTP/1.1" 200 31299 "-" "Mozilla/5.0 (compatible; YandexBot/3.0; +http://yandex.com/bots)"
77.88.5.229 - - [08/Apr/2022:00:54:14 +0000] "GET /grili/gazovye/weber/35410021gril-gazovyy-genesis-e-335-chernyy/ HTTP/1.1" 200 34726 "-" "Mozilla/5.0 (compatible; YandexBot/3.0; +http://yandex.com/bots) AppleWebKit/537.36 (KHTML, like Gecko) Chrome/81.0.4044.268"
77.88.5.70 - - [08/Apr/2022:00:54:15 +0000] "GET /grili/gazovye/napoleon/gazovyy-gril-napoleon-freestyle-425-sib-s-ik-gorelkoy-2-3/ HTTP/1.1" 200 35116 "-" "Mozilla/5.0 (compatible; YandexBot/3.0; +http://yandex.com/bots)"
77.88.5.70 - - [08/Apr/2022:00:54:16 +0000] "GET /wa-content/js/jquery-plugins/jquery.cookie.js HTTP/1.1" 200 1355 "https://saratov.justgrill.ru/grili/gazovye/weber/35410021gril-gazovyy-genesis-e-335-chernyy/" "Mozilla/5.0 (compatible; YandexBot/3.0; +http://yandex.com/bots) AppleWebKit/537.36 (KHTML, like Gecko) Chrome/81.0.4044.268"
77.88.5.234 - - [08/Apr/2022:00:54:17 +0000] "GET /grili/gazovye/weber/genesis/gazovyj-gril-weber-genesis-ii-e-315-gbs-cherny/ HTTP/1.1" 200 34200 "-" "Mozilla/5.0 (compatible; YandexBot/3.0; +http://yandex.com/bots) AppleWebKit/537.36 (KHTML, like Gecko) Chrome/81.0.4044.268"
114.119.129.2 - - [08/Apr/2022:00:54:18 +0000] "GET /search/660/weber/ HTTP/1.1" 200 32477 "-" "Mozilla/5.0 (Linux; Android 7.0;) AppleWebKit/537.36 (KHTML, like Gecko) Mobile Safari/537.36 (compatible; PetalBot;+https://webmaster.petalsearch.com/site/petalbot)"
77.88.5.70 - - [08/Apr/2022:00:54:28 +0000] "GET /aksessuary/reshetki/reshetka-gril/komplekt-barbekyu-reshetok-dlya-grilya-prestige-pro-500-litaya-nerzh-stal/ HTTP/1.1" 200 31390 "-" "Mozilla/5.0 (compatible; YandexBot/3.0; +http://yandex.com/bots) AppleWebKit/537.36 (KHTML, like Gecko) Chrome/81.0.4044.268"
45.148.246.7 - - [08/Apr/2022:00:54:29 +0000] "GET /photos/photo/bonus-korzina/ HTTP/1.1" 200 30126 "-" "Mozilla/5.0 (X11; Linux x86_64) AppleWebKit/537.36 (KHTML, like Gecko) Chrome/83.0.2549.68 Safari/537.36"
77.88.5.229 - - [08/Apr/2022:00:54:35 +0000] "GET /grili/gazovye/napoleon/prestige-pro/vstraivaemyy-gazovyy-gril-napoleon-prestige-bipro825/ HTTP/1.1" 200 36823 "-" "Mozilla/5.0 (compatible; YandexBot/3.0; +http://yandex.com/bots) AppleWebKit/537.36 (KHTML, like Gecko) Chrome/81.0.4044.268"
114.119.129.191 - - [08/Apr/2022:00:54:36 +0000] "GET /aksessuary/instrumenty/kisti-gril/weber/ HTTP/1.1" 200 28492 "-" "Mozilla/5.0 (Linux; Android 7.0;) AppleWebKit/537.36 (KHTML, like Gecko) Mobile Safari/537.36 (compatible; PetalBot;+https://webmaster.petalsearch.com/site/petalbot)"
54.36.149.22 - - [08/Apr/2022:00:54:39 +0000] "GET /aksessuary/reshetki/ HTTP/2.0" 200 35848 "-" "Mozilla/5.0 (compatible; AhrefsBot/7.0; +http://ahrefs.com/robot/)"
77.88.5.229 - - [08/Apr/2022:00:54:44 +0000] "GET /grili/gazovye/weber/35400021-gril-gazovyy-genesis-s-335/ HTTP/1.1" 200 35034 "-" "Mozilla/5.0 (compatible; YandexBot/3.0; +http://yandex.com/bots)"
77.88.5.70 - - [08/Apr/2022:00:54:45 +0000] "GET /brand/OFYR/ HTTP/1.1" 301 5 "-" "Mozilla/5.0 (compatible; YandexBot/3.0; +http://yandex.com/bots) AppleWebKit/537.36 (KHTML, like Gecko) Chrome/81.0.4044.268"
77.88.5.229 - - [08/Apr/2022:00:54:48 +0000] "GET /aksessuary/reshetki/reshetka-gril/komplekt-osnovnykh-barbekyu-reshetok-dlya-grilya-r625-nerzh-stal/ HTTP/1.1" 200 31309 "-" "Mozilla/5.0 (compatible; YandexBot/3.0; +http://yandex.com/bots) AppleWebKit/537.36 (KHTML, like Gecko) Chrome/81.0.4044.268"
77.88.5.229 - - [08/Apr/2022:00:54:52 +0000] "GET /wa-content/js/jquery-plugins/jquery.cookie.js HTTP/1.1" 200 1355 "https://saratov.justgrill.ru/aksessuary/reshetki/reshetka-gril/komplekt-osnovnykh-barbekyu-reshetok-dlya-grilya-prestige-500-nerzh-stal/" "Mozilla/5.0 (compatible; YandexBot/3.0; +http://yandex.com/bots) AppleWebKit/537.36 (KHTML, like Gecko) Chrome/81.0.4044.268"
77.88.5.70 - - [08/Apr/2022:00:54:53 +0000] "GET /brand/Kamado-Joe/ HTTP/1.1" 301 5 "-" "Mozilla/5.0 (compatible; YandexBot/3.0; +http://yandex.com/bots) AppleWebKit/537.36 (KHTML, like Gecko) Chrome/81.0.4044.268"
77.88.5.229 - - [08/Apr/2022:00:54:54 +0000] "GET /brand/kamado-joe/ HTTP/1.1" 200 35735 "-" "Mozilla/5.0 (compatible; YandexBot/3.0; +http://yandex.com/bots) AppleWebKit/537.36 (KHTML, like Gecko) Chrome/81.0.4044.268"
77.88.5.229 - - [08/Apr/2022:00:54:57 +0000] "GET /wa-content/js/jquery-plugins/jquery.cookie.js HTTP/1.1" 200 1355 "https://saratov.justgrill.ru/grili/gazovye/broil-king/regal/gazovyy-gril-broil-king-baron-440-chernyy/" "Mozilla/5.0 (compatible; YandexBot/3.0; +http://yandex.com/bots) AppleWebKit/537.36 (KHTML, like Gecko) Chrome/81.0.4044.268"
46.8.134.211 - - [08/Apr/2022:00:55:05 +0000] "GET /aksessuary/chekhly-dlya-griley/chekhol-dlya-grilya-broil-king-offset-500/ HTTP/1.1" 200 32123 "-" "Mozilla/5.0 (X11; Linux x86_64) AppleWebKit/537.36 (KHTML, like Gecko) Chrome/80.0.3987.149 Safari/537.36"
77.88.5.70 - - [08/Apr/2022:00:55:10 +0000] "GET /grili/gazovye/weber/spirit/gril-gazovyy-spirit-sp-335-premium-gbs-nerzh-stal/ HTTP/1.1" 200 33880 "-" "Mozilla/5.0 (compatible; YandexBot/3.0; +http://yandex.com/bots) AppleWebKit/537.36 (KHTML, like Gecko) Chrome/81.0.4044.268"
77.88.5.229 - - [08/Apr/2022:00:55:10 +0000] "GET /aksessuary/instrumenty/nabory-gril/razdelochnyy-nabor-2-predmeta-doska--nozh/ HTTP/1.1" 200 34052 "-" "Mozilla/5.0 (compatible; YandexBot/3.0; +http://yandex.com/bots) AppleWebKit/537.36 (KHTML, like Gecko) Chrome/81.0.4044.268"
77.88.5.229 - - [08/Apr/2022:00:55:13 +0000] "GET /wa-content/js/jquery-plugins/jquery.cookie.js HTTP/1.1" 200 1355 "https://saratov.justgrill.ru/aksessuary/instrumenty/nabory-gril/razdelochnyy-nabor-2-predmeta-doska--nozh/" "Mozilla/5.0 (compatible; YandexBot/3.0; +http://yandex.com/bots) AppleWebKit/537.36 (KHTML, like Gecko) Chrome/81.0.4044.268"
93.158.161.33 - - [08/Apr/2022:00:55:18 +0000] "GET /wa-content/js/jquery-plugins/jquery.cookie.js HTTP/1.1" 200 1355 "https://saratov.justgrill.ru/brand/kamado-joe/" "Mozilla/5.0 (compatible; YandexBot/3.0; +http://yandex.com/bots) AppleWebKit/537.36 (KHTML, like Gecko) Chrome/81.0.4044.268"
77.88.5.229 - - [08/Apr/2022:00:55:41 +0000] "GET /arkhiv/weber-one-touch-premium-57-sm/reviews/ HTTP/1.1" 404 26653 "-" "Mozilla/5.0 (compatible; YandexBot/3.0; +http://yandex.com/bots)"
109.248.102.111 - - [08/Apr/2022:00:55:48 +0000] "GET /aksessuary/podstavki-i-rostery/roster-gril/roster-dlya-kuritsy-broil-king-s-poddonom-termometrom-s-silikonovoy-faskoy/ HTTP/1.1" 200 32826 "-" "Mozilla/5.0 (X11; Linux x86_64) AppleWebKit/537.36 (KHTML, like Gecko) Chrome/83.0.2549.68 Safari/537.36"
77.88.5.171 - - [08/Apr/2022:00:55:54 +0000] "GET / HTTP/1.1" 301 162 "-" "Mozilla/5.0 (compatible; YandexMetrika/2.0; +http://yandex.com/bots yabs01)"
66.249.66.25 - - [08/Apr/2022:00:55:57 +0000] "GET /blog/ryebra-kalbi--ryedkiy-dyelikatyes-iz-koryei/ HTTP/1.1" 500 14766 "-" "Mozilla/5.0 (Linux; Android 6.0.1; Nexus 5X Build/MMB29P) AppleWebKit/537.36 (KHTML, like Gecko) Chrome/99.0.4844.84 Mobile Safari/537.36 (compatible; Googlebot/2.1; +http://www.google.com/bot.html)"
77.88.5.229 - - [08/Apr/2022:00:55:58 +0000] "GET /yandexmarket/66630fba-7cd6-417b-bd98-afbf93571f0f.xml HTTP/1.1" 304 0 "-" "Mozilla/5.0 (compatible; YandexMarket/2.0; +http://yandex.com/bots)"
77.88.5.229 - - [08/Apr/2022:00:55:58 +0000] "GET /aksessuary/reshetki/reshetka-gril/komplekt-barbekyu-reshetok-dlya-grilya-prestige-pro-500-litaya-nerzh-stal/ HTTP/1.1" 200 31389 "-" "Mozilla/5.0 (compatible; YandexBot/3.0; +http://yandex.com/bots) AppleWebKit/537.36 (KHTML, like Gecko) Chrome/81.0.4044.268"
77.88.5.70 - - [08/Apr/2022:00:56:02 +0000] "GET /aksessuary/reshetki/reshetka-gril/komplekt-osnovnykh-barbekyu-reshetok-dlya-grilya-r625-nerzh-stal/ HTTP/1.1" 200 31314 "-" "Mozilla/5.0 (compatible; YandexBot/3.0; +http://yandex.com/bots) AppleWebKit/537.36 (KHTML, like Gecko) Chrome/81.0.4044.268"
93.158.161.52 - - [08/Apr/2022:00:56:03 +0000] "GET / HTTP/1.1" 301 162 "-" "Mozilla/5.0 (compatible; YandexMetrika/2.0; +http://yandex.com/bots yabs01)"
93.158.161.33 - - [08/Apr/2022:00:56:03 +0000] "GET /aksessuary/reshetki/reshetka-gril/dopolnitelnyy-reshetka-yarus-dlya-grilya-napoleon-as300k/ HTTP/1.1" 200 31266 "-" "Mozilla/5.0 (compatible; YandexBot/3.0; +http://yandex.com/bots) AppleWebKit/537.36 (KHTML, like Gecko) Chrome/81.0.4044.268"
77.88.5.229 - - [08/Apr/2022:00:56:03 +0000] "GET /wa-content/js/jquery-plugins/jquery.cookie.js HTTP/1.1" 200 1355 "https://saratov.justgrill.ru/aksessuary/reshetki/reshetka-gril/komplekt-osnovnykh-barbekyu-reshetok-dlya-grilya-prestige-500-nerzh-stal/" "Mozilla/5.0 (compatible; YandexBot/3.0; +http://yandex.com/bots) AppleWebKit/537.36 (KHTML, like Gecko) Chrome/81.0.4044.268"
77.88.5.229 - - [08/Apr/2022:00:56:03 +0000] "GET /?yclid=7710547526903176844 HTTP/1.1" 200 39837 "-" "Mozilla/5.0 (compatible; YandexMetrika/2.0; +http://yandex.com/bots yabs01)"
77.88.5.229 - - [08/Apr/2022:00:56:08 +0000] "GET /wa-content/js/jquery-plugins/jquery.cookie.js HTTP/1.1" 200 1355 "https://saratov.justgrill.ru/aksessuary/reshetki/reshetka-gril/dopolnitelnyy-reshetka-yarus-dlya-grilya-napoleon-as300k/" "Mozilla/5.0 (compatible; YandexBot/3.0; +http://yandex.com/bots) AppleWebKit/537.36 (KHTML, like Gecko) Chrome/81.0.4044.268"
77.88.5.70 - - [08/Apr/2022:00:56:09 +0000] "GET /wa-content/js/jquery-plugins/jquery.cookie.js HTTP/1.1" 200 1355 "https://saratov.justgrill.ru/grili/gazovye/napoleon/prestige-pro/gazovyy-gril-napoleon-prestige-pro-665/" "Mozilla/5.0 (compatible; YandexBot/3.0; +http://yandex.com/bots) AppleWebKit/537.36 (KHTML, like Gecko) Chrome/81.0.4044.268"
77.88.5.229 - - [08/Apr/2022:00:56:28 +0000] "GET /grili/gazovye/weber/spirit/gril-gazovyy-spirit-sp-335-premium-gbs-nerzh-stal/ HTTP/1.1" 200 33880 "-" "Mozilla/5.0 (compatible; YandexBot/3.0; +http://yandex.com/bots) AppleWebKit/537.36 (KHTML, like Gecko) Chrome/81.0.4044.268"
109.248.164.146 - - [08/Apr/2022:00:56:38 +0000] "GET /blog/nyeobychnyye-marinady-dlya-shashlyka/ HTTP/1.1" 200 29894 "-" "Mozilla/5.0 (X11; Linux x86_64) AppleWebKit/537.36 (KHTML, like Gecko) Chrome/83.0.2549.68 Safari/537.36"
208.100.26.244 - - [08/Apr/2022:00:56:42 +0000] "HEAD /core/misc/drupal.js HTTP/1.1" 301 0 "-" "Mozilla/5.0 (Windows NT 10.0; Win64; x64) AppleWebKit/537.36 (KHTML, like Gecko) Chrome/80.0.3947.0 Safari/537.36"
77.88.5.229 - - [08/Apr/2022:00:56:45 +0000] "GET /brand/ofyr/ HTTP/1.1" 404 26217 "-" "Mozilla/5.0 (compatible; YandexBot/3.0; +http://yandex.com/bots) AppleWebKit/537.36 (KHTML, like Gecko) Chrome/81.0.4044.268"
77.88.5.56 - - [08/Apr/2022:00:56:47 +0000] "GET /sitemap.xml HTTP/1.1" 200 312 "-" "Mozilla/5.0 (compatible; YandexBot/3.0; +http://yandex.com/bots)"
77.88.5.229 - - [08/Apr/2022:00:56:54 +0000] "GET /grili/gazovye/char-broil/professional/gril-gazovyy-char-broil-professional-core-4b/ HTTP/1.1" 200 34007 "-" "Mozilla/5.0 (compatible; YandexBot/3.0; +http://yandex.com/bots) AppleWebKit/537.36 (KHTML, like Gecko) Chrome/81.0.4044.268"
77.88.5.229 - - [08/Apr/2022:00:56:55 +0000] "GET /brand/Hugett/ HTTP/1.1" 301 5 "-" "Mozilla/5.0 (compatible; YandexBot/3.0; +http://yandex.com/bots) AppleWebKit/537.36 (KHTML, like Gecko) Chrome/81.0.4044.268"
77.88.5.70 - - [08/Apr/2022:00:56:56 +0000] "GET /grili/gazovye/weber/spirit-ii/gazovyj-gril-weber-spirit-ii-e-210-gbs-chernyy/ HTTP/1.1" 200 37292 "-" "Mozilla/5.0 (compatible; YandexBot/3.0; +http://yandex.com/bots) AppleWebKit/537.36 (KHTML, like Gecko) Chrome/81.0.4044.268"
77.88.5.229 - - [08/Apr/2022:00:56:57 +0000] "GET /grili/gazovye/char-broil/performance/gazovyy-gril-char-broil-perfomans-4-chernyy/ HTTP/1.1" 200 35102 "-" "Mozilla/5.0 (compatible; YandexBot/3.0; +http://yandex.com/bots) AppleWebKit/537.36 (KHTML, like Gecko) Chrome/81.0.4044.268"
77.88.5.70 - - [08/Apr/2022:00:56:58 +0000] "GET /grili/gazovye/char-broil/performance/gazovyy-gril-char-broil-perfomans-2-chernyy/ HTTP/1.1" 200 35412 "-" "Mozilla/5.0 (compatible; YandexBot/3.0; +http://yandex.com/bots) AppleWebKit/537.36 (KHTML, like Gecko) Chrome/81.0.4044.268"
77.88.5.229 - - [08/Apr/2022:00:56:59 +0000] "GET /grili/gazovye/weber/q-line/gazovyj-gril-weber-q-2200-chernyy/ HTTP/1.1" 200 37042 "-" "Mozilla/5.0 (compatible; YandexBot/3.0; +http://yandex.com/bots) AppleWebKit/537.36 (KHTML, like Gecko) Chrome/81.0.4044.268"
77.88.5.70 - - [08/Apr/2022:00:57:00 +0000] "GET /grili/gazovye/ HTTP/1.1" 200 39379 "-" "Mozilla/5.0 (compatible; YandexBot/3.0; +http://yandex.com/bots) AppleWebKit/537.36 (KHTML, like Gecko) Chrome/81.0.4044.268"
77.88.5.70 - - [08/Apr/2022:00:57:01 +0000] "GET /aksessuary/reshetki/reshetka-gril/chugunnaya-reshetka-ik-gorelki-sizzle-zone-p-500-le-3-ld-485/ HTTP/1.1" 200 31327 "-" "Mozilla/5.0 (compatible; YandexBot/3.0; +http://yandex.com/bots) AppleWebKit/537.36 (KHTML, like Gecko) Chrome/81.0.4044.268"
77.88.5.229 - - [08/Apr/2022:00:57:01 +0000] "GET /wa-content/js/jquery-plugins/jquery.cookie.js HTTP/1.1" 200 1355 "https://saratov.justgrill.ru/grili/gazovye/char-broil/performance/gazovyy-gril-char-broil-perfomans-4-chernyy/" "Mozilla/5.0 (compatible; YandexBot/3.0; +http://yandex.com/bots) AppleWebKit/537.36 (KHTML, like Gecko) Chrome/81.0.4044.268"
93.158.161.33 - - [08/Apr/2022:00:57:02 +0000] "GET /wa-content/js/jquery-plugins/jquery.cookie.js HTTP/1.1" 200 1355 "https://saratov.justgrill.ru/grili/gazovye/weber/genesis/gazovyj-gril-weber-genesis-ii-e-315-gbs-cherny/" "Mozilla/5.0 (compatible; YandexBot/3.0; +http://yandex.com/bots) AppleWebKit/537.36 (KHTML, like Gecko) Chrome/81.0.4044.268"
77.88.5.229 - - [08/Apr/2022:00:57:05 +0000] "GET /brand/hugett/ HTTP/1.1" 200 30046 "-" "Mozilla/5.0 (compatible; YandexBot/3.0; +http://yandex.com/bots) AppleWebKit/537.36 (KHTML, like Gecko) Chrome/81.0.4044.268"
185.191.171.16 - - [08/Apr/2022:00:57:07 +0000] "GET /aksessuary/dlya-kopcheniya/drova/ HTTP/1.1" 200 30083 "-" "Mozilla/5.0 (compatible; SemrushBot/7~bl; +http://www.semrush.com/bot.html)"
93.158.161.33 - - [08/Apr/2022:00:57:08 +0000] "GET /wa-content/js/jquery-plugins/jquery.cookie.js HTTP/1.1" 200 1355 "https://saratov.justgrill.ru/aksessuary/reshetki/reshetka-gril/chugunnaya-reshetka-ik-gorelki-sizzle-zone-p-500-le-3-ld-485/" "Mozilla/5.0 (compatible; YandexBot/3.0; +http://yandex.com/bots) AppleWebKit/537.36 (KHTML, like Gecko) Chrome/81.0.4044.268"
77.88.5.234 - - [08/Apr/2022:00:57:08 +0000] "GET /wa-content/js/jquery-plugins/jquery.cookie.js HTTP/1.1" 200 1355 "https://saratov.justgrill.ru/grili/gazovye/char-broil/performance/gazovyy-gril-char-broil-perfomans-2-chernyy/" "Mozilla/5.0 (compatible; YandexBot/3.0; +http://yandex.com/bots) AppleWebKit/537.36 (KHTML, like Gecko) Chrome/81.0.4044.268"
77.88.5.229 - - [08/Apr/2022:00:57:16 +0000] "GET /grili/gazovye/char-broil/advantage/gril-gazovyy-char-broil-advantage-225s-nerzh-stal/ HTTP/1.1" 200 33525 "-" "Mozilla/5.0 (compatible; YandexBot/3.0; +http://yandex.com/bots)"
66.249.66.213 - - [08/Apr/2022:00:57:17 +0000] "GET /robots.txt HTTP/1.1" 200 252 "-" "Mozilla/5.0 (compatible; Googlebot/2.1; +http://www.google.com/bot.html)"
77.88.5.229 - - [08/Apr/2022:00:57:17 +0000] "GET /grili/gazovye/napoleon/prestige-pro/vstraivaemyy-gazovyy-gril-napoleon-prestige-bipro825/ HTTP/1.1" 200 36822 "-" "Mozilla/5.0 (compatible; YandexBot/3.0; +http://yandex.com/bots) AppleWebKit/537.36 (KHTML, like Gecko) Chrome/81.0.4044.268"
185.191.171.16 - - [08/Apr/2022:00:57:30 +0000] "GET /grili-i-oborudovanie-dlya-griley/grili/ugolnye/20209106-gril-pelletnyy-oklahoma-joes-rider-dlx/ HTTP/1.1" 301 5 "-" "Mozilla/5.0 (compatible; SemrushBot/7~bl; +http://www.semrush.com/bot.html)"
77.88.5.229 - - [08/Apr/2022:00:57:31 +0000] "GET /grili/gazovye/char-broil/professional/gril-gazovyy-char-broil-professional-core-4b/ HTTP/1.1" 200 34006 "-" "Mozilla/5.0 (compatible; YandexBot/3.0; +http://yandex.com/bots) AppleWebKit/537.36 (KHTML, like Gecko) Chrome/81.0.4044.268"
77.88.5.229 - - [08/Apr/2022:00:57:31 +0000] "GET /wa-content/js/jquery-plugins/jquery.cookie.js HTTP/1.1" 200 1355 "https://saratov.justgrill.ru/grili/gazovye/broil-king/regal/gazovyy-gril-broil-king-baron-440-chernyy/" "Mozilla/5.0 (compatible; YandexBot/3.0; +http://yandex.com/bots) AppleWebKit/537.36 (KHTML, like Gecko) Chrome/81.0.4044.268"
77.88.5.70 - - [08/Apr/2022:00:57:32 +0000] "GET /wa-content/js/jquery-plugins/jquery.cookie.js HTTP/1.1" 200 1355 "https://saratov.justgrill.ru/grili/gazovye/char-broil/professional/gril-gazovyy-char-broil-professional-core-4b/" "Mozilla/5.0 (compatible; YandexBot/3.0; +http://yandex.com/bots) AppleWebKit/537.36 (KHTML, like Gecko) Chrome/81.0.4044.268"
185.191.171.25 - - [08/Apr/2022:00:57:33 +0000] "GET /grili/ugolnye/char-broil/gril-pelletnyy-char-broil-oklahoma-joes-rider-dlx/ HTTP/1.1" 301 5 "-" "Mozilla/5.0 (compatible; SemrushBot/7~bl; +http://www.semrush.com/bot.html)"
77.88.5.229 - - [08/Apr/2022:00:57:33 +0000] "GET /wa-content/js/jquery-plugins/jquery.cookie.js HTTP/1.1" 200 1355 "https://saratov.justgrill.ru/brand/hugett/" "Mozilla/5.0 (compatible; YandexBot/3.0; +http://yandex.com/bots) AppleWebKit/537.36 (KHTML, like Gecko) Chrome/81.0.4044.268"
