157.55.39.198 - - [08/Apr/2022:03:22:26 +0000] "GET /mangaly/tandyry/tandyr-amfora-skif-31-sm/ HTTP/2.0" 200 32906 "-" "Mozilla/5.0 (compatible; bingbot/2.0; +http://www.bing.com/bingbot.htm)"
1.2.151.134 - - [08/Apr/2022:03:22:28 +0000] "GET /blog/?page=2 HTTP/1.1" 200 37178 "-" "Mozilla/5.0 (Windows NT 10.0; Win64; x64) AppleWebKit/537.36 (KHTML, like Gecko) Chrome/85.0.4183.121 Safari/537.36"
77.88.5.229 - - [08/Apr/2022:03:22:33 +0000] "GET /?yclid=7710547526903176844 HTTP/1.1" 301 162 "-" "Mozilla/5.0 (compatible; YandexMetrika/2.0; +http://yandex.com/bots yabs01)"
77.88.5.70 - - [08/Apr/2022:03:22:34 +0000] "GET /?yclid=7710547526903176844 HTTP/1.1" 200 39215 "-" "Mozilla/5.0 (compatible; YandexMetrika/2.0; +http://yandex.com/bots yabs01)"
1.2.151.134 - - [08/Apr/2022:03:22:42 +0000] "GET /blog/?logout HTTP/1.1" 302 5 "-" "Mozilla/5.0 (Windows NT 10.0; Win64; x64) AppleWebKit/537.36 (KHTML, like Gecko) Chrome/85.0.4183.121 Safari/537.36"
1.2.151.134 - - [08/Apr/2022:03:22:42 +0000] "GET /blog/ HTTP/1.1" 200 37251 "-" "Mozilla/5.0 (Windows NT 10.0; Win64; x64) AppleWebKit/537.36 (KHTML, like Gecko) Chrome/85.0.4183.121 Safari/537.36"
1.2.151.134 - - [08/Apr/2022:03:22:51 +0000] "GET /blog/category/news/ HTTP/1.1" 200 30262 "-" "Mozilla/5.0 (Windows NT 10.0; Win64; x64) AppleWebKit/537.36 (KHTML, like Gecko) Chrome/85.0.4183.121 Safari/537.36"
1.2.151.134 - - [08/Apr/2022:03:22:52 +0000] "GET /blog/category/reciept/ HTTP/1.1" 200 30349 "-" "Mozilla/5.0 (Windows NT 10.0; Win64; x64) AppleWebKit/537.36 (KHTML, like Gecko) Chrome/85.0.4183.121 Safari/537.36"
1.2.151.134 - - [08/Apr/2022:03:22:53 +0000] "GET /blog/category/zdorovoe_pitanie/ HTTP/1.1" 200 30400 "-" "Mozilla/5.0 (Windows NT 10.0; Win64; x64) AppleWebKit/537.36 (KHTML, like Gecko) Chrome/85.0.4183.121 Safari/537.36"
1.2.151.134 - - [08/Apr/2022:03:22:55 +0000] "GET /blog/category/reciept/ HTTP/1.1" 200 30352 "-" "Mozilla/5.0 (Windows NT 10.0; Win64; x64) AppleWebKit/537.36 (KHTML, like Gecko) Chrome/85.0.4183.121 Safari/537.36"
1.2.151.134 - - [08/Apr/2022:03:23:03 +0000] "GET /blog/category/reciept/?page=2 HTTP/1.1" 200 30447 "-" "Mozilla/5.0 (Windows NT 10.0; Win64; x64) AppleWebKit/537.36 (KHTML, like Gecko) Chrome/85.0.4183.121 Safari/537.36"
1.2.151.134 - - [08/Apr/2022:03:23:05 +0000] "GET /blog/category/news/ HTTP/1.1" 200 30261 "-" "Mozilla/5.0 (Windows NT 10.0; Win64; x64) AppleWebKit/537.36 (KHTML, like Gecko) Chrome/85.0.4183.121 Safari/537.36"
1.2.151.134 - - [08/Apr/2022:03:23:06 +0000] "GET /blog/category/reciept/ HTTP/1.1" 200 30350 "-" "Mozilla/5.0 (Windows NT 10.0; Win64; x64) AppleWebKit/537.36 (KHTML, like Gecko) Chrome/85.0.4183.121 Safari/537.36"
1.2.151.134 - - [08/Apr/2022:03:23:08 +0000] "GET /blog/category/zdorovoe_pitanie/ HTTP/1.1" 200 30400 "-" "Mozilla/5.0 (Windows NT 10.0; Win64; x64) AppleWebKit/537.36 (KHTML, like Gecko) Chrome/85.0.4183.121 Safari/537.36"
66.249.66.23 - - [08/Apr/2022:03:23:12 +0000] "GET /grili/keramicheskie/monolith/ HTTP/1.1" 200 31884 "-" "Mozilla/5.0 (compatible; Googlebot/2.1; +http://www.google.com/bot.html)"
178.178.80.189 - - [08/Apr/2022:03:23:12 +0000] "GET /mangaly/tandyry/tandyr-amfora-bolshoy-25-sm/?yclid=1769836931470647622 HTTP/1.1" 301 162 "https://yandex.ru/" "Mozilla/5.0 (Linux; arm_64; Android 9; HRY-LX1T) AppleWebKit/537.36 (KHTML, like Gecko) Chrome/96.0.4664.174 YaApp_Android/22.16.1 YaSearchBrowser/22.16.1 BroPP/1.0 SA/3 Mobile Safari/537.36"
178.178.80.189 - - [08/Apr/2022:03:23:13 +0000] "GET /mangaly/tandyry/tandyr-amfora-bolshoy-25-sm/?yclid=1769836931470647622 HTTP/2.0" 200 32915 "https://yandex.ru/" "Mozilla/5.0 (Linux; arm_64; Android 9; HRY-LX1T) AppleWebKit/537.36 (KHTML, like Gecko) Chrome/96.0.4664.174 YaApp_Android/22.16.1 YaSearchBrowser/22.16.1 BroPP/1.0 SA/3 Mobile Safari/537.36"
178.178.80.189 - - [08/Apr/2022:03:23:13 +0000] "GET /wa-content/font/ruble/arial/fontface.css HTTP/2.0" 200 371 "https://justgrill.ru/mangaly/tandyry/tandyr-amfora-bolshoy-25-sm/?yclid=1769836931470647622" "Mozilla/5.0 (Linux; arm_64; Android 9; HRY-LX1T) AppleWebKit/537.36 (KHTML, like Gecko) Chrome/96.0.4664.174 YaApp_Android/22.16.1 YaSearchBrowser/22.16.1 BroPP/1.0 SA/3 Mobile Safari/537.36"
178.178.80.189 - - [08/Apr/2022:03:23:13 +0000] "GET /wa-content/js/jquery-plugins/jquery.cookie.js HTTP/2.0" 200 1343 "https://justgrill.ru/mangaly/tandyry/tandyr-amfora-bolshoy-25-sm/?yclid=1769836931470647622" "Mozilla/5.0 (Linux; arm_64; Android 9; HRY-LX1T) AppleWebKit/537.36 (KHTML, like Gecko) Chrome/96.0.4664.174 YaApp_Android/22.16.1 YaSearchBrowser/22.16.1 BroPP/1.0 SA/3 Mobile Safari/537.36"
178.178.80.189 - - [08/Apr/2022:03:23:13 +0000] "GET /wa-content/js/jquery-plugins/jquery.cookie.js?v2.4.1 HTTP/2.0" 200 1343 "https://justgrill.ru/mangaly/tandyry/tandyr-amfora-bolshoy-25-sm/?yclid=1769836931470647622" "Mozilla/5.0 (Linux; arm_64; Android 9; HRY-LX1T) AppleWebKit/537.36 (KHTML, like Gecko) Chrome/96.0.4664.174 YaApp_Android/22.16.1 YaSearchBrowser/22.16.1 BroPP/1.0 SA/3 Mobile Safari/537.36"
178.178.80.189 - - [08/Apr/2022:03:23:13 +0000] "GET /wa-content/js/jquery-plugins/jquery.retina.min.js?v2.4.1 HTTP/2.0" 200 900 "https://justgrill.ru/mangaly/tandyry/tandyr-amfora-bolshoy-25-sm/?yclid=1769836931470647622" "Mozilla/5.0 (Linux; arm_64; Android 9; HRY-LX1T) AppleWebKit/537.36 (KHTML, like Gecko) Chrome/96.0.4664.174 YaApp_Android/22.16.1 YaSearchBrowser/22.16.1 BroPP/1.0 SA/3 Mobile Safari/537.36"
178.178.80.189 - - [08/Apr/2022:03:23:13 +0000] "GET /searchpro-plugin/config/?v1.9.0.1649388192?1773908830 HTTP/2.0" 200 557 "https://justgrill.ru/mangaly/tandyry/tandyr-amfora-bolshoy-25-sm/?yclid=1769836931470647622" "Mozilla/5.0 (Linux; arm_64; Android 9; HRY-LX1T) AppleWebKit/537.36 (KHTML, like Gecko) Chrome/96.0.4664.174 YaApp_Android/22.16.1 YaSearchBrowser/22.16.1 BroPP/1.0 SA/3 Mobile Safari/537.36"
178.178.80.189 - - [08/Apr/2022:03:23:14 +0000] "GET /searchpro-plugin/config/?v1.9.0.1649388192?907170384 HTTP/2.0" 200 557 "https://justgrill.ru/mangaly/tandyry/tandyr-amfora-bolshoy-25-sm/?yclid=1769836931470647622" "Mozilla/5.0 (Linux; arm_64; Android 9; HRY-LX1T) AppleWebKit/537.36 (KHTML, like Gecko) Chrome/96.0.4664.174 YaApp_Android/22.16.1 YaSearchBrowser/22.16.1 BroPP/1.0 SA/3 Mobile Safari/537.36"
178.178.80.189 - - [08/Apr/2022:03:23:14 +0000] "GET /wa-data/public/site/themes/justgrill/fonts/Robotobold.woff2 HTTP/2.0" 200 28384 "https://justgrill.ru/wa-data/public/site/themes/justgrill/css/fonts.css?v3.3.1.1649388192" "Mozilla/5.0 (Linux; arm_64; Android 9; HRY-LX1T) AppleWebKit/537.36 (KHTML, like Gecko) Chrome/96.0.4664.174 YaApp_Android/22.16.1 YaSearchBrowser/22.16.1 BroPP/1.0 SA/3 Mobile Safari/537.36"
178.178.80.189 - - [08/Apr/2022:03:23:14 +0000] "GET /wa-data/public/site/themes/justgrill/fonts/Robotolight.woff2 HTTP/2.0" 200 28296 "https://justgrill.ru/wa-data/public/site/themes/justgrill/css/fonts.css?v3.3.1.1649388192" "Mozilla/5.0 (Linux; arm_64; Android 9; HRY-LX1T) AppleWebKit/537.36 (KHTML, like Gecko) Chrome/96.0.4664.174 YaApp_Android/22.16.1 YaSearchBrowser/22.16.1 BroPP/1.0 SA/3 Mobile Safari/537.36"
178.178.80.189 - - [08/Apr/2022:03:23:14 +0000] "GET /wa-data/public/site/themes/justgrill/fonts/Roboto.woff2 HTTP/2.0" 200 28036 "https://justgrill.ru/wa-data/public/site/themes/justgrill/css/fonts.css?v3.3.1.1649388192" "Mozilla/5.0 (Linux; arm_64; Android 9; HRY-LX1T) AppleWebKit/537.36 (KHTML, like Gecko) Chrome/96.0.4664.174 YaApp_Android/22.16.1 YaSearchBrowser/22.16.1 BroPP/1.0 SA/3 Mobile Safari/537.36"
178.178.80.189 - - [08/Apr/2022:03:23:14 +0000] "GET /wa-data/public/site/themes/justgrill/img/arrow-f.svg HTTP/2.0" 200 223 "https://justgrill.ru/mangaly/tandyry/tandyr-amfora-bolshoy-25-sm/?yclid=1769836931470647622" "Mozilla/5.0 (Linux; arm_64; Android 9; HRY-LX1T) AppleWebKit/537.36 (KHTML, like Gecko) Chrome/96.0.4664.174 YaApp_Android/22.16.1 YaSearchBrowser/22.16.1 BroPP/1.0 SA/3 Mobile Safari/537.36"
178.178.80.189 - - [08/Apr/2022:03:23:14 +0000] "GET /wa-data/public/site/themes/justgrill/img/spec.svg HTTP/2.0" 200 1307 "https://justgrill.ru/mangaly/tandyry/tandyr-amfora-bolshoy-25-sm/?yclid=1769836931470647622" "Mozilla/5.0 (Linux; arm_64; Android 9; HRY-LX1T) AppleWebKit/537.36 (KHTML, like Gecko) Chrome/96.0.4664.174 YaApp_Android/22.16.1 YaSearchBrowser/22.16.1 BroPP/1.0 SA/3 Mobile Safari/537.36"
178.178.80.189 - - [08/Apr/2022:03:23:14 +0000] "GET /wa-data/public/site/themes/justgrill/img/stock.svg HTTP/2.0" 200 3342 "https://justgrill.ru/mangaly/tandyry/tandyr-amfora-bolshoy-25-sm/?yclid=1769836931470647622" "Mozilla/5.0 (Linux; arm_64; Android 9; HRY-LX1T) AppleWebKit/537.36 (KHTML, like Gecko) Chrome/96.0.4664.174 YaApp_Android/22.16.1 YaSearchBrowser/22.16.1 BroPP/1.0 SA/3 Mobile Safari/537.36"
178.178.80.189 - - [08/Apr/2022:03:23:14 +0000] "GET /wa-data/public/site/themes/justgrill/img/basket.svg HTTP/2.0" 200 3868 "https://justgrill.ru/wa-data/public/site/themes/justgrill/css/main.css?v3.3.1.1649388192" "Mozilla/5.0 (Linux; arm_64; Android 9; HRY-LX1T) AppleWebKit/537.36 (KHTML, like Gecko) Chrome/96.0.4664.174 YaApp_Android/22.16.1 YaSearchBrowser/22.16.1 BroPP/1.0 SA/3 Mobile Safari/537.36"
178.178.80.189 - - [08/Apr/2022:03:23:14 +0000] "GET /wa-data/public/site/themes/justgrill/img/user.svg HTTP/2.0" 200 5703 "https://justgrill.ru/wa-data/public/site/themes/justgrill/css/main.css?v3.3.1.1649388192" "Mozilla/5.0 (Linux; arm_64; Android 9; HRY-LX1T) AppleWebKit/537.36 (KHTML, like Gecko) Chrome/96.0.4664.174 YaApp_Android/22.16.1 YaSearchBrowser/22.16.1 BroPP/1.0 SA/3 Mobile Safari/537.36"
178.178.80.189 - - [08/Apr/2022:03:23:14 +0000] "GET /wa-data/public/site/themes/justgrill/img/menu-arrow-right.svg HTTP/2.0" 200 202 "https://justgrill.ru/wa-data/public/site/themes/justgrill/css/main.css?v3.3.1.1649388192" "Mozilla/5.0 (Linux; arm_64; Android 9; HRY-LX1T) AppleWebKit/537.36 (KHTML, like Gecko) Chrome/96.0.4664.174 YaApp_Android/22.16.1 YaSearchBrowser/22.16.1 BroPP/1.0 SA/3 Mobile Safari/537.36"
178.178.80.189 - - [08/Apr/2022:03:23:14 +0000] "GET /wa-data/public/site/themes/justgrill/img/menu-arrow-left.svg HTTP/2.0" 200 201 "https://justgrill.ru/wa-data/public/site/themes/justgrill/css/main.css?v3.3.1.1649388192" "Mozilla/5.0 (Linux; arm_64; Android 9; HRY-LX1T) AppleWebKit/537.36 (KHTML, like Gecko) Chrome/96.0.4664.174 YaApp_Android/22.16.1 YaSearchBrowser/22.16.1 BroPP/1.0 SA/3 Mobile Safari/537.36"
178.178.80.189 - - [08/Apr/2022:03:23:15 +0000] "GET /wa-data/public/site/themes/justgrill/fonts/Robotomedium.woff2 HTTP/2.0" 200 28312 "https://justgrill.ru/wa-data/public/site/themes/justgrill/css/fonts.css?v3.3.1.1649388192" "Mozilla/5.0 (Linux; arm_64; Android 9; HRY-LX1T) AppleWebKit/537.36 (KHTML, like Gecko) Chrome/96.0.4664.174 YaApp_Android/22.16.1 YaSearchBrowser/22.16.1 BroPP/1.0 SA/3 Mobile Safari/537.36"
178.178.80.189 - - [08/Apr/2022:03:23:15 +0000] "GET /wa-content/font/ruble/arial/alsrubl-arial-bold.woff HTTP/2.0" 200 1792 "https://justgrill.ru/wa-content/font/ruble/arial/fontface.css" "Mozilla/5.0 (Linux; arm_64; Android 9; HRY-LX1T) AppleWebKit/537.36 (KHTML, like Gecko) Chrome/96.0.4664.174 YaApp_Android/22.16.1 YaSearchBrowser/22.16.1 BroPP/1.0 SA/3 Mobile Safari/537.36"
178.178.80.189 - - [08/Apr/2022:03:23:15 +0000] "GET /wa-data/public/site/themes/justgrill/img/phone.svg HTTP/2.0" 200 99750 "https://justgrill.ru/wa-data/public/site/themes/justgrill/css/main.css?v3.3.1.1649388192" "Mozilla/5.0 (Linux; arm_64; Android 9; HRY-LX1T) AppleWebKit/537.36 (KHTML, like Gecko) Chrome/96.0.4664.174 YaApp_Android/22.16.1 YaSearchBrowser/22.16.1 BroPP/1.0 SA/3 Mobile Safari/537.36"
178.178.80.189 - - [08/Apr/2022:03:23:15 +0000] "GET /wa-data/public/site/themes/justgrill/img/email.svg HTTP/2.0" 200 354 "https://justgrill.ru/wa-data/public/site/themes/justgrill/css/main.css?v3.3.1.1649388192" "Mozilla/5.0 (Linux; arm_64; Android 9; HRY-LX1T) AppleWebKit/537.36 (KHTML, like Gecko) Chrome/96.0.4664.174 YaApp_Android/22.16.1 YaSearchBrowser/22.16.1 BroPP/1.0 SA/3 Mobile Safari/537.36"
178.178.80.189 - - [08/Apr/2022:03:23:15 +0000] "GET /wa-data/public/site/themes/justgrill/img/adress.svg HTTP/2.0" 200 80968 "https://justgrill.ru/wa-data/public/site/themes/justgrill/css/main.css?v3.3.1.1649388192" "Mozilla/5.0 (Linux; arm_64; Android 9; HRY-LX1T) AppleWebKit/537.36 (KHTML, like Gecko) Chrome/96.0.4664.174 YaApp_Android/22.16.1 YaSearchBrowser/22.16.1 BroPP/1.0 SA/3 Mobile Safari/537.36"
178.178.80.189 - - [08/Apr/2022:03:23:15 +0000] "GET /wa-apps/shop/plugins/searchpro/fonts/Roboto/Roboto-Regular.woff2 HTTP/2.0" 200 66004 "https://justgrill.ru/wa-apps/shop/plugins/searchpro/css/frontend.fonts.css?v1.9.0.1649388192" "Mozilla/5.0 (Linux; arm_64; Android 9; HRY-LX1T) AppleWebKit/537.36 (KHTML, like Gecko) Chrome/96.0.4664.174 YaApp_Android/22.16.1 YaSearchBrowser/22.16.1 BroPP/1.0 SA/3 Mobile Safari/537.36"
178.178.80.189 - - [08/Apr/2022:03:23:15 +0000] "GET /wa-content/js/signup/signup.js?v=8.21.0.1649388192 HTTP/2.0" 200 6675 "https://justgrill.ru/mangaly/tandyry/tandyr-amfora-bolshoy-25-sm/?yclid=1769836931470647622" "Mozilla/5.0 (Linux; arm_64; Android 9; HRY-LX1T) AppleWebKit/537.36 (KHTML, like Gecko) Chrome/96.0.4664.174 YaApp_Android/22.16.1 YaSearchBrowser/22.16.1 BroPP/1.0 SA/3 Mobile Safari/537.36"
178.178.80.189 - - [08/Apr/2022:03:23:15 +0000] "GET /wa-content/css/signup/signup.css?v=8.21.0.1649388192 HTTP/2.0" 200 1909 "https://justgrill.ru/mangaly/tandyry/tandyr-amfora-bolshoy-25-sm/?yclid=1769836931470647622" "Mozilla/5.0 (Linux; arm_64; Android 9; HRY-LX1T) AppleWebKit/537.36 (KHTML, like Gecko) Chrome/96.0.4664.174 YaApp_Android/22.16.1 YaSearchBrowser/22.16.1 BroPP/1.0 SA/3 Mobile Safari/537.36"
178.178.80.189 - - [08/Apr/2022:03:23:15 +0000] "GET /wa-content/js/login/login-frontend-form.min.js?v=8.21.0.1649388192 HTTP/2.0" 200 5488 "https://justgrill.ru/mangaly/tandyry/tandyr-amfora-bolshoy-25-sm/?yclid=1769836931470647622" "Mozilla/5.0 (Linux; arm_64; Android 9; HRY-LX1T) AppleWebKit/537.36 (KHTML, like Gecko) Chrome/96.0.4664.174 YaApp_Android/22.16.1 YaSearchBrowser/22.16.1 BroPP/1.0 SA/3 Mobile Safari/537.36"
178.178.80.189 - - [08/Apr/2022:03:23:15 +0000] "GET /wa-content/css/login/frontend/login.css?v=8.21.0.1649388192 HTTP/2.0" 200 1762 "https://justgrill.ru/mangaly/tandyry/tandyr-amfora-bolshoy-25-sm/?yclid=1769836931470647622" "Mozilla/5.0 (Linux; arm_64; Android 9; HRY-LX1T) AppleWebKit/537.36 (KHTML, like Gecko) Chrome/96.0.4664.174 YaApp_Android/22.16.1 YaSearchBrowser/22.16.1 BroPP/1.0 SA/3 Mobile Safari/537.36"
178.178.80.189 - - [08/Apr/2022:03:23:15 +0000] "GET /wa-content/js/login/forgotpassword-frontend-form.min.js?v=8.21.0.1649388192 HTTP/2.0" 200 4709 "https://justgrill.ru/mangaly/tandyry/tandyr-amfora-bolshoy-25-sm/?yclid=1769836931470647622" "Mozilla/5.0 (Linux; arm_64; Android 9; HRY-LX1T) AppleWebKit/537.36 (KHTML, like Gecko) Chrome/96.0.4664.174 YaApp_Android/22.16.1 YaSearchBrowser/22.16.1 BroPP/1.0 SA/3 Mobile Safari/537.36"
178.178.80.189 - - [08/Apr/2022:03:23:15 +0000] "GET /wa-content/css/login/frontend/forgot-password.css?v=8.21.0.1649388192 HTTP/2.0" 200 1560 "https://justgrill.ru/mangaly/tandyry/tandyr-amfora-bolshoy-25-sm/?yclid=1769836931470647622" "Mozilla/5.0 (Linux; arm_64; Android 9; HRY-LX1T) AppleWebKit/537.36 (KHTML, like Gecko) Chrome/96.0.4664.174 YaApp_Android/22.16.1 YaSearchBrowser/22.16.1 BroPP/1.0 SA/3 Mobile Safari/537.36"
178.178.80.189 - - [08/Apr/2022:03:23:16 +0000] "GET /regions/getPopupContent/ HTTP/2.0" 200 1023 "https://justgrill.ru/mangaly/tandyry/tandyr-amfora-bolshoy-25-sm/?yclid=1769836931470647622" "Mozilla/5.0 (Linux; arm_64; Android 9; HRY-LX1T) AppleWebKit/537.36 (KHTML, like Gecko) Chrome/96.0.4664.174 YaApp_Android/22.16.1 YaSearchBrowser/22.16.1 BroPP/1.0 SA/3 Mobile Safari/537.36"
178.178.80.189 - - [08/Apr/2022:03:23:16 +0000] "GET /regions/getPopupContent/ HTTP/2.0" 200 1023 "https://justgrill.ru/mangaly/tandyry/tandyr-amfora-bolshoy-25-sm/?yclid=1769836931470647622" "Mozilla/5.0 (Linux; arm_64; Android 9; HRY-LX1T) AppleWebKit/537.36 (KHTML, like Gecko) Chrome/96.0.4664.174 YaApp_Android/22.16.1 YaSearchBrowser/22.16.1 BroPP/1.0 SA/3 Mobile Safari/537.36"
93.158.161.33 - - [08/Apr/2022:03:23:17 +0000] "GET / HTTP/1.1" 301 162 "-" "Mozilla/5.0 (compatible; YandexMetrika/2.0; +http://yandex.com/bots yabs01)"
178.178.80.189 - - [08/Apr/2022:03:23:18 +0000] "GET /favicon.ico HTTP/2.0" 200 54978 "https://justgrill.ru/mangaly/tandyry/tandyr-amfora-bolshoy-25-sm/?yclid=1769836931470647622" "Mozilla/5.0 (Linux; arm_64; Android 9; HRY-LX1T) AppleWebKit/537.36 (KHTML, like Gecko) Chrome/96.0.4664.174 YaApp_Android/22.16.1 YaSearchBrowser/22.16.1 BroPP/1.0 SA/3 Mobile Safari/537.36"
1.2.151.134 - - [08/Apr/2022:03:23:20 +0000] "GET /blog/category/base-grill-skills/ HTTP/1.1" 200 30670 "-" "Mozilla/5.0 (Windows NT 10.0; Win64; x64) AppleWebKit/537.36 (KHTML, like Gecko) Chrome/85.0.4183.121 Safari/537.36"
1.2.151.134 - - [08/Apr/2022:03:23:33 +0000] "GET /kontakty/ HTTP/1.1" 200 27360 "-" "Mozilla/5.0 (Windows NT 10.0; Win64; x64) AppleWebKit/537.36 (KHTML, like Gecko) Chrome/85.0.4183.121 Safari/537.36"
1.2.151.134 - - [08/Apr/2022:03:23:35 +0000] "GET /kontakty/ HTTP/1.1" 200 27361 "-" "Mozilla/5.0 (Windows NT 10.0; Win64; x64) AppleWebKit/537.36 (KHTML, like Gecko) Chrome/85.0.4183.121 Safari/537.36"
1.2.151.134 - - [08/Apr/2022:03:23:37 +0000] "GET /forgotpassword/ HTTP/1.1" 200 27495 "-" "Mozilla/5.0 (Windows NT 10.0; Win64; x64) AppleWebKit/537.36 (KHTML, like Gecko) Chrome/85.0.4183.121 Safari/537.36"
66.249.66.25 - - [08/Apr/2022:03:23:38 +0000] "GET /aksessuary/oborudovanie/telezhki-gril/nozhki-s-kolesikami-dlya-telezhki-big-green-egg-m/ HTTP/1.1" 200 33017 "-" "Mozilla/5.0 (Linux; Android 6.0.1; Nexus 5X Build/MMB29P) AppleWebKit/537.36 (KHTML, like Gecko) Chrome/100.0.4896.75 Mobile Safari/537.36 (compatible; Googlebot/2.1; +http://www.google.com/bot.html)"
1.2.151.134 - - [08/Apr/2022:03:23:39 +0000] "GET /login/ HTTP/1.1" 200 27154 "-" "Mozilla/5.0 (Windows NT 10.0; Win64; x64) AppleWebKit/537.36 (KHTML, like Gecko) Chrome/85.0.4183.121 Safari/537.36"
1.2.151.134 - - [08/Apr/2022:03:23:49 +0000] "GET /login/ HTTP/1.1" 200 27152 "-" "Mozilla/5.0 (Windows NT 10.0; Win64; x64) AppleWebKit/537.36 (KHTML, like Gecko) Chrome/85.0.4183.121 Safari/537.36"
1.2.151.134 - - [08/Apr/2022:03:23:54 +0000] "GET /forgotpassword/ HTTP/1.1" 200 27501 "-" "Mozilla/5.0 (Windows NT 10.0; Win64; x64) AppleWebKit/537.36 (KHTML, like Gecko) Chrome/85.0.4183.121 Safari/537.36"
1.2.151.134 - - [08/Apr/2022:03:23:57 +0000] "GET /forgotpassword/ HTTP/1.1" 200 27498 "-" "Mozilla/5.0 (Windows NT 10.0; Win64; x64) AppleWebKit/537.36 (KHTML, like Gecko) Chrome/85.0.4183.121 Safari/537.36"
1.2.151.134 - - [08/Apr/2022:03:23:58 +0000] "GET /login/ HTTP/1.1" 200 27151 "-" "Mozilla/5.0 (Windows NT 10.0; Win64; x64) AppleWebKit/537.36 (KHTML, like Gecko) Chrome/85.0.4183.121 Safari/537.36"
185.191.171.22 - - [08/Apr/2022:03:24:00 +0000] "GET /search/959/oklahoma-joe/ HTTP/1.1" 200 28516 "-" "Mozilla/5.0 (compatible; SemrushBot/7~bl; +http://www.semrush.com/bot.html)"
1.2.151.134 - - [08/Apr/2022:03:24:01 +0000] "GET /login/ HTTP/1.1" 200 27159 "-" "Mozilla/5.0 (Windows NT 10.0; Win64; x64) AppleWebKit/537.36 (KHTML, like Gecko) Chrome/85.0.4183.121 Safari/537.36"
1.2.151.134 - - [08/Apr/2022:03:24:03 +0000] "GET /forgotpassword/ HTTP/1.1" 200 27497 "-" "Mozilla/5.0 (Windows NT 10.0; Win64; x64) AppleWebKit/537.36 (KHTML, like Gecko) Chrome/85.0.4183.121 Safari/537.36"
1.2.151.134 - - [08/Apr/2022:03:24:08 +0000] "GET /forgotpassword/ HTTP/1.1" 200 27496 "-" "Mozilla/5.0 (Windows NT 10.0; Win64; x64) AppleWebKit/537.36 (KHTML, like Gecko) Chrome/85.0.4183.121 Safari/537.36"
1.2.151.134 - - [08/Apr/2022:03:24:10 +0000] "GET /signup/ HTTP/1.1" 200 26517 "-" "Mozilla/5.0 (Windows NT 10.0; Win64; x64) AppleWebKit/537.36 (KHTML, like Gecko) Chrome/85.0.4183.121 Safari/537.36"
66.249.66.31 - - [08/Apr/2022:03:24:13 +0000] "GET /aksessuary/posuda/protiveni-gril/protiven-broil-king-ploskiy-perforirovannyy/ HTTP/1.1" 200 33510 "-" "Mozilla/5.0 (compatible; Googlebot/2.1; +http://www.google.com/bot.html)"
185.191.171.37 - - [08/Apr/2022:03:24:15 +0000] "GET /grili/gazovye/weber/q-line/gazovyj-gril-weber-q-2200-chernyy/ HTTP/1.1" 200 38054 "-" "Mozilla/5.0 (compatible; SemrushBot/7~bl; +http://www.semrush.com/bot.html)"
66.249.66.55 - - [08/Apr/2022:03:24:19 +0000] "GET /aksessuary/instrumenty/nozhi-samura/nozh-kukhonnyy-samura-bamboo-santoku-160mm-aus-8/reviews/ HTTP/1.1" 200 31177 "-" "Mozilla/5.0 (Linux; Android 6.0.1; Nexus 5X Build/MMB29P) AppleWebKit/537.36 (KHTML, like Gecko) Chrome/99.0.4844.84 Mobile Safari/537.36 (compatible; Googlebot/2.1; +http://www.google.com/bot.html)"
1.2.151.134 - - [08/Apr/2022:03:24:22 +0000] "GET /signup/ HTTP/1.1" 200 26515 "-" "Mozilla/5.0 (Windows NT 10.0; Win64; x64) AppleWebKit/537.36 (KHTML, like Gecko) Chrome/85.0.4183.121 Safari/537.36"
66.249.66.63 - - [08/Apr/2022:03:24:23 +0000] "GET /grili/keramicheskie/monolith/monolith-grill-classic-pro-serie-10-schwarz-bez-stolikov-i-nozhek/ HTTP/1.1" 301 5 "-" "Mozilla/5.0 (compatible; Googlebot/2.1; +http://www.google.com/bot.html)"
66.249.66.63 - - [08/Apr/2022:03:24:24 +0000] "GET /grili/keramicheskie/monolith/classic-pro/keramicheskij-gril-monolith-classic-pro-bez-stolikov-i-nozhek-chernyy/ HTTP/1.1" 200 37895 "-" "Mozilla/5.0 (compatible; Googlebot/2.1; +http://www.google.com/bot.html)"
1.2.151.134 - - [08/Apr/2022:03:24:26 +0000] "GET /forgotpassword/ HTTP/1.1" 200 27498 "-" "Mozilla/5.0 (Windows NT 10.0; Win64; x64) AppleWebKit/537.36 (KHTML, like Gecko) Chrome/85.0.4183.121 Safari/537.36"
1.2.151.134 - - [08/Apr/2022:03:24:27 +0000] "GET /kontakty/ HTTP/1.1" 200 27360 "-" "Mozilla/5.0 (Windows NT 10.0; Win64; x64) AppleWebKit/537.36 (KHTML, like Gecko) Chrome/85.0.4183.121 Safari/537.36"
77.88.5.229 - - [08/Apr/2022:03:24:29 +0000] "GET /?yclid=7710547526903176844 HTTP/1.1" 200 39841 "-" "Mozilla/5.0 (compatible; YandexMetrika/2.0; +http://yandex.com/bots yabs01)"
1.2.151.134 - - [08/Apr/2022:03:24:31 +0000] "GET /kontakty/ HTTP/1.1" 200 27358 "-" "Mozilla/5.0 (Windows NT 10.0; Win64; x64) AppleWebKit/537.36 (KHTML, like Gecko) Chrome/85.0.4183.121 Safari/537.36"
1.2.151.134 - - [08/Apr/2022:03:24:33 +0000] "GET /forgotpassword/ HTTP/1.1" 200 27496 "-" "Mozilla/5.0 (Windows NT 10.0; Win64; x64) AppleWebKit/537.36 (KHTML, like Gecko) Chrome/85.0.4183.121 Safari/537.36"
1.2.151.134 - - [08/Apr/2022:03:24:34 +0000] "GET /grili/gazovye/broil-king/baron/gazovyy-gril-broil-king-baron-490-new-chernyy/ HTTP/1.1" 200 35694 "-" "Mozilla/5.0 (Windows NT 10.0; Win64; x64) AppleWebKit/537.36 (KHTML, like Gecko) Chrome/85.0.4183.121 Safari/537.36"
1.2.151.134 - - [08/Apr/2022:03:24:36 +0000] "GET /grili/gazovye/broil-king/baron/gazovyy-gril-broil-king-baron-490-new-chernyy/ HTTP/1.1" 200 35690 "-" "Mozilla/5.0 (Windows NT 10.0; Win64; x64) AppleWebKit/537.36 (KHTML, like Gecko) Chrome/85.0.4183.121 Safari/537.36"
77.88.5.70 - - [08/Apr/2022:03:24:36 +0000] "GET /yandexmarket/171e5d55-c034-4aa6-9510-46889587228e.xml HTTP/1.1" 200 81680 "-" "Mozilla/5.0 (compatible; YandexMarket/2.0; +http://yandex.com/bots)"
1.2.151.134 - - [08/Apr/2022:03:24:38 +0000] "GET /grili/gazovye/broil-king/regal/vstraivaemyy-gazovyy-gril-broil-king-regal-420-chernyy/ HTTP/1.1" 200 35090 "-" "Mozilla/5.0 (Windows NT 10.0; Win64; x64) AppleWebKit/537.36 (KHTML, like Gecko) Chrome/85.0.4183.121 Safari/537.36"
1.2.151.134 - - [08/Apr/2022:03:24:39 +0000] "GET /grili/gazovye/broil-king/regal/vstraivaemyy-gazovyy-gril-broil-king-regal-420-chernyy/ HTTP/1.1" 200 35089 "-" "Mozilla/5.0 (Windows NT 10.0; Win64; x64) AppleWebKit/537.36 (KHTML, like Gecko) Chrome/85.0.4183.121 Safari/537.36"
1.2.151.134 - - [08/Apr/2022:03:24:41 +0000] "GET /grili/gazovye/broil-king/baron/gril-gazovyy-broil-king-baron-s490-new-ir/ HTTP/1.1" 200 37254 "-" "Mozilla/5.0 (Windows NT 10.0; Win64; x64) AppleWebKit/537.36 (KHTML, like Gecko) Chrome/85.0.4183.121 Safari/537.36"
77.88.5.229 - - [08/Apr/2022:03:24:41 +0000] "GET /mangaly/tandyry/tandyr-amfora-bolshoy-25-sm/ HTTP/1.1" 200 32908 "-" "Mozilla/5.0 (compatible; YandexBot/3.0; +http://yandex.com/bots)"
1.2.151.134 - - [08/Apr/2022:03:24:43 +0000] "GET /grili/gazovye/broil-king/baron/gril-gazovyy-broil-king-baron-s490-new-ir/ HTTP/1.1" 200 37251 "-" "Mozilla/5.0 (Windows NT 10.0; Win64; x64) AppleWebKit/537.36 (KHTML, like Gecko) Chrome/85.0.4183.121 Safari/537.36"
1.2.151.134 - - [08/Apr/2022:03:24:45 +0000] "GET /grili/gazovye/broil-king/baron/gazovyy-gril-broil-king-baron-490-new-chernyy/ HTTP/1.1" 200 35693 "-" "Mozilla/5.0 (Windows NT 10.0; Win64; x64) AppleWebKit/537.36 (KHTML, like Gecko) Chrome/85.0.4183.121 Safari/537.36"
1.2.151.134 - - [08/Apr/2022:03:24:46 +0000] "GET /grili/gazovye/broil-king/baron/gazovyy-gril-broil-king-baron-490-new-chernyy/ HTTP/1.1" 200 35692 "-" "Mozilla/5.0 (Windows NT 10.0; Win64; x64) AppleWebKit/537.36 (KHTML, like Gecko) Chrome/85.0.4183.121 Safari/537.36"
1.2.151.134 - - [08/Apr/2022:03:24:48 +0000] "GET /grili/gazovye/broil-king/regal/vstraivaemyy-gazovyy-gril-broil-king-regal-420-chernyy/ HTTP/1.1" 200 35087 "-" "Mozilla/5.0 (Windows NT 10.0; Win64; x64) AppleWebKit/537.36 (KHTML, like Gecko) Chrome/85.0.4183.121 Safari/537.36"
1.2.151.134 - - [08/Apr/2022:03:24:49 +0000] "GET /grili/gazovye/broil-king/regal/vstraivaemyy-gazovyy-gril-broil-king-regal-420-chernyy/ HTTP/1.1" 200 35088 "-" "Mozilla/5.0 (Windows NT 10.0; Win64; x64) AppleWebKit/537.36 (KHTML, like Gecko) Chrome/85.0.4183.121 Safari/537.36"
93.158.161.52 - - [08/Apr/2022:03:24:51 +0000] "GET / HTTP/1.1" 301 162 "-" "Mozilla/5.0 (compatible; YandexMetrika/2.0; +http://yandex.com/bots yabs01)"
1.2.151.134 - - [08/Apr/2022:03:24:51 +0000] "GET /grili/gazovye/broil-king/baron/gril-gazovyy-broil-king-baron-s490-new-ir/ HTTP/1.1" 200 37251 "-" "Mozilla/5.0 (Windows NT 10.0; Win64; x64) AppleWebKit/537.36 (KHTML, like Gecko) Chrome/85.0.4183.121 Safari/537.36"
1.2.151.134 - - [08/Apr/2022:03:24:53 +0000] "GET /grili/gazovye/broil-king/baron/gril-gazovyy-broil-king-baron-s490-new-ir/ HTTP/1.1" 200 37254 "-" "Mozilla/5.0 (Windows NT 10.0; Win64; x64) AppleWebKit/537.36 (KHTML, like Gecko) Chrome/85.0.4183.121 Safari/537.36"
178.154.168.231 - - [08/Apr/2022:03:25:03 +0000] "POST /ym_api/1/?action=/cart HTTP/1.1" 200 111 "-" "Apache-HttpClient/4.5.6 (Java/11.0.8-shenandoah)"
185.191.171.9 - - [08/Apr/2022:03:25:05 +0000] "GET /aksessuary/reshetki/reshetka-gril/gril-polka-iz-nerzhaveyushchey-stali-500825/ HTTP/1.1" 301 5 "-" "Mozilla/5.0 (compatible; SemrushBot/7~bl; +http://www.semrush.com/bot.html)"
185.191.171.5 - - [08/Apr/2022:03:25:05 +0000] "GET /aksessuary/reshetki/reshetka-gril/gril-polka-iz-nerzhaveyushchey-stali-500825/ HTTP/1.1" 301 162 "-" "Mozilla/5.0 (compatible; SemrushBot/7~bl; +http://www.semrush.com/bot.html)"
77.88.5.48 - - [08/Apr/2022:03:25:05 +0000] "GET / HTTP/1.1" 301 162 "-" "Mozilla/5.0 (compatible; YandexMetrika/2.0; +http://yandex.com/bots yabs01)"
109.184.191.28 - - [08/Apr/2022:03:25:06 +0000] "GET /favicon.ico HTTP/2.0" 200 54978 "https://justgrill.ru/aksessuary/dlya-tandyrov/chekhly/chekhol-dlya-tandyra-bolshogo/?yclid=1763468477082953149" "Mozilla/5.0 (Linux; Android 11; SAMSUNG SM-A325F) AppleWebKit/537.36 (KHTML, like Gecko) SamsungBrowser/16.2 Chrome/92.0.4515.166 Mobile Safari/537.36"
185.191.171.37 - - [08/Apr/2022:03:25:07 +0000] "GET /aksessuary/reshetki/reshetka-gril/gril-polka-iz-nerzhaveyushchey-stali-500825/ HTTP/1.1" 200 31983 "-" "Mozilla/5.0 (compatible; SemrushBot/7~bl; +http://www.semrush.com/bot.html)"
135.181.217.230 - - [08/Apr/2022:03:25:21 +0000] "GET / HTTP/1.1" 301 162 "-" "Mozilla/5.0 (Windows NT 10.0; WOW64; rv:45.0) Gecko/20100101 Firefox/45.0"
135.181.217.230 - - [08/Apr/2022:03:25:22 +0000] "GET / HTTP/1.1" 200 39193 "-" "Mozilla/5.0 (Windows NT 10.0; WOW64; rv:45.0) Gecko/20100101 Firefox/45.0"
94.25.170.27 - - [08/Apr/2022:03:25:23 +0000] "GET / HTTP/1.1" 301 162 "-" "Mozilla/5.0 (Linux; Android 11; Redmi Note 8 Pro) AppleWebKit/537.36 (KHTML, like Gecko) Chrome/99.0.4844.58 Mobile Safari/537.36"
94.25.170.27 - - [08/Apr/2022:03:25:23 +0000] "GET / HTTP/2.0" 200 39193 "-" "Mozilla/5.0 (Linux; Android 11; Redmi Note 8 Pro) AppleWebKit/537.36 (KHTML, like Gecko) Chrome/99.0.4844.58 Mobile Safari/537.36"
94.25.170.27 - - [08/Apr/2022:03:25:24 +0000] "GET /wa-content/font/ruble/arial/fontface.css HTTP/2.0" 200 371 "https://justgrill.ru/" "Mozilla/5.0 (Linux; Android 11; Redmi Note 8 Pro) AppleWebKit/537.36 (KHTML, like Gecko) Chrome/99.0.4844.58 Mobile Safari/537.36"
94.25.170.27 - - [08/Apr/2022:03:25:24 +0000] "GET /wa-content/js/jquery-plugins/jquery.cookie.js HTTP/2.0" 200 1343 "https://justgrill.ru/" "Mozilla/5.0 (Linux; Android 11; Redmi Note 8 Pro) AppleWebKit/537.36 (KHTML, like Gecko) Chrome/99.0.4844.58 Mobile Safari/537.36"
94.25.170.27 - - [08/Apr/2022:03:25:24 +0000] "GET /wa-content/js/jquery-plugins/jquery.retina.min.js?v2.4.1 HTTP/2.0" 200 900 "https://justgrill.ru/" "Mozilla/5.0 (Linux; Android 11; Redmi Note 8 Pro) AppleWebKit/537.36 (KHTML, like Gecko) Chrome/99.0.4844.58 Mobile Safari/537.36"
94.25.170.27 - - [08/Apr/2022:03:25:24 +0000] "GET /wa-content/js/jquery-plugins/jquery.cookie.js?v2.4.1 HTTP/2.0" 200 1343 "https://justgrill.ru/" "Mozilla/5.0 (Linux; Android 11; Redmi Note 8 Pro) AppleWebKit/537.36 (KHTML, like Gecko) Chrome/99.0.4844.58 Mobile Safari/537.36"
94.25.170.27 - - [08/Apr/2022:03:25:25 +0000] "GET /searchpro-plugin/config/?v1.9.0.1649388323?681394533 HTTP/2.0" 200 558 "https://justgrill.ru/" "Mozilla/5.0 (Linux; Android 11; Redmi Note 8 Pro) AppleWebKit/537.36 (KHTML, like Gecko) Chrome/99.0.4844.58 Mobile Safari/537.36"
94.25.170.27 - - [08/Apr/2022:03:25:25 +0000] "GET /searchpro-plugin/config/?v1.9.0.1649388323?1290999458 HTTP/2.0" 200 558 "https://justgrill.ru/" "Mozilla/5.0 (Linux; Android 11; Redmi Note 8 Pro) AppleWebKit/537.36 (KHTML, like Gecko) Chrome/99.0.4844.58 Mobile Safari/537.36"
94.25.170.27 - - [08/Apr/2022:03:25:25 +0000] "GET /wa-data/public/site/themes/justgrill/img/basket.svg HTTP/2.0" 200 3868 "https://justgrill.ru/wa-data/public/site/themes/justgrill/css/main.css?v3.3.1.1649388323" "Mozilla/5.0 (Linux; Android 11; Redmi Note 8 Pro) AppleWebKit/537.36 (KHTML, like Gecko) Chrome/99.0.4844.58 Mobile Safari/537.36"
94.25.170.27 - - [08/Apr/2022:03:25:25 +0000] "GET /wa-data/public/site/themes/justgrill/img/user.svg HTTP/2.0" 200 5703 "https://justgrill.ru/wa-data/public/site/themes/justgrill/css/main.css?v3.3.1.1649388323" "Mozilla/5.0 (Linux; Android 11; Redmi Note 8 Pro) AppleWebKit/537.36 (KHTML, like Gecko) Chrome/99.0.4844.58 Mobile Safari/537.36"
94.25.170.27 - - [08/Apr/2022:03:25:25 +0000] "GET /wa-data/public/site/themes/justgrill/fonts/Robotolight.woff2 HTTP/2.0" 200 28296 "https://justgrill.ru/wa-data/public/site/themes/justgrill/css/fonts.css?v3.3.1.1649388323" "Mozilla/5.0 (Linux; Android 11; Redmi Note 8 Pro) AppleWebKit/537.36 (KHTML, like Gecko) Chrome/99.0.4844.58 Mobile Safari/537.36"
94.25.170.27 - - [08/Apr/2022:03:25:25 +0000] "GET /wa-data/public/site/themes/justgrill/fonts/Roboto.woff2 HTTP/2.0" 200 28036 "https://justgrill.ru/wa-data/public/site/themes/justgrill/css/fonts.css?v3.3.1.1649388323" "Mozilla/5.0 (Linux; Android 11; Redmi Note 8 Pro) AppleWebKit/537.36 (KHTML, like Gecko) Chrome/99.0.4844.58 Mobile Safari/537.36"
94.25.170.27 - - [08/Apr/2022:03:25:25 +0000] "GET /wa-data/public/site/themes/justgrill/fonts/Robotobold.woff2 HTTP/2.0" 200 28384 "https://justgrill.ru/wa-data/public/site/themes/justgrill/css/fonts.css?v3.3.1.1649388323" "Mozilla/5.0 (Linux; Android 11; Redmi Note 8 Pro) AppleWebKit/537.36 (KHTML, like Gecko) Chrome/99.0.4844.58 Mobile Safari/537.36"
94.25.170.27 - - [08/Apr/2022:03:25:26 +0000] "GET /wa-data/public/site/themes/justgrill/img/menu-arrow-left.svg HTTP/2.0" 200 201 "https://justgrill.ru/wa-data/public/site/themes/justgrill/css/main.css?v3.3.1.1649388323" "Mozilla/5.0 (Linux; Android 11; Redmi Note 8 Pro) AppleWebKit/537.36 (KHTML, like Gecko) Chrome/99.0.4844.58 Mobile Safari/537.36"
94.25.170.27 - - [08/Apr/2022:03:25:26 +0000] "GET /wa-data/public/site/themes/justgrill/img/menu-arrow-right.svg HTTP/2.0" 200 202 "https://justgrill.ru/wa-data/public/site/themes/justgrill/css/main.css?v3.3.1.1649388323" "Mozilla/5.0 (Linux; Android 11; Redmi Note 8 Pro) AppleWebKit/537.36 (KHTML, like Gecko) Chrome/99.0.4844.58 Mobile Safari/537.36"
94.25.170.27 - - [08/Apr/2022:03:25:26 +0000] "GET /wa-data/public/site/themes/justgrill/img/phone.svg HTTP/2.0" 200 99750 "https://justgrill.ru/wa-data/public/site/themes/justgrill/css/main.css?v3.3.1.1649388323" "Mozilla/5.0 (Linux; Android 11; Redmi Note 8 Pro) AppleWebKit/537.36 (KHTML, like Gecko) Chrome/99.0.4844.58 Mobile Safari/537.36"
94.25.170.27 - - [08/Apr/2022:03:25:26 +0000] "GET /wa-data/public/site/themes/justgrill/img/adress.svg HTTP/2.0" 200 80968 "https://justgrill.ru/wa-data/public/site/themes/justgrill/css/main.css?v3.3.1.1649388323" "Mozilla/5.0 (Linux; Android 11; Redmi Note 8 Pro) AppleWebKit/537.36 (KHTML, like Gecko) Chrome/99.0.4844.58 Mobile Safari/537.36"
94.25.170.27 - - [08/Apr/2022:03:25:26 +0000] "GET /wa-data/public/site/themes/justgrill/fonts/Robotoblack.woff2 HTTP/2.0" 200 28452 "https://justgrill.ru/wa-data/public/site/themes/justgrill/css/fonts.css?v3.3.1.1649388323" "Mozilla/5.0 (Linux; Android 11; Redmi Note 8 Pro) AppleWebKit/537.36 (KHTML, like Gecko) Chrome/99.0.4844.58 Mobile Safari/537.36"
94.25.170.27 - - [08/Apr/2022:03:25:26 +0000] "GET /wa-data/public/site/themes/justgrill/fonts/Robotomedium.woff2 HTTP/2.0" 200 28312 "https://justgrill.ru/wa-data/public/site/themes/justgrill/css/fonts.css?v3.3.1.1649388323" "Mozilla/5.0 (Linux; Android 11; Redmi Note 8 Pro) AppleWebKit/537.36 (KHTML, like Gecko) Chrome/99.0.4844.58 Mobile Safari/537.36"
94.25.170.27 - - [08/Apr/2022:03:25:26 +0000] "GET /wa-content/font/ruble/arial/alsrubl-arial-regular.woff HTTP/2.0" 200 1788 "https://justgrill.ru/wa-content/font/ruble/arial/fontface.css" "Mozilla/5.0 (Linux; Android 11; Redmi Note 8 Pro) AppleWebKit/537.36 (KHTML, like Gecko) Chrome/99.0.4844.58 Mobile Safari/537.36"
94.25.170.27 - - [08/Apr/2022:03:25:26 +0000] "GET /wa-content/js/signup/signup.js?v=8.21.0.1649388323 HTTP/2.0" 200 6675 "https://justgrill.ru/" "Mozilla/5.0 (Linux; Android 11; Redmi Note 8 Pro) AppleWebKit/537.36 (KHTML, like Gecko) Chrome/99.0.4844.58 Mobile Safari/537.36"
94.25.170.27 - - [08/Apr/2022:03:25:26 +0000] "GET /wa-data/public/site/themes/justgrill/img/email.svg HTTP/2.0" 200 354 "https://justgrill.ru/wa-data/public/site/themes/justgrill/css/main.css?v3.3.1.1649388323" "Mozilla/5.0 (Linux; Android 11; Redmi Note 8 Pro) AppleWebKit/537.36 (KHTML, like Gecko) Chrome/99.0.4844.58 Mobile Safari/537.36"
94.25.170.27 - - [08/Apr/2022:03:25:27 +0000] "GET /wa-content/css/signup/signup.css?v=8.21.0.1649388323 HTTP/2.0" 200 1909 "https://justgrill.ru/" "Mozilla/5.0 (Linux; Android 11; Redmi Note 8 Pro) AppleWebKit/537.36 (KHTML, like Gecko) Chrome/99.0.4844.58 Mobile Safari/537.36"
94.25.170.27 - - [08/Apr/2022:03:25:27 +0000] "GET /wa-apps/shop/plugins/searchpro/fonts/Roboto/Roboto-Regular.woff2 HTTP/2.0" 200 66004 "https://justgrill.ru/wa-apps/shop/plugins/searchpro/css/frontend.fonts.css?v1.9.0.1649388323" "Mozilla/5.0 (Linux; Android 11; Redmi Note 8 Pro) AppleWebKit/537.36 (KHTML, like Gecko) Chrome/99.0.4844.58 Mobile Safari/537.36"
94.25.170.27 - - [08/Apr/2022:03:25:27 +0000] "GET /wa-content/js/login/login-frontend-form.min.js?v=8.21.0.1649388323 HTTP/2.0" 200 5488 "https://justgrill.ru/" "Mozilla/5.0 (Linux; Android 11; Redmi Note 8 Pro) AppleWebKit/537.36 (KHTML, like Gecko) Chrome/99.0.4844.58 Mobile Safari/537.36"
94.25.170.27 - - [08/Apr/2022:03:25:27 +0000] "GET /wa-content/css/login/frontend/login.css?v=8.21.0.1649388323 HTTP/2.0" 200 1762 "https://justgrill.ru/" "Mozilla/5.0 (Linux; Android 11; Redmi Note 8 Pro) AppleWebKit/537.36 (KHTML, like Gecko) Chrome/99.0.4844.58 Mobile Safari/537.36"
94.25.170.27 - - [08/Apr/2022:03:25:27 +0000] "GET /wa-content/js/login/forgotpassword-frontend-form.min.js?v=8.21.0.1649388323 HTTP/2.0" 200 4709 "https://justgrill.ru/" "Mozilla/5.0 (Linux; Android 11; Redmi Note 8 Pro) AppleWebKit/537.36 (KHTML, like Gecko) Chrome/99.0.4844.58 Mobile Safari/537.36"
94.25.170.27 - - [08/Apr/2022:03:25:27 +0000] "GET /wa-content/css/login/frontend/forgot-password.css?v=8.21.0.1649388323 HTTP/2.0" 200 1560 "https://justgrill.ru/" "Mozilla/5.0 (Linux; Android 11; Redmi Note 8 Pro) AppleWebKit/537.36 (KHTML, like Gecko) Chrome/99.0.4844.58 Mobile Safari/537.36"
94.25.170.27 - - [08/Apr/2022:03:25:27 +0000] "GET /regions/getPopupContent/ HTTP/2.0" 200 1023 "https://justgrill.ru/" "Mozilla/5.0 (Linux; Android 11; Redmi Note 8 Pro) AppleWebKit/537.36 (KHTML, like Gecko) Chrome/99.0.4844.58 Mobile Safari/537.36"
94.25.170.27 - - [08/Apr/2022:03:25:28 +0000] "GET /regions/getPopupContent/ HTTP/2.0" 200 1023 "https://justgrill.ru/" "Mozilla/5.0 (Linux; Android 11; Redmi Note 8 Pro) AppleWebKit/537.36 (KHTML, like Gecko) Chrome/99.0.4844.58 Mobile Safari/537.36"
94.25.170.27 - - [08/Apr/2022:03:25:30 +0000] "GET /favicon.ico HTTP/2.0" 200 54978 "https://justgrill.ru/" "Mozilla/5.0 (Linux; Android 11; Redmi Note 8 Pro) AppleWebKit/537.36 (KHTML, like Gecko) Chrome/99.0.4844.58 Mobile Safari/537.36"
66.249.66.62 - - [08/Apr/2022:03:25:32 +0000] "GET /aksessuary/instrumenty/nozhi-samura/ HTTP/1.1" 200 35056 "-" "Mozilla/5.0 (Linux; Android 6.0.1; Nexus 5X Build/MMB29P) AppleWebKit/537.36 (KHTML, like Gecko) Chrome/99.0.4844.84 Mobile Safari/537.36 (compatible; Googlebot/2.1; +http://www.google.com/bot.html)"
77.88.5.229 - - [08/Apr/2022:03:25:32 +0000] "GET / HTTP/1.1" 200 39196 "-" "Mozilla/5.0 (compatible; YandexBot/3.0; +http://yandex.com/bots) AppleWebKit/537.36 (KHTML, like Gecko) Chrome/81.0.4044.268"
66.249.66.25 - - [08/Apr/2022:03:25:35 +0000] "GET /aksessuary/protiveni/ HTTP/1.1" 301 5 "-" "Mozilla/5.0 (compatible; Googlebot/2.1; +http://www.google.com/bot.html)"
66.249.66.23 - - [08/Apr/2022:03:25:37 +0000] "GET /aksessuary/posuda/protiveni-gril/ HTTP/1.1" 200 35825 "-" "Mozilla/5.0 (compatible; Googlebot/2.1; +http://www.google.com/bot.html)"
77.88.5.86 - - [08/Apr/2022:03:25:44 +0000] "GET / HTTP/1.1" 301 162 "-" "Mozilla/5.0 (compatible; YandexMetrika/2.0; +http://yandex.com/bots yabs01)"
94.25.170.27 - - [08/Apr/2022:03:25:44 +0000] "GET /grili/ugolnye/weber/master-touch/gril-ugolnyy-master-touch-premium-weber-e-5770-chernyy/ HTTP/2.0" 200 37461 "https://justgrill.ru/" "Mozilla/5.0 (Linux; Android 11; Redmi Note 8 Pro) AppleWebKit/537.36 (KHTML, like Gecko) Chrome/99.0.4844.58 Mobile Safari/537.36"
94.25.170.27 - - [08/Apr/2022:03:25:45 +0000] "GET /wa-content/font/ruble/arial/fontface.css HTTP/2.0" 200 371 "https://justgrill.ru/grili/ugolnye/weber/master-touch/gril-ugolnyy-master-touch-premium-weber-e-5770-chernyy/" "Mozilla/5.0 (Linux; Android 11; Redmi Note 8 Pro) AppleWebKit/537.36 (KHTML, like Gecko) Chrome/99.0.4844.58 Mobile Safari/537.36"
94.25.170.27 - - [08/Apr/2022:03:25:45 +0000] "GET /searchpro-plugin/config/?v1.9.0.1649388344?472598701 HTTP/2.0" 200 558 "https://justgrill.ru/grili/ugolnye/weber/master-touch/gril-ugolnyy-master-touch-premium-weber-e-5770-chernyy/" "Mozilla/5.0 (Linux; Android 11; Redmi Note 8 Pro) AppleWebKit/537.36 (KHTML, like Gecko) Chrome/99.0.4844.58 Mobile Safari/537.36"
94.25.170.27 - - [08/Apr/2022:03:25:45 +0000] "GET /searchpro-plugin/config/?v1.9.0.1649388344?574450404 HTTP/2.0" 200 558 "https://justgrill.ru/grili/ugolnye/weber/master-touch/gril-ugolnyy-master-touch-premium-weber-e-5770-chernyy/" "Mozilla/5.0 (Linux; Android 11; Redmi Note 8 Pro) AppleWebKit/537.36 (KHTML, like Gecko) Chrome/99.0.4844.58 Mobile Safari/537.36"
94.25.170.27 - - [08/Apr/2022:03:25:46 +0000] "GET /wa-content/css/signup/signup.css?v=8.21.0.1649388344 HTTP/2.0" 200 1909 "https://justgrill.ru/grili/ugolnye/weber/master-touch/gril-ugolnyy-master-touch-premium-weber-e-5770-chernyy/" "Mozilla/5.0 (Linux; Android 11; Redmi Note 8 Pro) AppleWebKit/537.36 (KHTML, like Gecko) Chrome/99.0.4844.58 Mobile Safari/537.36"
94.25.170.27 - - [08/Apr/2022:03:25:46 +0000] "GET /wa-content/css/login/frontend/login.css?v=8.21.0.1649388344 HTTP/2.0" 200 1762 "https://justgrill.ru/grili/ugolnye/weber/master-touch/gril-ugolnyy-master-touch-premium-weber-e-5770-chernyy/" "Mozilla/5.0 (Linux; Android 11; Redmi Note 8 Pro) AppleWebKit/537.36 (KHTML, like Gecko) Chrome/99.0.4844.58 Mobile Safari/537.36"
94.25.170.27 - - [08/Apr/2022:03:25:46 +0000] "GET /wa-content/css/login/frontend/forgot-password.css?v=8.21.0.1649388344 HTTP/2.0" 200 1560 "https://justgrill.ru/grili/ugolnye/weber/master-touch/gril-ugolnyy-master-touch-premium-weber-e-5770-chernyy/" "Mozilla/5.0 (Linux; Android 11; Redmi Note 8 Pro) AppleWebKit/537.36 (KHTML, like Gecko) Chrome/99.0.4844.58 Mobile Safari/537.36"
94.25.170.27 - - [08/Apr/2022:03:25:46 +0000] "GET /wa-data/public/site/themes/justgrill/img/arrow-f.svg HTTP/2.0" 200 223 "https://justgrill.ru/grili/ugolnye/weber/master-touch/gril-ugolnyy-master-touch-premium-weber-e-5770-chernyy/" "Mozilla/5.0 (Linux; Android 11; Redmi Note 8 Pro) AppleWebKit/537.36 (KHTML, like Gecko) Chrome/99.0.4844.58 Mobile Safari/537.36"
94.25.170.27 - - [08/Apr/2022:03:25:46 +0000] "GET /wa-content/font/ruble/arial/alsrubl-arial-bold.woff HTTP/2.0" 200 1792 "https://justgrill.ru/wa-content/font/ruble/arial/fontface.css" "Mozilla/5.0 (Linux; Android 11; Redmi Note 8 Pro) AppleWebKit/537.36 (KHTML, like Gecko) Chrome/99.0.4844.58 Mobile Safari/537.36"
94.25.170.27 - - [08/Apr/2022:03:25:46 +0000] "GET /regions/getPopupContent/ HTTP/2.0" 200 1023 "https://justgrill.ru/grili/ugolnye/weber/master-touch/gril-ugolnyy-master-touch-premium-weber-e-5770-chernyy/" "Mozilla/5.0 (Linux; Android 11; Redmi Note 8 Pro) AppleWebKit/537.36 (KHTML, like Gecko) Chrome/99.0.4844.58 Mobile Safari/537.36"
94.25.170.27 - - [08/Apr/2022:03:25:47 +0000] "GET /regions/getPopupContent/ HTTP/2.0" 200 1023 "https://justgrill.ru/grili/ugolnye/weber/master-touch/gril-ugolnyy-master-touch-premium-weber-e-5770-chernyy/" "Mozilla/5.0 (Linux; Android 11; Redmi Note 8 Pro) AppleWebKit/537.36 (KHTML, like Gecko) Chrome/99.0.4844.58 Mobile Safari/537.36"
94.25.170.27 - - [08/Apr/2022:03:25:47 +0000] "GET /wa-data/public/site/themes/justgrill/img/spec.svg HTTP/2.0" 200 1307 "https://justgrill.ru/grili/ugolnye/weber/master-touch/gril-ugolnyy-master-touch-premium-weber-e-5770-chernyy/" "Mozilla/5.0 (Linux; Android 11; Redmi Note 8 Pro) AppleWebKit/537.36 (KHTML, like Gecko) Chrome/99.0.4844.58 Mobile Safari/537.36"
94.25.170.27 - - [08/Apr/2022:03:25:47 +0000] "GET /wa-data/public/site/themes/justgrill/img/deli.svg HTTP/2.0" 200 1527 "https://justgrill.ru/grili/ugolnye/weber/master-touch/gril-ugolnyy-master-touch-premium-weber-e-5770-chernyy/" "Mozilla/5.0 (Linux; Android 11; Redmi Note 8 Pro) AppleWebKit/537.36 (KHTML, like Gecko) Chrome/99.0.4844.58 Mobile Safari/537.36"
94.25.170.27 - - [08/Apr/2022:03:25:47 +0000] "GET /wa-data/public/site/themes/justgrill/img/stock.svg HTTP/2.0" 200 3342 "https://justgrill.ru/grili/ugolnye/weber/master-touch/gril-ugolnyy-master-touch-premium-weber-e-5770-chernyy/" "Mozilla/5.0 (Linux; Android 11; Redmi Note 8 Pro) AppleWebKit/537.36 (KHTML, like Gecko) Chrome/99.0.4844.58 Mobile Safari/537.36"
94.25.170.27 - - [08/Apr/2022:03:25:48 +0000] "GET /wa-content/js/signup/signup.js?v=8.21.0.1649388344 HTTP/2.0" 200 6675 "https://justgrill.ru/grili/ugolnye/weber/master-touch/gril-ugolnyy-master-touch-premium-weber-e-5770-chernyy/" "Mozilla/5.0 (Linux; Android 11; Redmi Note 8 Pro) AppleWebKit/537.36 (KHTML, like Gecko) Chrome/99.0.4844.58 Mobile Safari/537.36"
94.25.170.27 - - [08/Apr/2022:03:25:48 +0000] "GET /wa-content/js/login/login-frontend-form.min.js?v=8.21.0.1649388344 HTTP/2.0" 200 5488 "https://justgrill.ru/grili/ugolnye/weber/master-touch/gril-ugolnyy-master-touch-premium-weber-e-5770-chernyy/" "Mozilla/5.0 (Linux; Android 11; Redmi Note 8 Pro) AppleWebKit/537.36 (KHTML, like Gecko) Chrome/99.0.4844.58 Mobile Safari/537.36"
94.25.170.27 - - [08/Apr/2022:03:25:48 +0000] "GET /wa-content/js/login/forgotpassword-frontend-form.min.js?v=8.21.0.1649388344 HTTP/2.0" 200 4709 "https://justgrill.ru/grili/ugolnye/weber/master-touch/gril-ugolnyy-master-touch-premium-weber-e-5770-chernyy/" "Mozilla/5.0 (Linux; Android 11; Redmi Note 8 Pro) AppleWebKit/537.36 (KHTML, like Gecko) Chrome/99.0.4844.58 Mobile Safari/537.36"
94.25.170.27 - - [08/Apr/2022:03:25:48 +0000] "GET /wa-data/public/site/themes/justgrill/img/arrow.svg HTTP/2.0" 200 46336 "https://justgrill.ru/wa-data/public/site/themes/justgrill/css/main.css?v3.3.1.1649388344" "Mozilla/5.0 (Linux; Android 11; Redmi Note 8 Pro) AppleWebKit/537.36 (KHTML, like Gecko) Chrome/99.0.4844.58 Mobile Safari/537.36"
94.25.170.27 - - [08/Apr/2022:03:25:48 +0000] "GET /favicon.ico HTTP/2.0" 200 54978 "https://justgrill.ru/grili/ugolnye/weber/master-touch/gril-ugolnyy-master-touch-premium-weber-e-5770-chernyy/" "Mozilla/5.0 (Linux; Android 11; Redmi Note 8 Pro) AppleWebKit/537.36 (KHTML, like Gecko) Chrome/99.0.4844.58 Mobile Safari/537.36"
77.88.5.208 - - [08/Apr/2022:03:26:19 +0000] "GET / HTTP/1.1" 301 162 "-" "Mozilla/5.0 (compatible; YandexMetrika/2.0; +http://yandex.com/bots yabs01)"
114.119.128.62 - - [08/Apr/2022:03:26:20 +0000] "GET /grili/gazovye/broil-king/baron-340 HTTP/1.1" 301 5 "-" "Mozilla/5.0 (Linux; Android 7.0;) AppleWebKit/537.36 (KHTML, like Gecko) Mobile Safari/537.36 (compatible; PetalBot;+https://webmaster.petalsearch.com/site/petalbot)"
94.25.170.27 - - [08/Apr/2022:03:26:23 +0000] "GET /favicon.ico HTTP/2.0" 200 54978 "https://justgrill.ru/grili/ugolnye/weber/master-touch/gril-ugolnyy-master-touch-premium-weber-e-5770-chernyy/" "Mozilla/5.0 (Linux; Android 11; Redmi Note 8 Pro) AppleWebKit/537.36 (KHTML, like Gecko) Chrome/99.0.4844.58 Mobile Safari/537.36"
114.119.128.62 - - [08/Apr/2022:03:26:23 +0000] "GET /grili/gazovye/broil-king/baron-340/ HTTP/1.1" 301 5 "-" "Mozilla/5.0 (Linux; Android 7.0;) AppleWebKit/537.36 (KHTML, like Gecko) Mobile Safari/537.36 (compatible; PetalBot;+https://webmaster.petalsearch.com/site/petalbot)"
114.119.128.62 - - [08/Apr/2022:03:26:34 +0000] "GET /grili/gazovye/broil-king/baron/gazovyy-gril-broil-king-baron-340-chernyy/ HTTP/1.1" 200 38813 "-" "Mozilla/5.0 (Linux; Android 7.0;) AppleWebKit/537.36 (KHTML, like Gecko) Mobile Safari/537.36 (compatible; PetalBot;+https://webmaster.petalsearch.com/site/petalbot)"
185.191.171.26 - - [08/Apr/2022:03:26:46 +0000] "GET /grili-i-oborudovanie-dlya-griley/aksessuary-dlya-griley/reshetka-plancha-o-plate-700800/ HTTP/1.1" 301 5 "-" "Mozilla/5.0 (compatible; SemrushBot/7~bl; +http://www.semrush.com/bot.html)"
66.249.66.25 - - [08/Apr/2022:03:26:47 +0000] "GET /aksessuary/instrumenty/kistochka-dlya-sousa-silikon/ HTTP/1.1" 301 5 "-" "Mozilla/5.0 (compatible; Googlebot/2.1; +http://www.google.com/bot.html)"
66.249.66.23 - - [08/Apr/2022:03:26:49 +0000] "GET /aksessuary/instrumenty/kisti-gril/kistochka-gril-weber-dlya-sousa-silikon/ HTTP/1.1" 200 32697 "-" "Mozilla/5.0 (compatible; Googlebot/2.1; +http://www.google.com/bot.html)"
77.88.5.229 - - [08/Apr/2022:03:26:49 +0000] "GET /wa-content/js/jquery-plugins/jquery.cookie.js HTTP/1.1" 200 1355 "https://justgrill.ru/" "Mozilla/5.0 (compatible; YandexBot/3.0; +http://yandex.com/bots) AppleWebKit/537.36 (KHTML, like Gecko) Chrome/81.0.4044.268"
185.191.171.4 - - [08/Apr/2022:03:26:49 +0000] "GET /aksessuary/posuda/planche-gril/reshetka-plancha-o-plate-700-800-bimetall/ HTTP/1.1" 200 33830 "-" "Mozilla/5.0 (compatible; SemrushBot/7~bl; +http://www.semrush.com/bot.html)"
66.249.66.51 - - [08/Apr/2022:03:27:11 +0000] "GET /delivery_payment/ HTTP/1.1" 200 31587 "-" "Mozilla/5.0 (Linux; Android 6.0.1; Nexus 5X Build/MMB29P) AppleWebKit/537.36 (KHTML, like Gecko) Chrome/100.0.4896.75 Mobile Safari/537.36 (compatible; Googlebot/2.1; +http://www.google.com/bot.html)"
77.88.5.229 - - [08/Apr/2022:03:27:19 +0000] "GET /robots.txt HTTP/1.1" 200 614 "-" "Mozilla/5.0 (compatible; YandexBot/3.0; +http://yandex.com/bots)"
77.88.5.229 - - [08/Apr/2022:03:27:23 +0000] "GET /mangaly/mangal/grillver/fayrkraft/grillver-mangal-fayrkraft-standart-eyr/ HTTP/1.1" 200 33985 "-" "Mozilla/5.0 (compatible; YandexBot/3.0; +http://yandex.com/bots)"
77.88.5.229 - - [08/Apr/2022:03:27:38 +0000] "GET /wa-content/js/jquery-plugins/jquery.cookie.js HTTP/1.1" 200 1355 "https://justgrill.ru/" "Mozilla/5.0 (compatible; YandexBot/3.0; +http://yandex.com/bots) AppleWebKit/537.36 (KHTML, like Gecko) Chrome/81.0.4044.268"
77.88.5.89 - - [08/Apr/2022:03:27:43 +0000] "GET / HTTP/1.1" 301 162 "-" "Mozilla/5.0 (compatible; YandexMetrika/2.0; +http://yandex.com/bots yabs01)"
114.119.150.166 - - [08/Apr/2022:03:27:55 +0000] "GET /brendy/weber/17880-tarelka-275-sm-2-sht/reviews HTTP/1.1" 301 5 "-" "Mozilla/5.0 (Linux; Android 7.0;) AppleWebKit/537.36 (KHTML, like Gecko) Mobile Safari/537.36 (compatible; PetalBot;+https://webmaster.petalsearch.com/site/petalbot)"
66.249.66.25 - - [08/Apr/2022:03:27:59 +0000] "GET /aksessuary/podstavki/stoyka-dlya-rebryshek-iz-nerzh-stali/ HTTP/1.1" 301 5 "-" "Mozilla/5.0 (compatible; Googlebot/2.1; +http://www.google.com/bot.html)"
66.249.66.27 - - [08/Apr/2022:03:28:00 +0000] "GET /aksessuary/podstavki-i-rostery/podstavka-gril/podstavka-kamado-joedlya-rebryshek-iz-nerzh-stali/ HTTP/1.1" 200 32277 "-" "Mozilla/5.0 (compatible; Googlebot/2.1; +http://www.google.com/bot.html)"
66.249.66.51 - - [08/Apr/2022:03:28:02 +0000] "GET /aksessuary/chekhly-dlya-griley/chekhol-dlya-griley-weber-pulse-2000/ HTTP/1.1" 200 32825 "-" "Mozilla/5.0 (compatible; Googlebot/2.1; +http://www.google.com/bot.html)"
