77.88.5.229 - - [08/Apr/2022:03:05:32 +0000] "GET /grili/ HTTP/1.1" 200 36758 "-" "Mozilla/5.0 (compatible; YandexBot/3.0; +http://yandex.com/bots)"
77.88.5.70 - - [08/Apr/2022:03:05:32 +0000] "GET /grili/ugolnye/weber/gril-pelletnyy-weber-smokefire-ex4-gbs-61-sm/ HTTP/1.1" 200 36249 "-" "Mozilla/5.0 (compatible; YandexBot/3.0; +http://yandex.com/bots) AppleWebKit/537.36 (KHTML, like Gecko) Chrome/81.0.4044.268"
77.88.5.70 - - [08/Apr/2022:03:05:33 +0000] "GET /wa-content/js/jquery-plugins/jquery.cookie.js HTTP/1.1" 200 1355 "https://saratov.justgrill.ru/aksessuary/chistka-i-ukhod/" "Mozilla/5.0 (compatible; YandexBot/3.0; +http://yandex.com/bots) AppleWebKit/537.36 (KHTML, like Gecko) Chrome/81.0.4044.268"
77.88.5.234 - - [08/Apr/2022:03:05:35 +0000] "GET /wa-content/js/jquery-plugins/jquery.cookie.js HTTP/1.1" 200 1355 "https://saratov.justgrill.ru/grili/elektricheskie/" "Mozilla/5.0 (compatible; YandexBot/3.0; +http://yandex.com/bots) AppleWebKit/537.36 (KHTML, like Gecko) Chrome/81.0.4044.268"
93.158.161.33 - - [08/Apr/2022:03:05:36 +0000] "GET /aksessuary/dlya-tandyrov/ HTTP/1.1" 200 34473 "-" "Mozilla/5.0 (compatible; YandexBot/3.0; +http://yandex.com/bots) AppleWebKit/537.36 (KHTML, like Gecko) Chrome/81.0.4044.268"
5.189.152.91 - - [08/Apr/2022:03:05:37 +0000] "GET /search/985/%D0%B0%D1%80%D1%82-%D1%82%D0%B0%D0%BD%D0%B4%D1%8B%D1%80/ HTTP/1.1" 200 37073 "-" "Mozilla/5.0 (compatible; MJ12bot/v1.4.8; http://mj12bot.com/)"
77.88.5.229 - - [08/Apr/2022:03:05:37 +0000] "GET /wa-content/js/jquery-plugins/jquery.cookie.js HTTP/1.1" 200 1355 "https://saratov.justgrill.ru/grili/ugolnye/broil-king/" "Mozilla/5.0 (compatible; YandexBot/3.0; +http://yandex.com/bots) AppleWebKit/537.36 (KHTML, like Gecko) Chrome/81.0.4044.268"
176.59.160.193 - - [08/Apr/2022:03:05:37 +0000] "GET /grili/ugolnye/?utm_source=yandex&utm_medium=cpc&utm_campaign=yapoisk_msk_v&utm_term=%D1%83%D0%B3%D0%BE%D0%BB%D1%8C%D0%BD%D1%8B%D0%B5%20%D0%B1%D0%B0%D1%80%D0%B1%D0%B5%D0%BA%D1%8E&utm_content=ad_id|11517597998|banner_id|11517597998|campaign_type|type1|campaign_id|68914639|device_type|mobile|group_id|4773192833|phrase_id|35471871532|position|1|position_type|premium|placement|none|placement_type|search|region_name|%D0%93%D0%BE%D1%80%D0%BE%D0%B4%D1%81%D0%BA%D0%BE%D0%B9%20%D0%BE%D0%BA%D1%80%D1%83%D0%B3%20%D0%9A%D1%80%D0%B0%D1%81%D0%BD%D0%BE%D0%B3%D0%BE%D1%80%D1%81%D0%BA&yclid=95542831544270847 HTTP/2.0" 499 0 "https://yandex.ru/" "Mozilla/5.0 (Linux; arm_64; Android 11; CPH2021) AppleWebKit/537.36 (KHTML, like Gecko) Chrome/98.0.4758.132 YaBrowser/22.3.2.95.00 SA/3 Mobile Safari/537.36"
93.158.161.33 - - [08/Apr/2022:03:05:38 +0000] "GET /aksessuary/podstavki-i-rostery/roster-gril/ HTTP/1.1" 200 31712 "-" "Mozilla/5.0 (compatible; YandexBot/3.0; +http://yandex.com/bots) AppleWebKit/537.36 (KHTML, like Gecko) Chrome/81.0.4044.268"
77.88.5.70 - - [08/Apr/2022:03:05:39 +0000] "GET /wa-content/js/jquery-plugins/jquery.cookie.js HTTP/1.1" 200 1355 "https://saratov.justgrill.ru/aksessuary/shampury-i-vertely/" "Mozilla/5.0 (compatible; YandexBot/3.0; +http://yandex.com/bots) AppleWebKit/537.36 (KHTML, like Gecko) Chrome/81.0.4044.268"
66.249.66.32 - - [08/Apr/2022:03:05:40 +0000] "GET /blog/syekryety-pravilnoy-kotlyety-dlya-burgyerov/ HTTP/1.1" 500 14251 "-" "Mozilla/5.0 (Linux; Android 6.0.1; Nexus 5X Build/MMB29P) AppleWebKit/537.36 (KHTML, like Gecko) Chrome/99.0.4844.84 Mobile Safari/537.36 (compatible; Googlebot/2.1; +http://www.google.com/bot.html)"
77.88.5.70 - - [08/Apr/2022:03:05:41 +0000] "GET /grili/keramicheskie/ HTTP/1.1" 200 35609 "-" "Mozilla/5.0 (compatible; YandexBot/3.0; +http://yandex.com/bots) AppleWebKit/537.36 (KHTML, like Gecko) Chrome/81.0.4044.268"
77.88.5.229 - - [08/Apr/2022:03:05:41 +0000] "GET /aksessuary/dlya-kopcheniya/drova/ HTTP/1.1" 200 29628 "-" "Mozilla/5.0 (compatible; YandexBot/3.0; +http://yandex.com/bots) AppleWebKit/537.36 (KHTML, like Gecko) Chrome/81.0.4044.268"
77.88.5.229 - - [08/Apr/2022:03:05:42 +0000] "GET /wa-content/js/jquery-plugins/jquery.cookie.js HTTP/1.1" 200 1355 "https://saratov.justgrill.ru/grili/ugolnye/weber/gril-pelletnyy-weber-smokefire-ex4-gbs-61-sm/" "Mozilla/5.0 (compatible; YandexBot/3.0; +http://yandex.com/bots) AppleWebKit/537.36 (KHTML, like Gecko) Chrome/81.0.4044.268"
77.88.5.234 - - [08/Apr/2022:03:05:43 +0000] "GET /aksessuary/ugli-i-rozzhigi/ugol-gril/ HTTP/1.1" 200 29925 "-" "Mozilla/5.0 (compatible; YandexBot/3.0; +http://yandex.com/bots) AppleWebKit/537.36 (KHTML, like Gecko) Chrome/81.0.4044.268"
77.88.5.229 - - [08/Apr/2022:03:05:44 +0000] "GET /aksessuary/odezhda-gril/rukavitsa-gril/ HTTP/1.1" 200 28592 "-" "Mozilla/5.0 (compatible; YandexBot/3.0; +http://yandex.com/bots) AppleWebKit/537.36 (KHTML, like Gecko) Chrome/81.0.4044.268"
93.158.161.33 - - [08/Apr/2022:03:05:44 +0000] "GET /aksessuary/chistka-i-ukhod/sovok-gril/ HTTP/1.1" 200 28736 "-" "Mozilla/5.0 (compatible; YandexBot/3.0; +http://yandex.com/bots) AppleWebKit/537.36 (KHTML, like Gecko) Chrome/81.0.4044.268"
93.158.161.33 - - [08/Apr/2022:03:05:45 +0000] "GET /wa-content/js/jquery-plugins/jquery.cookie.js HTTP/1.1" 200 1355 "https://saratov.justgrill.ru/aksessuary/podstavki-i-rostery/roster-gril/" "Mozilla/5.0 (compatible; YandexBot/3.0; +http://yandex.com/bots) AppleWebKit/537.36 (KHTML, like Gecko) Chrome/81.0.4044.268"
77.88.5.70 - - [08/Apr/2022:03:05:46 +0000] "GET /aksessuary/ugli-i-rozzhigi/starter-rozzhig/ HTTP/1.1" 200 29166 "-" "Mozilla/5.0 (compatible; YandexBot/3.0; +http://yandex.com/bots) AppleWebKit/537.36 (KHTML, like Gecko) Chrome/81.0.4044.268"
93.158.161.33 - - [08/Apr/2022:03:05:47 +0000] "GET /wa-content/js/jquery-plugins/jquery.cookie.js HTTP/1.1" 200 1355 "https://saratov.justgrill.ru/grili/keramicheskie/" "Mozilla/5.0 (compatible; YandexBot/3.0; +http://yandex.com/bots) AppleWebKit/537.36 (KHTML, like Gecko) Chrome/81.0.4044.268"
77.88.5.234 - - [08/Apr/2022:03:05:49 +0000] "GET /wa-content/js/jquery-plugins/jquery.cookie.js HTTP/1.1" 200 1355 "https://saratov.justgrill.ru/aksessuary/dlya-kopcheniya/drova/" "Mozilla/5.0 (compatible; YandexBot/3.0; +http://yandex.com/bots) AppleWebKit/537.36 (KHTML, like Gecko) Chrome/81.0.4044.268"
5.189.152.91 - - [08/Apr/2022:03:05:50 +0000] "GET /search/985/%D0%BA%D0%B0%D0%B7%D0%B0%D0%BD/ HTTP/1.1" 200 29967 "-" "Mozilla/5.0 (compatible; MJ12bot/v1.4.8; http://mj12bot.com/)"
77.88.5.229 - - [08/Apr/2022:03:05:51 +0000] "GET /grill-sales/ HTTP/1.1" 200 30908 "-" "Mozilla/5.0 (compatible; YandexBot/3.0; +http://yandex.com/bots)"
178.154.154.251 - - [08/Apr/2022:03:05:52 +0000] "POST /ym_api/1/?action=/stocks HTTP/1.1" 200 1422 "-" "Apache-HttpClient/4.5.6 (Java/11.0.8-shenandoah)"
77.88.5.229 - - [08/Apr/2022:03:05:53 +0000] "GET /aksessuary/dlya-kopcheniya/doski-i-doshchechki/ HTTP/1.1" 200 31353 "-" "Mozilla/5.0 (compatible; YandexBot/3.0; +http://yandex.com/bots)"
77.88.5.70 - - [08/Apr/2022:03:05:53 +0000] "GET /aksessuary/posuda/skovoroda-gril/ HTTP/1.1" 200 31571 "-" "Mozilla/5.0 (compatible; YandexBot/3.0; +http://yandex.com/bots)"
185.191.171.40 - - [08/Apr/2022:03:06:01 +0000] "GET /grili/gazovye/weber/genesis/ HTTP/1.1" 301 5 "-" "Mozilla/5.0 (compatible; SemrushBot/7~bl; +http://www.semrush.com/bot.html)"
185.191.171.34 - - [08/Apr/2022:03:06:01 +0000] "GET /grili/gazovye/weber/genesis/ HTTP/1.1" 301 162 "-" "Mozilla/5.0 (compatible; SemrushBot/7~bl; +http://www.semrush.com/bot.html)"
5.189.152.91 - - [08/Apr/2022:03:06:01 +0000] "GET /search/985/%D1%80%D0%BE%D1%81%D1%81%D0%B8%D1%8F/ HTTP/1.1" 200 37221 "-" "Mozilla/5.0 (compatible; MJ12bot/v1.4.8; http://mj12bot.com/)"
185.191.171.37 - - [08/Apr/2022:03:06:03 +0000] "GET /grili/gazovye/weber/genesis/ HTTP/1.1" 200 30529 "-" "Mozilla/5.0 (compatible; SemrushBot/7~bl; +http://www.semrush.com/bot.html)"
77.88.5.229 - - [08/Apr/2022:03:06:09 +0000] "GET /spetsii-dlya-grilya/sousy/ HTTP/1.1" 200 30414 "-" "Mozilla/5.0 (compatible; YandexBot/3.0; +http://yandex.com/bots)"
5.189.152.91 - - [08/Apr/2022:03:06:10 +0000] "GET /search/985/%D1%88%D0%B0%D0%BC%D0%BF%D1%83%D1%80%D0%B0/ HTTP/1.1" 200 30736 "-" "Mozilla/5.0 (compatible; MJ12bot/v1.4.8; http://mj12bot.com/)"
77.88.5.229 - - [08/Apr/2022:03:06:10 +0000] "GET /private-policy HTTP/1.1" 200 27724 "-" "Mozilla/5.0 (compatible; YandexBot/3.0; +http://yandex.com/bots)"
77.88.5.229 - - [08/Apr/2022:03:06:12 +0000] "GET /search/851/char-broil/ HTTP/1.1" 200 32531 "-" "Mozilla/5.0 (compatible; YandexBot/3.0; +http://yandex.com/bots)"
77.88.5.229 - - [08/Apr/2022:03:06:13 +0000] "GET /aksessuary/oborudovanie/ HTTP/1.1" 200 35955 "-" "Mozilla/5.0 (compatible; YandexBot/3.0; +http://yandex.com/bots) AppleWebKit/537.36 (KHTML, like Gecko) Chrome/81.0.4044.268"
77.88.5.70 - - [08/Apr/2022:03:06:14 +0000] "GET /aksessuary/dlya-pitstsy/kamni-pitstsa/ HTTP/1.1" 200 30976 "-" "Mozilla/5.0 (compatible; YandexBot/3.0; +http://yandex.com/bots) AppleWebKit/537.36 (KHTML, like Gecko) Chrome/81.0.4044.268"
5.189.152.91 - - [08/Apr/2022:03:06:18 +0000] "GET /search/986/%D0%B0%D1%80%D1%82-%D1%82%D0%B0%D0%BD%D0%B4%D1%8B%D1%80/ HTTP/1.1" 200 31661 "-" "Mozilla/5.0 (compatible; MJ12bot/v1.4.8; http://mj12bot.com/)"
5.189.152.91 - - [08/Apr/2022:03:06:25 +0000] "GET /search/986/%D1%80%D0%BE%D1%81%D1%81%D0%B8%D1%8F/ HTTP/1.1" 200 31455 "-" "Mozilla/5.0 (compatible; MJ12bot/v1.4.8; http://mj12bot.com/)"
66.249.66.54 - - [08/Apr/2022:03:06:33 +0000] "GET /aksessuary/shampury-i-vertely/nabor-char-broil-dlya-shashlyka-2015-kyeyskat/ HTTP/1.1" 200 34585 "-" "Mozilla/5.0 (compatible; Googlebot/2.1; +http://www.google.com/bot.html)"
77.88.5.70 - - [08/Apr/2022:03:06:34 +0000] "GET /grili/keramicheskie/monolith/ HTTP/1.1" 200 30996 "-" "Mozilla/5.0 (compatible; YandexBot/3.0; +http://yandex.com/bots) AppleWebKit/537.36 (KHTML, like Gecko) Chrome/81.0.4044.268"
77.88.5.234 - - [08/Apr/2022:03:06:36 +0000] "GET /wa-content/js/jquery-plugins/jquery.cookie.js HTTP/1.1" 200 1355 "https://saratov.justgrill.ru/grili/keramicheskie/monolith/" "Mozilla/5.0 (compatible; YandexBot/3.0; +http://yandex.com/bots) AppleWebKit/537.36 (KHTML, like Gecko) Chrome/81.0.4044.268"
5.189.152.91 - - [08/Apr/2022:03:06:37 +0000] "GET /search/986/%D1%87%D0%B5%D1%85%D0%BE%D0%BB/ HTTP/1.1" 200 31654 "-" "Mozilla/5.0 (compatible; MJ12bot/v1.4.8; http://mj12bot.com/)"
54.36.149.4 - - [08/Apr/2022:03:06:45 +0000] "GET /grili/drovyanye/drovyanoy-gril-suomi-grill-90/ HTTP/2.0" 200 33489 "-" "Mozilla/5.0 (compatible; AhrefsBot/7.0; +http://ahrefs.com/robot/)"
185.191.171.7 - - [08/Apr/2022:03:06:56 +0000] "GET /robots.txt HTTP/1.1" 200 251 "-" "Mozilla/5.0 (compatible; SemrushBot/7~bl; +http://www.semrush.com/bot.html)"
77.88.5.70 - - [08/Apr/2022:03:06:56 +0000] "GET /mangaly/koptilni/ HTTP/1.1" 200 31302 "-" "Mozilla/5.0 (compatible; YandexBot/3.0; +http://yandex.com/bots)"
185.191.171.22 - - [08/Apr/2022:03:06:58 +0000] "GET /search/1036/%D1%80%D0%BE%D1%81%D1%81%D0%B8%D1%8F/ HTTP/1.1" 200 30483 "-" "Mozilla/5.0 (compatible; SemrushBot/7~bl; +http://www.semrush.com/bot.html)"
5.189.152.91 - - [08/Apr/2022:03:07:00 +0000] "GET /search/987/%D1%83%D0%B3%D0%BE%D0%BB%D1%8C/ HTTP/1.1" 200 29615 "-" "Mozilla/5.0 (compatible; MJ12bot/v1.4.8; http://mj12bot.com/)"
114.119.131.33 - - [08/Apr/2022:03:07:02 +0000] "GET /aksessuary/dlya-pitstsy/lopatki-pitstsa/lopatka-dlya-pitstsy-broil-king-skladnaya-iz-nerzh-stali/reviews HTTP/1.1" 301 5 "-" "Mozilla/5.0 (Linux; Android 7.0;) AppleWebKit/537.36 (KHTML, like Gecko) Mobile Safari/537.36 (compatible; PetalBot;+https://webmaster.petalsearch.com/site/petalbot)"
114.119.131.33 - - [08/Apr/2022:03:07:08 +0000] "GET /aksessuary/dlya-pitstsy/lopatki-pitstsa/lopatka-dlya-pitstsy-broil-king-skladnaya-iz-nerzh-stali/reviews/ HTTP/1.1" 200 31041 "-" "Mozilla/5.0 (Linux; Android 7.0;) AppleWebKit/537.36 (KHTML, like Gecko) Mobile Safari/537.36 (compatible; PetalBot;+https://webmaster.petalsearch.com/site/petalbot)"
5.189.152.91 - - [08/Apr/2022:03:07:14 +0000] "GET /search/988/justgrill%E2%84%A2/ HTTP/1.1" 200 31458 "-" "Mozilla/5.0 (compatible; MJ12bot/v1.4.8; http://mj12bot.com/)"
66.249.66.57 - - [08/Apr/2022:03:07:29 +0000] "GET /aksessuary/ugol/ugolnye-brikety-weber-8-kg-17598/ HTTP/1.1" 301 5 "-" "Mozilla/5.0 (compatible; Googlebot/2.1; +http://www.google.com/bot.html)"
66.249.66.55 - - [08/Apr/2022:03:07:30 +0000] "GET /aksessuary/ugli-i-rozzhigi/brikety-gril/ugolnye-brikety-dlya-grilya-weber-8-kg/ HTTP/1.1" 200 34128 "-" "Mozilla/5.0 (compatible; Googlebot/2.1; +http://www.google.com/bot.html)"
77.88.5.229 - - [08/Apr/2022:03:07:34 +0000] "GET / HTTP/1.1" 200 38611 "-" "Mozilla/5.0 (compatible; YandexBot/3.0; +http://yandex.com/bots)"
5.189.152.91 - - [08/Apr/2022:03:07:34 +0000] "GET /search/988/%D1%83%D0%B3%D0%BE%D0%BB%D1%8C/ HTTP/1.1" 200 31482 "-" "Mozilla/5.0 (compatible; MJ12bot/v1.4.8; http://mj12bot.com/)"
77.88.5.229 - - [08/Apr/2022:03:07:34 +0000] "GET /aksessuary/dlya-pitstsy/kamni-pitstsa/ HTTP/1.1" 200 30975 "-" "Mozilla/5.0 (compatible; YandexBot/3.0; +http://yandex.com/bots) AppleWebKit/537.36 (KHTML, like Gecko) Chrome/81.0.4044.268"
77.88.5.229 - - [08/Apr/2022:03:07:36 +0000] "GET /wa-content/js/jquery-plugins/jquery.cookie.js HTTP/1.1" 200 1355 "https://saratov.justgrill.ru/aksessuary/dlya-pitstsy/kamni-pitstsa/" "Mozilla/5.0 (compatible; YandexBot/3.0; +http://yandex.com/bots) AppleWebKit/537.36 (KHTML, like Gecko) Chrome/81.0.4044.268"
5.189.152.91 - - [08/Apr/2022:03:07:49 +0000] "GET /search/989/%D0%B1%D0%B0%D0%BB%D0%BB%D0%BE%D0%BD/ HTTP/1.1" 200 29642 "-" "Mozilla/5.0 (compatible; MJ12bot/v1.4.8; http://mj12bot.com/)"
114.119.153.49 - - [08/Apr/2022:03:07:49 +0000] "GET /blog/stiven-rayclan-ribs/ HTTP/1.1" 500 13151 "-" "Mozilla/5.0 (Linux; Android 7.0;) AppleWebKit/537.36 (KHTML, like Gecko) Mobile Safari/537.36 (compatible; PetalBot;+https://webmaster.petalsearch.com/site/petalbot)"
77.88.5.229 - - [08/Apr/2022:03:07:50 +0000] "GET /wa-content/js/jquery-plugins/jquery.cookie.js HTTP/1.1" 200 1355 "https://saratov.justgrill.ru/aksessuary/odezhda-gril/rukavitsa-gril/" "Mozilla/5.0 (compatible; YandexBot/3.0; +http://yandex.com/bots) AppleWebKit/537.36 (KHTML, like Gecko) Chrome/81.0.4044.268"
77.88.5.229 - - [08/Apr/2022:03:07:56 +0000] "GET /wa-content/js/jquery-plugins/jquery.cookie.js HTTP/1.1" 200 1355 "https://saratov.justgrill.ru/aksessuary/dlya-tandyrov/" "Mozilla/5.0 (compatible; YandexBot/3.0; +http://yandex.com/bots) AppleWebKit/537.36 (KHTML, like Gecko) Chrome/81.0.4044.268"
77.88.5.229 - - [08/Apr/2022:03:08:05 +0000] "GET /robots.txt HTTP/1.1" 200 630 "-" "Mozilla/5.0 (compatible; YandexBot/3.0; +http://yandex.com/bots)"
66.249.66.2 - - [08/Apr/2022:03:08:06 +0000] "GET /aksessuary/dlya-pitstsy/tarelka-dlya-pitstsy-weber-farfor-30-sm--2-sht/ HTTP/1.1" 200 33250 "-" "Mozilla/5.0 (Linux; Android 6.0.1; Nexus 5X Build/MMB29P) AppleWebKit/537.36 (KHTML, like Gecko) Chrome/100.0.4896.75 Mobile Safari/537.36 (compatible; Googlebot/2.1; +http://www.google.com/bot.html)"
77.88.5.229 - - [08/Apr/2022:03:08:09 +0000] "GET /aksessuary/odezhda-gril/rukavitsa-gril/zharostoykie-rukavitsy-dlya-grillinga/ HTTP/1.1" 200 32033 "-" "Mozilla/5.0 (compatible; YandexBot/3.0; +http://yandex.com/bots)"
5.189.152.91 - - [08/Apr/2022:03:08:12 +0000] "GET /search/989/%D1%83%D0%B3%D0%BE%D0%BB%D1%8C/ HTTP/1.1" 200 30708 "-" "Mozilla/5.0 (compatible; MJ12bot/v1.4.8; http://mj12bot.com/)"
93.158.161.52 - - [08/Apr/2022:03:08:25 +0000] "GET /wa-content/js/jquery-plugins/jquery.cookie.js HTTP/1.1" 200 1355 "https://saratov.justgrill.ru/aksessuary/chistka-i-ukhod/sovok-gril/" "Mozilla/5.0 (compatible; YandexBot/3.0; +http://yandex.com/bots) AppleWebKit/537.36 (KHTML, like Gecko) Chrome/81.0.4044.268"
5.189.152.91 - - [08/Apr/2022:03:08:27 +0000] "GET /search/990/%D0%B0%D1%80%D1%82-%D1%82%D0%B0%D0%BD%D0%B4%D1%8B%D1%80/ HTTP/1.1" 200 33734 "-" "Mozilla/5.0 (compatible; MJ12bot/v1.4.8; http://mj12bot.com/)"
185.191.171.3 - - [08/Apr/2022:03:08:41 +0000] "GET /aksessuary/reshetki/kamado-joe/ HTTP/1.1" 200 30465 "-" "Mozilla/5.0 (compatible; SemrushBot/7~bl; +http://www.semrush.com/bot.html)"
77.88.5.229 - - [08/Apr/2022:03:08:45 +0000] "GET /arkhiv/rabotchiy-stolik-kettlemate/reviews/ HTTP/1.1" 404 26658 "-" "Mozilla/5.0 (compatible; YandexBot/3.0; +http://yandex.com/bots)"
5.189.152.91 - - [08/Apr/2022:03:08:49 +0000] "GET /search/990/%D1%80%D0%BE%D1%81%D1%81%D0%B8%D1%8F/ HTTP/1.1" 200 33743 "-" "Mozilla/5.0 (compatible; MJ12bot/v1.4.8; http://mj12bot.com/)"
77.88.5.229 - - [08/Apr/2022:03:08:57 +0000] "GET /aksessuary/oborudovanie/ HTTP/1.1" 200 35952 "-" "Mozilla/5.0 (compatible; YandexBot/3.0; +http://yandex.com/bots) AppleWebKit/537.36 (KHTML, like Gecko) Chrome/81.0.4044.268"
5.189.152.91 - - [08/Apr/2022:03:08:58 +0000] "GET /search/990/%D1%88%D0%B0%D0%BC%D0%BF%D1%83%D1%80%D0%B0/ HTTP/1.1" 200 28809 "-" "Mozilla/5.0 (compatible; MJ12bot/v1.4.8; http://mj12bot.com/)"
77.88.5.229 - - [08/Apr/2022:03:08:59 +0000] "GET /wa-content/js/jquery-plugins/jquery.cookie.js HTTP/1.1" 200 1355 "https://saratov.justgrill.ru/aksessuary/ugli-i-rozzhigi/ugol-gril/" "Mozilla/5.0 (compatible; YandexBot/3.0; +http://yandex.com/bots) AppleWebKit/537.36 (KHTML, like Gecko) Chrome/81.0.4044.268"
5.189.152.91 - - [08/Apr/2022:03:09:16 +0000] "GET /search/991/%D0%B0%D1%80%D1%82-%D1%82%D0%B0%D0%BD%D0%B4%D1%8B%D1%80/ HTTP/1.1" 200 30634 "-" "Mozilla/5.0 (compatible; MJ12bot/v1.4.8; http://mj12bot.com/)"
5.189.152.91 - - [08/Apr/2022:03:09:29 +0000] "GET /search/991/%D1%80%D0%BE%D1%81%D1%81%D0%B8%D1%8F/ HTTP/1.1" 200 30466 "-" "Mozilla/5.0 (compatible; MJ12bot/v1.4.8; http://mj12bot.com/)"
95.163.255.83 - - [08/Apr/2022:03:09:36 +0000] "GET /robots.txt HTTP/1.0" 200 594 "-" "Mozilla/5.0 (compatible; Linux x86_64; Mail.RU_Bot/2.0; +http://go.mail.ru/help/robots)"
95.163.255.89 - - [08/Apr/2022:03:09:37 +0000] "GET /mangaly/mangal/grillver-mangal-redlayner-standart-eyr/ HTTP/1.1" 301 5 "-" "Mozilla/5.0 (compatible; Linux x86_64; Mail.RU_Bot/2.0; +http://go.mail.ru/help/robots)"
95.163.255.83 - - [08/Apr/2022:03:09:39 +0000] "GET /aksessuary/oborudovanie/fonar-gril/fonar-dlya-griley-weber-q-belyy/ HTTP/1.1" 200 31888 "-" "Mozilla/5.0 (compatible; Linux x86_64; Mail.RU_Bot/2.0; +http://go.mail.ru/help/robots)"
95.163.255.83 - - [08/Apr/2022:03:09:40 +0000] "GET /grili/gazovye/o-grill/700t-siniy/ HTTP/1.1" 301 5 "-" "Mozilla/5.0 (compatible; Linux x86_64; Mail.RU_Bot/2.0; +http://go.mail.ru/help/robots)"
95.163.255.85 - - [08/Apr/2022:03:09:42 +0000] "GET /aksessuary/chistka-i-ukhod/skrebok-dlya-chistki-reshetok-grilya/ HTTP/1.1" 301 5 "-" "Mozilla/5.0 (compatible; Linux x86_64; Mail.RU_Bot/2.0; +http://go.mail.ru/help/robots)"
77.88.5.229 - - [08/Apr/2022:03:09:42 +0000] "GET /aksessuary/oborudovanie/ HTTP/1.1" 200 35955 "-" "Mozilla/5.0 (compatible; YandexBot/3.0; +http://yandex.com/bots) AppleWebKit/537.36 (KHTML, like Gecko) Chrome/81.0.4044.268"
93.158.161.33 - - [08/Apr/2022:03:09:43 +0000] "GET /wa-content/js/jquery-plugins/jquery.cookie.js HTTP/1.1" 200 1355 "https://saratov.justgrill.ru/aksessuary/oborudovanie/" "Mozilla/5.0 (compatible; YandexBot/3.0; +http://yandex.com/bots) AppleWebKit/537.36 (KHTML, like Gecko) Chrome/81.0.4044.268"
95.163.255.86 - - [08/Apr/2022:03:09:44 +0000] "GET /mangaly/mangal/grillver/redlayner/grillver-mangal-redlayner-standart-eyr/ HTTP/1.1" 200 33569 "https://justgrill.ru/mangaly/mangal/grillver-mangal-redlayner-standart-eyr/" "Mozilla/5.0 (compatible; Linux x86_64; Mail.RU_Bot/2.0; +http://go.mail.ru/help/robots)"
95.163.255.89 - - [08/Apr/2022:03:09:45 +0000] "GET /grili/gazovye/o-grill/gazovyy-gril-o-grill-700t-siniy/ HTTP/1.1" 200 35858 "https://justgrill.ru/grili/gazovye/o-grill/700t-siniy/" "Mozilla/5.0 (compatible; Linux x86_64; Mail.RU_Bot/2.0; +http://go.mail.ru/help/robots)"
54.36.148.234 - - [08/Apr/2022:03:09:46 +0000] "GET /mangaly/tandyry/ HTTP/2.0" 200 36383 "-" "Mozilla/5.0 (compatible; AhrefsBot/7.0; +http://ahrefs.com/robot/)"
95.163.255.84 - - [08/Apr/2022:03:09:47 +0000] "GET /spetsii-dlya-grilya/sousy/barbekyu-sous-stubss-original-chiken-wing/ HTTP/1.1" 200 32177 "-" "Mozilla/5.0 (compatible; Linux x86_64; Mail.RU_Bot/2.0; +http://go.mail.ru/help/robots)"
77.88.5.229 - - [08/Apr/2022:03:09:48 +0000] "GET /ym_api/yml/1/ HTTP/1.1" 200 2599 "-" "Mozilla/5.0 (compatible; YandexMarket/2.0; +http://yandex.com/bots)"
5.189.152.91 - - [08/Apr/2022:03:09:49 +0000] "GET /search/995/%D0%B2%D0%B5%D1%80%D1%82%D0%B5%D0%BB/ HTTP/1.1" 200 32636 "-" "Mozilla/5.0 (compatible; MJ12bot/v1.4.8; http://mj12bot.com/)"
95.163.255.85 - - [08/Apr/2022:03:09:49 +0000] "GET /aksessuary/chistka-i-ukhod/skrebok-gril/skrebok-dlya-chistki-reshetok-napoleon-dvuhstoronnii/ HTTP/1.1" 200 34003 "https://justgrill.ru/aksessuary/chistka-i-ukhod/skrebok-dlya-chistki-reshetok-grilya/" "Mozilla/5.0 (compatible; Linux x86_64; Mail.RU_Bot/2.0; +http://go.mail.ru/help/robots)"
95.163.255.88 - - [08/Apr/2022:03:09:52 +0000] "GET /bonusy/ HTTP/1.1" 200 33939 "-" "Mozilla/5.0 (compatible; Linux x86_64; Mail.RU_Bot/2.0; +http://go.mail.ru/help/robots)"
5.189.152.91 - - [08/Apr/2022:03:10:02 +0000] "GET /search/997/%D0%B2%D0%B5%D1%80%D1%82%D0%B5%D0%BB/ HTTP/1.1" 200 32080 "-" "Mozilla/5.0 (compatible; MJ12bot/v1.4.8; http://mj12bot.com/)"
185.191.171.33 - - [08/Apr/2022:03:10:08 +0000] "GET /aksessuary/dlya-pitstsy/nabory-pitstsa/nabor-dlya-pitstsy-broil-king-iz-2h-predmetov/ HTTP/1.1" 200 35389 "-" "Mozilla/5.0 (compatible; SemrushBot/7~bl; +http://www.semrush.com/bot.html)"
66.249.66.55 - - [08/Apr/2022:03:10:13 +0000] "GET /aksessuary/gazovye-ballony/ballon-12-l-s-vb-2-s-predokhr-klapanom/ HTTP/1.1" 301 5 "-" "Mozilla/5.0 (compatible; Googlebot/2.1; +http://www.google.com/bot.html)"
77.88.5.229 - - [08/Apr/2022:03:10:14 +0000] "GET /ym_api/yml/1/ HTTP/1.1" 200 2599 "-" "Mozilla/5.0 (compatible; YandexMarket/2.0; +http://yandex.com/bots)"
5.189.152.91 - - [08/Apr/2022:03:10:14 +0000] "GET /search/998/%D0%B2%D0%B5%D1%80%D1%82%D0%B5%D0%BB/ HTTP/1.1" 200 32717 "-" "Mozilla/5.0 (compatible; MJ12bot/v1.4.8; http://mj12bot.com/)"
66.249.66.55 - - [08/Apr/2022:03:10:24 +0000] "GET /aksessuary/gazovoe-oborudovanie/ballony-gril/gazovye-ballon-12-l-s-vb-2-s-predokhr-klapanom/ HTTP/1.1" 200 34885 "-" "Mozilla/5.0 (compatible; Googlebot/2.1; +http://www.google.com/bot.html)"
66.249.66.28 - - [08/Apr/2022:03:10:26 +0000] "GET /aksessuary/shampury-i-vertely/vertel-gril/vertel-joetisserie-big-joe/ HTTP/1.1" 200 32810 "-" "Mozilla/5.0 (compatible; Googlebot/2.1; +http://www.google.com/bot.html)"
5.189.152.91 - - [08/Apr/2022:03:10:26 +0000] "GET /search/999/%D0%B2%D0%B5%D1%80%D1%82%D0%B5%D0%BB/ HTTP/1.1" 200 31969 "-" "Mozilla/5.0 (compatible; MJ12bot/v1.4.8; http://mj12bot.com/)"
185.191.171.43 - - [08/Apr/2022:03:10:27 +0000] "GET /robots.txt HTTP/1.1" 200 251 "-" "Mozilla/5.0 (compatible; SemrushBot/7~bl; +http://www.semrush.com/bot.html)"
185.191.171.44 - - [08/Apr/2022:03:10:27 +0000] "GET /brendy/weber/17874-chistyashchee-sredstvo-dlya-griley-q-i-pulse/ HTTP/1.1" 301 5 "-" "Mozilla/5.0 (compatible; SemrushBot/7~bl; +http://www.semrush.com/bot.html)"
185.191.171.16 - - [08/Apr/2022:03:10:30 +0000] "GET /aksessuary/chistka-i-ukhod/sredstva-chistki-grilya/chistyashchee-sredstvo-dlya-griley-weber-q-i-pulse-300-ml/ HTTP/1.1" 200 35387 "-" "Mozilla/5.0 (compatible; SemrushBot/7~bl; +http://www.semrush.com/bot.html)"
66.249.92.28 - - [08/Apr/2022:03:10:33 +0000] "GET /searchpro-plugin/config/?v1.9.0.1648962621?1222137822 HTTP/1.1" 200 573 "https://krd.justgrill.ru/brand/weber/?utm_source=google&utm_medium=cpc&utm_campaign=g_poisk_krd_v&utm_term=%D0%BC%D0%B0%D0%BD%D0%B3%D0%B0%D0%BB%20weber&utm_content=network%7Cg%7Cposition%7Cnone%7Cad_id%7C413133955645%7Cmatch_type%7Cb%7Cplacement%7C%7Ckeyword%7C%D0%BC%D0%B0%D0%BD%D0%B3%D0%B0%D0%BB%20weber%7Cdevice_type%7Cm%7Cdevice%7C%7Cplacement_category%7C" "Mozilla/5.0 (iPhone; CPU iPhone OS 14_7_1 like Mac OS X) AppleWebKit/605.1.15 (KHTML, like Gecko) Version/14.1.2 Mobile/15E148 Safari/604.1 (compatible; AdsBot-Google-Mobile; +http://www.google.com/mobile/adsbot.html)"
66.249.66.32 - - [08/Apr/2022:03:10:36 +0000] "GET /grili-i-oborudovanie-dlya-griley/aksessuary-dlya-griley/podstavka-dlya-zapekaniya-tomatov-i-pertsev-malaya/ HTTP/1.1" 301 5 "-" "Mozilla/5.0 (compatible; Googlebot/2.1; +http://www.google.com/bot.html)"
66.249.66.32 - - [08/Apr/2022:03:10:37 +0000] "GET /aksessuary/podstavki-i-rostery/podstavka-gril/podstavka-dlya-zapekaniya-tomatov-i-pertsev-malaya/ HTTP/1.1" 200 32278 "-" "Mozilla/5.0 (compatible; Googlebot/2.1; +http://www.google.com/bot.html)"
131.220.6.152 - - [08/Apr/2022:03:10:48 +0000] "GET / HTTP/1.1" 200 39196 "-" "Mozilla/5.0 (X11; Linux x86_64) AppleWebKit/537.36 (KHTML, like Gecko) Chrome/79.0.3945.79 Safari/537.36"
185.191.171.1 - - [08/Apr/2022:03:10:55 +0000] "GET /aksessuary/chistka-i-ukhod/kovriki-gril/gryazezashchitnyy-napolnyy-kovrik-dlya-grilya-zharostoykiy-material/ HTTP/1.1" 301 5 "-" "Mozilla/5.0 (compatible; SemrushBot/7~bl; +http://www.semrush.com/bot.html)"
77.88.5.229 - - [08/Apr/2022:03:10:55 +0000] "GET /wa-content/js/jquery-plugins/jquery.cookie.js HTTP/1.1" 200 1355 "https://saratov.justgrill.ru/aksessuary/ugli-i-rozzhigi/starter-rozzhig/" "Mozilla/5.0 (compatible; YandexBot/3.0; +http://yandex.com/bots) AppleWebKit/537.36 (KHTML, like Gecko) Chrome/81.0.4044.268"
185.191.171.25 - - [08/Apr/2022:03:10:55 +0000] "GET /aksessuary/chistka-i-ukhod/kovriki-gril/gryazezashchitnyy-napolnyy-kovrik-dlya-grilya-zharostoykiy-material/ HTTP/1.1" 301 162 "-" "Mozilla/5.0 (compatible; SemrushBot/7~bl; +http://www.semrush.com/bot.html)"
185.191.171.15 - - [08/Apr/2022:03:11:01 +0000] "GET /aksessuary/chistka-i-ukhod/kovriki-gril/gryazezashchitnyy-napolnyy-kovrik-dlya-grilya-zharostoykiy-material/ HTTP/1.1" 200 34514 "-" "Mozilla/5.0 (compatible; SemrushBot/7~bl; +http://www.semrush.com/bot.html)"
114.119.129.205 - - [08/Apr/2022:03:11:21 +0000] "GET /search/1004/weber/ HTTP/1.1" 200 30887 "-" "Mozilla/5.0 (Linux; Android 7.0;) AppleWebKit/537.36 (KHTML, like Gecko) Mobile Safari/537.36 (compatible; PetalBot;+https://webmaster.petalsearch.com/site/petalbot)"
77.88.5.132 - - [08/Apr/2022:03:11:25 +0000] "GET / HTTP/1.1" 301 162 "-" "Mozilla/5.0 (compatible; YandexMetrika/2.0; +http://yandex.com/bots yabs01)"
77.88.5.217 - - [08/Apr/2022:03:11:26 +0000] "GET / HTTP/1.1" 200 39196 "-" "Mozilla/5.0 (compatible; YandexMetrika/2.0; +http://yandex.com/bots yabs01)"
77.88.5.229 - - [08/Apr/2022:03:11:34 +0000] "GET /robots.txt HTTP/1.1" 200 624 "-" "Mozilla/5.0 (compatible; YandexBot/3.0; +http://yandex.com/bots)"
77.88.5.229 - - [08/Apr/2022:03:11:38 +0000] "GET /grili/ugolnye/weber/master-touch/gril-ugolnyy-master-touch-weber-gbs-c-5750-dymchatyy/ HTTP/1.1" 200 35484 "-" "Mozilla/5.0 (compatible; YandexBot/3.0; +http://yandex.com/bots) AppleWebKit/537.36 (KHTML, like Gecko) Chrome/81.0.4044.268"
114.119.153.49 - - [08/Apr/2022:03:11:38 +0000] "GET /aksessuary/chistka-i-ukhod/kovriki-gril HTTP/1.1" 301 5 "-" "Mozilla/5.0 (Linux; Android 7.0;) AppleWebKit/537.36 (KHTML, like Gecko) Mobile Safari/537.36 (compatible; PetalBot;+https://webmaster.petalsearch.com/site/petalbot)"
114.119.153.49 - - [08/Apr/2022:03:11:43 +0000] "GET /aksessuary/chistka-i-ukhod/kovriki-gril/ HTTP/1.1" 200 30688 "-" "Mozilla/5.0 (Linux; Android 7.0;) AppleWebKit/537.36 (KHTML, like Gecko) Mobile Safari/537.36 (compatible; PetalBot;+https://webmaster.petalsearch.com/site/petalbot)"
185.191.171.34 - - [08/Apr/2022:03:11:54 +0000] "GET /aksessuary/chistka-i-ukhod/shchetka-gril/v-obraznaya-shchetka-weber-dlya-chistki-grilya/ HTTP/1.1" 200 33628 "-" "Mozilla/5.0 (compatible; SemrushBot/7~bl; +http://www.semrush.com/bot.html)"
185.88.158.233 - - [08/Apr/2022:03:11:55 +0000] "GET /grili/keramicheskie/ HTTP/2.0" 200 36350 "https://yandex.ru/" "Mozilla/5.0 (iPhone; CPU iPhone OS 15_4_1 like Mac OS X) AppleWebKit/605.1.15 (KHTML, like Gecko) Version/15.4 Mobile/15E148 Safari/604.1"
185.88.158.233 - - [08/Apr/2022:03:11:55 +0000] "GET /wa-content/font/ruble/arial/fontface.css HTTP/2.0" 200 371 "https://spb.justgrill.ru/grili/keramicheskie/" "Mozilla/5.0 (iPhone; CPU iPhone OS 15_4_1 like Mac OS X) AppleWebKit/605.1.15 (KHTML, like Gecko) Version/15.4 Mobile/15E148 Safari/604.1"
185.88.158.233 - - [08/Apr/2022:03:11:55 +0000] "GET /wa-content/js/jquery-plugins/jquery.cookie.js HTTP/2.0" 200 1343 "https://spb.justgrill.ru/grili/keramicheskie/" "Mozilla/5.0 (iPhone; CPU iPhone OS 15_4_1 like Mac OS X) AppleWebKit/605.1.15 (KHTML, like Gecko) Version/15.4 Mobile/15E148 Safari/604.1"
185.88.158.233 - - [08/Apr/2022:03:11:55 +0000] "GET /wa-content/js/jquery-plugins/jquery.cookie.js?v2.4.1 HTTP/2.0" 200 1343 "https://spb.justgrill.ru/grili/keramicheskie/" "Mozilla/5.0 (iPhone; CPU iPhone OS 15_4_1 like Mac OS X) AppleWebKit/605.1.15 (KHTML, like Gecko) Version/15.4 Mobile/15E148 Safari/604.1"
185.88.158.233 - - [08/Apr/2022:03:11:55 +0000] "GET /wa-content/js/jquery-plugins/jquery.retina.min.js?v2.4.1 HTTP/2.0" 200 900 "https://spb.justgrill.ru/grili/keramicheskie/" "Mozilla/5.0 (iPhone; CPU iPhone OS 15_4_1 like Mac OS X) AppleWebKit/605.1.15 (KHTML, like Gecko) Version/15.4 Mobile/15E148 Safari/604.1"
185.88.158.233 - - [08/Apr/2022:03:11:55 +0000] "GET /wa-content/css/jquery-ui/base/jquery.ui.slider.css HTTP/2.0" 200 331 "https://spb.justgrill.ru/grili/keramicheskie/" "Mozilla/5.0 (iPhone; CPU iPhone OS 15_4_1 like Mac OS X) AppleWebKit/605.1.15 (KHTML, like Gecko) Version/15.4 Mobile/15E148 Safari/604.1"
185.88.158.233 - - [08/Apr/2022:03:11:55 +0000] "GET /wa-content/js/jquery-ui/jquery.ui.core.min.js?v2.4.1 HTTP/2.0" 200 2032 "https://spb.justgrill.ru/grili/keramicheskie/" "Mozilla/5.0 (iPhone; CPU iPhone OS 15_4_1 like Mac OS X) AppleWebKit/605.1.15 (KHTML, like Gecko) Version/15.4 Mobile/15E148 Safari/604.1"
185.88.158.233 - - [08/Apr/2022:03:11:55 +0000] "GET /wa-content/js/jquery-ui/jquery.ui.widget.min.js?v2.4.1 HTTP/2.0" 200 1301 "https://spb.justgrill.ru/grili/keramicheskie/" "Mozilla/5.0 (iPhone; CPU iPhone OS 15_4_1 like Mac OS X) AppleWebKit/605.1.15 (KHTML, like Gecko) Version/15.4 Mobile/15E148 Safari/604.1"
185.88.158.233 - - [08/Apr/2022:03:11:55 +0000] "GET /wa-content/js/jquery-ui/jquery.ui.mouse.min.js?v2.4.1 HTTP/2.0" 200 932 "https://spb.justgrill.ru/grili/keramicheskie/" "Mozilla/5.0 (iPhone; CPU iPhone OS 15_4_1 like Mac OS X) AppleWebKit/605.1.15 (KHTML, like Gecko) Version/15.4 Mobile/15E148 Safari/604.1"
185.88.158.233 - - [08/Apr/2022:03:11:55 +0000] "GET /wa-content/js/jquery-ui/jquery.ui.slider.min.js?v2.4.1 HTTP/2.0" 200 2846 "https://spb.justgrill.ru/grili/keramicheskie/" "Mozilla/5.0 (iPhone; CPU iPhone OS 15_4_1 like Mac OS X) AppleWebKit/605.1.15 (KHTML, like Gecko) Version/15.4 Mobile/15E148 Safari/604.1"
185.88.158.233 - - [08/Apr/2022:03:11:55 +0000] "GET /searchpro-plugin/config/?v1.9.0.1649387515?201646156 HTTP/2.0" 200 561 "https://spb.justgrill.ru/grili/keramicheskie/" "Mozilla/5.0 (iPhone; CPU iPhone OS 15_4_1 like Mac OS X) AppleWebKit/605.1.15 (KHTML, like Gecko) Version/15.4 Mobile/15E148 Safari/604.1"
185.88.158.233 - - [08/Apr/2022:03:11:55 +0000] "GET /wa-data/public/site/themes/justgrill/fonts/Roboto.woff2 HTTP/2.0" 200 28036 "https://spb.justgrill.ru/grili/keramicheskie/" "Mozilla/5.0 (iPhone; CPU iPhone OS 15_4_1 like Mac OS X) AppleWebKit/605.1.15 (KHTML, like Gecko) Version/15.4 Mobile/15E148 Safari/604.1"
185.88.158.233 - - [08/Apr/2022:03:11:55 +0000] "GET /wa-data/public/site/themes/justgrill/fonts/Robotobold.woff2 HTTP/2.0" 200 28384 "https://spb.justgrill.ru/grili/keramicheskie/" "Mozilla/5.0 (iPhone; CPU iPhone OS 15_4_1 like Mac OS X) AppleWebKit/605.1.15 (KHTML, like Gecko) Version/15.4 Mobile/15E148 Safari/604.1"
185.88.158.233 - - [08/Apr/2022:03:11:55 +0000] "GET /wa-data/public/site/themes/justgrill/fonts/Robotolight.woff2 HTTP/2.0" 200 28296 "https://spb.justgrill.ru/grili/keramicheskie/" "Mozilla/5.0 (iPhone; CPU iPhone OS 15_4_1 like Mac OS X) AppleWebKit/605.1.15 (KHTML, like Gecko) Version/15.4 Mobile/15E148 Safari/604.1"
185.88.158.233 - - [08/Apr/2022:03:11:55 +0000] "GET /wa-apps/shop/plugins/searchpro/fonts/Roboto/Roboto-Regular.woff2 HTTP/2.0" 200 66004 "https://spb.justgrill.ru/grili/keramicheskie/" "Mozilla/5.0 (iPhone; CPU iPhone OS 15_4_1 like Mac OS X) AppleWebKit/605.1.15 (KHTML, like Gecko) Version/15.4 Mobile/15E148 Safari/604.1"
185.88.158.233 - - [08/Apr/2022:03:11:55 +0000] "GET /wa-data/public/site/themes/justgrill/img/user.svg HTTP/2.0" 200 5703 "https://spb.justgrill.ru/grili/keramicheskie/" "Mozilla/5.0 (iPhone; CPU iPhone OS 15_4_1 like Mac OS X) AppleWebKit/605.1.15 (KHTML, like Gecko) Version/15.4 Mobile/15E148 Safari/604.1"
185.88.158.233 - - [08/Apr/2022:03:11:55 +0000] "GET /wa-data/public/site/themes/justgrill/img/basket.svg HTTP/2.0" 200 3868 "https://spb.justgrill.ru/grili/keramicheskie/" "Mozilla/5.0 (iPhone; CPU iPhone OS 15_4_1 like Mac OS X) AppleWebKit/605.1.15 (KHTML, like Gecko) Version/15.4 Mobile/15E148 Safari/604.1"
185.88.158.233 - - [08/Apr/2022:03:11:55 +0000] "GET /searchpro-plugin/config/?v1.9.0.1649387515?815554355 HTTP/2.0" 200 561 "https://spb.justgrill.ru/grili/keramicheskie/" "Mozilla/5.0 (iPhone; CPU iPhone OS 15_4_1 like Mac OS X) AppleWebKit/605.1.15 (KHTML, like Gecko) Version/15.4 Mobile/15E148 Safari/604.1"
185.88.158.233 - - [08/Apr/2022:03:11:55 +0000] "GET /wa-content/js/signup/signup.js?v=8.21.0.1649387515 HTTP/2.0" 200 6675 "https://spb.justgrill.ru/grili/keramicheskie/" "Mozilla/5.0 (iPhone; CPU iPhone OS 15_4_1 like Mac OS X) AppleWebKit/605.1.15 (KHTML, like Gecko) Version/15.4 Mobile/15E148 Safari/604.1"
185.88.158.233 - - [08/Apr/2022:03:11:55 +0000] "GET /wa-content/css/signup/signup.css?v=8.21.0.1649387515 HTTP/2.0" 200 1909 "https://spb.justgrill.ru/grili/keramicheskie/" "Mozilla/5.0 (iPhone; CPU iPhone OS 15_4_1 like Mac OS X) AppleWebKit/605.1.15 (KHTML, like Gecko) Version/15.4 Mobile/15E148 Safari/604.1"
185.88.158.233 - - [08/Apr/2022:03:11:56 +0000] "GET /wa-data/public/site/themes/justgrill/fonts/Robotomedium.woff2 HTTP/2.0" 200 28312 "https://spb.justgrill.ru/grili/keramicheskie/" "Mozilla/5.0 (iPhone; CPU iPhone OS 15_4_1 like Mac OS X) AppleWebKit/605.1.15 (KHTML, like Gecko) Version/15.4 Mobile/15E148 Safari/604.1"
185.88.158.233 - - [08/Apr/2022:03:11:56 +0000] "GET /wa-content/font/ruble/arial/alsrubl-arial-regular.woff HTTP/2.0" 200 1788 "https://spb.justgrill.ru/grili/keramicheskie/" "Mozilla/5.0 (iPhone; CPU iPhone OS 15_4_1 like Mac OS X) AppleWebKit/605.1.15 (KHTML, like Gecko) Version/15.4 Mobile/15E148 Safari/604.1"
185.88.158.233 - - [08/Apr/2022:03:11:56 +0000] "GET /wa-data/public/site/themes/justgrill/img/arrow-f.svg HTTP/2.0" 200 223 "https://spb.justgrill.ru/grili/keramicheskie/" "Mozilla/5.0 (iPhone; CPU iPhone OS 15_4_1 like Mac OS X) AppleWebKit/605.1.15 (KHTML, like Gecko) Version/15.4 Mobile/15E148 Safari/604.1"
185.88.158.233 - - [08/Apr/2022:03:11:56 +0000] "GET /wa-content/js/login/login-frontend-form.min.js?v=8.21.0.1649387515 HTTP/2.0" 200 5488 "https://spb.justgrill.ru/grili/keramicheskie/" "Mozilla/5.0 (iPhone; CPU iPhone OS 15_4_1 like Mac OS X) AppleWebKit/605.1.15 (KHTML, like Gecko) Version/15.4 Mobile/15E148 Safari/604.1"
185.88.158.233 - - [08/Apr/2022:03:11:56 +0000] "GET /wa-content/css/login/frontend/login.css?v=8.21.0.1649387515 HTTP/2.0" 200 1762 "https://spb.justgrill.ru/grili/keramicheskie/" "Mozilla/5.0 (iPhone; CPU iPhone OS 15_4_1 like Mac OS X) AppleWebKit/605.1.15 (KHTML, like Gecko) Version/15.4 Mobile/15E148 Safari/604.1"
185.88.158.233 - - [08/Apr/2022:03:11:56 +0000] "GET /wa-content/js/login/forgotpassword-frontend-form.min.js?v=8.21.0.1649387515 HTTP/2.0" 200 4709 "https://spb.justgrill.ru/grili/keramicheskie/" "Mozilla/5.0 (iPhone; CPU iPhone OS 15_4_1 like Mac OS X) AppleWebKit/605.1.15 (KHTML, like Gecko) Version/15.4 Mobile/15E148 Safari/604.1"
185.88.158.233 - - [08/Apr/2022:03:11:56 +0000] "GET /wa-content/css/login/frontend/forgot-password.css?v=8.21.0.1649387515 HTTP/2.0" 200 1560 "https://spb.justgrill.ru/grili/keramicheskie/" "Mozilla/5.0 (iPhone; CPU iPhone OS 15_4_1 like Mac OS X) AppleWebKit/605.1.15 (KHTML, like Gecko) Version/15.4 Mobile/15E148 Safari/604.1"
185.88.158.233 - - [08/Apr/2022:03:11:56 +0000] "GET /wa-content/font/ruble/arial/alsrubl-arial-bold.woff HTTP/2.0" 200 1792 "https://spb.justgrill.ru/grili/keramicheskie/" "Mozilla/5.0 (iPhone; CPU iPhone OS 15_4_1 like Mac OS X) AppleWebKit/605.1.15 (KHTML, like Gecko) Version/15.4 Mobile/15E148 Safari/604.1"
185.88.158.233 - - [08/Apr/2022:03:11:56 +0000] "GET /regions/getPopupContent/ HTTP/2.0" 200 1022 "https://spb.justgrill.ru/grili/keramicheskie/" "Mozilla/5.0 (iPhone; CPU iPhone OS 15_4_1 like Mac OS X) AppleWebKit/605.1.15 (KHTML, like Gecko) Version/15.4 Mobile/15E148 Safari/604.1"
185.88.158.233 - - [08/Apr/2022:03:11:56 +0000] "GET /wa-data/public/site/themes/justgrill/fonts/Robotoblack.woff2 HTTP/2.0" 200 28452 "https://spb.justgrill.ru/grili/keramicheskie/" "Mozilla/5.0 (iPhone; CPU iPhone OS 15_4_1 like Mac OS X) AppleWebKit/605.1.15 (KHTML, like Gecko) Version/15.4 Mobile/15E148 Safari/604.1"
185.88.158.233 - - [08/Apr/2022:03:11:56 +0000] "GET /ecommerce_prepare_data/products_list/?state_json=%7B%22sku_ids%22%3A%5B%229061%22%2C%229063%22%2C%228992%22%2C%229054%22%2C%229058%22%2C%224880%22%2C%2211157%22%2C%2210441%22%2C%224879%22%2C%228949%22%2C%2210632%22%2C%2210634%22%2C%228548%22%2C%2210631%22%2C%2210633%22%2C%229650%22%2C%224878%22%2C%229649%22%2C%224877%22%2C%2210636%22%2C%2210638%22%2C%2210635%22%2C%2210637%22%2C%229458%22%2C%229648%22%2C%2210621%22%2C%224876%22%2C%2211055%22%2C%224875%22%5D%2C%22list_name%22%3A%22%D0%93%D1%80%D0%B8%D0%BB%D0%B8%2F%D0%9A%D0%B5%D1%80%D0%B0%D0%BC%D0%B8%D1%87%D0%B5%D1%81%D0%BA%D0%B8%D0%B5+%D0%B3%D1%80%D0%B8%D0%BB%D0%B8%22%7D HTTP/2.0" 200 1090 "https://spb.justgrill.ru/grili/keramicheskie/" "Mozilla/5.0 (iPhone; CPU iPhone OS 15_4_1 like Mac OS X) AppleWebKit/605.1.15 (KHTML, like Gecko) Version/15.4 Mobile/15E148 Safari/604.1"
185.88.158.233 - - [08/Apr/2022:03:11:56 +0000] "GET /wa-data/public/site/themes/justgrill/img/menu-arrow-right.svg HTTP/2.0" 200 202 "https://spb.justgrill.ru/grili/keramicheskie/" "Mozilla/5.0 (iPhone; CPU iPhone OS 15_4_1 like Mac OS X) AppleWebKit/605.1.15 (KHTML, like Gecko) Version/15.4 Mobile/15E148 Safari/604.1"
185.88.158.233 - - [08/Apr/2022:03:11:56 +0000] "GET /wa-data/public/site/themes/justgrill/img/menu-arrow-left.svg HTTP/2.0" 200 201 "https://spb.justgrill.ru/grili/keramicheskie/" "Mozilla/5.0 (iPhone; CPU iPhone OS 15_4_1 like Mac OS X) AppleWebKit/605.1.15 (KHTML, like Gecko) Version/15.4 Mobile/15E148 Safari/604.1"
185.88.158.233 - - [08/Apr/2022:03:11:56 +0000] "GET /shop/captcha.php?rid=1649387515624fa7fb2f541 HTTP/2.0" 200 13275 "https://spb.justgrill.ru/grili/keramicheskie/" "Mozilla/5.0 (iPhone; CPU iPhone OS 15_4_1 like Mac OS X) AppleWebKit/605.1.15 (KHTML, like Gecko) Version/15.4 Mobile/15E148 Safari/604.1"
185.88.158.233 - - [08/Apr/2022:03:11:56 +0000] "GET /wa-data/public/site/themes/justgrill/img/phone.svg HTTP/2.0" 200 99750 "https://spb.justgrill.ru/grili/keramicheskie/" "Mozilla/5.0 (iPhone; CPU iPhone OS 15_4_1 like Mac OS X) AppleWebKit/605.1.15 (KHTML, like Gecko) Version/15.4 Mobile/15E148 Safari/604.1"
185.88.158.233 - - [08/Apr/2022:03:11:56 +0000] "GET /wa-data/public/site/themes/justgrill/img/email.svg HTTP/2.0" 200 354 "https://spb.justgrill.ru/grili/keramicheskie/" "Mozilla/5.0 (iPhone; CPU iPhone OS 15_4_1 like Mac OS X) AppleWebKit/605.1.15 (KHTML, like Gecko) Version/15.4 Mobile/15E148 Safari/604.1"
185.88.158.233 - - [08/Apr/2022:03:11:57 +0000] "GET /wa-data/public/site/themes/justgrill/img/adress.svg HTTP/2.0" 200 80968 "https://spb.justgrill.ru/grili/keramicheskie/" "Mozilla/5.0 (iPhone; CPU iPhone OS 15_4_1 like Mac OS X) AppleWebKit/605.1.15 (KHTML, like Gecko) Version/15.4 Mobile/15E148 Safari/604.1"
188.162.140.54 - - [08/Apr/2022:03:11:59 +0000] "GET /grili/ugolnye/ HTTP/2.0" 200 38320 "-" "Mozilla/5.0 (Windows NT 6.1; WOW64) AppleWebKit/537.36 (KHTML, like Gecko) Chrome/79.0.3945.130 Safari/537.36"
188.162.140.54 - - [08/Apr/2022:03:12:02 +0000] "GET /wa-content/font/ruble/arial/fontface.css HTTP/2.0" 200 371 "https://krd.justgrill.ru/grili/ugolnye/" "Mozilla/5.0 (Windows NT 6.1; WOW64) AppleWebKit/537.36 (KHTML, like Gecko) Chrome/79.0.3945.130 Safari/537.36"
188.162.140.54 - - [08/Apr/2022:03:12:04 +0000] "GET /wa-content/css/jquery-ui/base/jquery.ui.slider.css HTTP/2.0" 200 331 "https://krd.justgrill.ru/grili/ugolnye/" "Mozilla/5.0 (Windows NT 6.1; WOW64) AppleWebKit/537.36 (KHTML, like Gecko) Chrome/79.0.3945.130 Safari/537.36"
188.162.140.54 - - [08/Apr/2022:03:12:04 +0000] "GET /wa-content/js/jquery-plugins/jquery.cookie.js HTTP/2.0" 200 1343 "https://krd.justgrill.ru/grili/ugolnye/" "Mozilla/5.0 (Windows NT 6.1; WOW64) AppleWebKit/537.36 (KHTML, like Gecko) Chrome/79.0.3945.130 Safari/537.36"
188.162.140.54 - - [08/Apr/2022:03:12:04 +0000] "GET /wa-content/js/jquery-plugins/jquery.cookie.js?v2.4.1 HTTP/2.0" 200 1343 "https://krd.justgrill.ru/grili/ugolnye/" "Mozilla/5.0 (Windows NT 6.1; WOW64) AppleWebKit/537.36 (KHTML, like Gecko) Chrome/79.0.3945.130 Safari/537.36"
188.162.140.54 - - [08/Apr/2022:03:12:04 +0000] "GET /wa-content/js/jquery-plugins/jquery.retina.min.js?v2.4.1 HTTP/2.0" 200 900 "https://krd.justgrill.ru/grili/ugolnye/" "Mozilla/5.0 (Windows NT 6.1; WOW64) AppleWebKit/537.36 (KHTML, like Gecko) Chrome/79.0.3945.130 Safari/537.36"
188.162.140.54 - - [08/Apr/2022:03:12:04 +0000] "GET /wa-content/js/jquery-ui/jquery.ui.core.min.js?v2.4.1 HTTP/2.0" 200 2032 "https://krd.justgrill.ru/grili/ugolnye/" "Mozilla/5.0 (Windows NT 6.1; WOW64) AppleWebKit/537.36 (KHTML, like Gecko) Chrome/79.0.3945.130 Safari/537.36"
188.162.140.54 - - [08/Apr/2022:03:12:04 +0000] "GET /wa-content/js/jquery-ui/jquery.ui.widget.min.js?v2.4.1 HTTP/2.0" 200 1301 "https://krd.justgrill.ru/grili/ugolnye/" "Mozilla/5.0 (Windows NT 6.1; WOW64) AppleWebKit/537.36 (KHTML, like Gecko) Chrome/79.0.3945.130 Safari/537.36"
188.162.140.54 - - [08/Apr/2022:03:12:04 +0000] "GET /wa-content/js/jquery-ui/jquery.ui.mouse.min.js?v2.4.1 HTTP/2.0" 200 932 "https://krd.justgrill.ru/grili/ugolnye/" "Mozilla/5.0 (Windows NT 6.1; WOW64) AppleWebKit/537.36 (KHTML, like Gecko) Chrome/79.0.3945.130 Safari/537.36"
188.162.140.54 - - [08/Apr/2022:03:12:04 +0000] "GET /wa-content/js/jquery-ui/jquery.ui.slider.min.js?v2.4.1 HTTP/2.0" 200 2846 "https://krd.justgrill.ru/grili/ugolnye/" "Mozilla/5.0 (Windows NT 6.1; WOW64) AppleWebKit/537.36 (KHTML, like Gecko) Chrome/79.0.3945.130 Safari/537.36"
185.88.158.233 - - [08/Apr/2022:03:12:04 +0000] "GET /favicon.ico HTTP/2.0" 200 54978 "https://spb.justgrill.ru/grili/keramicheskie/" "Mozilla/5.0 (iPhone; CPU iPhone OS 15_4_1 like Mac OS X) AppleWebKit/605.1.15 (KHTML, like Gecko) Version/15.4 Mobile/15E148 Safari/604.1"
188.162.140.54 - - [08/Apr/2022:03:12:07 +0000] "GET /searchpro-plugin/config/?v1.9.0.1649387519?1161760212 HTTP/2.0" 200 561 "https://krd.justgrill.ru/grili/ugolnye/" "Mozilla/5.0 (Windows NT 6.1; WOW64) AppleWebKit/537.36 (KHTML, like Gecko) Chrome/79.0.3945.130 Safari/537.36"
188.162.140.54 - - [08/Apr/2022:03:12:07 +0000] "GET /searchpro-plugin/config/?v1.9.0.1649387519?805043312 HTTP/2.0" 200 561 "https://krd.justgrill.ru/grili/ugolnye/" "Mozilla/5.0 (Windows NT 6.1; WOW64) AppleWebKit/537.36 (KHTML, like Gecko) Chrome/79.0.3945.130 Safari/537.36"
188.162.140.54 - - [08/Apr/2022:03:12:10 +0000] "GET /wa-content/css/signup/signup.css?v=8.21.0.1649387519 HTTP/2.0" 200 1909 "https://krd.justgrill.ru/grili/ugolnye/" "Mozilla/5.0 (Windows NT 6.1; WOW64) AppleWebKit/537.36 (KHTML, like Gecko) Chrome/79.0.3945.130 Safari/537.36"
188.162.140.54 - - [08/Apr/2022:03:12:10 +0000] "GET /wa-content/css/login/frontend/login.css?v=8.21.0.1649387519 HTTP/2.0" 200 1762 "https://krd.justgrill.ru/grili/ugolnye/" "Mozilla/5.0 (Windows NT 6.1; WOW64) AppleWebKit/537.36 (KHTML, like Gecko) Chrome/79.0.3945.130 Safari/537.36"
185.191.171.10 - - [08/Apr/2022:03:12:11 +0000] "GET /aksessuary/dlya-pitstsy/lopatki-pitstsa/lopatka-dlya-pitstsy-weber-skladyvaemaya-ruchka/ HTTP/1.1" 200 35472 "-" "Mozilla/5.0 (compatible; SemrushBot/7~bl; +http://www.semrush.com/bot.html)"
188.162.140.54 - - [08/Apr/2022:03:12:11 +0000] "GET /wa-data/public/site/themes/justgrill/img/user.svg HTTP/2.0" 200 5703 "https://krd.justgrill.ru/wa-data/public/site/themes/justgrill/css/main.css?v3.3.1.1649387519" "Mozilla/5.0 (Windows NT 6.1; WOW64) AppleWebKit/537.36 (KHTML, like Gecko) Chrome/79.0.3945.130 Safari/537.36"
188.162.140.54 - - [08/Apr/2022:03:12:11 +0000] "GET /wa-data/public/site/themes/justgrill/img/arrow-f.svg HTTP/2.0" 200 223 "https://krd.justgrill.ru/wa-data/public/site/themes/justgrill/css/main.css?v3.3.1.1649387519" "Mozilla/5.0 (Windows NT 6.1; WOW64) AppleWebKit/537.36 (KHTML, like Gecko) Chrome/79.0.3945.130 Safari/537.36"
188.162.140.54 - - [08/Apr/2022:03:12:11 +0000] "GET /wa-data/public/site/themes/justgrill/img/menu-arrow-right.svg HTTP/2.0" 200 202 "https://krd.justgrill.ru/wa-data/public/site/themes/justgrill/css/main.css?v3.3.1.1649387519" "Mozilla/5.0 (Windows NT 6.1; WOW64) AppleWebKit/537.36 (KHTML, like Gecko) Chrome/79.0.3945.130 Safari/537.36"
188.162.140.54 - - [08/Apr/2022:03:12:11 +0000] "GET /wa-data/public/site/themes/justgrill/img/basket.svg HTTP/2.0" 200 3868 "https://krd.justgrill.ru/wa-data/public/site/themes/justgrill/css/main.css?v3.3.1.1649387519" "Mozilla/5.0 (Windows NT 6.1; WOW64) AppleWebKit/537.36 (KHTML, like Gecko) Chrome/79.0.3945.130 Safari/537.36"
188.162.140.54 - - [08/Apr/2022:03:12:11 +0000] "GET /wa-data/public/site/themes/justgrill/img/menu-arrow-left.svg HTTP/2.0" 200 201 "https://krd.justgrill.ru/wa-data/public/site/themes/justgrill/css/main.css?v3.3.1.1649387519" "Mozilla/5.0 (Windows NT 6.1; WOW64) AppleWebKit/537.36 (KHTML, like Gecko) Chrome/79.0.3945.130 Safari/537.36"
188.162.140.54 - - [08/Apr/2022:03:12:11 +0000] "GET /wa-content/css/login/frontend/forgot-password.css?v=8.21.0.1649387519 HTTP/2.0" 200 1560 "https://krd.justgrill.ru/grili/ugolnye/" "Mozilla/5.0 (Windows NT 6.1; WOW64) AppleWebKit/537.36 (KHTML, like Gecko) Chrome/79.0.3945.130 Safari/537.36"
188.162.140.54 - - [08/Apr/2022:03:12:11 +0000] "GET /wa-data/public/site/themes/justgrill/fonts/Robotobold.woff2 HTTP/2.0" 200 28384 "https://krd.justgrill.ru/wa-data/public/site/themes/justgrill/css/fonts.css?v3.3.1.1649387519" "Mozilla/5.0 (Windows NT 6.1; WOW64) AppleWebKit/537.36 (KHTML, like Gecko) Chrome/79.0.3945.130 Safari/537.36"
188.162.140.54 - - [08/Apr/2022:03:12:11 +0000] "GET /wa-data/public/site/themes/justgrill/fonts/Robotolight.woff2 HTTP/2.0" 200 28296 "https://krd.justgrill.ru/wa-data/public/site/themes/justgrill/css/fonts.css?v3.3.1.1649387519" "Mozilla/5.0 (Windows NT 6.1; WOW64) AppleWebKit/537.36 (KHTML, like Gecko) Chrome/79.0.3945.130 Safari/537.36"
188.162.140.54 - - [08/Apr/2022:03:12:11 +0000] "GET /wa-data/public/site/themes/justgrill/fonts/Roboto.woff2 HTTP/2.0" 200 28036 "https://krd.justgrill.ru/wa-data/public/site/themes/justgrill/css/fonts.css?v3.3.1.1649387519" "Mozilla/5.0 (Windows NT 6.1; WOW64) AppleWebKit/537.36 (KHTML, like Gecko) Chrome/79.0.3945.130 Safari/537.36"
188.162.140.54 - - [08/Apr/2022:03:12:11 +0000] "GET /wa-data/public/site/themes/justgrill/fonts/Robotomedium.woff2 HTTP/2.0" 200 28312 "https://krd.justgrill.ru/wa-data/public/site/themes/justgrill/css/fonts.css?v3.3.1.1649387519" "Mozilla/5.0 (Windows NT 6.1; WOW64) AppleWebKit/537.36 (KHTML, like Gecko) Chrome/79.0.3945.130 Safari/537.36"
188.162.140.54 - - [08/Apr/2022:03:12:11 +0000] "GET /wa-content/font/ruble/arial/alsrubl-arial-regular.woff HTTP/2.0" 200 1788 "https://krd.justgrill.ru/wa-content/font/ruble/arial/fontface.css" "Mozilla/5.0 (Windows NT 6.1; WOW64) AppleWebKit/537.36 (KHTML, like Gecko) Chrome/79.0.3945.130 Safari/537.36"
188.162.140.54 - - [08/Apr/2022:03:12:12 +0000] "GET /regions/getPopupContent/ HTTP/2.0" 200 1028 "https://krd.justgrill.ru/grili/ugolnye/" "Mozilla/5.0 (Windows NT 6.1; WOW64) AppleWebKit/537.36 (KHTML, like Gecko) Chrome/79.0.3945.130 Safari/537.36"
114.119.128.62 - - [08/Apr/2022:03:12:12 +0000] "GET /grili/gazovye/o-grill/gazovyy-gril-o-grill-700t-siniy HTTP/1.1" 301 5 "-" "Mozilla/5.0 (Linux; Android 7.0;) AppleWebKit/537.36 (KHTML, like Gecko) Mobile Safari/537.36 (compatible; PetalBot;+https://webmaster.petalsearch.com/site/petalbot)"
188.162.140.54 - - [08/Apr/2022:03:12:12 +0000] "GET /regions/getPopupContent/ HTTP/2.0" 200 1028 "https://krd.justgrill.ru/grili/ugolnye/" "Mozilla/5.0 (Windows NT 6.1; WOW64) AppleWebKit/537.36 (KHTML, like Gecko) Chrome/79.0.3945.130 Safari/537.36"
188.162.140.54 - - [08/Apr/2022:03:12:13 +0000] "GET /wa-apps/shop/plugins/searchpro/fonts/Roboto/Roboto-Regular.woff2 HTTP/2.0" 200 66004 "https://krd.justgrill.ru/wa-apps/shop/plugins/searchpro/css/frontend.fonts.css?v1.9.0.1649387519" "Mozilla/5.0 (Windows NT 6.1; WOW64) AppleWebKit/537.36 (KHTML, like Gecko) Chrome/79.0.3945.130 Safari/537.36"
188.162.140.54 - - [08/Apr/2022:03:12:13 +0000] "GET /shop/captcha.php?rid=1649387519624fa7ff26602 HTTP/2.0" 200 12868 "https://krd.justgrill.ru/grili/ugolnye/" "Mozilla/5.0 (Windows NT 6.1; WOW64) AppleWebKit/537.36 (KHTML, like Gecko) Chrome/79.0.3945.130 Safari/537.36"
188.162.140.54 - - [08/Apr/2022:03:12:13 +0000] "GET /wa-content/js/signup/signup.js?v=8.21.0.1649387519 HTTP/2.0" 200 6675 "https://krd.justgrill.ru/grili/ugolnye/" "Mozilla/5.0 (Windows NT 6.1; WOW64) AppleWebKit/537.36 (KHTML, like Gecko) Chrome/79.0.3945.130 Safari/537.36"
188.162.140.54 - - [08/Apr/2022:03:12:13 +0000] "GET /wa-content/js/login/login-frontend-form.min.js?v=8.21.0.1649387519 HTTP/2.0" 200 5488 "https://krd.justgrill.ru/grili/ugolnye/" "Mozilla/5.0 (Windows NT 6.1; WOW64) AppleWebKit/537.36 (KHTML, like Gecko) Chrome/79.0.3945.130 Safari/537.36"
