114.119.128.56 - - [08/Apr/2022:04:10:45 +0000] "GET /aksessuary/ugli-i-rozzhigi/big-green-egg/ HTTP/1.1" 200 29449 "-" "Mozilla/5.0 (Linux; Android 7.0;) AppleWebKit/537.36 (KHTML, like Gecko) Mobile Safari/537.36 (compatible; PetalBot;+https://webmaster.petalsearch.com/site/petalbot)"
77.88.5.229 - - [08/Apr/2022:04:11:08 +0000] "GET /robots.txt HTTP/1.1" 200 624 "-" "Mozilla/5.0 (compatible; YandexBot/3.0; +http://yandex.com/bots)"
66.249.66.28 - - [08/Apr/2022:04:11:11 +0000] "GET /aksessuary/stol-dlya-barbekyu/stoliki-dlya-grilya-l/ HTTP/1.1" 301 5 "-" "Mozilla/5.0 (compatible; Googlebot/2.1; +http://www.google.com/bot.html)"
66.249.66.30 - - [08/Apr/2022:04:11:12 +0000] "GET /aksessuary/oborudovanie/mebel-gril/stoliki-dlya-grilya-big-green-egg-l/ HTTP/1.1" 200 34139 "-" "Mozilla/5.0 (compatible; Googlebot/2.1; +http://www.google.com/bot.html)"
77.88.5.229 - - [08/Apr/2022:04:11:12 +0000] "GET /blog/kak-sdelat-na-steyke-krasivyy-risunok/ HTTP/1.1" 200 28541 "-" "Mozilla/5.0 (compatible; YandexBot/3.0; +http://yandex.com/bots) AppleWebKit/537.36 (KHTML, like Gecko) Chrome/81.0.4044.268"
93.158.161.3 - - [08/Apr/2022:04:11:16 +0000] "GET /?yclid=7710547526903176844 HTTP/1.1" 200 39809 "-" "Mozilla/5.0 (compatible; YandexMetrika/2.0; +http://yandex.com/bots yabs01)"
77.88.5.214 - - [08/Apr/2022:04:11:20 +0000] "GET /wp-content/uploads/2014/01/starter-step2.jpg HTTP/1.1" 301 162 "-" "Mozilla/5.0 (compatible; YandexImages/3.0; +http://yandex.com/bots)"
77.88.5.70 - - [08/Apr/2022:04:11:28 +0000] "GET /blog/master-klass-23-fevralya-2020/ HTTP/1.1" 200 29805 "-" "Mozilla/5.0 (compatible; YandexBot/3.0; +http://yandex.com/bots)"
77.88.5.229 - - [08/Apr/2022:04:11:35 +0000] "GET /search/%D0%A1%D1%83%D0%BC%D0%BA%D0%B0/ HTTP/1.1" 200 37596 "-" "Mozilla/5.0 (compatible; YandexBot/3.0; +http://yandex.com/bots)"
77.88.5.229 - - [08/Apr/2022:04:11:38 +0000] "GET /search/844/broil-king/ HTTP/1.1" 200 36699 "-" "Mozilla/5.0 (compatible; YandexBot/3.0; +http://yandex.com/bots)"
109.248.106.106 - - [08/Apr/2022:04:11:54 +0000] "GET /search/957/justgrill%E2%84%A2/ HTTP/1.1" 200 29053 "-" "Mozilla/5.0 (X11; Linux x86_64) AppleWebKit/537.36 (KHTML, like Gecko) Chrome/83.0.2549.68 Safari/537.36"
77.88.5.229 - - [08/Apr/2022:04:11:54 +0000] "GET /aksessuary/oborudovanie/podstavka-portativnaya-dlya-grilya-mx-minimaks-vysokaya/ HTTP/1.1" 200 32357 "-" "Mozilla/5.0 (compatible; YandexBot/3.0; +http://yandex.com/bots)"
77.88.5.229 - - [08/Apr/2022:04:12:07 +0000] "GET /aksessuary/podstavki-i-rostery/podstavka-gril/podstavka-gril-big-green-egg-dlya-perchikov-s-nozhom/ HTTP/1.1" 200 31841 "-" "Mozilla/5.0 (compatible; YandexBot/3.0; +http://yandex.com/bots)"
185.191.171.4 - - [08/Apr/2022:04:12:17 +0000] "GET /robots.txt HTTP/1.1" 200 251 "-" "Mozilla/5.0 (compatible; SemrushBot/7~bl; +http://www.semrush.com/bot.html)"
185.191.171.7 - - [08/Apr/2022:04:12:18 +0000] "GET /search/987/%D1%83%D0%B3%D0%BE%D0%BB%D1%8C/ HTTP/1.1" 200 30021 "-" "Mozilla/5.0 (compatible; SemrushBot/7~bl; +http://www.semrush.com/bot.html)"
185.191.171.43 - - [08/Apr/2022:04:12:23 +0000] "GET /aksessuary/instrumenty/nabory-gril/nabor-instrumentov-gril-char-broil-3-predmeta/ HTTP/1.1" 200 32899 "-" "Mozilla/5.0 (compatible; SemrushBot/7~bl; +http://www.semrush.com/bot.html)"
66.249.66.2 - - [08/Apr/2022:04:12:23 +0000] "GET /grili/keramicheskie/monolith/monolith-grill-classic-pro-serie-10-red/ HTTP/1.1" 301 5 "-" "Mozilla/5.0 (compatible; Googlebot/2.1; +http://www.google.com/bot.html)"
66.249.66.29 - - [08/Apr/2022:04:12:24 +0000] "GET /grili/keramicheskie/monolith/classic-pro/keramicheskij-gril-monolith-classic-pro-krasnyy/ HTTP/1.1" 200 38355 "-" "Mozilla/5.0 (compatible; Googlebot/2.1; +http://www.google.com/bot.html)"
77.88.5.229 - - [08/Apr/2022:04:12:40 +0000] "GET /aksessuary/gazovoe-oborudovanie/gazovyy-shlang-s-reduktorom-3-v-1-gril-weber/ HTTP/1.1" 200 35920 "-" "Mozilla/5.0 (compatible; YandexBot/3.0; +http://yandex.com/bots)"
194.26.209.114 - - [08/Apr/2022:04:12:57 +0000] "GET /brand/lillies/ HTTP/1.1" 200 29562 "-" "Mozilla/5.0 (X11; Linux x86_64) AppleWebKit/537.36 (KHTML, like Gecko) Chrome/85.0.4183.83 Safari/537.36"
66.249.66.23 - - [08/Apr/2022:04:13:01 +0000] "GET /blog/kak-vybrat-ryebryshki-dlya-grilya-vidy-ryebyer/ HTTP/1.1" 500 15001 "-" "Mozilla/5.0 (Linux; Android 6.0.1; Nexus 5X Build/MMB29P) AppleWebKit/537.36 (KHTML, like Gecko) Chrome/99.0.4844.84 Mobile Safari/537.36 (compatible; Googlebot/2.1; +http://www.google.com/bot.html)"
114.119.128.50 - - [08/Apr/2022:04:13:09 +0000] "GET /brendy/grillver/komplekt-400-plitareshyotka-gril/reviews HTTP/1.1" 301 5 "-" "Mozilla/5.0 (Linux; Android 7.0;) AppleWebKit/537.36 (KHTML, like Gecko) Mobile Safari/537.36 (compatible; PetalBot;+https://webmaster.petalsearch.com/site/petalbot)"
2.59.216.24 - - [08/Apr/2022:04:13:12 +0000] "GET /aksessuary/posuda/protiveni-gril/protven-dlya-griley-weber-q-300-3000-serii-vstavka/ HTTP/1.1" 200 31947 "-" "Mozilla/5.0 (X11; Linux x86_64) AppleWebKit/537.36 (KHTML, like Gecko) Chrome/80.0.3987.149 Safari/537.36"
178.154.154.184 - - [08/Apr/2022:04:13:12 +0000] "POST /ym_api/1/?action=/cart HTTP/1.1" 200 109 "-" "Apache-HttpClient/4.5.6 (Java/11.0.8-shenandoah)"
114.119.128.50 - - [08/Apr/2022:04:13:20 +0000] "GET /brendy/grillver/komplekt-400-plitareshyotka-gril/reviews/ HTTP/1.1" 301 5 "-" "Mozilla/5.0 (Linux; Android 7.0;) AppleWebKit/537.36 (KHTML, like Gecko) Mobile Safari/537.36 (compatible; PetalBot;+https://webmaster.petalsearch.com/site/petalbot)"
114.119.128.50 - - [08/Apr/2022:04:13:23 +0000] "GET /mangaly/aksessuary/komplekt-400-grillver-plita-reshyotka-gril/reviews/ HTTP/1.1" 200 31230 "-" "Mozilla/5.0 (Linux; Android 7.0;) AppleWebKit/537.36 (KHTML, like Gecko) Mobile Safari/537.36 (compatible; PetalBot;+https://webmaster.petalsearch.com/site/petalbot)"
77.88.5.89 - - [08/Apr/2022:04:13:26 +0000] "GET /?yclid=7710547526903176844 HTTP/1.1" 200 39392 "-" "Mozilla/5.0 (compatible; YandexMetrika/2.0; +http://yandex.com/bots yabs01)"
77.88.5.229 - - [08/Apr/2022:04:13:30 +0000] "GET /robots.txt HTTP/1.1" 404 5 "-" "Mozilla/5.0 (compatible; YandexBot/3.0; +http://yandex.com/bots)"
66.249.66.9 - - [08/Apr/2022:04:13:31 +0000] "GET /grili/ugolnye/char-broil/charcoal-gourmet-225/ HTTP/1.1" 301 5 "-" "Mozilla/5.0 (Linux; Android 6.0.1; Nexus 5X Build/MMB29P) AppleWebKit/537.36 (KHTML, like Gecko) Chrome/99.0.4844.84 Mobile Safari/537.36 (compatible; Googlebot/2.1; +http://www.google.com/bot.html)"
66.249.66.7 - - [08/Apr/2022:04:13:32 +0000] "GET /grili/ugolnye/char-broil/ugolny-gril-char-broil-charcoal-gourmet-225-cherny/ HTTP/1.1" 200 35412 "-" "Mozilla/5.0 (Linux; Android 6.0.1; Nexus 5X Build/MMB29P) AppleWebKit/537.36 (KHTML, like Gecko) Chrome/99.0.4844.84 Mobile Safari/537.36 (compatible; Googlebot/2.1; +http://www.google.com/bot.html)"
77.88.5.229 - - [08/Apr/2022:04:13:34 +0000] "GET / HTTP/1.1" 302 5 "-" "Mozilla/5.0 (compatible; YandexBot/3.0; +http://yandex.com/bots)"
66.249.66.32 - - [08/Apr/2022:04:13:35 +0000] "GET /aksessuary/dlya-kopcheniya/kedrove-doshtetchki-weber-2-sht/ HTTP/1.1" 301 5 "-" "Mozilla/5.0 (compatible; Googlebot/2.1; +http://www.google.com/bot.html)"
66.249.66.63 - - [08/Apr/2022:04:13:36 +0000] "GET /aksessuary/dlya-kopcheniya/doski-i-doshchechki/kedrove-doshtetchki-weber-2-sht/ HTTP/1.1" 200 32830 "-" "Mozilla/5.0 (compatible; Googlebot/2.1; +http://www.google.com/bot.html)"
54.36.148.172 - - [08/Apr/2022:04:13:38 +0000] "GET /delivery_payment/ HTTP/2.0" 200 32189 "-" "Mozilla/5.0 (compatible; AhrefsBot/7.0; +http://ahrefs.com/robot/)"
77.88.5.132 - - [08/Apr/2022:04:13:38 +0000] "GET / HTTP/1.1" 301 162 "-" "Mozilla/5.0 (compatible; YandexMetrika/2.0; +http://yandex.com/bots yabs01)"
77.88.5.217 - - [08/Apr/2022:04:13:39 +0000] "GET / HTTP/1.1" 200 39194 "-" "Mozilla/5.0 (compatible; YandexMetrika/2.0; +http://yandex.com/bots yabs01)"
77.88.5.70 - - [08/Apr/2022:04:13:40 +0000] "GET /webasyst/ HTTP/1.1" 200 1814 "-" "Mozilla/5.0 (compatible; YandexBot/3.0; +http://yandex.com/bots)"
66.249.66.61 - - [08/Apr/2022:04:13:40 +0000] "GET /wa-data/public/site/themes/justgrill/img/spec.svg HTTP/1.1" 200 1319 "https://voronezh.justgrill.ru/aksessuary/dlya-kopcheniya/doski-i-doshchechki/kedrove-doshtetchki-weber-2-sht/" "Mozilla/5.0 AppleWebKit/537.36 (KHTML, like Gecko; compatible; Googlebot/2.1; +http://www.google.com/bot.html) Chrome/99.0.4844.84 Safari/537.36"
77.88.5.229 - - [08/Apr/2022:04:13:46 +0000] "GET /search/791/weber/ HTTP/1.1" 200 32863 "-" "Mozilla/5.0 (compatible; YandexBot/3.0; +http://yandex.com/bots)"
66.249.66.192 - - [08/Apr/2022:04:13:50 +0000] "GET /robots.txt HTTP/1.1" 200 31 "-" "Mozilla/5.0 (compatible; Googlebot/2.1; +http://www.google.com/bot.html)"
66.249.66.94 - - [08/Apr/2022:04:13:50 +0000] "GET /robots.txt HTTP/1.1" 200 31 "-" "Mozilla/5.0 (compatible; Googlebot/2.1; +http://www.google.com/bot.html)"
66.249.66.94 - - [08/Apr/2022:04:13:50 +0000] "GET /ads.txt HTTP/1.1" 301 162 "-" "Mozilla/5.0 (compatible; Googlebot/2.1; +http://www.google.com/bot.html)"
77.88.5.229 - - [08/Apr/2022:04:13:58 +0000] "GET /aksessuary/knigi-o-grile/kniga-zharkoe-serdtse-barbekyu/ HTTP/1.1" 200 32632 "-" "Mozilla/5.0 (compatible; YandexBot/3.0; +http://yandex.com/bots)"
114.119.128.58 - - [08/Apr/2022:04:14:00 +0000] "GET /grili/gazovye/char-broil/thermos HTTP/1.1" 301 5 "-" "Mozilla/5.0 (Linux; Android 7.0;) AppleWebKit/537.36 (KHTML, like Gecko) Mobile Safari/537.36 (compatible; PetalBot;+https://webmaster.petalsearch.com/site/petalbot)"
114.119.128.58 - - [08/Apr/2022:04:14:05 +0000] "GET /grili/gazovye/char-broil/thermos/ HTTP/1.1" 200 27387 "-" "Mozilla/5.0 (Linux; Android 7.0;) AppleWebKit/537.36 (KHTML, like Gecko) Mobile Safari/537.36 (compatible; PetalBot;+https://webmaster.petalsearch.com/site/petalbot)"
45.138.147.173 - - [08/Apr/2022:04:14:18 +0000] "GET /mangaly/tandyry/ HTTP/2.0" 200 35889 "-" "Mozilla/5.0 (Windows NT 10.0) AppleWebKit/537.36 (KHTML, like Gecko) Chrome/99.0.4844.74 Safari/537.36"
45.138.147.173 - - [08/Apr/2022:04:14:18 +0000] "GET /wa-content/font/ruble/arial/fontface.css HTTP/2.0" 200 371 "https://justgrill.ru/mangaly/tandyry/" "Mozilla/5.0 (Windows NT 10.0) AppleWebKit/537.36 (KHTML, like Gecko) Chrome/99.0.4844.74 Safari/537.36"
45.138.147.173 - - [08/Apr/2022:04:14:18 +0000] "GET /wa-content/js/jquery-plugins/jquery.cookie.js HTTP/2.0" 200 1343 "https://justgrill.ru/mangaly/tandyry/" "Mozilla/5.0 (Windows NT 10.0) AppleWebKit/537.36 (KHTML, like Gecko) Chrome/99.0.4844.74 Safari/537.36"
45.138.147.173 - - [08/Apr/2022:04:14:18 +0000] "GET /wa-content/js/jquery-plugins/jquery.cookie.js?v2.4.1 HTTP/2.0" 200 1343 "https://justgrill.ru/mangaly/tandyry/" "Mozilla/5.0 (Windows NT 10.0) AppleWebKit/537.36 (KHTML, like Gecko) Chrome/99.0.4844.74 Safari/537.36"
45.138.147.173 - - [08/Apr/2022:04:14:18 +0000] "GET /wa-content/js/jquery-plugins/jquery.retina.min.js?v2.4.1 HTTP/2.0" 200 900 "https://justgrill.ru/mangaly/tandyry/" "Mozilla/5.0 (Windows NT 10.0) AppleWebKit/537.36 (KHTML, like Gecko) Chrome/99.0.4844.74 Safari/537.36"
45.138.147.173 - - [08/Apr/2022:04:14:18 +0000] "GET /wa-content/css/jquery-ui/base/jquery.ui.slider.css HTTP/2.0" 200 331 "https://justgrill.ru/mangaly/tandyry/" "Mozilla/5.0 (Windows NT 10.0) AppleWebKit/537.36 (KHTML, like Gecko) Chrome/99.0.4844.74 Safari/537.36"
45.138.147.173 - - [08/Apr/2022:04:14:18 +0000] "GET /wa-content/js/jquery-ui/jquery.ui.core.min.js?v2.4.1 HTTP/2.0" 200 2032 "https://justgrill.ru/mangaly/tandyry/" "Mozilla/5.0 (Windows NT 10.0) AppleWebKit/537.36 (KHTML, like Gecko) Chrome/99.0.4844.74 Safari/537.36"
45.138.147.173 - - [08/Apr/2022:04:14:18 +0000] "GET /wa-content/js/jquery-ui/jquery.ui.widget.min.js?v2.4.1 HTTP/2.0" 200 1301 "https://justgrill.ru/mangaly/tandyry/" "Mozilla/5.0 (Windows NT 10.0) AppleWebKit/537.36 (KHTML, like Gecko) Chrome/99.0.4844.74 Safari/537.36"
45.138.147.173 - - [08/Apr/2022:04:14:18 +0000] "GET /wa-content/js/jquery-ui/jquery.ui.mouse.min.js?v2.4.1 HTTP/2.0" 200 932 "https://justgrill.ru/mangaly/tandyry/" "Mozilla/5.0 (Windows NT 10.0) AppleWebKit/537.36 (KHTML, like Gecko) Chrome/99.0.4844.74 Safari/537.36"
45.138.147.173 - - [08/Apr/2022:04:14:18 +0000] "GET /wa-content/js/jquery-ui/jquery.ui.slider.min.js?v2.4.1 HTTP/2.0" 200 2846 "https://justgrill.ru/mangaly/tandyry/" "Mozilla/5.0 (Windows NT 10.0) AppleWebKit/537.36 (KHTML, like Gecko) Chrome/99.0.4844.74 Safari/537.36"
45.138.147.173 - - [08/Apr/2022:04:14:18 +0000] "GET /searchpro-plugin/config/?v1.9.0.1649391257?1654432265 HTTP/2.0" 200 557 "https://justgrill.ru/mangaly/tandyry/" "Mozilla/5.0 (Windows NT 10.0) AppleWebKit/537.36 (KHTML, like Gecko) Chrome/99.0.4844.74 Safari/537.36"
45.138.147.173 - - [08/Apr/2022:04:14:19 +0000] "GET /searchpro-plugin/config/?v1.9.0.1649391257?1677324207 HTTP/2.0" 200 557 "https://justgrill.ru/mangaly/tandyry/" "Mozilla/5.0 (Windows NT 10.0) AppleWebKit/537.36 (KHTML, like Gecko) Chrome/99.0.4844.74 Safari/537.36"
45.138.147.173 - - [08/Apr/2022:04:14:19 +0000] "GET /wa-data/public/site/themes/justgrill/fonts/Robotobold.woff2 HTTP/2.0" 200 28384 "https://justgrill.ru/wa-data/public/site/themes/justgrill/css/fonts.css?v3.3.1.1649391257" "Mozilla/5.0 (Windows NT 10.0) AppleWebKit/537.36 (KHTML, like Gecko) Chrome/99.0.4844.74 Safari/537.36"
45.138.147.173 - - [08/Apr/2022:04:14:19 +0000] "GET /wa-data/public/site/themes/justgrill/fonts/Robotolight.woff2 HTTP/2.0" 200 28296 "https://justgrill.ru/wa-data/public/site/themes/justgrill/css/fonts.css?v3.3.1.1649391257" "Mozilla/5.0 (Windows NT 10.0) AppleWebKit/537.36 (KHTML, like Gecko) Chrome/99.0.4844.74 Safari/537.36"
45.138.147.173 - - [08/Apr/2022:04:14:19 +0000] "GET /wa-content/font/ruble/arial/alsrubl-arial-regular.woff HTTP/2.0" 200 1788 "https://justgrill.ru/wa-content/font/ruble/arial/fontface.css" "Mozilla/5.0 (Windows NT 10.0) AppleWebKit/537.36 (KHTML, like Gecko) Chrome/99.0.4844.74 Safari/537.36"
45.138.147.173 - - [08/Apr/2022:04:14:19 +0000] "GET /wa-data/public/site/themes/justgrill/fonts/Robotomedium.woff2 HTTP/2.0" 200 28312 "https://justgrill.ru/wa-data/public/site/themes/justgrill/css/fonts.css?v3.3.1.1649391257" "Mozilla/5.0 (Windows NT 10.0) AppleWebKit/537.36 (KHTML, like Gecko) Chrome/99.0.4844.74 Safari/537.36"
45.138.147.173 - - [08/Apr/2022:04:14:19 +0000] "GET /wa-data/public/site/themes/justgrill/fonts/Roboto.woff2 HTTP/2.0" 200 28036 "https://justgrill.ru/wa-data/public/site/themes/justgrill/css/fonts.css?v3.3.1.1649391257" "Mozilla/5.0 (Windows NT 10.0) AppleWebKit/537.36 (KHTML, like Gecko) Chrome/99.0.4844.74 Safari/537.36"
45.138.147.173 - - [08/Apr/2022:04:14:19 +0000] "GET /wa-data/public/site/themes/justgrill/img/basket.svg HTTP/2.0" 200 3868 "https://justgrill.ru/wa-data/public/site/themes/justgrill/css/main.css?v3.3.1.1649391257" "Mozilla/5.0 (Windows NT 10.0) AppleWebKit/537.36 (KHTML, like Gecko) Chrome/99.0.4844.74 Safari/537.36"
45.138.147.173 - - [08/Apr/2022:04:14:19 +0000] "GET /wa-data/public/site/themes/justgrill/img/user.svg HTTP/2.0" 200 5703 "https://justgrill.ru/wa-data/public/site/themes/justgrill/css/main.css?v3.3.1.1649391257" "Mozilla/5.0 (Windows NT 10.0) AppleWebKit/537.36 (KHTML, like Gecko) Chrome/99.0.4844.74 Safari/537.36"
45.138.147.173 - - [08/Apr/2022:04:14:19 +0000] "GET /wa-data/public/site/themes/justgrill/img/arrow-f.svg HTTP/2.0" 200 223 "https://justgrill.ru/wa-data/public/site/themes/justgrill/css/main.css?v3.3.1.1649391257" "Mozilla/5.0 (Windows NT 10.0) AppleWebKit/537.36 (KHTML, like Gecko) Chrome/99.0.4844.74 Safari/537.36"
45.138.147.173 - - [08/Apr/2022:04:14:19 +0000] "GET /wa-data/public/site/themes/justgrill/img/phone.svg HTTP/2.0" 200 99750 "https://justgrill.ru/wa-data/public/site/themes/justgrill/css/main.css?v3.3.1.1649391257" "Mozilla/5.0 (Windows NT 10.0) AppleWebKit/537.36 (KHTML, like Gecko) Chrome/99.0.4844.74 Safari/537.36"
45.138.147.173 - - [08/Apr/2022:04:14:19 +0000] "GET /wa-data/public/site/themes/justgrill/img/email.svg HTTP/2.0" 200 354 "https://justgrill.ru/wa-data/public/site/themes/justgrill/css/main.css?v3.3.1.1649391257" "Mozilla/5.0 (Windows NT 10.0) AppleWebKit/537.36 (KHTML, like Gecko) Chrome/99.0.4844.74 Safari/537.36"
45.138.147.173 - - [08/Apr/2022:04:14:19 +0000] "GET /wa-data/public/site/themes/justgrill/img/adress.svg HTTP/2.0" 200 80968 "https://justgrill.ru/wa-data/public/site/themes/justgrill/css/main.css?v3.3.1.1649391257" "Mozilla/5.0 (Windows NT 10.0) AppleWebKit/537.36 (KHTML, like Gecko) Chrome/99.0.4844.74 Safari/537.36"
45.138.147.173 - - [08/Apr/2022:04:14:19 +0000] "GET /wa-content/js/signup/signup.js?v=8.21.0.1649391257 HTTP/2.0" 200 6675 "https://justgrill.ru/mangaly/tandyry/" "Mozilla/5.0 (Windows NT 10.0) AppleWebKit/537.36 (KHTML, like Gecko) Chrome/99.0.4844.74 Safari/537.36"
45.138.147.173 - - [08/Apr/2022:04:14:19 +0000] "GET /wa-content/css/signup/signup.css?v=8.21.0.1649391257 HTTP/2.0" 200 1909 "https://justgrill.ru/mangaly/tandyry/" "Mozilla/5.0 (Windows NT 10.0) AppleWebKit/537.36 (KHTML, like Gecko) Chrome/99.0.4844.74 Safari/537.36"
45.138.147.173 - - [08/Apr/2022:04:14:19 +0000] "GET /wa-content/js/login/login-frontend-form.min.js?v=8.21.0.1649391257 HTTP/2.0" 200 5488 "https://justgrill.ru/mangaly/tandyry/" "Mozilla/5.0 (Windows NT 10.0) AppleWebKit/537.36 (KHTML, like Gecko) Chrome/99.0.4844.74 Safari/537.36"
45.138.147.173 - - [08/Apr/2022:04:14:19 +0000] "GET /wa-content/css/login/frontend/login.css?v=8.21.0.1649391257 HTTP/2.0" 200 1762 "https://justgrill.ru/mangaly/tandyry/" "Mozilla/5.0 (Windows NT 10.0) AppleWebKit/537.36 (KHTML, like Gecko) Chrome/99.0.4844.74 Safari/537.36"
45.138.147.173 - - [08/Apr/2022:04:14:19 +0000] "GET /wa-content/js/login/forgotpassword-frontend-form.min.js?v=8.21.0.1649391257 HTTP/2.0" 200 4709 "https://justgrill.ru/mangaly/tandyry/" "Mozilla/5.0 (Windows NT 10.0) AppleWebKit/537.36 (KHTML, like Gecko) Chrome/99.0.4844.74 Safari/537.36"
45.138.147.173 - - [08/Apr/2022:04:14:19 +0000] "GET /wa-content/css/login/frontend/forgot-password.css?v=8.21.0.1649391257 HTTP/2.0" 200 1560 "https://justgrill.ru/mangaly/tandyry/" "Mozilla/5.0 (Windows NT 10.0) AppleWebKit/537.36 (KHTML, like Gecko) Chrome/99.0.4844.74 Safari/537.36"
45.138.147.173 - - [08/Apr/2022:04:14:20 +0000] "GET /ecommerce_prepare_data/products_list/?state_json=%7B%22sku_ids%22%3A%5B%2211805%22%2C%2211772%22%2C%2211774%22%2C%2211806%22%2C%2212161%22%2C%2212165%22%2C%2211808%22%2C%2211809%22%2C%2212167%22%2C%2211773%22%2C%2211810%22%2C%2212164%22%2C%2212166%22%2C%2212169%22%2C%2212170%22%2C%2211778%22%2C%2212305%22%2C%2212168%22%2C%2212308%22%2C%2212310%22%2C%2211771%22%2C%2211775%22%2C%2211779%22%2C%2211811%22%2C%2211812%22%2C%2211897%22%2C%2211898%22%2C%2212304%22%2C%2212306%22%2C%2212307%22%5D%2C%22list_name%22%3A%22%D0%A2%D0%B0%D0%BD%D0%B4%D1%8B%D1%80%D1%8B+%D0%B8+%D0%BC%D0%B0%D0%BD%D0%B3%D0%B0%D0%BB%D1%8B%2F%D0%A2%D0%B0%D0%BD%D0%B4%D1%8B%D1%80%D1%8B%22%7D HTTP/2.0" 200 1090 "https://justgrill.ru/mangaly/tandyry/" "Mozilla/5.0 (Windows NT 10.0) AppleWebKit/537.36 (KHTML, like Gecko) Chrome/99.0.4844.74 Safari/537.36"
45.138.147.173 - - [08/Apr/2022:04:14:20 +0000] "GET /wa-apps/shop/plugins/searchpro/fonts/Roboto/Roboto-Regular.woff2 HTTP/2.0" 200 66004 "https://justgrill.ru/wa-apps/shop/plugins/searchpro/css/frontend.fonts.css?v1.9.0.1649391257" "Mozilla/5.0 (Windows NT 10.0) AppleWebKit/537.36 (KHTML, like Gecko) Chrome/99.0.4844.74 Safari/537.36"
45.138.147.173 - - [08/Apr/2022:04:14:20 +0000] "GET /regions/getPopupContent/ HTTP/2.0" 200 1023 "https://justgrill.ru/mangaly/tandyry/" "Mozilla/5.0 (Windows NT 10.0) AppleWebKit/537.36 (KHTML, like Gecko) Chrome/99.0.4844.74 Safari/537.36"
45.138.147.173 - - [08/Apr/2022:04:14:20 +0000] "GET /regions/getPopupContent/ HTTP/2.0" 200 1023 "https://justgrill.ru/mangaly/tandyry/" "Mozilla/5.0 (Windows NT 10.0) AppleWebKit/537.36 (KHTML, like Gecko) Chrome/99.0.4844.74 Safari/537.36"
77.88.5.229 - - [08/Apr/2022:04:14:21 +0000] "GET /robots.txt HTTP/1.1" 404 5 "-" "Mozilla/5.0 (compatible; YandexBot/3.0; +http://yandex.com/bots)"
45.138.147.173 - - [08/Apr/2022:04:14:21 +0000] "GET /favicon.ico HTTP/2.0" 200 54978 "https://justgrill.ru/mangaly/tandyry/" "Mozilla/5.0 (Windows NT 10.0) AppleWebKit/537.36 (KHTML, like Gecko) Chrome/99.0.4844.74 Safari/537.36"
77.88.5.229 - - [08/Apr/2022:04:14:24 +0000] "GET / HTTP/1.1" 302 5 "-" "Mozilla/5.0 (compatible; YandexBot/3.0; +http://yandex.com/bots)"
77.88.5.70 - - [08/Apr/2022:04:14:30 +0000] "GET /webasyst/ HTTP/1.1" 200 1818 "-" "Mozilla/5.0 (compatible; YandexBot/3.0; +http://yandex.com/bots)"
142.132.143.108 - - [08/Apr/2022:04:14:39 +0000] "GET /blog/rss/ HTTP/1.1" 200 10237 "-" "Mozilla/5.0 (compatible; DataForSeoBot/1.0; +https://dataforseo.com/dataforseo-bot)"
77.88.5.229 - - [08/Apr/2022:04:14:39 +0000] "GET /robots.txt HTTP/1.1" 200 606 "-" "Mozilla/5.0 (compatible; YandexBot/3.0; +http://yandex.com/bots)"
77.88.5.229 - - [08/Apr/2022:04:14:41 +0000] "GET /yandexmarket/66630fba-7cd6-417b-bd98-afbf93571f0f.xml HTTP/1.1" 200 6689 "-" "Mozilla/5.0 (compatible; YandexDirectDyn/1.0; +http://yandex.com/bots)"
66.249.66.63 - - [08/Apr/2022:04:14:47 +0000] "GET /aksessuary/reshetki/reshetka-dlya-grilya-m-diametr-38-sm/ HTTP/1.1" 301 5 "-" "Mozilla/5.0 (compatible; Googlebot/2.1; +http://www.google.com/bot.html)"
66.249.66.63 - - [08/Apr/2022:04:14:48 +0000] "GET /aksessuary/reshetki/reshetka-dlya-grilya-big-green-egg-m-chugunnaya-38-sm/ HTTP/1.1" 200 32275 "-" "Mozilla/5.0 (compatible; Googlebot/2.1; +http://www.google.com/bot.html)"
77.88.5.229 - - [08/Apr/2022:04:15:05 +0000] "GET /aksessuary/posuda/protiveni-gril/protiven-dlya-griley-weber-q-1000-serii/ HTTP/1.1" 200 31150 "-" "Mozilla/5.0 (compatible; YandexBot/3.0; +http://yandex.com/bots) AppleWebKit/537.36 (KHTML, like Gecko) Chrome/81.0.4044.268"
185.191.171.24 - - [08/Apr/2022:04:15:22 +0000] "GET /aksessuary/dlya-kopcheniya/konteynery/yashchik-dlya-kopcheniya-broil-king/ HTTP/1.1" 200 34860 "-" "Mozilla/5.0 (compatible; SemrushBot/7~bl; +http://www.semrush.com/bot.html)"
95.37.85.97 - - [08/Apr/2022:04:15:27 +0000] "GET /?utm_source=yandex&utm_medium=cpc&utm_campaign=%D0%B3%D1%80%D0%B8%D0%BB%D0%B8/%D0%BF%D0%BE%D0%B8%D1%81%D0%BA/%D0%BA%D1%80%D0%B4&utm_content=JG&utm_term=%D0%B3%D1%80%D0%B8%D0%BB%D1%8C%20%D1%81%D1%82%D0%BE%D0%B8%D0%BC%D0%BE%D1%81%D1%82%D1%8C®ion=47®ion_name=%D0%9D%D0%B8%D0%B6%D0%BD%D0%B8%D0%B9%20%D0%9D%D0%BE%D0%B2%D0%B3%D0%BE%D1%80%D0%BE%D0%B4&block=premium&position=1&yclid=8444264513218805759 HTTP/2.0" 200 39913 "https://yandex.ru/" "Mozilla/5.0 (Linux; Android 4.2.2; ME302KL) AppleWebKit/537.36 (KHTML, like Gecko) Chrome/70.0.3538.102 YaBrowser/18.11.1.1011.01 Safari/537.36"
95.37.85.97 - - [08/Apr/2022:04:15:28 +0000] "GET /searchpro-plugin/config/?v1.9.0.1649391327?1811561461 HTTP/2.0" 200 559 "https://nn.justgrill.ru/?utm_source=yandex&utm_medium=cpc&utm_campaign=%D0%B3%D1%80%D0%B8%D0%BB%D0%B8/%D0%BF%D0%BE%D0%B8%D1%81%D0%BA/%D0%BA%D1%80%D0%B4&utm_content=JG&utm_term=%D0%B3%D1%80%D0%B8%D0%BB%D1%8C%20%D1%81%D1%82%D0%BE%D0%B8%D0%BC%D0%BE%D1%81%D1%82%D1%8C®ion=47®ion_name=%D0%9D%D0%B8%D0%B6%D0%BD%D0%B8%D0%B9%20%D0%9D%D0%BE%D0%B2%D0%B3%D0%BE%D1%80%D0%BE%D0%B4&block=premium&position=1&yclid=8444264513218805759" "Mozilla/5.0 (Linux; Android 4.2.2; ME302KL) AppleWebKit/537.36 (KHTML, like Gecko) Chrome/70.0.3538.102 YaBrowser/18.11.1.1011.01 Safari/537.36"
95.37.85.97 - - [08/Apr/2022:04:15:29 +0000] "GET /searchpro-plugin/config/?v1.9.0.1649391327?192663850 HTTP/2.0" 200 559 "https://nn.justgrill.ru/?utm_source=yandex&utm_medium=cpc&utm_campaign=%D0%B3%D1%80%D0%B8%D0%BB%D0%B8/%D0%BF%D0%BE%D0%B8%D1%81%D0%BA/%D0%BA%D1%80%D0%B4&utm_content=JG&utm_term=%D0%B3%D1%80%D0%B8%D0%BB%D1%8C%20%D1%81%D1%82%D0%BE%D0%B8%D0%BC%D0%BE%D1%81%D1%82%D1%8C®ion=47®ion_name=%D0%9D%D0%B8%D0%B6%D0%BD%D0%B8%D0%B9%20%D0%9D%D0%BE%D0%B2%D0%B3%D0%BE%D1%80%D0%BE%D0%B4&block=premium&position=1&yclid=8444264513218805759" "Mozilla/5.0 (Linux; Android 4.2.2; ME302KL) AppleWebKit/537.36 (KHTML, like Gecko) Chrome/70.0.3538.102 YaBrowser/18.11.1.1011.01 Safari/537.36"
95.37.85.97 - - [08/Apr/2022:04:15:30 +0000] "GET /shop/captcha.php?rid=1649391327624fb6dfa0759 HTTP/2.0" 200 13571 "https://nn.justgrill.ru/?utm_source=yandex&utm_medium=cpc&utm_campaign=%D0%B3%D1%80%D0%B8%D0%BB%D0%B8/%D0%BF%D0%BE%D0%B8%D1%81%D0%BA/%D0%BA%D1%80%D0%B4&utm_content=JG&utm_term=%D0%B3%D1%80%D0%B8%D0%BB%D1%8C%20%D1%81%D1%82%D0%BE%D0%B8%D0%BC%D0%BE%D1%81%D1%82%D1%8C®ion=47®ion_name=%D0%9D%D0%B8%D0%B6%D0%BD%D0%B8%D0%B9%20%D0%9D%D0%BE%D0%B2%D0%B3%D0%BE%D1%80%D0%BE%D0%B4&block=premium&position=1&yclid=8444264513218805759" "Mozilla/5.0 (Linux; Android 4.2.2; ME302KL) AppleWebKit/537.36 (KHTML, like Gecko) Chrome/70.0.3538.102 YaBrowser/18.11.1.1011.01 Safari/537.36"
77.88.5.229 - - [08/Apr/2022:04:15:36 +0000] "GET /aksessuary/posuda/protiveni-gril/protiven-dlya-griley-weber-q-1000-serii/ HTTP/1.1" 200 31151 "-" "Mozilla/5.0 (compatible; YandexBot/3.0; +http://yandex.com/bots) AppleWebKit/537.36 (KHTML, like Gecko) Chrome/81.0.4044.268"
77.88.5.229 - - [08/Apr/2022:04:15:38 +0000] "GET /wa-content/js/jquery-plugins/jquery.cookie.js HTTP/1.1" 200 1355 "https://saratov.justgrill.ru/aksessuary/posuda/protiveni-gril/protiven-dlya-griley-weber-q-1000-serii/" "Mozilla/5.0 (compatible; YandexBot/3.0; +http://yandex.com/bots) AppleWebKit/537.36 (KHTML, like Gecko) Chrome/81.0.4044.268"
5.182.36.245 - - [08/Apr/2022:04:15:46 +0000] "GET /aksessuary/instrumenty/nozhi/povarskoy-nozh-santoku/ HTTP/1.1" 200 32231 "-" "Mozilla/5.0 (X11; Linux x86_64) AppleWebKit/537.36 (KHTML, like Gecko) Chrome/80.0.3987.149 Safari/537.36"
77.88.5.70 - - [08/Apr/2022:04:15:51 +0000] "GET /?yclid=7710547526903176844 HTTP/1.1" 301 162 "-" "Mozilla/5.0 (compatible; YandexMetrika/2.0; +http://yandex.com/bots yabs01)"
66.249.66.30 - - [08/Apr/2022:04:15:59 +0000] "GET /aksessuary/starter-dlya-rozzhiga-uglya/ HTTP/1.1" 301 5 "-" "Mozilla/5.0 (compatible; Googlebot/2.1; +http://www.google.com/bot.html)"
45.138.147.173 - - [08/Apr/2022:04:16:01 +0000] "GET /mangaly/tandyry/tandyr-yesaul-s-otkidnoy-kryshkoy/ HTTP/2.0" 200 34140 "https://justgrill.ru/mangaly/tandyry/" "Mozilla/5.0 (Windows NT 10.0) AppleWebKit/537.36 (KHTML, like Gecko) Chrome/99.0.4844.74 Safari/537.36"
45.138.147.173 - - [08/Apr/2022:04:16:02 +0000] "GET /wa-data/public/site/themes/justgrill/img/spec.svg HTTP/2.0" 200 1307 "https://justgrill.ru/mangaly/tandyry/tandyr-yesaul-s-otkidnoy-kryshkoy/" "Mozilla/5.0 (Windows NT 10.0) AppleWebKit/537.36 (KHTML, like Gecko) Chrome/99.0.4844.74 Safari/537.36"
45.138.147.173 - - [08/Apr/2022:04:16:02 +0000] "GET /wa-data/public/site/themes/justgrill/img/stock.svg HTTP/2.0" 200 3342 "https://justgrill.ru/mangaly/tandyry/tandyr-yesaul-s-otkidnoy-kryshkoy/" "Mozilla/5.0 (Windows NT 10.0) AppleWebKit/537.36 (KHTML, like Gecko) Chrome/99.0.4844.74 Safari/537.36"
45.138.147.173 - - [08/Apr/2022:04:16:02 +0000] "GET /searchpro-plugin/config/?v1.9.0.1649391361?641554365 HTTP/2.0" 200 557 "https://justgrill.ru/mangaly/tandyry/tandyr-yesaul-s-otkidnoy-kryshkoy/" "Mozilla/5.0 (Windows NT 10.0) AppleWebKit/537.36 (KHTML, like Gecko) Chrome/99.0.4844.74 Safari/537.36"
45.138.147.173 - - [08/Apr/2022:04:16:02 +0000] "GET /searchpro-plugin/config/?v1.9.0.1649391361?1842328301 HTTP/2.0" 200 557 "https://justgrill.ru/mangaly/tandyry/tandyr-yesaul-s-otkidnoy-kryshkoy/" "Mozilla/5.0 (Windows NT 10.0) AppleWebKit/537.36 (KHTML, like Gecko) Chrome/99.0.4844.74 Safari/537.36"
45.138.147.173 - - [08/Apr/2022:04:16:03 +0000] "GET /wa-content/js/signup/signup.js?v=8.21.0.1649391361 HTTP/2.0" 200 6675 "https://justgrill.ru/mangaly/tandyry/tandyr-yesaul-s-otkidnoy-kryshkoy/" "Mozilla/5.0 (Windows NT 10.0) AppleWebKit/537.36 (KHTML, like Gecko) Chrome/99.0.4844.74 Safari/537.36"
45.138.147.173 - - [08/Apr/2022:04:16:03 +0000] "GET /wa-content/css/signup/signup.css?v=8.21.0.1649391361 HTTP/2.0" 200 1909 "https://justgrill.ru/mangaly/tandyry/tandyr-yesaul-s-otkidnoy-kryshkoy/" "Mozilla/5.0 (Windows NT 10.0) AppleWebKit/537.36 (KHTML, like Gecko) Chrome/99.0.4844.74 Safari/537.36"
45.138.147.173 - - [08/Apr/2022:04:16:03 +0000] "GET /wa-content/js/login/login-frontend-form.min.js?v=8.21.0.1649391361 HTTP/2.0" 200 5488 "https://justgrill.ru/mangaly/tandyry/tandyr-yesaul-s-otkidnoy-kryshkoy/" "Mozilla/5.0 (Windows NT 10.0) AppleWebKit/537.36 (KHTML, like Gecko) Chrome/99.0.4844.74 Safari/537.36"
45.138.147.173 - - [08/Apr/2022:04:16:03 +0000] "GET /wa-content/css/login/frontend/login.css?v=8.21.0.1649391361 HTTP/2.0" 200 1762 "https://justgrill.ru/mangaly/tandyry/tandyr-yesaul-s-otkidnoy-kryshkoy/" "Mozilla/5.0 (Windows NT 10.0) AppleWebKit/537.36 (KHTML, like Gecko) Chrome/99.0.4844.74 Safari/537.36"
45.138.147.173 - - [08/Apr/2022:04:16:03 +0000] "GET /wa-content/js/login/forgotpassword-frontend-form.min.js?v=8.21.0.1649391361 HTTP/2.0" 200 4709 "https://justgrill.ru/mangaly/tandyry/tandyr-yesaul-s-otkidnoy-kryshkoy/" "Mozilla/5.0 (Windows NT 10.0) AppleWebKit/537.36 (KHTML, like Gecko) Chrome/99.0.4844.74 Safari/537.36"
45.138.147.173 - - [08/Apr/2022:04:16:03 +0000] "GET /wa-content/css/login/frontend/forgot-password.css?v=8.21.0.1649391361 HTTP/2.0" 200 1560 "https://justgrill.ru/mangaly/tandyry/tandyr-yesaul-s-otkidnoy-kryshkoy/" "Mozilla/5.0 (Windows NT 10.0) AppleWebKit/537.36 (KHTML, like Gecko) Chrome/99.0.4844.74 Safari/537.36"
45.138.147.173 - - [08/Apr/2022:04:16:03 +0000] "GET /wa-content/font/ruble/arial/alsrubl-arial-bold.woff HTTP/2.0" 200 1792 "https://justgrill.ru/wa-content/font/ruble/arial/fontface.css" "Mozilla/5.0 (Windows NT 10.0) AppleWebKit/537.36 (KHTML, like Gecko) Chrome/99.0.4844.74 Safari/537.36"
45.138.147.173 - - [08/Apr/2022:04:16:03 +0000] "GET /regions/getPopupContent/ HTTP/2.0" 200 1023 "https://justgrill.ru/mangaly/tandyry/tandyr-yesaul-s-otkidnoy-kryshkoy/" "Mozilla/5.0 (Windows NT 10.0) AppleWebKit/537.36 (KHTML, like Gecko) Chrome/99.0.4844.74 Safari/537.36"
45.138.147.173 - - [08/Apr/2022:04:16:03 +0000] "GET /regions/getPopupContent/ HTTP/2.0" 200 1023 "https://justgrill.ru/mangaly/tandyry/tandyr-yesaul-s-otkidnoy-kryshkoy/" "Mozilla/5.0 (Windows NT 10.0) AppleWebKit/537.36 (KHTML, like Gecko) Chrome/99.0.4844.74 Safari/537.36"
185.191.171.23 - - [08/Apr/2022:04:16:09 +0000] "GET /robots.txt HTTP/1.1" 200 251 "-" "Mozilla/5.0 (compatible; SemrushBot/7~bl; +http://www.semrush.com/bot.html)"
185.191.171.25 - - [08/Apr/2022:04:16:11 +0000] "GET /brendy/weber/7005-razdelochnaya-doska/ HTTP/1.1" 301 5 "-" "Mozilla/5.0 (compatible; SemrushBot/7~bl; +http://www.semrush.com/bot.html)"
185.191.171.18 - - [08/Apr/2022:04:16:13 +0000] "GET /aksessuary/instrumenty/razdelochnaya-doska-weber-dlya-gazovyh-griley/ HTTP/1.1" 301 5 "-" "Mozilla/5.0 (compatible; SemrushBot/7~bl; +http://www.semrush.com/bot.html)"
185.191.171.7 - - [08/Apr/2022:04:16:16 +0000] "GET /aksessuary/instrumenty/razdelochnaya-doska/razdelochnaya-doska-weber-dlya-gazovyh-griley/ HTTP/1.1" 200 33083 "-" "Mozilla/5.0 (compatible; SemrushBot/7~bl; +http://www.semrush.com/bot.html)"
66.249.66.28 - - [08/Apr/2022:04:16:16 +0000] "GET /aksessuary/ugli-i-rozzhigi/starter-rozzhig/ HTTP/1.1" 200 30506 "-" "Mozilla/5.0 (compatible; Googlebot/2.1; +http://www.google.com/bot.html)"
66.249.66.52 - - [08/Apr/2022:04:16:17 +0000] "GET /blog/yabloki-s-gretskimi-orekhami-i-koritsey/ HTTP/1.1" 301 5 "-" "Mozilla/5.0 (Linux; Android 6.0.1; Nexus 5X Build/MMB29P) AppleWebKit/537.36 (KHTML, like Gecko) Chrome/100.0.4896.75 Mobile Safari/537.36 (compatible; Googlebot/2.1; +http://www.google.com/bot.html)"
66.249.66.48 - - [08/Apr/2022:04:16:19 +0000] "GET /blog/yabloki-s-gretskimi-orekhami-i-koritsey/ HTTP/1.1" 301 162 "-" "Mozilla/5.0 (Linux; Android 6.0.1; Nexus 5X Build/MMB29P) AppleWebKit/537.36 (KHTML, like Gecko) Chrome/100.0.4896.75 Mobile Safari/537.36 (compatible; Googlebot/2.1; +http://www.google.com/bot.html)"
66.249.66.59 - - [08/Apr/2022:04:16:23 +0000] "GET /blog/yabloki-s-gretskimi-orekhami-i-koritsey/ HTTP/1.1" 500 13728 "-" "Mozilla/5.0 (Linux; Android 6.0.1; Nexus 5X Build/MMB29P) AppleWebKit/537.36 (KHTML, like Gecko) Chrome/100.0.4896.75 Mobile Safari/537.36 (compatible; Googlebot/2.1; +http://www.google.com/bot.html)"
54.36.148.220 - - [08/Apr/2022:04:16:36 +0000] "GET /obogrevateli-ulichnye/gazovye/nagrevatel-gaz-ulich-patio-m-g31-37mbar-czp-ruchupr-82kvt-steklo-chertisn/ HTTP/2.0" 200 32874 "-" "Mozilla/5.0 (compatible; AhrefsBot/7.0; +http://ahrefs.com/robot/)"
89.178.48.58 - - [08/Apr/2022:04:17:11 +0000] "GET /wa-content/font/ruble/arial/fontface.css HTTP/2.0" 200 371 "-" "Mozilla/5.0 (Linux; Android 12; SM-G970F) AppleWebKit/537.36 (KHTML, like Gecko) Chrome/100.0.4896.79 Mobile Safari/537.36"
89.178.48.58 - - [08/Apr/2022:04:17:11 +0000] "GET / HTTP/2.0" 200 39192 "https://www.google.com/" "Mozilla/5.0 (Linux; Android 12; SM-G970F) AppleWebKit/537.36 (KHTML, like Gecko) Chrome/100.0.4896.79 Mobile Safari/537.36"
66.249.66.61 - - [08/Apr/2022:04:17:11 +0000] "GET /aksessuary/oborudovanie/ustroystvo-dlya-zakhvata-reshetok/ HTTP/1.1" 301 5 "-" "Mozilla/5.0 (compatible; Googlebot/2.1; +http://www.google.com/bot.html)"
89.178.48.58 - - [08/Apr/2022:04:17:11 +0000] "GET /wa-content/js/jquery-plugins/jquery.cookie.js HTTP/2.0" 200 1343 "https://justgrill.ru/" "Mozilla/5.0 (Linux; Android 12; SM-G970F) AppleWebKit/537.36 (KHTML, like Gecko) Chrome/100.0.4896.79 Mobile Safari/537.36"
89.178.48.58 - - [08/Apr/2022:04:17:11 +0000] "GET /wa-content/js/jquery-plugins/jquery.cookie.js?v2.4.1 HTTP/2.0" 200 1343 "https://justgrill.ru/" "Mozilla/5.0 (Linux; Android 12; SM-G970F) AppleWebKit/537.36 (KHTML, like Gecko) Chrome/100.0.4896.79 Mobile Safari/537.36"
89.178.48.58 - - [08/Apr/2022:04:17:11 +0000] "GET /wa-content/js/jquery-plugins/jquery.retina.min.js?v2.4.1 HTTP/2.0" 200 900 "https://justgrill.ru/" "Mozilla/5.0 (Linux; Android 12; SM-G970F) AppleWebKit/537.36 (KHTML, like Gecko) Chrome/100.0.4896.79 Mobile Safari/537.36"
89.178.48.58 - - [08/Apr/2022:04:17:12 +0000] "GET /searchpro-plugin/config/?v1.9.0.1649391431?895174213 HTTP/2.0" 200 557 "https://justgrill.ru/" "Mozilla/5.0 (Linux; Android 12; SM-G970F) AppleWebKit/537.36 (KHTML, like Gecko) Chrome/100.0.4896.79 Mobile Safari/537.36"
89.178.48.58 - - [08/Apr/2022:04:17:12 +0000] "GET /searchpro-plugin/config/?v1.9.0.1649391431?1896456540 HTTP/2.0" 200 557 "https://justgrill.ru/" "Mozilla/5.0 (Linux; Android 12; SM-G970F) AppleWebKit/537.36 (KHTML, like Gecko) Chrome/100.0.4896.79 Mobile Safari/537.36"
89.178.48.58 - - [08/Apr/2022:04:17:12 +0000] "GET /wa-data/public/site/themes/justgrill/fonts/Robotobold.woff2 HTTP/2.0" 200 28384 "https://justgrill.ru/wa-data/public/site/themes/justgrill/css/fonts.css?v3.3.1.1649391431" "Mozilla/5.0 (Linux; Android 12; SM-G970F) AppleWebKit/537.36 (KHTML, like Gecko) Chrome/100.0.4896.79 Mobile Safari/537.36"
89.178.48.58 - - [08/Apr/2022:04:17:12 +0000] "GET /wa-data/public/site/themes/justgrill/fonts/Robotolight.woff2 HTTP/2.0" 200 28296 "https://justgrill.ru/wa-data/public/site/themes/justgrill/css/fonts.css?v3.3.1.1649391431" "Mozilla/5.0 (Linux; Android 12; SM-G970F) AppleWebKit/537.36 (KHTML, like Gecko) Chrome/100.0.4896.79 Mobile Safari/537.36"
89.178.48.58 - - [08/Apr/2022:04:17:12 +0000] "GET /wa-data/public/site/themes/justgrill/fonts/Roboto.woff2 HTTP/2.0" 200 28036 "https://justgrill.ru/wa-data/public/site/themes/justgrill/css/fonts.css?v3.3.1.1649391431" "Mozilla/5.0 (Linux; Android 12; SM-G970F) AppleWebKit/537.36 (KHTML, like Gecko) Chrome/100.0.4896.79 Mobile Safari/537.36"
89.178.48.58 - - [08/Apr/2022:04:17:12 +0000] "GET /wa-data/public/site/themes/justgrill/img/basket.svg HTTP/2.0" 200 3868 "https://justgrill.ru/wa-data/public/site/themes/justgrill/css/main.css?v3.3.1.1649391431" "Mozilla/5.0 (Linux; Android 12; SM-G970F) AppleWebKit/537.36 (KHTML, like Gecko) Chrome/100.0.4896.79 Mobile Safari/537.36"
89.178.48.58 - - [08/Apr/2022:04:17:12 +0000] "GET /wa-data/public/site/themes/justgrill/img/user.svg HTTP/2.0" 200 5703 "https://justgrill.ru/wa-data/public/site/themes/justgrill/css/main.css?v3.3.1.1649391431" "Mozilla/5.0 (Linux; Android 12; SM-G970F) AppleWebKit/537.36 (KHTML, like Gecko) Chrome/100.0.4896.79 Mobile Safari/537.36"
89.178.48.58 - - [08/Apr/2022:04:17:12 +0000] "GET /wa-data/public/site/themes/justgrill/fonts/Robotoblack.woff2 HTTP/2.0" 200 28452 "https://justgrill.ru/wa-data/public/site/themes/justgrill/css/fonts.css?v3.3.1.1649391431" "Mozilla/5.0 (Linux; Android 12; SM-G970F) AppleWebKit/537.36 (KHTML, like Gecko) Chrome/100.0.4896.79 Mobile Safari/537.36"
89.178.48.58 - - [08/Apr/2022:04:17:12 +0000] "GET /wa-data/public/site/themes/justgrill/fonts/Robotomedium.woff2 HTTP/2.0" 200 28312 "https://justgrill.ru/wa-data/public/site/themes/justgrill/css/fonts.css?v3.3.1.1649391431" "Mozilla/5.0 (Linux; Android 12; SM-G970F) AppleWebKit/537.36 (KHTML, like Gecko) Chrome/100.0.4896.79 Mobile Safari/537.36"
89.178.48.58 - - [08/Apr/2022:04:17:12 +0000] "GET /wa-content/font/ruble/arial/alsrubl-arial-regular.woff HTTP/2.0" 200 1788 "https://justgrill.ru/wa-content/font/ruble/arial/fontface.css" "Mozilla/5.0 (Linux; Android 12; SM-G970F) AppleWebKit/537.36 (KHTML, like Gecko) Chrome/100.0.4896.79 Mobile Safari/537.36"
89.178.48.58 - - [08/Apr/2022:04:17:12 +0000] "GET /wa-content/css/signup/signup.css?v=8.21.0.1649391431 HTTP/2.0" 200 1909 "https://justgrill.ru/" "Mozilla/5.0 (Linux; Android 12; SM-G970F) AppleWebKit/537.36 (KHTML, like Gecko) Chrome/100.0.4896.79 Mobile Safari/537.36"
89.178.48.58 - - [08/Apr/2022:04:17:12 +0000] "GET /wa-content/css/login/frontend/login.css?v=8.21.0.1649391431 HTTP/2.0" 200 1762 "https://justgrill.ru/" "Mozilla/5.0 (Linux; Android 12; SM-G970F) AppleWebKit/537.36 (KHTML, like Gecko) Chrome/100.0.4896.79 Mobile Safari/537.36"
89.178.48.58 - - [08/Apr/2022:04:17:12 +0000] "GET /wa-content/css/login/frontend/forgot-password.css?v=8.21.0.1649391431 HTTP/2.0" 200 1560 "https://justgrill.ru/" "Mozilla/5.0 (Linux; Android 12; SM-G970F) AppleWebKit/537.36 (KHTML, like Gecko) Chrome/100.0.4896.79 Mobile Safari/537.36"
89.178.48.58 - - [08/Apr/2022:04:17:13 +0000] "GET /wa-data/public/site/themes/justgrill/img/menu-arrow-right.svg HTTP/2.0" 200 202 "https://justgrill.ru/wa-data/public/site/themes/justgrill/css/main.css?v3.3.1.1649391431" "Mozilla/5.0 (Linux; Android 12; SM-G970F) AppleWebKit/537.36 (KHTML, like Gecko) Chrome/100.0.4896.79 Mobile Safari/537.36"
89.178.48.58 - - [08/Apr/2022:04:17:13 +0000] "GET /wa-data/public/site/themes/justgrill/img/menu-arrow-left.svg HTTP/2.0" 200 201 "https://justgrill.ru/wa-data/public/site/themes/justgrill/css/main.css?v3.3.1.1649391431" "Mozilla/5.0 (Linux; Android 12; SM-G970F) AppleWebKit/537.36 (KHTML, like Gecko) Chrome/100.0.4896.79 Mobile Safari/537.36"
89.178.48.58 - - [08/Apr/2022:04:17:13 +0000] "GET /wa-data/public/site/themes/justgrill/img/phone.svg HTTP/2.0" 200 99750 "https://justgrill.ru/wa-data/public/site/themes/justgrill/css/main.css?v3.3.1.1649391431" "Mozilla/5.0 (Linux; Android 12; SM-G970F) AppleWebKit/537.36 (KHTML, like Gecko) Chrome/100.0.4896.79 Mobile Safari/537.36"
89.178.48.58 - - [08/Apr/2022:04:17:13 +0000] "GET /wa-data/public/site/themes/justgrill/img/email.svg HTTP/2.0" 200 354 "https://justgrill.ru/wa-data/public/site/themes/justgrill/css/main.css?v3.3.1.1649391431" "Mozilla/5.0 (Linux; Android 12; SM-G970F) AppleWebKit/537.36 (KHTML, like Gecko) Chrome/100.0.4896.79 Mobile Safari/537.36"
89.178.48.58 - - [08/Apr/2022:04:17:13 +0000] "GET /wa-data/public/site/themes/justgrill/img/adress.svg HTTP/2.0" 200 80968 "https://justgrill.ru/wa-data/public/site/themes/justgrill/css/main.css?v3.3.1.1649391431" "Mozilla/5.0 (Linux; Android 12; SM-G970F) AppleWebKit/537.36 (KHTML, like Gecko) Chrome/100.0.4896.79 Mobile Safari/537.36"
89.178.48.58 - - [08/Apr/2022:04:17:13 +0000] "GET /regions/getPopupContent/ HTTP/2.0" 200 1023 "https://justgrill.ru/" "Mozilla/5.0 (Linux; Android 12; SM-G970F) AppleWebKit/537.36 (KHTML, like Gecko) Chrome/100.0.4896.79 Mobile Safari/537.36"
89.178.48.58 - - [08/Apr/2022:04:17:13 +0000] "GET /wa-apps/shop/plugins/searchpro/fonts/Roboto/Roboto-Regular.woff2 HTTP/2.0" 200 66004 "https://justgrill.ru/wa-apps/shop/plugins/searchpro/css/frontend.fonts.css?v1.9.0.1649391431" "Mozilla/5.0 (Linux; Android 12; SM-G970F) AppleWebKit/537.36 (KHTML, like Gecko) Chrome/100.0.4896.79 Mobile Safari/537.36"
89.178.48.58 - - [08/Apr/2022:04:17:13 +0000] "GET /wa-content/js/signup/signup.js?v=8.21.0.1649391431 HTTP/2.0" 200 6675 "https://justgrill.ru/" "Mozilla/5.0 (Linux; Android 12; SM-G970F) AppleWebKit/537.36 (KHTML, like Gecko) Chrome/100.0.4896.79 Mobile Safari/537.36"
89.178.48.58 - - [08/Apr/2022:04:17:13 +0000] "GET /wa-content/js/login/login-frontend-form.min.js?v=8.21.0.1649391431 HTTP/2.0" 200 5488 "https://justgrill.ru/" "Mozilla/5.0 (Linux; Android 12; SM-G970F) AppleWebKit/537.36 (KHTML, like Gecko) Chrome/100.0.4896.79 Mobile Safari/537.36"
89.178.48.58 - - [08/Apr/2022:04:17:13 +0000] "GET /wa-content/js/login/forgotpassword-frontend-form.min.js?v=8.21.0.1649391431 HTTP/2.0" 200 4709 "https://justgrill.ru/" "Mozilla/5.0 (Linux; Android 12; SM-G970F) AppleWebKit/537.36 (KHTML, like Gecko) Chrome/100.0.4896.79 Mobile Safari/537.36"
66.249.66.61 - - [08/Apr/2022:04:17:13 +0000] "GET /aksessuary/reshetki/ustroystvo-dlya-zakhvata-reshetok-napoleon/ HTTP/1.1" 200 34131 "-" "Mozilla/5.0 (compatible; Googlebot/2.1; +http://www.google.com/bot.html)"
89.178.48.58 - - [08/Apr/2022:04:17:14 +0000] "GET /wa-content/font/ruble/arial/fontface.css HTTP/2.0" 200 371 "-" "Mozilla/5.0 (Linux; Android 12; SM-G970F) AppleWebKit/537.36 (KHTML, like Gecko) Chrome/100.0.4896.79 Mobile Safari/537.36"
89.178.48.58 - - [08/Apr/2022:04:17:14 +0000] "GET / HTTP/2.0" 200 40158 "https://www.google.com/" "Mozilla/5.0 (Linux; Android 12; SM-G970F) AppleWebKit/537.36 (KHTML, like Gecko) Chrome/100.0.4896.79 Mobile Safari/537.36"
89.178.48.58 - - [08/Apr/2022:04:17:15 +0000] "GET /wa-content/js/jquery-plugins/jquery.cookie.js HTTP/2.0" 200 1343 "https://krd.justgrill.ru/" "Mozilla/5.0 (Linux; Android 12; SM-G970F) AppleWebKit/537.36 (KHTML, like Gecko) Chrome/100.0.4896.79 Mobile Safari/537.36"
89.178.48.58 - - [08/Apr/2022:04:17:15 +0000] "GET /wa-content/js/jquery-plugins/jquery.cookie.js?v2.4.1 HTTP/2.0" 200 1343 "https://krd.justgrill.ru/" "Mozilla/5.0 (Linux; Android 12; SM-G970F) AppleWebKit/537.36 (KHTML, like Gecko) Chrome/100.0.4896.79 Mobile Safari/537.36"
89.178.48.58 - - [08/Apr/2022:04:17:15 +0000] "GET /wa-content/js/jquery-plugins/jquery.retina.min.js?v2.4.1 HTTP/2.0" 200 900 "https://krd.justgrill.ru/" "Mozilla/5.0 (Linux; Android 12; SM-G970F) AppleWebKit/537.36 (KHTML, like Gecko) Chrome/100.0.4896.79 Mobile Safari/537.36"
89.178.48.58 - - [08/Apr/2022:04:17:15 +0000] "GET /wa-data/public/site/themes/justgrill/fonts/Robotobold.woff2 HTTP/2.0" 200 28384 "https://krd.justgrill.ru/wa-data/public/site/themes/justgrill/css/fonts.css?v3.3.1.1649391434" "Mozilla/5.0 (Linux; Android 12; SM-G970F) AppleWebKit/537.36 (KHTML, like Gecko) Chrome/100.0.4896.79 Mobile Safari/537.36"
89.178.48.58 - - [08/Apr/2022:04:17:15 +0000] "GET /wa-data/public/site/themes/justgrill/fonts/Robotolight.woff2 HTTP/2.0" 200 28296 "https://krd.justgrill.ru/wa-data/public/site/themes/justgrill/css/fonts.css?v3.3.1.1649391434" "Mozilla/5.0 (Linux; Android 12; SM-G970F) AppleWebKit/537.36 (KHTML, like Gecko) Chrome/100.0.4896.79 Mobile Safari/537.36"
89.178.48.58 - - [08/Apr/2022:04:17:15 +0000] "GET /searchpro-plugin/config/?v1.9.0.1649391434?793351527 HTTP/2.0" 200 560 "https://krd.justgrill.ru/" "Mozilla/5.0 (Linux; Android 12; SM-G970F) AppleWebKit/537.36 (KHTML, like Gecko) Chrome/100.0.4896.79 Mobile Safari/537.36"
89.178.48.58 - - [08/Apr/2022:04:17:15 +0000] "GET /wa-data/public/site/themes/justgrill/fonts/Roboto.woff2 HTTP/2.0" 200 28036 "https://krd.justgrill.ru/wa-data/public/site/themes/justgrill/css/fonts.css?v3.3.1.1649391434" "Mozilla/5.0 (Linux; Android 12; SM-G970F) AppleWebKit/537.36 (KHTML, like Gecko) Chrome/100.0.4896.79 Mobile Safari/537.36"
89.178.48.58 - - [08/Apr/2022:04:17:15 +0000] "GET /wa-data/public/site/themes/justgrill/img/basket.svg HTTP/2.0" 200 3868 "https://krd.justgrill.ru/wa-data/public/site/themes/justgrill/css/main.css?v3.3.1.1649391434" "Mozilla/5.0 (Linux; Android 12; SM-G970F) AppleWebKit/537.36 (KHTML, like Gecko) Chrome/100.0.4896.79 Mobile Safari/537.36"
89.178.48.58 - - [08/Apr/2022:04:17:15 +0000] "GET /wa-data/public/site/themes/justgrill/img/user.svg HTTP/2.0" 200 5703 "https://krd.justgrill.ru/wa-data/public/site/themes/justgrill/css/main.css?v3.3.1.1649391434" "Mozilla/5.0 (Linux; Android 12; SM-G970F) AppleWebKit/537.36 (KHTML, like Gecko) Chrome/100.0.4896.79 Mobile Safari/537.36"
89.178.48.58 - - [08/Apr/2022:04:17:15 +0000] "GET /searchpro-plugin/config/?v1.9.0.1649391434?924091504 HTTP/2.0" 200 560 "https://krd.justgrill.ru/" "Mozilla/5.0 (Linux; Android 12; SM-G970F) AppleWebKit/537.36 (KHTML, like Gecko) Chrome/100.0.4896.79 Mobile Safari/537.36"
89.178.48.58 - - [08/Apr/2022:04:17:16 +0000] "GET /wa-apps/shop/plugins/searchpro/fonts/Roboto/Roboto-Regular.woff2 HTTP/2.0" 200 66004 "https://krd.justgrill.ru/wa-apps/shop/plugins/searchpro/css/frontend.fonts.css?v1.9.0.1649391434" "Mozilla/5.0 (Linux; Android 12; SM-G970F) AppleWebKit/537.36 (KHTML, like Gecko) Chrome/100.0.4896.79 Mobile Safari/537.36"
89.178.48.58 - - [08/Apr/2022:04:17:16 +0000] "GET /wa-data/public/site/themes/justgrill/img/menu-arrow-right.svg HTTP/2.0" 200 202 "https://krd.justgrill.ru/wa-data/public/site/themes/justgrill/css/main.css?v3.3.1.1649391434" "Mozilla/5.0 (Linux; Android 12; SM-G970F) AppleWebKit/537.36 (KHTML, like Gecko) Chrome/100.0.4896.79 Mobile Safari/537.36"
89.178.48.58 - - [08/Apr/2022:04:17:16 +0000] "GET /wa-data/public/site/themes/justgrill/img/menu-arrow-left.svg HTTP/2.0" 200 201 "https://krd.justgrill.ru/wa-data/public/site/themes/justgrill/css/main.css?v3.3.1.1649391434" "Mozilla/5.0 (Linux; Android 12; SM-G970F) AppleWebKit/537.36 (KHTML, like Gecko) Chrome/100.0.4896.79 Mobile Safari/537.36"
89.178.48.58 - - [08/Apr/2022:04:17:16 +0000] "GET /wa-data/public/site/themes/justgrill/fonts/Robotoblack.woff2 HTTP/2.0" 200 28452 "https://krd.justgrill.ru/wa-data/public/site/themes/justgrill/css/fonts.css?v3.3.1.1649391434" "Mozilla/5.0 (Linux; Android 12; SM-G970F) AppleWebKit/537.36 (KHTML, like Gecko) Chrome/100.0.4896.79 Mobile Safari/537.36"
89.178.48.58 - - [08/Apr/2022:04:17:16 +0000] "GET /wa-data/public/site/themes/justgrill/fonts/Robotomedium.woff2 HTTP/2.0" 200 28312 "https://krd.justgrill.ru/wa-data/public/site/themes/justgrill/css/fonts.css?v3.3.1.1649391434" "Mozilla/5.0 (Linux; Android 12; SM-G970F) AppleWebKit/537.36 (KHTML, like Gecko) Chrome/100.0.4896.79 Mobile Safari/537.36"
89.178.48.58 - - [08/Apr/2022:04:17:16 +0000] "GET /wa-content/font/ruble/arial/alsrubl-arial-regular.woff HTTP/2.0" 200 1788 "https://krd.justgrill.ru/wa-content/font/ruble/arial/fontface.css" "Mozilla/5.0 (Linux; Android 12; SM-G970F) AppleWebKit/537.36 (KHTML, like Gecko) Chrome/100.0.4896.79 Mobile Safari/537.36"
89.178.48.58 - - [08/Apr/2022:04:17:16 +0000] "GET /wa-content/css/signup/signup.css?v=8.21.0.1649391434 HTTP/2.0" 200 1909 "https://krd.justgrill.ru/" "Mozilla/5.0 (Linux; Android 12; SM-G970F) AppleWebKit/537.36 (KHTML, like Gecko) Chrome/100.0.4896.79 Mobile Safari/537.36"
89.178.48.58 - - [08/Apr/2022:04:17:16 +0000] "GET /wa-content/css/login/frontend/login.css?v=8.21.0.1649391434 HTTP/2.0" 200 1762 "https://krd.justgrill.ru/" "Mozilla/5.0 (Linux; Android 12; SM-G970F) AppleWebKit/537.36 (KHTML, like Gecko) Chrome/100.0.4896.79 Mobile Safari/537.36"
89.178.48.58 - - [08/Apr/2022:04:17:16 +0000] "GET /wa-content/css/login/frontend/forgot-password.css?v=8.21.0.1649391434 HTTP/2.0" 200 1560 "https://krd.justgrill.ru/" "Mozilla/5.0 (Linux; Android 12; SM-G970F) AppleWebKit/537.36 (KHTML, like Gecko) Chrome/100.0.4896.79 Mobile Safari/537.36"
89.178.48.58 - - [08/Apr/2022:04:17:17 +0000] "GET /regions/getPopupContent/ HTTP/2.0" 200 1028 "https://krd.justgrill.ru/" "Mozilla/5.0 (Linux; Android 12; SM-G970F) AppleWebKit/537.36 (KHTML, like Gecko) Chrome/100.0.4896.79 Mobile Safari/537.36"
89.178.48.58 - - [08/Apr/2022:04:17:17 +0000] "GET /regions/getPopupContent/ HTTP/2.0" 200 1028 "https://krd.justgrill.ru/" "Mozilla/5.0 (Linux; Android 12; SM-G970F) AppleWebKit/537.36 (KHTML, like Gecko) Chrome/100.0.4896.79 Mobile Safari/537.36"
89.178.48.58 - - [08/Apr/2022:04:17:17 +0000] "GET /wa-data/public/site/themes/justgrill/img/phone.svg HTTP/2.0" 200 99750 "https://krd.justgrill.ru/wa-data/public/site/themes/justgrill/css/main.css?v3.3.1.1649391434" "Mozilla/5.0 (Linux; Android 12; SM-G970F) AppleWebKit/537.36 (KHTML, like Gecko) Chrome/100.0.4896.79 Mobile Safari/537.36"
89.178.48.58 - - [08/Apr/2022:04:17:17 +0000] "GET /wa-data/public/site/themes/justgrill/img/email.svg HTTP/2.0" 200 354 "https://krd.justgrill.ru/wa-data/public/site/themes/justgrill/css/main.css?v3.3.1.1649391434" "Mozilla/5.0 (Linux; Android 12; SM-G970F) AppleWebKit/537.36 (KHTML, like Gecko) Chrome/100.0.4896.79 Mobile Safari/537.36"
89.178.48.58 - - [08/Apr/2022:04:17:17 +0000] "GET /wa-data/public/site/themes/justgrill/img/adress.svg HTTP/2.0" 200 80968 "https://krd.justgrill.ru/wa-data/public/site/themes/justgrill/css/main.css?v3.3.1.1649391434" "Mozilla/5.0 (Linux; Android 12; SM-G970F) AppleWebKit/537.36 (KHTML, like Gecko) Chrome/100.0.4896.79 Mobile Safari/537.36"
89.178.48.58 - - [08/Apr/2022:04:17:17 +0000] "GET /wa-content/js/signup/signup.js?v=8.21.0.1649391434 HTTP/2.0" 200 6675 "https://krd.justgrill.ru/" "Mozilla/5.0 (Linux; Android 12; SM-G970F) AppleWebKit/537.36 (KHTML, like Gecko) Chrome/100.0.4896.79 Mobile Safari/537.36"
