89.178.48.58 - - [08/Apr/2022:04:17:17 +0000] "GET /wa-content/js/login/login-frontend-form.min.js?v=8.21.0.1649391434 HTTP/2.0" 200 5488 "https://krd.justgrill.ru/" "Mozilla/5.0 (Linux; Android 12; SM-G970F) AppleWebKit/537.36 (KHTML, like Gecko) Chrome/100.0.4896.79 Mobile Safari/537.36"
89.178.48.58 - - [08/Apr/2022:04:17:17 +0000] "GET /shop/captcha.php?rid=1649391434624fb74ac3741 HTTP/2.0" 200 13290 "https://krd.justgrill.ru/" "Mozilla/5.0 (Linux; Android 12; SM-G970F) AppleWebKit/537.36 (KHTML, like Gecko) Chrome/100.0.4896.79 Mobile Safari/537.36"
89.178.48.58 - - [08/Apr/2022:04:17:17 +0000] "GET /wa-content/js/login/forgotpassword-frontend-form.min.js?v=8.21.0.1649391434 HTTP/2.0" 200 4709 "https://krd.justgrill.ru/" "Mozilla/5.0 (Linux; Android 12; SM-G970F) AppleWebKit/537.36 (KHTML, like Gecko) Chrome/100.0.4896.79 Mobile Safari/537.36"
45.89.52.234 - - [08/Apr/2022:04:17:18 +0000] "GET /aksessuary/podstavki-i-rostery/roster-gril/metallicheskiy-roster-big-green-egg-dlya-kuritsy/ HTTP/1.1" 200 32127 "-" "Mozilla/5.0 (X11; Linux x86_64) AppleWebKit/537.36 (KHTML, like Gecko) Chrome/80.0.3987.149 Safari/537.36"
89.178.48.58 - - [08/Apr/2022:04:17:19 +0000] "GET /favicon.ico HTTP/2.0" 200 54978 "https://krd.justgrill.ru/" "Mozilla/5.0 (Linux; Android 12; SM-G970F) AppleWebKit/537.36 (KHTML, like Gecko) Chrome/100.0.4896.79 Mobile Safari/537.36"
114.119.129.163 - - [08/Apr/2022:04:17:30 +0000] "GET /mangaly/mangal/pech-gril-iskander-komfort-eyr-chugun-reshyotkoy-gril HTTP/1.1" 301 5 "-" "Mozilla/5.0 (Linux; Android 7.0;) AppleWebKit/537.36 (KHTML, like Gecko) Mobile Safari/537.36 (compatible; PetalBot;+https://webmaster.petalsearch.com/site/petalbot)"
77.88.5.229 - - [08/Apr/2022:04:17:35 +0000] "GET /search/928/weber/ HTTP/1.1" 200 32054 "-" "Mozilla/5.0 (compatible; YandexBot/3.0; +http://yandex.com/bots)"
114.119.129.163 - - [08/Apr/2022:04:17:36 +0000] "GET /mangaly/mangal/pech-gril-iskander-komfort-eyr-chugun-reshyotkoy-gril/ HTTP/1.1" 301 5 "-" "Mozilla/5.0 (Linux; Android 7.0;) AppleWebKit/537.36 (KHTML, like Gecko) Mobile Safari/537.36 (compatible; PetalBot;+https://webmaster.petalsearch.com/site/petalbot)"
77.88.5.229 - - [08/Apr/2022:04:17:37 +0000] "GET / HTTP/1.1" 200 39197 "-" "Mozilla/5.0 (compatible; YandexBot/3.0; +http://yandex.com/bots) AppleWebKit/537.36 (KHTML, like Gecko) Chrome/81.0.4044.268"
114.119.129.163 - - [08/Apr/2022:04:17:40 +0000] "GET /mangaly/mangal/pech-gril-grillver-iskander-komfort-eyr-chugun-reshyotka/ HTTP/1.1" 301 5 "-" "Mozilla/5.0 (Linux; Android 7.0;) AppleWebKit/537.36 (KHTML, like Gecko) Mobile Safari/537.36 (compatible; PetalBot;+https://webmaster.petalsearch.com/site/petalbot)"
77.88.5.229 - - [08/Apr/2022:04:17:43 +0000] "GET /wa-content/js/jquery-plugins/jquery.cookie.js HTTP/1.1" 200 1355 "https://justgrill.ru/" "Mozilla/5.0 (compatible; YandexBot/3.0; +http://yandex.com/bots) AppleWebKit/537.36 (KHTML, like Gecko) Chrome/81.0.4044.268"
114.119.129.163 - - [08/Apr/2022:04:17:54 +0000] "GET /mangaly/mangal/grillver/iskander/pech-gril-grillver-iskander-komfort-eyr-chugun-reshyotka/ HTTP/1.1" 200 34847 "-" "Mozilla/5.0 (Linux; Android 7.0;) AppleWebKit/537.36 (KHTML, like Gecko) Mobile Safari/537.36 (compatible; PetalBot;+https://webmaster.petalsearch.com/site/petalbot)"
45.138.147.173 - - [08/Apr/2022:04:17:55 +0000] "GET /mangaly/tandyry/ HTTP/2.0" 200 35889 "https://justgrill.ru/mangaly/tandyry/tandyr-yesaul-s-otkidnoy-kryshkoy/" "Mozilla/5.0 (Windows NT 10.0) AppleWebKit/537.36 (KHTML, like Gecko) Chrome/99.0.4844.74 Safari/537.36"
45.138.147.173 - - [08/Apr/2022:04:17:56 +0000] "GET /searchpro-plugin/config/?v1.9.0.1649391475?876765494 HTTP/2.0" 200 557 "https://justgrill.ru/mangaly/tandyry/" "Mozilla/5.0 (Windows NT 10.0) AppleWebKit/537.36 (KHTML, like Gecko) Chrome/99.0.4844.74 Safari/537.36"
45.138.147.173 - - [08/Apr/2022:04:17:56 +0000] "GET /searchpro-plugin/config/?v1.9.0.1649391475?1953733361 HTTP/2.0" 200 557 "https://justgrill.ru/mangaly/tandyry/" "Mozilla/5.0 (Windows NT 10.0) AppleWebKit/537.36 (KHTML, like Gecko) Chrome/99.0.4844.74 Safari/537.36"
45.138.147.173 - - [08/Apr/2022:04:17:56 +0000] "GET /wa-content/js/signup/signup.js?v=8.21.0.1649391475 HTTP/2.0" 200 6675 "https://justgrill.ru/mangaly/tandyry/" "Mozilla/5.0 (Windows NT 10.0) AppleWebKit/537.36 (KHTML, like Gecko) Chrome/99.0.4844.74 Safari/537.36"
45.138.147.173 - - [08/Apr/2022:04:17:56 +0000] "GET /wa-content/css/signup/signup.css?v=8.21.0.1649391475 HTTP/2.0" 200 1909 "https://justgrill.ru/mangaly/tandyry/" "Mozilla/5.0 (Windows NT 10.0) AppleWebKit/537.36 (KHTML, like Gecko) Chrome/99.0.4844.74 Safari/537.36"
45.138.147.173 - - [08/Apr/2022:04:17:56 +0000] "GET /wa-content/js/login/login-frontend-form.min.js?v=8.21.0.1649391475 HTTP/2.0" 200 5488 "https://justgrill.ru/mangaly/tandyry/" "Mozilla/5.0 (Windows NT 10.0) AppleWebKit/537.36 (KHTML, like Gecko) Chrome/99.0.4844.74 Safari/537.36"
45.138.147.173 - - [08/Apr/2022:04:17:56 +0000] "GET /wa-content/css/login/frontend/login.css?v=8.21.0.1649391475 HTTP/2.0" 200 1762 "https://justgrill.ru/mangaly/tandyry/" "Mozilla/5.0 (Windows NT 10.0) AppleWebKit/537.36 (KHTML, like Gecko) Chrome/99.0.4844.74 Safari/537.36"
45.138.147.173 - - [08/Apr/2022:04:17:56 +0000] "GET /wa-content/js/login/forgotpassword-frontend-form.min.js?v=8.21.0.1649391475 HTTP/2.0" 200 4709 "https://justgrill.ru/mangaly/tandyry/" "Mozilla/5.0 (Windows NT 10.0) AppleWebKit/537.36 (KHTML, like Gecko) Chrome/99.0.4844.74 Safari/537.36"
45.138.147.173 - - [08/Apr/2022:04:17:56 +0000] "GET /wa-content/css/login/frontend/forgot-password.css?v=8.21.0.1649391475 HTTP/2.0" 200 1560 "https://justgrill.ru/mangaly/tandyry/" "Mozilla/5.0 (Windows NT 10.0) AppleWebKit/537.36 (KHTML, like Gecko) Chrome/99.0.4844.74 Safari/537.36"
45.138.147.173 - - [08/Apr/2022:04:17:57 +0000] "GET /ecommerce_prepare_data/products_list/?state_json=%7B%22sku_ids%22%3A%5B%2211805%22%2C%2211772%22%2C%2211774%22%2C%2211806%22%2C%2212161%22%2C%2212165%22%2C%2211808%22%2C%2211809%22%2C%2212167%22%2C%2211773%22%2C%2211810%22%2C%2212164%22%2C%2212166%22%2C%2212169%22%2C%2212170%22%2C%2211778%22%2C%2212305%22%2C%2212168%22%2C%2212308%22%2C%2212310%22%2C%2211771%22%2C%2211775%22%2C%2211779%22%2C%2211811%22%2C%2211812%22%2C%2211897%22%2C%2211898%22%2C%2212304%22%2C%2212306%22%2C%2212307%22%5D%2C%22list_name%22%3A%22%D0%A2%D0%B0%D0%BD%D0%B4%D1%8B%D1%80%D1%8B+%D0%B8+%D0%BC%D0%B0%D0%BD%D0%B3%D0%B0%D0%BB%D1%8B%2F%D0%A2%D0%B0%D0%BD%D0%B4%D1%8B%D1%80%D1%8B%22%7D HTTP/2.0" 200 1090 "https://justgrill.ru/mangaly/tandyry/" "Mozilla/5.0 (Windows NT 10.0) AppleWebKit/537.36 (KHTML, like Gecko) Chrome/99.0.4844.74 Safari/537.36"
45.138.147.173 - - [08/Apr/2022:04:17:57 +0000] "GET /regions/getPopupContent/ HTTP/2.0" 200 1023 "https://justgrill.ru/mangaly/tandyry/" "Mozilla/5.0 (Windows NT 10.0) AppleWebKit/537.36 (KHTML, like Gecko) Chrome/99.0.4844.74 Safari/537.36"
45.138.147.173 - - [08/Apr/2022:04:17:57 +0000] "GET /regions/getPopupContent/ HTTP/2.0" 200 1023 "https://justgrill.ru/mangaly/tandyry/" "Mozilla/5.0 (Windows NT 10.0) AppleWebKit/537.36 (KHTML, like Gecko) Chrome/99.0.4844.74 Safari/537.36"
66.249.66.56 - - [08/Apr/2022:04:18:14 +0000] "GET /obogrevateli-ulichnye/nagrevatel-gaz-ulich-patiomg3137mbarczp---steklo-chertisn-ruchupr-82kvt/ HTTP/1.1" 301 5 "-" "Mozilla/5.0 (Linux; Android 6.0.1; Nexus 5X Build/MMB29P) AppleWebKit/537.36 (KHTML, like Gecko) Chrome/100.0.4896.75 Mobile Safari/537.36 (compatible; Googlebot/2.1; +http://www.google.com/bot.html)"
66.249.66.50 - - [08/Apr/2022:04:18:16 +0000] "GET /obogrevateli-ulichnye/nagrevatel-gaz-ulich-patiomg3137mbarczp---steklo-chertisn-ruchupr-82kvt/ HTTP/1.1" 301 162 "-" "Mozilla/5.0 (Linux; Android 6.0.1; Nexus 5X Build/MMB29P) AppleWebKit/537.36 (KHTML, like Gecko) Chrome/100.0.4896.75 Mobile Safari/537.36 (compatible; Googlebot/2.1; +http://www.google.com/bot.html)"
114.119.128.62 - - [08/Apr/2022:04:18:16 +0000] "GET /grili/ugolnye/napoleon/apollo-as300k/ HTTP/1.1" 301 5 "-" "Mozilla/5.0 (Linux; Android 7.0;) AppleWebKit/537.36 (KHTML, like Gecko) Mobile Safari/537.36 (compatible; PetalBot;+https://webmaster.petalsearch.com/site/petalbot)"
66.249.66.55 - - [08/Apr/2022:04:18:17 +0000] "GET /obogrevateli-ulichnye/nagrevatel-gaz-ulich-patiomg3137mbarczp---steklo-chertisn-ruchupr-82kvt/ HTTP/1.1" 301 5 "-" "Mozilla/5.0 (Linux; Android 6.0.1; Nexus 5X Build/MMB29P) AppleWebKit/537.36 (KHTML, like Gecko) Chrome/100.0.4896.75 Mobile Safari/537.36 (compatible; Googlebot/2.1; +http://www.google.com/bot.html)"
66.249.66.7 - - [08/Apr/2022:04:18:19 +0000] "GET /wa-data/public/shop/products/95/28/12895/images/12464/12464.750@2x.jpg HTTP/1.1" 404 31 "-" "Googlebot-Image/1.0"
114.119.128.62 - - [08/Apr/2022:04:18:19 +0000] "GET /grili/ugolnye/napoleon/ugolny-gril-napoleon-apollo-as300k-48-sm-cherny/ HTTP/1.1" 301 5 "-" "Mozilla/5.0 (Linux; Android 7.0;) AppleWebKit/537.36 (KHTML, like Gecko) Mobile Safari/537.36 (compatible; PetalBot;+https://webmaster.petalsearch.com/site/petalbot)"
66.249.66.55 - - [08/Apr/2022:04:18:20 +0000] "GET /obogrevateli-ulichnye/gazovye/nagrevatel-gaz-ulich-patio-m-g31-37mbar-czp-ruchupr-82kvt-steklo-chertisn/ HTTP/1.1" 200 32449 "-" "Mozilla/5.0 (Linux; Android 6.0.1; Nexus 5X Build/MMB29P) AppleWebKit/537.36 (KHTML, like Gecko) Chrome/100.0.4896.75 Mobile Safari/537.36 (compatible; Googlebot/2.1; +http://www.google.com/bot.html)"
178.154.154.183 - - [08/Apr/2022:04:18:21 +0000] "POST /ym_api/1/?action=/cart HTTP/1.1" 200 110 "-" "Apache-HttpClient/4.5.6 (Java/11.0.8-shenandoah)"
66.249.66.52 - - [08/Apr/2022:04:18:23 +0000] "GET /aksessuary/chekhly-dlya-griley/premium-chekhol-dlya-grilya-s/ HTTP/1.1" 301 5 "-" "Mozilla/5.0 (compatible; Googlebot/2.1; +http://www.google.com/bot.html)"
66.249.66.48 - - [08/Apr/2022:04:18:24 +0000] "GET /aksessuary/chekhly-dlya-griley/premium-chekhol-dlya-grilya-s/ HTTP/1.1" 301 162 "-" "Mozilla/5.0 (compatible; Googlebot/2.1; +http://www.google.com/bot.html)"
66.249.66.57 - - [08/Apr/2022:04:18:25 +0000] "GET /aksessuary/chekhly-dlya-griley/premium-chekhol-dlya-grilya-s/ HTTP/1.1" 301 5 "-" "Mozilla/5.0 (compatible; Googlebot/2.1; +http://www.google.com/bot.html)"
66.249.66.56 - - [08/Apr/2022:04:18:26 +0000] "GET /blog/nyezhnyye-aromatnyye-pyersiki-v-vinnoy-karamyeli-na-podushkye-iz-maskarponye/ HTTP/1.1" 500 14756 "-" "Mozilla/5.0 (Linux; Android 6.0.1; Nexus 5X Build/MMB29P) AppleWebKit/537.36 (KHTML, like Gecko) Chrome/99.0.4844.84 Mobile Safari/537.36 (compatible; Googlebot/2.1; +http://www.google.com/bot.html)"
188.130.190.117 - - [08/Apr/2022:04:18:27 +0000] "GET /photos/krasnodar/ HTTP/1.1" 200 25170 "-" "Mozilla/5.0 (X11; Linux x86_64) AppleWebKit/537.36 (KHTML, like Gecko) Chrome/85.0.4183.83 Safari/537.36"
66.249.66.55 - - [08/Apr/2022:04:18:27 +0000] "GET /aksessuary/chekhly-dlya-griley/premium-chekhol-dlya-grilya-big-breen-egg-s/ HTTP/1.1" 200 32408 "-" "Mozilla/5.0 (compatible; Googlebot/2.1; +http://www.google.com/bot.html)"
114.119.128.62 - - [08/Apr/2022:04:18:27 +0000] "GET /mangaly/koptilni/smoker-koptilnya-napoleon-apollo-as300k-48-sm-cherny/ HTTP/1.1" 200 35584 "-" "Mozilla/5.0 (Linux; Android 7.0;) AppleWebKit/537.36 (KHTML, like Gecko) Mobile Safari/537.36 (compatible; PetalBot;+https://webmaster.petalsearch.com/site/petalbot)"
193.233.35.254 - - [08/Apr/2022:04:18:34 +0000] "GET /brand/weber/?page=3 HTTP/1.1" 200 36592 "-" "Mozilla/5.0 (X11; Linux x86_64) AppleWebKit/537.36 (KHTML, like Gecko) Chrome/83.0.2549.68 Safari/537.36"
45.155.53.161 - - [08/Apr/2022:04:19:04 +0000] "GET /aksessuary/oborudovanie/termometry-gril/termometr-dlya-griley-broil-king-imperial-regal-baron-sov-signet-monarch/ HTTP/1.1" 200 33229 "-" "Mozilla/5.0 (X11; Linux x86_64) AppleWebKit/537.36 (KHTML, like Gecko) Chrome/80.0.3987.149 Safari/537.36"
185.191.171.36 - - [08/Apr/2022:04:19:14 +0000] "GET /aksessuary/instrumenty/nabory-gril/big-green-egg/ HTTP/1.1" 200 29003 "-" "Mozilla/5.0 (compatible; SemrushBot/7~bl; +http://www.semrush.com/bot.html)"
85.249.30.12 - - [08/Apr/2022:04:19:32 +0000] "GET / HTTP/2.0" 200 39230 "https://www.google.com/" "Mozilla/5.0 (Linux; Android 12; SM-G970F) AppleWebKit/537.36 (KHTML, like Gecko) Chrome/100.0.4896.79 Mobile Safari/537.36"
85.249.30.12 - - [08/Apr/2022:04:19:32 +0000] "GET /wa-content/font/ruble/arial/fontface.css HTTP/2.0" 200 371 "https://justgrill.ru/" "Mozilla/5.0 (Linux; Android 12; SM-G970F) AppleWebKit/537.36 (KHTML, like Gecko) Chrome/100.0.4896.79 Mobile Safari/537.36"
85.249.30.12 - - [08/Apr/2022:04:19:32 +0000] "GET /wa-content/js/jquery-plugins/jquery.cookie.js HTTP/2.0" 200 1343 "https://justgrill.ru/" "Mozilla/5.0 (Linux; Android 12; SM-G970F) AppleWebKit/537.36 (KHTML, like Gecko) Chrome/100.0.4896.79 Mobile Safari/537.36"
85.249.30.12 - - [08/Apr/2022:04:19:33 +0000] "GET /wa-content/js/jquery-plugins/jquery.cookie.js?v2.4.1 HTTP/2.0" 200 1343 "https://justgrill.ru/" "Mozilla/5.0 (Linux; Android 12; SM-G970F) AppleWebKit/537.36 (KHTML, like Gecko) Chrome/100.0.4896.79 Mobile Safari/537.36"
85.249.30.12 - - [08/Apr/2022:04:19:33 +0000] "GET /wa-content/js/jquery-plugins/jquery.retina.min.js?v2.4.1 HTTP/2.0" 200 900 "https://justgrill.ru/" "Mozilla/5.0 (Linux; Android 12; SM-G970F) AppleWebKit/537.36 (KHTML, like Gecko) Chrome/100.0.4896.79 Mobile Safari/537.36"
85.249.30.12 - - [08/Apr/2022:04:19:33 +0000] "GET /searchpro-plugin/config/?v1.9.0.1649391572?1002441437 HTTP/2.0" 200 557 "https://justgrill.ru/" "Mozilla/5.0 (Linux; Android 12; SM-G970F) AppleWebKit/537.36 (KHTML, like Gecko) Chrome/100.0.4896.79 Mobile Safari/537.36"
85.249.30.12 - - [08/Apr/2022:04:19:33 +0000] "GET /wa-data/public/site/themes/justgrill/fonts/Robotobold.woff2 HTTP/2.0" 200 28384 "https://justgrill.ru/wa-data/public/site/themes/justgrill/css/fonts.css?v3.3.1.1649391572" "Mozilla/5.0 (Linux; Android 12; SM-G970F) AppleWebKit/537.36 (KHTML, like Gecko) Chrome/100.0.4896.79 Mobile Safari/537.36"
85.249.30.12 - - [08/Apr/2022:04:19:33 +0000] "GET /wa-data/public/site/themes/justgrill/fonts/Robotolight.woff2 HTTP/2.0" 200 28296 "https://justgrill.ru/wa-data/public/site/themes/justgrill/css/fonts.css?v3.3.1.1649391572" "Mozilla/5.0 (Linux; Android 12; SM-G970F) AppleWebKit/537.36 (KHTML, like Gecko) Chrome/100.0.4896.79 Mobile Safari/537.36"
85.249.30.12 - - [08/Apr/2022:04:19:33 +0000] "GET /wa-data/public/site/themes/justgrill/fonts/Roboto.woff2 HTTP/2.0" 200 28036 "https://justgrill.ru/wa-data/public/site/themes/justgrill/css/fonts.css?v3.3.1.1649391572" "Mozilla/5.0 (Linux; Android 12; SM-G970F) AppleWebKit/537.36 (KHTML, like Gecko) Chrome/100.0.4896.79 Mobile Safari/537.36"
85.249.30.12 - - [08/Apr/2022:04:19:34 +0000] "GET /wa-apps/shop/plugins/searchpro/fonts/Roboto/Roboto-Regular.woff2 HTTP/2.0" 200 66004 "https://justgrill.ru/wa-apps/shop/plugins/searchpro/css/frontend.fonts.css?v1.9.0.1649391572" "Mozilla/5.0 (Linux; Android 12; SM-G970F) AppleWebKit/537.36 (KHTML, like Gecko) Chrome/100.0.4896.79 Mobile Safari/537.36"
66.249.66.3 - - [08/Apr/2022:04:19:35 +0000] "GET /aksessuary/poddony-protivni-reshetki/ HTTP/1.1" 301 5 "-" "Mozilla/5.0 (compatible; Googlebot/2.1; +http://www.google.com/bot.html)"
66.249.66.28 - - [08/Apr/2022:04:19:36 +0000] "GET /aksessuary/posuda/poddon-gril/ HTTP/1.1" 200 34443 "-" "Mozilla/5.0 (compatible; Googlebot/2.1; +http://www.google.com/bot.html)"
85.249.30.12 - - [08/Apr/2022:04:19:37 +0000] "GET /wa-data/public/site/themes/justgrill/img/basket.svg HTTP/2.0" 200 3868 "https://justgrill.ru/wa-data/public/site/themes/justgrill/css/main.css?v3.3.1.1649391572" "Mozilla/5.0 (Linux; Android 12; SM-G970F) AppleWebKit/537.36 (KHTML, like Gecko) Chrome/100.0.4896.79 Mobile Safari/537.36"
85.249.30.12 - - [08/Apr/2022:04:19:37 +0000] "GET /wa-data/public/site/themes/justgrill/img/user.svg HTTP/2.0" 200 5703 "https://justgrill.ru/wa-data/public/site/themes/justgrill/css/main.css?v3.3.1.1649391572" "Mozilla/5.0 (Linux; Android 12; SM-G970F) AppleWebKit/537.36 (KHTML, like Gecko) Chrome/100.0.4896.79 Mobile Safari/537.36"
85.249.30.12 - - [08/Apr/2022:04:19:37 +0000] "GET /searchpro-plugin/config/?v1.9.0.1649391572?892499309 HTTP/2.0" 200 557 "https://justgrill.ru/" "Mozilla/5.0 (Linux; Android 12; SM-G970F) AppleWebKit/537.36 (KHTML, like Gecko) Chrome/100.0.4896.79 Mobile Safari/537.36"
85.249.30.12 - - [08/Apr/2022:04:19:38 +0000] "GET /wa-data/public/site/themes/justgrill/fonts/Robotoblack.woff2 HTTP/2.0" 200 28452 "https://justgrill.ru/wa-data/public/site/themes/justgrill/css/fonts.css?v3.3.1.1649391572" "Mozilla/5.0 (Linux; Android 12; SM-G970F) AppleWebKit/537.36 (KHTML, like Gecko) Chrome/100.0.4896.79 Mobile Safari/537.36"
85.249.30.12 - - [08/Apr/2022:04:19:38 +0000] "GET /wa-data/public/site/themes/justgrill/fonts/Robotomedium.woff2 HTTP/2.0" 200 28312 "https://justgrill.ru/wa-data/public/site/themes/justgrill/css/fonts.css?v3.3.1.1649391572" "Mozilla/5.0 (Linux; Android 12; SM-G970F) AppleWebKit/537.36 (KHTML, like Gecko) Chrome/100.0.4896.79 Mobile Safari/537.36"
85.249.30.12 - - [08/Apr/2022:04:19:38 +0000] "GET /wa-data/public/site/themes/justgrill/img/menu-arrow-right.svg HTTP/2.0" 200 202 "https://justgrill.ru/wa-data/public/site/themes/justgrill/css/main.css?v3.3.1.1649391572" "Mozilla/5.0 (Linux; Android 12; SM-G970F) AppleWebKit/537.36 (KHTML, like Gecko) Chrome/100.0.4896.79 Mobile Safari/537.36"
85.249.30.12 - - [08/Apr/2022:04:19:38 +0000] "GET /wa-data/public/site/themes/justgrill/img/menu-arrow-left.svg HTTP/2.0" 200 201 "https://justgrill.ru/wa-data/public/site/themes/justgrill/css/main.css?v3.3.1.1649391572" "Mozilla/5.0 (Linux; Android 12; SM-G970F) AppleWebKit/537.36 (KHTML, like Gecko) Chrome/100.0.4896.79 Mobile Safari/537.36"
85.249.30.12 - - [08/Apr/2022:04:19:39 +0000] "GET /wa-content/font/ruble/arial/alsrubl-arial-regular.woff HTTP/2.0" 200 1788 "https://justgrill.ru/wa-content/font/ruble/arial/fontface.css" "Mozilla/5.0 (Linux; Android 12; SM-G970F) AppleWebKit/537.36 (KHTML, like Gecko) Chrome/100.0.4896.79 Mobile Safari/537.36"
85.249.30.12 - - [08/Apr/2022:04:19:39 +0000] "GET /wa-content/css/signup/signup.css?v=8.21.0.1649391572 HTTP/2.0" 200 1909 "https://justgrill.ru/" "Mozilla/5.0 (Linux; Android 12; SM-G970F) AppleWebKit/537.36 (KHTML, like Gecko) Chrome/100.0.4896.79 Mobile Safari/537.36"
85.249.30.12 - - [08/Apr/2022:04:19:39 +0000] "GET /wa-content/css/login/frontend/login.css?v=8.21.0.1649391572 HTTP/2.0" 200 1762 "https://justgrill.ru/" "Mozilla/5.0 (Linux; Android 12; SM-G970F) AppleWebKit/537.36 (KHTML, like Gecko) Chrome/100.0.4896.79 Mobile Safari/537.36"
85.249.30.12 - - [08/Apr/2022:04:19:39 +0000] "GET /wa-content/css/login/frontend/forgot-password.css?v=8.21.0.1649391572 HTTP/2.0" 200 1560 "https://justgrill.ru/" "Mozilla/5.0 (Linux; Android 12; SM-G970F) AppleWebKit/537.36 (KHTML, like Gecko) Chrome/100.0.4896.79 Mobile Safari/537.36"
85.249.30.12 - - [08/Apr/2022:04:19:39 +0000] "GET /regions/getPopupContent/ HTTP/2.0" 200 1023 "https://justgrill.ru/" "Mozilla/5.0 (Linux; Android 12; SM-G970F) AppleWebKit/537.36 (KHTML, like Gecko) Chrome/100.0.4896.79 Mobile Safari/537.36"
85.249.30.12 - - [08/Apr/2022:04:19:40 +0000] "GET /wa-data/public/site/themes/justgrill/img/phone.svg HTTP/2.0" 200 99750 "https://justgrill.ru/wa-data/public/site/themes/justgrill/css/main.css?v3.3.1.1649391572" "Mozilla/5.0 (Linux; Android 12; SM-G970F) AppleWebKit/537.36 (KHTML, like Gecko) Chrome/100.0.4896.79 Mobile Safari/537.36"
85.249.30.12 - - [08/Apr/2022:04:19:40 +0000] "GET /wa-data/public/site/themes/justgrill/img/email.svg HTTP/2.0" 200 354 "https://justgrill.ru/wa-data/public/site/themes/justgrill/css/main.css?v3.3.1.1649391572" "Mozilla/5.0 (Linux; Android 12; SM-G970F) AppleWebKit/537.36 (KHTML, like Gecko) Chrome/100.0.4896.79 Mobile Safari/537.36"
85.249.30.12 - - [08/Apr/2022:04:19:41 +0000] "GET /wa-data/public/site/themes/justgrill/img/adress.svg HTTP/2.0" 200 80968 "https://justgrill.ru/wa-data/public/site/themes/justgrill/css/main.css?v3.3.1.1649391572" "Mozilla/5.0 (Linux; Android 12; SM-G970F) AppleWebKit/537.36 (KHTML, like Gecko) Chrome/100.0.4896.79 Mobile Safari/537.36"
85.249.30.12 - - [08/Apr/2022:04:19:41 +0000] "GET /regions/getPopupContent/ HTTP/2.0" 200 1023 "https://justgrill.ru/" "Mozilla/5.0 (Linux; Android 12; SM-G970F) AppleWebKit/537.36 (KHTML, like Gecko) Chrome/100.0.4896.79 Mobile Safari/537.36"
85.249.30.12 - - [08/Apr/2022:04:19:41 +0000] "GET /wa-content/js/signup/signup.js?v=8.21.0.1649391572 HTTP/2.0" 200 6675 "https://justgrill.ru/" "Mozilla/5.0 (Linux; Android 12; SM-G970F) AppleWebKit/537.36 (KHTML, like Gecko) Chrome/100.0.4896.79 Mobile Safari/537.36"
85.249.30.12 - - [08/Apr/2022:04:19:41 +0000] "GET /wa-content/js/login/login-frontend-form.min.js?v=8.21.0.1649391572 HTTP/2.0" 200 5488 "https://justgrill.ru/" "Mozilla/5.0 (Linux; Android 12; SM-G970F) AppleWebKit/537.36 (KHTML, like Gecko) Chrome/100.0.4896.79 Mobile Safari/537.36"
85.249.30.12 - - [08/Apr/2022:04:19:41 +0000] "GET /wa-content/js/login/forgotpassword-frontend-form.min.js?v=8.21.0.1649391572 HTTP/2.0" 200 4709 "https://justgrill.ru/" "Mozilla/5.0 (Linux; Android 12; SM-G970F) AppleWebKit/537.36 (KHTML, like Gecko) Chrome/100.0.4896.79 Mobile Safari/537.36"
85.249.30.12 - - [08/Apr/2022:04:19:45 +0000] "GET /favicon.ico HTTP/2.0" 200 54978 "https://justgrill.ru/" "Mozilla/5.0 (Linux; Android 12; SM-G970F) AppleWebKit/537.36 (KHTML, like Gecko) Chrome/100.0.4896.79 Mobile Safari/537.36"
85.249.30.12 - - [08/Apr/2022:04:19:49 +0000] "GET /grili/ugolnye/ HTTP/2.0" 200 37366 "https://justgrill.ru/" "Mozilla/5.0 (Linux; Android 12; SM-G970F) AppleWebKit/537.36 (KHTML, like Gecko) Chrome/100.0.4896.79 Mobile Safari/537.36"
85.249.30.12 - - [08/Apr/2022:04:19:50 +0000] "GET /wa-content/css/jquery-ui/base/jquery.ui.slider.css HTTP/2.0" 200 331 "https://justgrill.ru/grili/ugolnye/" "Mozilla/5.0 (Linux; Android 12; SM-G970F) AppleWebKit/537.36 (KHTML, like Gecko) Chrome/100.0.4896.79 Mobile Safari/537.36"
85.249.30.12 - - [08/Apr/2022:04:19:50 +0000] "GET /wa-content/js/jquery-ui/jquery.ui.core.min.js?v2.4.1 HTTP/2.0" 200 2032 "https://justgrill.ru/grili/ugolnye/" "Mozilla/5.0 (Linux; Android 12; SM-G970F) AppleWebKit/537.36 (KHTML, like Gecko) Chrome/100.0.4896.79 Mobile Safari/537.36"
85.249.30.12 - - [08/Apr/2022:04:19:50 +0000] "GET /wa-content/js/jquery-ui/jquery.ui.widget.min.js?v2.4.1 HTTP/2.0" 200 1301 "https://justgrill.ru/grili/ugolnye/" "Mozilla/5.0 (Linux; Android 12; SM-G970F) AppleWebKit/537.36 (KHTML, like Gecko) Chrome/100.0.4896.79 Mobile Safari/537.36"
85.249.30.12 - - [08/Apr/2022:04:19:50 +0000] "GET /wa-content/js/jquery-ui/jquery.ui.mouse.min.js?v2.4.1 HTTP/2.0" 200 932 "https://justgrill.ru/grili/ugolnye/" "Mozilla/5.0 (Linux; Android 12; SM-G970F) AppleWebKit/537.36 (KHTML, like Gecko) Chrome/100.0.4896.79 Mobile Safari/537.36"
85.249.30.12 - - [08/Apr/2022:04:19:50 +0000] "GET /wa-content/js/jquery-ui/jquery.ui.slider.min.js?v2.4.1 HTTP/2.0" 200 2846 "https://justgrill.ru/grili/ugolnye/" "Mozilla/5.0 (Linux; Android 12; SM-G970F) AppleWebKit/537.36 (KHTML, like Gecko) Chrome/100.0.4896.79 Mobile Safari/537.36"
54.36.149.57 - - [08/Apr/2022:04:19:51 +0000] "GET /grili/gazovye/weber/35813021-gril-gazovyy-genesis-se-epx-335-chernyy/ HTTP/2.0" 200 36006 "-" "Mozilla/5.0 (compatible; AhrefsBot/7.0; +http://ahrefs.com/robot/)"
85.249.30.12 - - [08/Apr/2022:04:19:52 +0000] "GET /searchpro-plugin/config/?v1.9.0.1649391589?602022381 HTTP/2.0" 200 556 "https://justgrill.ru/grili/ugolnye/" "Mozilla/5.0 (Linux; Android 12; SM-G970F) AppleWebKit/537.36 (KHTML, like Gecko) Chrome/100.0.4896.79 Mobile Safari/537.36"
85.249.30.12 - - [08/Apr/2022:04:19:52 +0000] "GET /searchpro-plugin/config/?v1.9.0.1649391589?2130278633 HTTP/2.0" 200 557 "https://justgrill.ru/grili/ugolnye/" "Mozilla/5.0 (Linux; Android 12; SM-G970F) AppleWebKit/537.36 (KHTML, like Gecko) Chrome/100.0.4896.79 Mobile Safari/537.36"
85.249.30.12 - - [08/Apr/2022:04:19:53 +0000] "GET /wa-content/css/signup/signup.css?v=8.21.0.1649391589 HTTP/2.0" 200 1909 "https://justgrill.ru/grili/ugolnye/" "Mozilla/5.0 (Linux; Android 12; SM-G970F) AppleWebKit/537.36 (KHTML, like Gecko) Chrome/100.0.4896.79 Mobile Safari/537.36"
85.249.30.12 - - [08/Apr/2022:04:19:53 +0000] "GET /wa-content/css/login/frontend/login.css?v=8.21.0.1649391589 HTTP/2.0" 200 1762 "https://justgrill.ru/grili/ugolnye/" "Mozilla/5.0 (Linux; Android 12; SM-G970F) AppleWebKit/537.36 (KHTML, like Gecko) Chrome/100.0.4896.79 Mobile Safari/537.36"
85.249.30.12 - - [08/Apr/2022:04:19:53 +0000] "GET /wa-content/css/login/frontend/forgot-password.css?v=8.21.0.1649391589 HTTP/2.0" 200 1560 "https://justgrill.ru/grili/ugolnye/" "Mozilla/5.0 (Linux; Android 12; SM-G970F) AppleWebKit/537.36 (KHTML, like Gecko) Chrome/100.0.4896.79 Mobile Safari/537.36"
85.249.30.12 - - [08/Apr/2022:04:19:53 +0000] "GET /regions/getPopupContent/ HTTP/2.0" 200 1023 "https://justgrill.ru/grili/ugolnye/" "Mozilla/5.0 (Linux; Android 12; SM-G970F) AppleWebKit/537.36 (KHTML, like Gecko) Chrome/100.0.4896.79 Mobile Safari/537.36"
85.249.30.12 - - [08/Apr/2022:04:19:54 +0000] "GET /wa-data/public/site/themes/justgrill/img/arrow-f.svg HTTP/2.0" 200 223 "https://justgrill.ru/wa-data/public/site/themes/justgrill/css/main.css?v3.3.1.1649391589" "Mozilla/5.0 (Linux; Android 12; SM-G970F) AppleWebKit/537.36 (KHTML, like Gecko) Chrome/100.0.4896.79 Mobile Safari/537.36"
85.249.30.12 - - [08/Apr/2022:04:19:54 +0000] "GET /ecommerce_prepare_data/products_list/?state_json=%7B%22sku_ids%22%3A%5B%226421%22%2C%226422%22%2C%226423%22%2C%226424%22%2C%2212272%22%2C%223660%22%2C%223610%22%2C%223656%22%2C%223677%22%2C%2210521%22%2C%224871%22%2C%2210522%22%2C%229403%22%2C%2210523%22%2C%2210688%22%2C%2210787%22%2C%2210918%22%2C%2211437%22%2C%229422%22%2C%2212339%22%2C%2210524%22%2C%224872%22%2C%223601%22%2C%2211207%22%2C%223619%22%2C%228499%22%2C%229904%22%2C%2211287%22%2C%2212100%22%2C%227896%22%5D%2C%22list_name%22%3A%22%D0%93%D1%80%D0%B8%D0%BB%D0%B8%2F%D0%A3%D0%B3%D0%BE%D0%BB%D1%8C%D0%BD%D1%8B%D0%B5+%D0%B3%D1%80%D0%B8%D0%BB%D0%B8%22%7D HTTP/2.0" 200 1313 "https://justgrill.ru/grili/ugolnye/" "Mozilla/5.0 (Linux; Android 12; SM-G970F) AppleWebKit/537.36 (KHTML, like Gecko) Chrome/100.0.4896.79 Mobile Safari/537.36"
85.249.30.12 - - [08/Apr/2022:04:19:54 +0000] "GET /wa-content/js/signup/signup.js?v=8.21.0.1649391589 HTTP/2.0" 200 6675 "https://justgrill.ru/grili/ugolnye/" "Mozilla/5.0 (Linux; Android 12; SM-G970F) AppleWebKit/537.36 (KHTML, like Gecko) Chrome/100.0.4896.79 Mobile Safari/537.36"
85.249.30.12 - - [08/Apr/2022:04:19:54 +0000] "GET /wa-content/js/login/login-frontend-form.min.js?v=8.21.0.1649391589 HTTP/2.0" 200 5488 "https://justgrill.ru/grili/ugolnye/" "Mozilla/5.0 (Linux; Android 12; SM-G970F) AppleWebKit/537.36 (KHTML, like Gecko) Chrome/100.0.4896.79 Mobile Safari/537.36"
85.249.30.12 - - [08/Apr/2022:04:19:54 +0000] "GET /wa-content/js/login/forgotpassword-frontend-form.min.js?v=8.21.0.1649391589 HTTP/2.0" 200 4709 "https://justgrill.ru/grili/ugolnye/" "Mozilla/5.0 (Linux; Android 12; SM-G970F) AppleWebKit/537.36 (KHTML, like Gecko) Chrome/100.0.4896.79 Mobile Safari/537.36"
85.249.30.12 - - [08/Apr/2022:04:19:54 +0000] "GET /regions/getPopupContent/ HTTP/2.0" 200 1023 "https://justgrill.ru/grili/ugolnye/" "Mozilla/5.0 (Linux; Android 12; SM-G970F) AppleWebKit/537.36 (KHTML, like Gecko) Chrome/100.0.4896.79 Mobile Safari/537.36"
89.178.48.58 - - [08/Apr/2022:04:19:54 +0000] "GET /aksessuary/dlya-pitstsy/ HTTP/2.0" 200 37183 "https://krd.justgrill.ru/" "Mozilla/5.0 (Linux; Android 12; SM-G970F) AppleWebKit/537.36 (KHTML, like Gecko) Chrome/100.0.4896.79 Mobile Safari/537.36"
89.178.48.58 - - [08/Apr/2022:04:19:55 +0000] "GET /wa-content/css/jquery-ui/base/jquery.ui.slider.css HTTP/2.0" 200 331 "https://krd.justgrill.ru/aksessuary/dlya-pitstsy/" "Mozilla/5.0 (Linux; Android 12; SM-G970F) AppleWebKit/537.36 (KHTML, like Gecko) Chrome/100.0.4896.79 Mobile Safari/537.36"
89.178.48.58 - - [08/Apr/2022:04:19:55 +0000] "GET /wa-content/js/jquery-ui/jquery.ui.core.min.js?v2.4.1 HTTP/2.0" 200 2032 "https://krd.justgrill.ru/aksessuary/dlya-pitstsy/" "Mozilla/5.0 (Linux; Android 12; SM-G970F) AppleWebKit/537.36 (KHTML, like Gecko) Chrome/100.0.4896.79 Mobile Safari/537.36"
89.178.48.58 - - [08/Apr/2022:04:19:55 +0000] "GET /wa-content/js/jquery-ui/jquery.ui.widget.min.js?v2.4.1 HTTP/2.0" 200 1301 "https://krd.justgrill.ru/aksessuary/dlya-pitstsy/" "Mozilla/5.0 (Linux; Android 12; SM-G970F) AppleWebKit/537.36 (KHTML, like Gecko) Chrome/100.0.4896.79 Mobile Safari/537.36"
89.178.48.58 - - [08/Apr/2022:04:19:55 +0000] "GET /wa-content/js/jquery-ui/jquery.ui.mouse.min.js?v2.4.1 HTTP/2.0" 200 932 "https://krd.justgrill.ru/aksessuary/dlya-pitstsy/" "Mozilla/5.0 (Linux; Android 12; SM-G970F) AppleWebKit/537.36 (KHTML, like Gecko) Chrome/100.0.4896.79 Mobile Safari/537.36"
89.178.48.58 - - [08/Apr/2022:04:19:55 +0000] "GET /wa-content/js/jquery-ui/jquery.ui.slider.min.js?v2.4.1 HTTP/2.0" 200 2846 "https://krd.justgrill.ru/aksessuary/dlya-pitstsy/" "Mozilla/5.0 (Linux; Android 12; SM-G970F) AppleWebKit/537.36 (KHTML, like Gecko) Chrome/100.0.4896.79 Mobile Safari/537.36"
89.178.48.58 - - [08/Apr/2022:04:19:55 +0000] "GET /searchpro-plugin/config/?v1.9.0.1649391594?1792350584 HTTP/2.0" 200 560 "https://krd.justgrill.ru/aksessuary/dlya-pitstsy/" "Mozilla/5.0 (Linux; Android 12; SM-G970F) AppleWebKit/537.36 (KHTML, like Gecko) Chrome/100.0.4896.79 Mobile Safari/537.36"
89.178.48.58 - - [08/Apr/2022:04:19:56 +0000] "GET /searchpro-plugin/config/?v1.9.0.1649391594?1093868088 HTTP/2.0" 200 560 "https://krd.justgrill.ru/aksessuary/dlya-pitstsy/" "Mozilla/5.0 (Linux; Android 12; SM-G970F) AppleWebKit/537.36 (KHTML, like Gecko) Chrome/100.0.4896.79 Mobile Safari/537.36"
89.178.48.58 - - [08/Apr/2022:04:19:56 +0000] "GET /shop/captcha.php?rid=1649391594624fb7eac7d2c HTTP/2.0" 200 13680 "https://krd.justgrill.ru/aksessuary/dlya-pitstsy/" "Mozilla/5.0 (Linux; Android 12; SM-G970F) AppleWebKit/537.36 (KHTML, like Gecko) Chrome/100.0.4896.79 Mobile Safari/537.36"
89.178.48.58 - - [08/Apr/2022:04:19:56 +0000] "GET /wa-data/public/site/themes/justgrill/img/arrow-f.svg HTTP/2.0" 200 223 "https://krd.justgrill.ru/wa-data/public/site/themes/justgrill/css/main.css?v3.3.1.1649391594" "Mozilla/5.0 (Linux; Android 12; SM-G970F) AppleWebKit/537.36 (KHTML, like Gecko) Chrome/100.0.4896.79 Mobile Safari/537.36"
89.178.48.58 - - [08/Apr/2022:04:19:56 +0000] "GET /wa-content/js/signup/signup.js?v=8.21.0.1649391594 HTTP/2.0" 200 6675 "https://krd.justgrill.ru/aksessuary/dlya-pitstsy/" "Mozilla/5.0 (Linux; Android 12; SM-G970F) AppleWebKit/537.36 (KHTML, like Gecko) Chrome/100.0.4896.79 Mobile Safari/537.36"
89.178.48.58 - - [08/Apr/2022:04:19:56 +0000] "GET /wa-content/css/signup/signup.css?v=8.21.0.1649391594 HTTP/2.0" 200 1909 "https://krd.justgrill.ru/aksessuary/dlya-pitstsy/" "Mozilla/5.0 (Linux; Android 12; SM-G970F) AppleWebKit/537.36 (KHTML, like Gecko) Chrome/100.0.4896.79 Mobile Safari/537.36"
89.178.48.58 - - [08/Apr/2022:04:19:56 +0000] "GET /wa-content/js/login/login-frontend-form.min.js?v=8.21.0.1649391594 HTTP/2.0" 200 5488 "https://krd.justgrill.ru/aksessuary/dlya-pitstsy/" "Mozilla/5.0 (Linux; Android 12; SM-G970F) AppleWebKit/537.36 (KHTML, like Gecko) Chrome/100.0.4896.79 Mobile Safari/537.36"
89.178.48.58 - - [08/Apr/2022:04:19:56 +0000] "GET /wa-content/css/login/frontend/login.css?v=8.21.0.1649391594 HTTP/2.0" 200 1762 "https://krd.justgrill.ru/aksessuary/dlya-pitstsy/" "Mozilla/5.0 (Linux; Android 12; SM-G970F) AppleWebKit/537.36 (KHTML, like Gecko) Chrome/100.0.4896.79 Mobile Safari/537.36"
89.178.48.58 - - [08/Apr/2022:04:19:56 +0000] "GET /wa-content/js/login/forgotpassword-frontend-form.min.js?v=8.21.0.1649391594 HTTP/2.0" 200 4709 "https://krd.justgrill.ru/aksessuary/dlya-pitstsy/" "Mozilla/5.0 (Linux; Android 12; SM-G970F) AppleWebKit/537.36 (KHTML, like Gecko) Chrome/100.0.4896.79 Mobile Safari/537.36"
89.178.48.58 - - [08/Apr/2022:04:19:56 +0000] "GET /wa-content/css/login/frontend/forgot-password.css?v=8.21.0.1649391594 HTTP/2.0" 200 1560 "https://krd.justgrill.ru/aksessuary/dlya-pitstsy/" "Mozilla/5.0 (Linux; Android 12; SM-G970F) AppleWebKit/537.36 (KHTML, like Gecko) Chrome/100.0.4896.79 Mobile Safari/537.36"
89.178.48.58 - - [08/Apr/2022:04:19:57 +0000] "GET /regions/getPopupContent/ HTTP/2.0" 200 1028 "https://krd.justgrill.ru/aksessuary/dlya-pitstsy/" "Mozilla/5.0 (Linux; Android 12; SM-G970F) AppleWebKit/537.36 (KHTML, like Gecko) Chrome/100.0.4896.79 Mobile Safari/537.36"
89.178.48.58 - - [08/Apr/2022:04:19:57 +0000] "GET /ecommerce_prepare_data/products_list/?state_json=%7B%22sku_ids%22%3A%5B%2211168%22%2C%2211169%22%2C%2211295%22%2C%229818%22%2C%2210507%22%2C%229652%22%2C%229703%22%2C%226102%22%2C%229887%22%2C%223819%22%2C%2211063%22%2C%2210473%22%2C%2210472%22%2C%2211312%22%2C%2210745%22%2C%2211517%22%2C%229215%22%2C%2210933%22%2C%2211282%22%2C%2210520%22%2C%229324%22%2C%229774%22%2C%2211512%22%2C%229816%22%2C%229322%22%2C%229760%22%2C%2210748%22%2C%2212402%22%2C%2210845%22%2C%2210976%22%5D%2C%22list_name%22%3A%22%D0%90%D0%BA%D1%81%D0%B5%D1%81%D1%81%D1%83%D0%B0%D1%80%D1%8B%2F%D0%94%D0%BB%D1%8F+%D0%BF%D0%B8%D1%86%D1%86%D1%8B%22%7D HTTP/2.0" 200 1526 "https://krd.justgrill.ru/aksessuary/dlya-pitstsy/" "Mozilla/5.0 (Linux; Android 12; SM-G970F) AppleWebKit/537.36 (KHTML, like Gecko) Chrome/100.0.4896.79 Mobile Safari/537.36"
89.178.48.58 - - [08/Apr/2022:04:19:57 +0000] "GET /regions/getPopupContent/ HTTP/2.0" 200 1028 "https://krd.justgrill.ru/aksessuary/dlya-pitstsy/" "Mozilla/5.0 (Linux; Android 12; SM-G970F) AppleWebKit/537.36 (KHTML, like Gecko) Chrome/100.0.4896.79 Mobile Safari/537.36"
185.191.171.22 - - [08/Apr/2022:04:20:02 +0000] "GET /aksessuary/instrumenty/kisti-gril/kistochka-gril-bbq-big-green-egg/ HTTP/1.1" 200 34521 "-" "Mozilla/5.0 (compatible; SemrushBot/7~bl; +http://www.semrush.com/bot.html)"
66.249.66.54 - - [08/Apr/2022:04:20:03 +0000] "GET /wa-data/public/shop/products/26/32/13226/images/12788/12788.200.jpg HTTP/1.1" 200 3376 "-" "Googlebot-Image/1.0"
77.88.5.229 - - [08/Apr/2022:04:20:08 +0000] "GET /robots.txt HTTP/1.1" 200 612 "-" "Mozilla/5.0 (compatible; YandexBot/3.0; +http://yandex.com/bots)"
77.88.5.229 - - [08/Apr/2022:04:20:11 +0000] "GET /wa-content/css/login/frontend/forgot-password.css?v=8.21.0.1649390868 HTTP/1.1" 200 1572 "-" "Mozilla/5.0 (compatible; YandexMetrika/4.0; +http://yandex.com/bots)"
85.249.30.12 - - [08/Apr/2022:04:20:17 +0000] "GET /grili/ugolnye/?page=2 HTTP/2.0" 200 31874 "https://justgrill.ru/grili/ugolnye/" "Mozilla/5.0 (Linux; Android 12; SM-G970F) AppleWebKit/537.36 (KHTML, like Gecko) Chrome/100.0.4896.79 Mobile Safari/537.36"
85.249.30.12 - - [08/Apr/2022:04:20:18 +0000] "GET /searchpro-plugin/config/?v1.9.0.1649391617?1336555304 HTTP/2.0" 200 557 "https://justgrill.ru/grili/ugolnye/?page=2" "Mozilla/5.0 (Linux; Android 12; SM-G970F) AppleWebKit/537.36 (KHTML, like Gecko) Chrome/100.0.4896.79 Mobile Safari/537.36"
85.249.30.12 - - [08/Apr/2022:04:20:18 +0000] "GET /searchpro-plugin/config/?v1.9.0.1649391617?1927244160 HTTP/2.0" 200 557 "https://justgrill.ru/grili/ugolnye/?page=2" "Mozilla/5.0 (Linux; Android 12; SM-G970F) AppleWebKit/537.36 (KHTML, like Gecko) Chrome/100.0.4896.79 Mobile Safari/537.36"
85.249.30.12 - - [08/Apr/2022:04:20:19 +0000] "GET /wa-content/js/signup/signup.js?v=8.21.0.1649391617 HTTP/2.0" 200 6675 "https://justgrill.ru/grili/ugolnye/?page=2" "Mozilla/5.0 (Linux; Android 12; SM-G970F) AppleWebKit/537.36 (KHTML, like Gecko) Chrome/100.0.4896.79 Mobile Safari/537.36"
85.249.30.12 - - [08/Apr/2022:04:20:19 +0000] "GET /wa-content/css/signup/signup.css?v=8.21.0.1649391617 HTTP/2.0" 200 1909 "https://justgrill.ru/grili/ugolnye/?page=2" "Mozilla/5.0 (Linux; Android 12; SM-G970F) AppleWebKit/537.36 (KHTML, like Gecko) Chrome/100.0.4896.79 Mobile Safari/537.36"
85.249.30.12 - - [08/Apr/2022:04:20:19 +0000] "GET /wa-content/js/login/login-frontend-form.min.js?v=8.21.0.1649391617 HTTP/2.0" 200 5488 "https://justgrill.ru/grili/ugolnye/?page=2" "Mozilla/5.0 (Linux; Android 12; SM-G970F) AppleWebKit/537.36 (KHTML, like Gecko) Chrome/100.0.4896.79 Mobile Safari/537.36"
85.249.30.12 - - [08/Apr/2022:04:20:19 +0000] "GET /wa-content/css/login/frontend/login.css?v=8.21.0.1649391617 HTTP/2.0" 200 1762 "https://justgrill.ru/grili/ugolnye/?page=2" "Mozilla/5.0 (Linux; Android 12; SM-G970F) AppleWebKit/537.36 (KHTML, like Gecko) Chrome/100.0.4896.79 Mobile Safari/537.36"
85.249.30.12 - - [08/Apr/2022:04:20:19 +0000] "GET /wa-content/js/login/forgotpassword-frontend-form.min.js?v=8.21.0.1649391617 HTTP/2.0" 200 4709 "https://justgrill.ru/grili/ugolnye/?page=2" "Mozilla/5.0 (Linux; Android 12; SM-G970F) AppleWebKit/537.36 (KHTML, like Gecko) Chrome/100.0.4896.79 Mobile Safari/537.36"
85.249.30.12 - - [08/Apr/2022:04:20:19 +0000] "GET /wa-content/css/login/frontend/forgot-password.css?v=8.21.0.1649391617 HTTP/2.0" 200 1560 "https://justgrill.ru/grili/ugolnye/?page=2" "Mozilla/5.0 (Linux; Android 12; SM-G970F) AppleWebKit/537.36 (KHTML, like Gecko) Chrome/100.0.4896.79 Mobile Safari/537.36"
85.249.30.12 - - [08/Apr/2022:04:20:19 +0000] "GET /ecommerce_prepare_data/products_list/?state_json=%7B%22sku_ids%22%3A%5B%229903%22%2C%2212025%22%2C%2211720%22%2C%2210648%22%2C%2211079%22%2C%2212327%22%2C%2210778%22%2C%2212325%22%2C%2211721%22%2C%2211085%22%5D%2C%22list_name%22%3A%22%D0%93%D1%80%D0%B8%D0%BB%D0%B8%2F%D0%A3%D0%B3%D0%BE%D0%BB%D1%8C%D0%BD%D1%8B%D0%B5+%D0%B3%D1%80%D0%B8%D0%BB%D0%B8%22%7D HTTP/2.0" 200 679 "https://justgrill.ru/grili/ugolnye/?page=2" "Mozilla/5.0 (Linux; Android 12; SM-G970F) AppleWebKit/537.36 (KHTML, like Gecko) Chrome/100.0.4896.79 Mobile Safari/537.36"
85.249.30.12 - - [08/Apr/2022:04:20:20 +0000] "GET /regions/getPopupContent/ HTTP/2.0" 200 1023 "https://justgrill.ru/grili/ugolnye/?page=2" "Mozilla/5.0 (Linux; Android 12; SM-G970F) AppleWebKit/537.36 (KHTML, like Gecko) Chrome/100.0.4896.79 Mobile Safari/537.36"
85.249.30.12 - - [08/Apr/2022:04:20:20 +0000] "GET /regions/getPopupContent/ HTTP/2.0" 200 1023 "https://justgrill.ru/grili/ugolnye/?page=2" "Mozilla/5.0 (Linux; Android 12; SM-G970F) AppleWebKit/537.36 (KHTML, like Gecko) Chrome/100.0.4896.79 Mobile Safari/537.36"
77.88.5.229 - - [08/Apr/2022:04:20:22 +0000] "GET /wa-content/css/login/frontend/login.css?v=8.21.0.1649390868 HTTP/1.1" 200 1774 "-" "Mozilla/5.0 (compatible; YandexMetrika/4.0; +http://yandex.com/bots)"
93.158.161.49 - - [08/Apr/2022:04:20:23 +0000] "GET /mangaly/koptilni/koptilnya-char-broil-oklahoma-joes-highland-offset/ HTTP/1.1" 301 5 "-" "Mozilla/5.0 (compatible; YandexBot/3.0; +http://yandex.com/bots)"
77.88.5.229 - - [08/Apr/2022:04:20:23 +0000] "GET /robots.txt HTTP/1.1" 200 5 "-" "Mozilla/5.0 (compatible; YandexBot/3.0; +http://yandex.com/bots)"
77.88.5.229 - - [08/Apr/2022:04:20:27 +0000] "GET /mangaly/koptilni/koptilnya-char-broil-oklahoma-joes-highland-offset/ HTTP/1.1" 301 162 "-" "Mozilla/5.0 (compatible; YandexBot/3.0; +http://yandex.com/bots)"
77.88.5.70 - - [08/Apr/2022:04:20:28 +0000] "GET /mangaly/koptilni/koptilnya-char-broil-oklahoma-joes-highland-offset/ HTTP/1.1" 200 33044 "-" "Mozilla/5.0 (compatible; YandexBot/3.0; +http://yandex.com/bots)"
77.88.5.70 - - [08/Apr/2022:04:20:36 +0000] "GET /wa-content/css/signup/signup.css?v=8.21.0.1649390868 HTTP/1.1" 200 1921 "-" "Mozilla/5.0 (compatible; YandexMetrika/4.0; +http://yandex.com/bots)"
66.249.66.57 - - [08/Apr/2022:04:20:37 +0000] "GET /aksessuary/posuda/protiveni-gril/protiven-dlya-grillinga-Napoleon-mnogofunktsionalnyy/ HTTP/1.1" 200 31987 "-" "Mozilla/5.0 (Linux; Android 6.0.1; Nexus 5X Build/MMB29P) AppleWebKit/537.36 (KHTML, like Gecko) Chrome/100.0.4896.75 Mobile Safari/537.36 (compatible; Googlebot/2.1; +http://www.google.com/bot.html)"
45.8.145.46 - - [08/Apr/2022:04:20:38 +0000] "GET /grili/drovyanye/zont-dlya-grilya-suomi-grill-90-antik-med/ HTTP/1.1" 200 31901 "-" "Mozilla/5.0 (X11; Linux x86_64) AppleWebKit/537.36 (KHTML, like Gecko) Chrome/83.0.2549.68 Safari/537.36"
207.46.13.144 - - [08/Apr/2022:04:20:39 +0000] "GET /aksessuary/posuda/skovoroda-gril/skovoroda-broil-king-dlya-prigotovleniya-fakhita-chugunnaya/ HTTP/2.0" 200 32253 "-" "Mozilla/5.0 (compatible; bingbot/2.0; +http://www.bing.com/bingbot.htm)"
95.163.255.90 - - [08/Apr/2022:04:20:46 +0000] "GET /robots.txt HTTP/1.0" 200 594 "-" "Mozilla/5.0 (compatible; Linux x86_64; Mail.RU_Bot/Img/2.0; +http://go.mail.ru/help/robots)"
66.249.66.23 - - [08/Apr/2022:04:20:47 +0000] "GET /aksessuary/dlya-kopcheniya/drova-vishnya-1500-g/ HTTP/1.1" 301 5 "-" "Mozilla/5.0 (compatible; Googlebot/2.1; +http://www.google.com/bot.html)"
66.249.66.23 - - [08/Apr/2022:04:20:48 +0000] "GET /aksessuary/dlya-kopcheniya/shchepa/shchepa-dlya-kopcheniya-vishnya-weber-1-5-kg/ HTTP/1.1" 404 27111 "-" "Mozilla/5.0 (compatible; Googlebot/2.1; +http://www.google.com/bot.html)"
157.55.39.21 - - [08/Apr/2022:04:20:54 +0000] "GET /wa-data/public/site/themes/justgrill/img/stock.svg HTTP/2.0" 200 3342 "-" "Mozilla/5.0 (compatible; bingbot/2.0; +http://www.bing.com/bingbot.htm)"
95.163.255.100 - - [08/Apr/2022:04:20:54 +0000] "GET /aksessuary/dlya-kopcheniya/drova/drova-dlya-kopcheniya-weber-yabloko-1-5-kg/ HTTP/1.1" 200 34422 "http://go.mail.ru/search_images" "Mozilla/5.0 (compatible; Linux x86_64; Mail.RU_Bot/Img/2.0; +http://go.mail.ru/help/robots)"
207.46.13.110 - - [08/Apr/2022:04:20:57 +0000] "GET /wa-data/public/site/themes/justgrill/img/spec.svg HTTP/2.0" 200 1307 "-" "Mozilla/5.0 (compatible; bingbot/2.0; +http://www.bing.com/bingbot.htm)"
157.55.39.198 - - [08/Apr/2022:04:21:00 +0000] "GET /wa-data/public/site/themes/justgrill/img/arrow-f.svg HTTP/2.0" 200 223 "-" "Mozilla/5.0 (compatible; bingbot/2.0; +http://www.bing.com/bingbot.htm)"
77.88.5.229 - - [08/Apr/2022:04:21:01 +0000] "GET /robots.txt HTTP/1.1" 200 614 "-" "Mozilla/5.0 (compatible; YandexBot/3.0; +http://yandex.com/bots)"
77.88.5.229 - - [08/Apr/2022:04:21:03 +0000] "GET /search/937/big-green-egg/ HTTP/1.1" 200 30806 "-" "Mozilla/5.0 (compatible; YandexBot/3.0; +http://yandex.com/bots)"
77.88.5.70 - - [08/Apr/2022:04:21:05 +0000] "GET /aksessuary/chekhly-dlya-griley/weber/ HTTP/1.1" 200 33694 "-" "Mozilla/5.0 (compatible; YandexBot/3.0; +http://yandex.com/bots)"
77.88.5.229 - - [08/Apr/2022:04:21:09 +0000] "GET /wa-content/js/jquery-plugins/jquery.cookie.js HTTP/1.1" 200 1355 "https://justgrill.ru/mangaly/koptilni/koptilnya-char-broil-oklahoma-joes-highland-offset/" "Mozilla/5.0 (compatible; YandexBot/3.0; +http://yandex.com/bots) AppleWebKit/537.36 (KHTML, like Gecko) Chrome/81.0.4044.268"
77.88.5.56 - - [08/Apr/2022:04:21:15 +0000] "GET / HTTP/1.1" 301 162 "-" "Mozilla/5.0 (compatible; YandexMetrika/2.0; +http://yandex.com/bots yabs01)"
114.119.129.147 - - [08/Apr/2022:04:21:17 +0000] "GET /aksessuary/posuda/protiven-iz-nerzhaveyushchey-stali/ HTTP/1.1" 301 5 "-" "Mozilla/5.0 (Linux; Android 7.0;) AppleWebKit/537.36 (KHTML, like Gecko) Mobile Safari/537.36 (compatible; PetalBot;+https://webmaster.petalsearch.com/site/petalbot)"
114.119.129.147 - - [08/Apr/2022:04:21:22 +0000] "GET /aksessuary/posuda/protiveni-gril/protiven-broil-king-iz-nerzhaveyushchey-stali-31-46-sm/ HTTP/1.1" 200 33444 "-" "Mozilla/5.0 (Linux; Android 7.0;) AppleWebKit/537.36 (KHTML, like Gecko) Mobile Safari/537.36 (compatible; PetalBot;+https://webmaster.petalsearch.com/site/petalbot)"
89.178.48.58 - - [08/Apr/2022:04:21:29 +0000] "GET /aksessuary/dlya-pitstsy/?page=2 HTTP/2.0" 200 29596 "https://krd.justgrill.ru/aksessuary/dlya-pitstsy/" "Mozilla/5.0 (Linux; Android 12; SM-G970F) AppleWebKit/537.36 (KHTML, like Gecko) Chrome/100.0.4896.79 Mobile Safari/537.36"
89.178.48.58 - - [08/Apr/2022:04:21:29 +0000] "GET /searchpro-plugin/config/?v1.9.0.1649391689?691057436 HTTP/2.0" 200 560 "https://krd.justgrill.ru/aksessuary/dlya-pitstsy/?page=2" "Mozilla/5.0 (Linux; Android 12; SM-G970F) AppleWebKit/537.36 (KHTML, like Gecko) Chrome/100.0.4896.79 Mobile Safari/537.36"
89.178.48.58 - - [08/Apr/2022:04:21:29 +0000] "GET /searchpro-plugin/config/?v1.9.0.1649391689?1999717146 HTTP/2.0" 200 560 "https://krd.justgrill.ru/aksessuary/dlya-pitstsy/?page=2" "Mozilla/5.0 (Linux; Android 12; SM-G970F) AppleWebKit/537.36 (KHTML, like Gecko) Chrome/100.0.4896.79 Mobile Safari/537.36"
89.178.48.58 - - [08/Apr/2022:04:21:30 +0000] "GET /shop/captcha.php?rid=1649391689624fb84909c95 HTTP/2.0" 200 13628 "https://krd.justgrill.ru/aksessuary/dlya-pitstsy/?page=2" "Mozilla/5.0 (Linux; Android 12; SM-G970F) AppleWebKit/537.36 (KHTML, like Gecko) Chrome/100.0.4896.79 Mobile Safari/537.36"
89.178.48.58 - - [08/Apr/2022:04:21:30 +0000] "GET /wa-content/js/signup/signup.js?v=8.21.0.1649391688 HTTP/2.0" 200 6675 "https://krd.justgrill.ru/aksessuary/dlya-pitstsy/?page=2" "Mozilla/5.0 (Linux; Android 12; SM-G970F) AppleWebKit/537.36 (KHTML, like Gecko) Chrome/100.0.4896.79 Mobile Safari/537.36"
89.178.48.58 - - [08/Apr/2022:04:21:30 +0000] "GET /wa-content/css/signup/signup.css?v=8.21.0.1649391688 HTTP/2.0" 200 1909 "https://krd.justgrill.ru/aksessuary/dlya-pitstsy/?page=2" "Mozilla/5.0 (Linux; Android 12; SM-G970F) AppleWebKit/537.36 (KHTML, like Gecko) Chrome/100.0.4896.79 Mobile Safari/537.36"
89.178.48.58 - - [08/Apr/2022:04:21:30 +0000] "GET /wa-content/js/login/login-frontend-form.min.js?v=8.21.0.1649391688 HTTP/2.0" 200 5488 "https://krd.justgrill.ru/aksessuary/dlya-pitstsy/?page=2" "Mozilla/5.0 (Linux; Android 12; SM-G970F) AppleWebKit/537.36 (KHTML, like Gecko) Chrome/100.0.4896.79 Mobile Safari/537.36"
89.178.48.58 - - [08/Apr/2022:04:21:30 +0000] "GET /wa-content/css/login/frontend/login.css?v=8.21.0.1649391688 HTTP/2.0" 200 1762 "https://krd.justgrill.ru/aksessuary/dlya-pitstsy/?page=2" "Mozilla/5.0 (Linux; Android 12; SM-G970F) AppleWebKit/537.36 (KHTML, like Gecko) Chrome/100.0.4896.79 Mobile Safari/537.36"
89.178.48.58 - - [08/Apr/2022:04:21:30 +0000] "GET /wa-content/js/login/forgotpassword-frontend-form.min.js?v=8.21.0.1649391688 HTTP/2.0" 200 4709 "https://krd.justgrill.ru/aksessuary/dlya-pitstsy/?page=2" "Mozilla/5.0 (Linux; Android 12; SM-G970F) AppleWebKit/537.36 (KHTML, like Gecko) Chrome/100.0.4896.79 Mobile Safari/537.36"
89.178.48.58 - - [08/Apr/2022:04:21:30 +0000] "GET /wa-content/css/login/frontend/forgot-password.css?v=8.21.0.1649391688 HTTP/2.0" 200 1560 "https://krd.justgrill.ru/aksessuary/dlya-pitstsy/?page=2" "Mozilla/5.0 (Linux; Android 12; SM-G970F) AppleWebKit/537.36 (KHTML, like Gecko) Chrome/100.0.4896.79 Mobile Safari/537.36"
89.178.48.58 - - [08/Apr/2022:04:21:30 +0000] "GET /ecommerce_prepare_data/products_list/?state_json=%7B%22sku_ids%22%3A%5B%229817%22%5D%2C%22list_name%22%3A%22%D0%90%D0%BA%D1%81%D0%B5%D1%81%D1%81%D1%83%D0%B0%D1%80%D1%8B%2F%D0%94%D0%BB%D1%8F+%D0%BF%D0%B8%D1%86%D1%86%D1%8B%22%7D HTTP/2.0" 200 303 "https://krd.justgrill.ru/aksessuary/dlya-pitstsy/?page=2" "Mozilla/5.0 (Linux; Android 12; SM-G970F) AppleWebKit/537.36 (KHTML, like Gecko) Chrome/100.0.4896.79 Mobile Safari/537.36"
89.178.48.58 - - [08/Apr/2022:04:21:31 +0000] "GET /regions/getPopupContent/ HTTP/2.0" 200 1028 "https://krd.justgrill.ru/aksessuary/dlya-pitstsy/?page=2" "Mozilla/5.0 (Linux; Android 12; SM-G970F) AppleWebKit/537.36 (KHTML, like Gecko) Chrome/100.0.4896.79 Mobile Safari/537.36"
89.178.48.58 - - [08/Apr/2022:04:21:31 +0000] "GET /regions/getPopupContent/ HTTP/2.0" 200 1028 "https://krd.justgrill.ru/aksessuary/dlya-pitstsy/?page=2" "Mozilla/5.0 (Linux; Android 12; SM-G970F) AppleWebKit/537.36 (KHTML, like Gecko) Chrome/100.0.4896.79 Mobile Safari/537.36"
77.88.5.229 - - [08/Apr/2022:04:21:38 +0000] "GET /robots.txt HTTP/1.1" 200 622 "-" "Mozilla/5.0 (compatible; YandexBot/3.0; +http://yandex.com/bots)"
89.178.48.58 - - [08/Apr/2022:04:21:39 +0000] "GET /shop/captcha.php?rid=1649391434624fb74ac3741 HTTP/2.0" 200 13673 "https://krd.justgrill.ru/" "Mozilla/5.0 (Linux; Android 12; SM-G970F) AppleWebKit/537.36 (KHTML, like Gecko) Chrome/100.0.4896.79 Mobile Safari/537.36"
77.88.5.229 - - [08/Apr/2022:04:21:42 +0000] "GET /brendy/char-broil/termometr-tsifrovoy-char-broil-dlya-grilya/ HTTP/1.1" 301 5 "-" "Mozilla/5.0 (compatible; YandexBot/3.0; +http://yandex.com/bots)"
77.88.5.70 - - [08/Apr/2022:04:21:46 +0000] "GET /aksessuary/oborudovanie/termometry-gril/termometr-tsifrovoy-char-broil-dlya-grilya/ HTTP/1.1" 200 31916 "-" "Mozilla/5.0 (compatible; YandexBot/3.0; +http://yandex.com/bots)"
89.178.48.58 - - [08/Apr/2022:04:21:49 +0000] "GET /aksessuary/posuda/ HTTP/2.0" 200 38094 "https://krd.justgrill.ru/" "Mozilla/5.0 (Linux; Android 12; SM-G970F) AppleWebKit/537.36 (KHTML, like Gecko) Chrome/100.0.4896.79 Mobile Safari/537.36"
89.178.48.58 - - [08/Apr/2022:04:21:50 +0000] "GET /searchpro-plugin/config/?v1.9.0.1649391709?238832897 HTTP/2.0" 200 560 "https://krd.justgrill.ru/aksessuary/posuda/" "Mozilla/5.0 (Linux; Android 12; SM-G970F) AppleWebKit/537.36 (KHTML, like Gecko) Chrome/100.0.4896.79 Mobile Safari/537.36"
89.178.48.58 - - [08/Apr/2022:04:21:50 +0000] "GET /searchpro-plugin/config/?v1.9.0.1649391709?146714789 HTTP/2.0" 200 560 "https://krd.justgrill.ru/aksessuary/posuda/" "Mozilla/5.0 (Linux; Android 12; SM-G970F) AppleWebKit/537.36 (KHTML, like Gecko) Chrome/100.0.4896.79 Mobile Safari/537.36"
89.178.48.58 - - [08/Apr/2022:04:21:50 +0000] "GET /shop/captcha.php?rid=1649391709624fb85d53923 HTTP/2.0" 200 13392 "https://krd.justgrill.ru/aksessuary/posuda/" "Mozilla/5.0 (Linux; Android 12; SM-G970F) AppleWebKit/537.36 (KHTML, like Gecko) Chrome/100.0.4896.79 Mobile Safari/537.36"
89.178.48.58 - - [08/Apr/2022:04:21:51 +0000] "GET /wa-content/js/signup/signup.js?v=8.21.0.1649391709 HTTP/2.0" 200 6675 "https://krd.justgrill.ru/aksessuary/posuda/" "Mozilla/5.0 (Linux; Android 12; SM-G970F) AppleWebKit/537.36 (KHTML, like Gecko) Chrome/100.0.4896.79 Mobile Safari/537.36"
