66.249.66.93 - - [08/Apr/2022:02:02:08 +0000] "GET /brendy/napoleon/bokovaya-vstraivaemaya-gazovaya-konforka-s-kryshkoy/ HTTP/1.1" 301 5 "-" "Mozilla/5.0 (compatible; Googlebot/2.1; +http://www.google.com/bot.html)"
66.249.66.92 - - [08/Apr/2022:02:02:10 +0000] "GET /aksessuary/oborudovanie/mebel-gril/bokovaya-vstraivaemaya-gazovaya-konforka-napoleon-s-kryshkoy/ HTTP/1.1" 200 32744 "-" "Mozilla/5.0 (compatible; Googlebot/2.1; +http://www.google.com/bot.html)"
185.191.171.7 - - [08/Apr/2022:02:02:39 +0000] "GET /aksessuary/oborudovanie/termometry-gril/besprovodnoy-tsifrovoy-termometr-gril-napoleon-pro/ HTTP/1.1" 301 5 "-" "Mozilla/5.0 (compatible; SemrushBot/7~bl; +http://www.semrush.com/bot.html)"
185.191.171.11 - - [08/Apr/2022:02:02:40 +0000] "GET /aksessuary/oborudovanie/termometry-gril/besprovodnoy-tsifrovoy-termometr-gril-napoleon-pro/ HTTP/1.1" 301 162 "-" "Mozilla/5.0 (compatible; SemrushBot/7~bl; +http://www.semrush.com/bot.html)"
77.88.5.132 - - [08/Apr/2022:02:02:40 +0000] "GET /?yclid=7710547526903176844 HTTP/1.1" 200 39835 "-" "Mozilla/5.0 (compatible; YandexMetrika/2.0; +http://yandex.com/bots yabs01)"
185.191.171.8 - - [08/Apr/2022:02:02:42 +0000] "GET /aksessuary/oborudovanie/termometry-gril/besprovodnoy-tsifrovoy-termometr-gril-napoleon-pro/ HTTP/1.1" 200 34469 "-" "Mozilla/5.0 (compatible; SemrushBot/7~bl; +http://www.semrush.com/bot.html)"
185.191.171.44 - - [08/Apr/2022:02:02:44 +0000] "GET /brendy/grillver/komplekt-400-plitareshyotka-gril/ HTTP/1.1" 301 5 "-" "Mozilla/5.0 (compatible; SemrushBot/7~bl; +http://www.semrush.com/bot.html)"
77.88.5.217 - - [08/Apr/2022:02:02:48 +0000] "GET / HTTP/1.1" 301 162 "-" "Mozilla/5.0 (compatible; YandexMetrika/2.0; +http://yandex.com/bots yabs01)"
185.191.171.23 - - [08/Apr/2022:02:02:48 +0000] "GET /mangaly/aksessuary/komplekt-400-grillver-plita-reshyotka-gril/ HTTP/1.1" 200 31655 "-" "Mozilla/5.0 (compatible; SemrushBot/7~bl; +http://www.semrush.com/bot.html)"
185.191.171.2 - - [08/Apr/2022:02:03:03 +0000] "GET /aksessuary/dlya-kopcheniya/shchepa/shchepa-dlya-kopcheniya-broil-king-yablonya-750g/ HTTP/1.1" 200 35410 "-" "Mozilla/5.0 (compatible; SemrushBot/7~bl; +http://www.semrush.com/bot.html)"
66.249.66.57 - - [08/Apr/2022:02:03:07 +0000] "GET /aksessuary/dlya-kopcheniya/shchepa/shchepa-jack-daniels-big-green-egg/ HTTP/1.1" 200 33777 "-" "Mozilla/5.0 (Linux; Android 6.0.1; Nexus 5X Build/MMB29P) AppleWebKit/537.36 (KHTML, like Gecko) Chrome/99.0.4844.84 Mobile Safari/537.36 (compatible; Googlebot/2.1; +http://www.google.com/bot.html)"
2.61.1.101 - - [08/Apr/2022:02:03:21 +0000] "GET /grili/ugolnye/weber/gril-go-anywhere/ HTTP/2.0" 200 28557 "https://www.google.com/" "Mozilla/5.0 (Linux; Android 11; Redmi Note 8T) AppleWebKit/537.36 (KHTML, like Gecko) Chrome/100.0.4896.79 Mobile Safari/537.36"
2.61.1.101 - - [08/Apr/2022:02:03:22 +0000] "GET /wa-content/font/ruble/arial/fontface.css HTTP/2.0" 200 371 "https://justgrill.ru/grili/ugolnye/weber/gril-go-anywhere/" "Mozilla/5.0 (Linux; Android 11; Redmi Note 8T) AppleWebKit/537.36 (KHTML, like Gecko) Chrome/100.0.4896.79 Mobile Safari/537.36"
2.61.1.101 - - [08/Apr/2022:02:03:22 +0000] "GET /wa-content/js/jquery-plugins/jquery.cookie.js HTTP/2.0" 200 1343 "https://justgrill.ru/grili/ugolnye/weber/gril-go-anywhere/" "Mozilla/5.0 (Linux; Android 11; Redmi Note 8T) AppleWebKit/537.36 (KHTML, like Gecko) Chrome/100.0.4896.79 Mobile Safari/537.36"
2.61.1.101 - - [08/Apr/2022:02:03:22 +0000] "GET /wa-content/js/jquery-plugins/jquery.cookie.js?v2.4.1 HTTP/2.0" 200 1343 "https://justgrill.ru/grili/ugolnye/weber/gril-go-anywhere/" "Mozilla/5.0 (Linux; Android 11; Redmi Note 8T) AppleWebKit/537.36 (KHTML, like Gecko) Chrome/100.0.4896.79 Mobile Safari/537.36"
2.61.1.101 - - [08/Apr/2022:02:03:22 +0000] "GET /wa-content/js/jquery-plugins/jquery.retina.min.js?v2.4.1 HTTP/2.0" 200 900 "https://justgrill.ru/grili/ugolnye/weber/gril-go-anywhere/" "Mozilla/5.0 (Linux; Android 11; Redmi Note 8T) AppleWebKit/537.36 (KHTML, like Gecko) Chrome/100.0.4896.79 Mobile Safari/537.36"
2.61.1.101 - - [08/Apr/2022:02:03:23 +0000] "GET /wa-data/public/site/themes/justgrill/fonts/Robotobold.woff2 HTTP/2.0" 200 28384 "https://justgrill.ru/wa-data/public/site/themes/justgrill/css/fonts.css?v3.3.1.1649383401" "Mozilla/5.0 (Linux; Android 11; Redmi Note 8T) AppleWebKit/537.36 (KHTML, like Gecko) Chrome/100.0.4896.79 Mobile Safari/537.36"
2.61.1.101 - - [08/Apr/2022:02:03:23 +0000] "GET /wa-data/public/site/themes/justgrill/fonts/Robotolight.woff2 HTTP/2.0" 200 28296 "https://justgrill.ru/wa-data/public/site/themes/justgrill/css/fonts.css?v3.3.1.1649383401" "Mozilla/5.0 (Linux; Android 11; Redmi Note 8T) AppleWebKit/537.36 (KHTML, like Gecko) Chrome/100.0.4896.79 Mobile Safari/537.36"
2.61.1.101 - - [08/Apr/2022:02:03:23 +0000] "GET /searchpro-plugin/config/?v1.9.0.1649383401?2096190161 HTTP/2.0" 200 558 "https://justgrill.ru/grili/ugolnye/weber/gril-go-anywhere/" "Mozilla/5.0 (Linux; Android 11; Redmi Note 8T) AppleWebKit/537.36 (KHTML, like Gecko) Chrome/100.0.4896.79 Mobile Safari/537.36"
2.61.1.101 - - [08/Apr/2022:02:03:23 +0000] "GET /searchpro-plugin/config/?v1.9.0.1649383401?880465667 HTTP/2.0" 200 558 "https://justgrill.ru/grili/ugolnye/weber/gril-go-anywhere/" "Mozilla/5.0 (Linux; Android 11; Redmi Note 8T) AppleWebKit/537.36 (KHTML, like Gecko) Chrome/100.0.4896.79 Mobile Safari/537.36"
2.61.1.101 - - [08/Apr/2022:02:03:23 +0000] "GET /wa-data/public/site/themes/justgrill/img/basket.svg HTTP/2.0" 200 3868 "https://justgrill.ru/wa-data/public/site/themes/justgrill/css/main.css?v3.3.1.1649383401" "Mozilla/5.0 (Linux; Android 11; Redmi Note 8T) AppleWebKit/537.36 (KHTML, like Gecko) Chrome/100.0.4896.79 Mobile Safari/537.36"
2.61.1.101 - - [08/Apr/2022:02:03:23 +0000] "GET /wa-data/public/site/themes/justgrill/img/user.svg HTTP/2.0" 200 5703 "https://justgrill.ru/wa-data/public/site/themes/justgrill/css/main.css?v3.3.1.1649383401" "Mozilla/5.0 (Linux; Android 11; Redmi Note 8T) AppleWebKit/537.36 (KHTML, like Gecko) Chrome/100.0.4896.79 Mobile Safari/537.36"
2.61.1.101 - - [08/Apr/2022:02:03:23 +0000] "GET /wa-data/public/site/themes/justgrill/fonts/Roboto.woff2 HTTP/2.0" 200 28036 "https://justgrill.ru/wa-data/public/site/themes/justgrill/css/fonts.css?v3.3.1.1649383401" "Mozilla/5.0 (Linux; Android 11; Redmi Note 8T) AppleWebKit/537.36 (KHTML, like Gecko) Chrome/100.0.4896.79 Mobile Safari/537.36"
2.61.1.101 - - [08/Apr/2022:02:03:23 +0000] "GET /wa-apps/shop/plugins/searchpro/fonts/Roboto/Roboto-Regular.woff2 HTTP/2.0" 200 66004 "https://justgrill.ru/wa-apps/shop/plugins/searchpro/css/frontend.fonts.css?v1.9.0.1649383401" "Mozilla/5.0 (Linux; Android 11; Redmi Note 8T) AppleWebKit/537.36 (KHTML, like Gecko) Chrome/100.0.4896.79 Mobile Safari/537.36"
2.61.1.101 - - [08/Apr/2022:02:03:23 +0000] "GET /wa-data/public/site/themes/justgrill/img/menu-arrow-right.svg HTTP/2.0" 200 202 "https://justgrill.ru/wa-data/public/site/themes/justgrill/css/main.css?v3.3.1.1649383401" "Mozilla/5.0 (Linux; Android 11; Redmi Note 8T) AppleWebKit/537.36 (KHTML, like Gecko) Chrome/100.0.4896.79 Mobile Safari/537.36"
2.61.1.101 - - [08/Apr/2022:02:03:23 +0000] "GET /wa-data/public/site/themes/justgrill/img/menu-arrow-left.svg HTTP/2.0" 200 201 "https://justgrill.ru/wa-data/public/site/themes/justgrill/css/main.css?v3.3.1.1649383401" "Mozilla/5.0 (Linux; Android 11; Redmi Note 8T) AppleWebKit/537.36 (KHTML, like Gecko) Chrome/100.0.4896.79 Mobile Safari/537.36"
2.61.1.101 - - [08/Apr/2022:02:03:24 +0000] "GET /wa-data/public/site/themes/justgrill/img/phone.svg HTTP/2.0" 200 99750 "https://justgrill.ru/wa-data/public/site/themes/justgrill/css/main.css?v3.3.1.1649383401" "Mozilla/5.0 (Linux; Android 11; Redmi Note 8T) AppleWebKit/537.36 (KHTML, like Gecko) Chrome/100.0.4896.79 Mobile Safari/537.36"
2.61.1.101 - - [08/Apr/2022:02:03:24 +0000] "GET /wa-data/public/site/themes/justgrill/fonts/Robotomedium.woff2 HTTP/2.0" 200 28312 "https://justgrill.ru/wa-data/public/site/themes/justgrill/css/fonts.css?v3.3.1.1649383401" "Mozilla/5.0 (Linux; Android 11; Redmi Note 8T) AppleWebKit/537.36 (KHTML, like Gecko) Chrome/100.0.4896.79 Mobile Safari/537.36"
2.61.1.101 - - [08/Apr/2022:02:03:24 +0000] "GET /wa-data/public/site/themes/justgrill/img/email.svg HTTP/2.0" 200 354 "https://justgrill.ru/wa-data/public/site/themes/justgrill/css/main.css?v3.3.1.1649383401" "Mozilla/5.0 (Linux; Android 11; Redmi Note 8T) AppleWebKit/537.36 (KHTML, like Gecko) Chrome/100.0.4896.79 Mobile Safari/537.36"
2.61.1.101 - - [08/Apr/2022:02:03:24 +0000] "GET /wa-data/public/site/themes/justgrill/img/adress.svg HTTP/2.0" 200 80968 "https://justgrill.ru/wa-data/public/site/themes/justgrill/css/main.css?v3.3.1.1649383401" "Mozilla/5.0 (Linux; Android 11; Redmi Note 8T) AppleWebKit/537.36 (KHTML, like Gecko) Chrome/100.0.4896.79 Mobile Safari/537.36"
2.61.1.101 - - [08/Apr/2022:02:03:24 +0000] "GET /wa-content/font/ruble/arial/alsrubl-arial-regular.woff HTTP/2.0" 200 1788 "https://justgrill.ru/wa-content/font/ruble/arial/fontface.css" "Mozilla/5.0 (Linux; Android 11; Redmi Note 8T) AppleWebKit/537.36 (KHTML, like Gecko) Chrome/100.0.4896.79 Mobile Safari/537.36"
2.61.1.101 - - [08/Apr/2022:02:03:24 +0000] "GET /wa-content/js/signup/signup.js?v=8.21.0.1649383401 HTTP/2.0" 200 6675 "https://justgrill.ru/grili/ugolnye/weber/gril-go-anywhere/" "Mozilla/5.0 (Linux; Android 11; Redmi Note 8T) AppleWebKit/537.36 (KHTML, like Gecko) Chrome/100.0.4896.79 Mobile Safari/537.36"
2.61.1.101 - - [08/Apr/2022:02:03:24 +0000] "GET /wa-content/css/signup/signup.css?v=8.21.0.1649383401 HTTP/2.0" 200 1909 "https://justgrill.ru/grili/ugolnye/weber/gril-go-anywhere/" "Mozilla/5.0 (Linux; Android 11; Redmi Note 8T) AppleWebKit/537.36 (KHTML, like Gecko) Chrome/100.0.4896.79 Mobile Safari/537.36"
2.61.1.101 - - [08/Apr/2022:02:03:24 +0000] "GET /wa-content/js/login/login-frontend-form.min.js?v=8.21.0.1649383401 HTTP/2.0" 200 5488 "https://justgrill.ru/grili/ugolnye/weber/gril-go-anywhere/" "Mozilla/5.0 (Linux; Android 11; Redmi Note 8T) AppleWebKit/537.36 (KHTML, like Gecko) Chrome/100.0.4896.79 Mobile Safari/537.36"
2.61.1.101 - - [08/Apr/2022:02:03:24 +0000] "GET /wa-content/css/login/frontend/login.css?v=8.21.0.1649383401 HTTP/2.0" 200 1762 "https://justgrill.ru/grili/ugolnye/weber/gril-go-anywhere/" "Mozilla/5.0 (Linux; Android 11; Redmi Note 8T) AppleWebKit/537.36 (KHTML, like Gecko) Chrome/100.0.4896.79 Mobile Safari/537.36"
2.61.1.101 - - [08/Apr/2022:02:03:24 +0000] "GET /wa-content/js/login/forgotpassword-frontend-form.min.js?v=8.21.0.1649383401 HTTP/2.0" 200 4709 "https://justgrill.ru/grili/ugolnye/weber/gril-go-anywhere/" "Mozilla/5.0 (Linux; Android 11; Redmi Note 8T) AppleWebKit/537.36 (KHTML, like Gecko) Chrome/100.0.4896.79 Mobile Safari/537.36"
2.61.1.101 - - [08/Apr/2022:02:03:24 +0000] "GET /wa-content/css/login/frontend/forgot-password.css?v=8.21.0.1649383401 HTTP/2.0" 200 1560 "https://justgrill.ru/grili/ugolnye/weber/gril-go-anywhere/" "Mozilla/5.0 (Linux; Android 11; Redmi Note 8T) AppleWebKit/537.36 (KHTML, like Gecko) Chrome/100.0.4896.79 Mobile Safari/537.36"
2.61.1.101 - - [08/Apr/2022:02:03:25 +0000] "GET /ecommerce_prepare_data/products_list/?state_json=%7B%22sku_ids%22%3A%5B%223610%22%5D%2C%22list_name%22%3A%22%D0%93%D1%80%D0%B8%D0%BB%D0%B8%2F%D0%A3%D0%B3%D0%BE%D0%BB%D1%8C%D0%BD%D1%8B%D0%B5+%D0%B3%D1%80%D0%B8%D0%BB%D0%B8%2FWeber%2FGo-Anywhere%22%7D HTTP/2.0" 200 268 "https://justgrill.ru/grili/ugolnye/weber/gril-go-anywhere/" "Mozilla/5.0 (Linux; Android 11; Redmi Note 8T) AppleWebKit/537.36 (KHTML, like Gecko) Chrome/100.0.4896.79 Mobile Safari/537.36"
2.61.1.101 - - [08/Apr/2022:02:03:25 +0000] "GET /regions/getPopupContent/ HTTP/2.0" 200 1023 "https://justgrill.ru/grili/ugolnye/weber/gril-go-anywhere/" "Mozilla/5.0 (Linux; Android 11; Redmi Note 8T) AppleWebKit/537.36 (KHTML, like Gecko) Chrome/100.0.4896.79 Mobile Safari/537.36"
2.61.1.101 - - [08/Apr/2022:02:03:25 +0000] "GET /favicon.ico HTTP/2.0" 200 54978 "https://justgrill.ru/grili/ugolnye/weber/gril-go-anywhere/" "Mozilla/5.0 (Linux; Android 11; Redmi Note 8T) AppleWebKit/537.36 (KHTML, like Gecko) Chrome/100.0.4896.79 Mobile Safari/537.36"
2.61.1.101 - - [08/Apr/2022:02:03:25 +0000] "GET /regions/getPopupContent/ HTTP/2.0" 200 1023 "https://justgrill.ru/grili/ugolnye/weber/gril-go-anywhere/" "Mozilla/5.0 (Linux; Android 11; Redmi Note 8T) AppleWebKit/537.36 (KHTML, like Gecko) Chrome/100.0.4896.79 Mobile Safari/537.36"
93.158.161.57 - - [08/Apr/2022:02:03:28 +0000] "GET / HTTP/1.1" 301 162 "-" "Mozilla/5.0 (compatible; YandexMetrika/2.0; +http://yandex.com/bots yabs01)"
66.249.66.55 - - [08/Apr/2022:02:03:30 +0000] "GET /grili-i-oborudovanie-dlya-griley/aksessuary-dlya-griley/chekhol-dlya-grilya-kamado-big-2/ HTTP/1.1" 301 5 "-" "Mozilla/5.0 (Linux; Android 6.0.1; Nexus 5X Build/MMB29P) AppleWebKit/537.36 (KHTML, like Gecko) Chrome/100.0.4896.75 Mobile Safari/537.36 (compatible; Googlebot/2.1; +http://www.google.com/bot.html)"
66.249.66.55 - - [08/Apr/2022:02:03:31 +0000] "GET /aksessuary/chekhly-dlya-griley/chekhol-dlya-grilya-kamado-joe-big-2/ HTTP/1.1" 200 31586 "-" "Mozilla/5.0 (Linux; Android 6.0.1; Nexus 5X Build/MMB29P) AppleWebKit/537.36 (KHTML, like Gecko) Chrome/100.0.4896.75 Mobile Safari/537.36 (compatible; Googlebot/2.1; +http://www.google.com/bot.html)"
66.249.66.92 - - [08/Apr/2022:02:03:31 +0000] "GET /brendy/weber/14713004-gril-ugolnyy-master-touch-gbs-c-5750-siniy-grafit/ HTTP/1.1" 301 5 "-" "Mozilla/5.0 (compatible; Googlebot/2.1; +http://www.google.com/bot.html)"
66.249.66.92 - - [08/Apr/2022:02:03:32 +0000] "GET /grili/ugolnye/weber/master-touch/gril-ugolnyy-weber-master-touch-gbs-c-5750-siniy-grafit/ HTTP/1.1" 200 34899 "-" "Mozilla/5.0 (compatible; Googlebot/2.1; +http://www.google.com/bot.html)"
66.249.66.71 - - [08/Apr/2022:02:03:42 +0000] "GET /mangaly/tandyry/tandyr-aladdin-mini-s-otkidnoy-kryshkoy/ HTTP/1.1" 200 34284 "-" "Mozilla/5.0 (compatible; Googlebot/2.1; +http://www.google.com/bot.html)"
66.249.66.69 - - [08/Apr/2022:02:03:43 +0000] "GET /mangaly/tandyry/tandyr-aladdin-mini-s-otkidnoy-kryshkoy/ HTTP/1.1" 200 34305 "-" "Mozilla/5.0 (Linux; Android 6.0.1; Nexus 5X Build/MMB29P) AppleWebKit/537.36 (KHTML, like Gecko) Chrome/99.0.4844.84 Mobile Safari/537.36 (compatible; Googlebot/2.1; +http://www.google.com/bot.html)"
66.249.66.69 - - [08/Apr/2022:02:03:47 +0000] "GET /grili/gazovye/broil-king/signet/gazovyy-gril-broil-king-signet-390/ HTTP/1.1" 200 35623 "-" "Mozilla/5.0 (Linux; Android 6.0.1; Nexus 5X Build/MMB29P) AppleWebKit/537.36 (KHTML, like Gecko) Chrome/99.0.4844.84 Mobile Safari/537.36 (compatible; Googlebot/2.1; +http://www.google.com/bot.html)"
66.249.66.69 - - [08/Apr/2022:02:03:48 +0000] "GET /grili/gazovye/broil-king/signet/gazovyy-gril-broil-king-signet-390/ HTTP/1.1" 200 35603 "-" "Mozilla/5.0 (compatible; Googlebot/2.1; +http://www.google.com/bot.html)"
77.88.5.229 - - [08/Apr/2022:02:03:53 +0000] "GET /aksessuary/oborudovanie/telezhki-gril/telezhka-dlya-grilya-gazovogo-porta-chef-320/ HTTP/1.1" 200 31258 "-" "Mozilla/5.0 (compatible; YandexBot/3.0; +http://yandex.com/bots) AppleWebKit/537.36 (KHTML, like Gecko) Chrome/81.0.4044.268"
2.61.1.101 - - [08/Apr/2022:02:03:58 +0000] "GET /grili/ugolnye/weber/go-anywhere/ HTTP/2.0" 301 0 "https://www.google.com/" "Mozilla/5.0 (Linux; Android 11; Redmi Note 8T) AppleWebKit/537.36 (KHTML, like Gecko) Chrome/100.0.4896.79 Mobile Safari/537.36"
2.61.1.101 - - [08/Apr/2022:02:03:58 +0000] "GET /grili/ugolnye/weber/gril-go-anywhere/ HTTP/2.0" 200 29493 "https://www.google.com/" "Mozilla/5.0 (Linux; Android 11; Redmi Note 8T) AppleWebKit/537.36 (KHTML, like Gecko) Chrome/100.0.4896.79 Mobile Safari/537.36"
2.61.1.101 - - [08/Apr/2022:02:03:59 +0000] "GET /wa-content/font/ruble/arial/fontface.css HTTP/2.0" 200 371 "https://krd.justgrill.ru/grili/ugolnye/weber/gril-go-anywhere/" "Mozilla/5.0 (Linux; Android 11; Redmi Note 8T) AppleWebKit/537.36 (KHTML, like Gecko) Chrome/100.0.4896.79 Mobile Safari/537.36"
2.61.1.101 - - [08/Apr/2022:02:03:59 +0000] "GET /wa-content/js/jquery-plugins/jquery.cookie.js HTTP/2.0" 200 1343 "https://krd.justgrill.ru/grili/ugolnye/weber/gril-go-anywhere/" "Mozilla/5.0 (Linux; Android 11; Redmi Note 8T) AppleWebKit/537.36 (KHTML, like Gecko) Chrome/100.0.4896.79 Mobile Safari/537.36"
2.61.1.101 - - [08/Apr/2022:02:03:59 +0000] "GET /wa-content/js/jquery-plugins/jquery.cookie.js?v2.4.1 HTTP/2.0" 200 1343 "https://krd.justgrill.ru/grili/ugolnye/weber/gril-go-anywhere/" "Mozilla/5.0 (Linux; Android 11; Redmi Note 8T) AppleWebKit/537.36 (KHTML, like Gecko) Chrome/100.0.4896.79 Mobile Safari/537.36"
2.61.1.101 - - [08/Apr/2022:02:03:59 +0000] "GET /wa-content/js/jquery-plugins/jquery.retina.min.js?v2.4.1 HTTP/2.0" 200 900 "https://krd.justgrill.ru/grili/ugolnye/weber/gril-go-anywhere/" "Mozilla/5.0 (Linux; Android 11; Redmi Note 8T) AppleWebKit/537.36 (KHTML, like Gecko) Chrome/100.0.4896.79 Mobile Safari/537.36"
2.61.1.101 - - [08/Apr/2022:02:03:59 +0000] "GET /wa-data/public/site/themes/justgrill/fonts/Robotobold.woff2 HTTP/2.0" 200 28384 "https://krd.justgrill.ru/wa-data/public/site/themes/justgrill/css/fonts.css?v3.3.1.1649383438" "Mozilla/5.0 (Linux; Android 11; Redmi Note 8T) AppleWebKit/537.36 (KHTML, like Gecko) Chrome/100.0.4896.79 Mobile Safari/537.36"
2.61.1.101 - - [08/Apr/2022:02:03:59 +0000] "GET /wa-data/public/site/themes/justgrill/fonts/Robotolight.woff2 HTTP/2.0" 200 28296 "https://krd.justgrill.ru/wa-data/public/site/themes/justgrill/css/fonts.css?v3.3.1.1649383438" "Mozilla/5.0 (Linux; Android 11; Redmi Note 8T) AppleWebKit/537.36 (KHTML, like Gecko) Chrome/100.0.4896.79 Mobile Safari/537.36"
2.61.1.101 - - [08/Apr/2022:02:04:00 +0000] "GET /searchpro-plugin/config/?v1.9.0.1649383438?1802256592 HTTP/2.0" 200 560 "https://krd.justgrill.ru/grili/ugolnye/weber/gril-go-anywhere/" "Mozilla/5.0 (Linux; Android 11; Redmi Note 8T) AppleWebKit/537.36 (KHTML, like Gecko) Chrome/100.0.4896.79 Mobile Safari/537.36"
2.61.1.101 - - [08/Apr/2022:02:04:00 +0000] "GET /searchpro-plugin/config/?v1.9.0.1649383438?2096737730 HTTP/2.0" 200 561 "https://krd.justgrill.ru/grili/ugolnye/weber/gril-go-anywhere/" "Mozilla/5.0 (Linux; Android 11; Redmi Note 8T) AppleWebKit/537.36 (KHTML, like Gecko) Chrome/100.0.4896.79 Mobile Safari/537.36"
2.61.1.101 - - [08/Apr/2022:02:04:00 +0000] "GET /wa-data/public/site/themes/justgrill/fonts/Roboto.woff2 HTTP/2.0" 200 28036 "https://krd.justgrill.ru/wa-data/public/site/themes/justgrill/css/fonts.css?v3.3.1.1649383438" "Mozilla/5.0 (Linux; Android 11; Redmi Note 8T) AppleWebKit/537.36 (KHTML, like Gecko) Chrome/100.0.4896.79 Mobile Safari/537.36"
2.61.1.101 - - [08/Apr/2022:02:04:00 +0000] "GET /wa-data/public/site/themes/justgrill/img/basket.svg HTTP/2.0" 200 3868 "https://krd.justgrill.ru/wa-data/public/site/themes/justgrill/css/main.css?v3.3.1.1649383438" "Mozilla/5.0 (Linux; Android 11; Redmi Note 8T) AppleWebKit/537.36 (KHTML, like Gecko) Chrome/100.0.4896.79 Mobile Safari/537.36"
2.61.1.101 - - [08/Apr/2022:02:04:00 +0000] "GET /wa-data/public/site/themes/justgrill/img/user.svg HTTP/2.0" 200 5703 "https://krd.justgrill.ru/wa-data/public/site/themes/justgrill/css/main.css?v3.3.1.1649383438" "Mozilla/5.0 (Linux; Android 11; Redmi Note 8T) AppleWebKit/537.36 (KHTML, like Gecko) Chrome/100.0.4896.79 Mobile Safari/537.36"
2.61.1.101 - - [08/Apr/2022:02:04:00 +0000] "GET /wa-apps/shop/plugins/searchpro/fonts/Roboto/Roboto-Regular.woff2 HTTP/2.0" 200 66004 "https://krd.justgrill.ru/wa-apps/shop/plugins/searchpro/css/frontend.fonts.css?v1.9.0.1649383438" "Mozilla/5.0 (Linux; Android 11; Redmi Note 8T) AppleWebKit/537.36 (KHTML, like Gecko) Chrome/100.0.4896.79 Mobile Safari/537.36"
2.61.1.101 - - [08/Apr/2022:02:04:00 +0000] "GET /wa-data/public/site/themes/justgrill/img/menu-arrow-right.svg HTTP/2.0" 200 202 "https://krd.justgrill.ru/wa-data/public/site/themes/justgrill/css/main.css?v3.3.1.1649383438" "Mozilla/5.0 (Linux; Android 11; Redmi Note 8T) AppleWebKit/537.36 (KHTML, like Gecko) Chrome/100.0.4896.79 Mobile Safari/537.36"
2.61.1.101 - - [08/Apr/2022:02:04:00 +0000] "GET /wa-data/public/site/themes/justgrill/img/menu-arrow-left.svg HTTP/2.0" 200 201 "https://krd.justgrill.ru/wa-data/public/site/themes/justgrill/css/main.css?v3.3.1.1649383438" "Mozilla/5.0 (Linux; Android 11; Redmi Note 8T) AppleWebKit/537.36 (KHTML, like Gecko) Chrome/100.0.4896.79 Mobile Safari/537.36"
2.61.1.101 - - [08/Apr/2022:02:04:00 +0000] "GET /shop/captcha.php?rid=1649383438624f980eca77f HTTP/2.0" 200 13311 "https://krd.justgrill.ru/grili/ugolnye/weber/gril-go-anywhere/" "Mozilla/5.0 (Linux; Android 11; Redmi Note 8T) AppleWebKit/537.36 (KHTML, like Gecko) Chrome/100.0.4896.79 Mobile Safari/537.36"
185.191.171.33 - - [08/Apr/2022:02:04:01 +0000] "GET /aksessuary/ugli-i-rozzhigi/weber/ HTTP/1.1" 301 5 "-" "Mozilla/5.0 (compatible; SemrushBot/7~bl; +http://www.semrush.com/bot.html)"
2.61.1.101 - - [08/Apr/2022:02:04:01 +0000] "GET /wa-data/public/site/themes/justgrill/img/phone.svg HTTP/2.0" 200 99750 "https://krd.justgrill.ru/wa-data/public/site/themes/justgrill/css/main.css?v3.3.1.1649383438" "Mozilla/5.0 (Linux; Android 11; Redmi Note 8T) AppleWebKit/537.36 (KHTML, like Gecko) Chrome/100.0.4896.79 Mobile Safari/537.36"
2.61.1.101 - - [08/Apr/2022:02:04:01 +0000] "GET /wa-data/public/site/themes/justgrill/img/email.svg HTTP/2.0" 200 354 "https://krd.justgrill.ru/wa-data/public/site/themes/justgrill/css/main.css?v3.3.1.1649383438" "Mozilla/5.0 (Linux; Android 11; Redmi Note 8T) AppleWebKit/537.36 (KHTML, like Gecko) Chrome/100.0.4896.79 Mobile Safari/537.36"
2.61.1.101 - - [08/Apr/2022:02:04:01 +0000] "GET /wa-data/public/site/themes/justgrill/img/adress.svg HTTP/2.0" 200 80968 "https://krd.justgrill.ru/wa-data/public/site/themes/justgrill/css/main.css?v3.3.1.1649383438" "Mozilla/5.0 (Linux; Android 11; Redmi Note 8T) AppleWebKit/537.36 (KHTML, like Gecko) Chrome/100.0.4896.79 Mobile Safari/537.36"
2.61.1.101 - - [08/Apr/2022:02:04:01 +0000] "GET /wa-data/public/site/themes/justgrill/fonts/Robotomedium.woff2 HTTP/2.0" 200 28312 "https://krd.justgrill.ru/wa-data/public/site/themes/justgrill/css/fonts.css?v3.3.1.1649383438" "Mozilla/5.0 (Linux; Android 11; Redmi Note 8T) AppleWebKit/537.36 (KHTML, like Gecko) Chrome/100.0.4896.79 Mobile Safari/537.36"
2.61.1.101 - - [08/Apr/2022:02:04:01 +0000] "GET /wa-content/font/ruble/arial/alsrubl-arial-regular.woff HTTP/2.0" 200 1788 "https://krd.justgrill.ru/wa-content/font/ruble/arial/fontface.css" "Mozilla/5.0 (Linux; Android 11; Redmi Note 8T) AppleWebKit/537.36 (KHTML, like Gecko) Chrome/100.0.4896.79 Mobile Safari/537.36"
2.61.1.101 - - [08/Apr/2022:02:04:01 +0000] "GET /wa-content/js/signup/signup.js?v=8.21.0.1649383438 HTTP/2.0" 200 6675 "https://krd.justgrill.ru/grili/ugolnye/weber/gril-go-anywhere/" "Mozilla/5.0 (Linux; Android 11; Redmi Note 8T) AppleWebKit/537.36 (KHTML, like Gecko) Chrome/100.0.4896.79 Mobile Safari/537.36"
2.61.1.101 - - [08/Apr/2022:02:04:01 +0000] "GET /wa-content/css/signup/signup.css?v=8.21.0.1649383438 HTTP/2.0" 200 1909 "https://krd.justgrill.ru/grili/ugolnye/weber/gril-go-anywhere/" "Mozilla/5.0 (Linux; Android 11; Redmi Note 8T) AppleWebKit/537.36 (KHTML, like Gecko) Chrome/100.0.4896.79 Mobile Safari/537.36"
2.61.1.101 - - [08/Apr/2022:02:04:01 +0000] "GET /wa-content/js/login/login-frontend-form.min.js?v=8.21.0.1649383438 HTTP/2.0" 200 5488 "https://krd.justgrill.ru/grili/ugolnye/weber/gril-go-anywhere/" "Mozilla/5.0 (Linux; Android 11; Redmi Note 8T) AppleWebKit/537.36 (KHTML, like Gecko) Chrome/100.0.4896.79 Mobile Safari/537.36"
2.61.1.101 - - [08/Apr/2022:02:04:01 +0000] "GET /wa-content/css/login/frontend/login.css?v=8.21.0.1649383438 HTTP/2.0" 200 1762 "https://krd.justgrill.ru/grili/ugolnye/weber/gril-go-anywhere/" "Mozilla/5.0 (Linux; Android 11; Redmi Note 8T) AppleWebKit/537.36 (KHTML, like Gecko) Chrome/100.0.4896.79 Mobile Safari/537.36"
2.61.1.101 - - [08/Apr/2022:02:04:01 +0000] "GET /wa-content/js/login/forgotpassword-frontend-form.min.js?v=8.21.0.1649383438 HTTP/2.0" 200 4709 "https://krd.justgrill.ru/grili/ugolnye/weber/gril-go-anywhere/" "Mozilla/5.0 (Linux; Android 11; Redmi Note 8T) AppleWebKit/537.36 (KHTML, like Gecko) Chrome/100.0.4896.79 Mobile Safari/537.36"
2.61.1.101 - - [08/Apr/2022:02:04:01 +0000] "GET /wa-content/css/login/frontend/forgot-password.css?v=8.21.0.1649383438 HTTP/2.0" 200 1560 "https://krd.justgrill.ru/grili/ugolnye/weber/gril-go-anywhere/" "Mozilla/5.0 (Linux; Android 11; Redmi Note 8T) AppleWebKit/537.36 (KHTML, like Gecko) Chrome/100.0.4896.79 Mobile Safari/537.36"
185.191.171.22 - - [08/Apr/2022:02:04:01 +0000] "GET /aksessuary/ugli-i-rozzhigi/weber/ HTTP/1.1" 301 162 "-" "Mozilla/5.0 (compatible; SemrushBot/7~bl; +http://www.semrush.com/bot.html)"
2.61.1.101 - - [08/Apr/2022:02:04:02 +0000] "GET /ecommerce_prepare_data/products_list/?state_json=%7B%22sku_ids%22%3A%5B%223610%22%5D%2C%22list_name%22%3A%22%D0%93%D1%80%D0%B8%D0%BB%D0%B8%2F%D0%A3%D0%B3%D0%BE%D0%BB%D1%8C%D0%BD%D1%8B%D0%B5+%D0%B3%D1%80%D0%B8%D0%BB%D0%B8%2FWeber%2FGo-Anywhere%22%7D HTTP/2.0" 200 268 "https://krd.justgrill.ru/grili/ugolnye/weber/gril-go-anywhere/" "Mozilla/5.0 (Linux; Android 11; Redmi Note 8T) AppleWebKit/537.36 (KHTML, like Gecko) Chrome/100.0.4896.79 Mobile Safari/537.36"
2.61.1.101 - - [08/Apr/2022:02:04:02 +0000] "GET /regions/getPopupContent/ HTTP/2.0" 200 1028 "https://krd.justgrill.ru/grili/ugolnye/weber/gril-go-anywhere/" "Mozilla/5.0 (Linux; Android 11; Redmi Note 8T) AppleWebKit/537.36 (KHTML, like Gecko) Chrome/100.0.4896.79 Mobile Safari/537.36"
2.61.1.101 - - [08/Apr/2022:02:04:02 +0000] "GET /regions/getPopupContent/ HTTP/2.0" 200 1028 "https://krd.justgrill.ru/grili/ugolnye/weber/gril-go-anywhere/" "Mozilla/5.0 (Linux; Android 11; Redmi Note 8T) AppleWebKit/537.36 (KHTML, like Gecko) Chrome/100.0.4896.79 Mobile Safari/537.36"
2.61.1.101 - - [08/Apr/2022:02:04:02 +0000] "GET /favicon.ico HTTP/2.0" 200 54978 "https://krd.justgrill.ru/grili/ugolnye/weber/gril-go-anywhere/" "Mozilla/5.0 (Linux; Android 11; Redmi Note 8T) AppleWebKit/537.36 (KHTML, like Gecko) Chrome/100.0.4896.79 Mobile Safari/537.36"
54.36.148.177 - - [08/Apr/2022:02:04:03 +0000] "GET /brand/Stubb%27s/ HTTP/2.0" 301 0 "-" "Mozilla/5.0 (compatible; AhrefsBot/7.0; +http://ahrefs.com/robot/)"
185.191.171.11 - - [08/Apr/2022:02:04:04 +0000] "GET /aksessuary/ugli-i-rozzhigi/weber/ HTTP/1.1" 200 31310 "-" "Mozilla/5.0 (compatible; SemrushBot/7~bl; +http://www.semrush.com/bot.html)"
66.249.92.213 - - [08/Apr/2022:02:04:07 +0000] "GET /wa-content/js/jquery-ui/jquery.ui.core.min.js?v2.4.1 HTTP/1.1" 200 2044 "https://rostov.justgrill.ru/mangaly/tandyry/" "AdsBot-Google (+http://www.google.com/adsbot.html)"
77.88.5.56 - - [08/Apr/2022:02:04:10 +0000] "GET / HTTP/1.1" 301 162 "-" "Mozilla/5.0 (compatible; YandexMetrika/2.0; +http://yandex.com/bots yabs01)"
66.249.92.211 - - [08/Apr/2022:02:04:16 +0000] "GET /wa-content/js/jquery-ui/jquery.ui.mouse.min.js?v2.4.1 HTTP/1.1" 200 944 "https://rostov.justgrill.ru/mangaly/tandyry/" "AdsBot-Google (+http://www.google.com/adsbot.html)"
77.88.5.229 - - [08/Apr/2022:02:04:16 +0000] "GET /grili/gazovye/broil-king/imperial/gazovyy-gril-broil-king-imperial-690-chernyy/ HTTP/1.1" 200 34570 "-" "Mozilla/5.0 (compatible; YandexBot/3.0; +http://yandex.com/bots)"
77.88.5.70 - - [08/Apr/2022:02:04:16 +0000] "GET /grili/ugolnye/weber/gril-go-anywhere/ HTTP/1.1" 200 29501 "-" "Mozilla/5.0 (compatible; YandexBot/3.0; +http://yandex.com/bots)"
178.176.79.9 - - [08/Apr/2022:02:04:18 +0000] "GET /blog/bearnskiy-sous/ HTTP/2.0" 500 17222 "-" "Mozilla/5.0 (Linux; Android 10; Redmi 7A) AppleWebKit/537.36 (KHTML, like Gecko) Chrome/98.0.4725.100 Mobile Safari/537.36"
66.249.92.211 - - [08/Apr/2022:02:04:18 +0000] "GET /wa-content/js/jquery-ui/jquery.ui.widget.min.js?v2.4.1 HTTP/1.1" 200 1313 "https://rostov.justgrill.ru/mangaly/tandyry/" "AdsBot-Google (+http://www.google.com/adsbot.html)"
178.176.79.9 - - [08/Apr/2022:02:04:19 +0000] "GET /wa-content/font/ruble/arial/fontface.css HTTP/2.0" 200 371 "https://justgrill.ru/blog/bearnskiy-sous/" "Mozilla/5.0 (Linux; Android 10; Redmi 7A) AppleWebKit/537.36 (KHTML, like Gecko) Chrome/98.0.4725.100 Mobile Safari/537.36"
178.176.79.9 - - [08/Apr/2022:02:04:19 +0000] "GET /wa-content/js/jquery/jquery-1.11.1.min.js HTTP/2.0" 200 33483 "https://justgrill.ru/blog/bearnskiy-sous/" "Mozilla/5.0 (Linux; Android 10; Redmi 7A) AppleWebKit/537.36 (KHTML, like Gecko) Chrome/98.0.4725.100 Mobile Safari/537.36"
178.176.79.9 - - [08/Apr/2022:02:04:19 +0000] "GET /wa-content/js/jquery/jquery-migrate-1.2.1.min.js HTTP/2.0" 200 3064 "https://justgrill.ru/blog/bearnskiy-sous/" "Mozilla/5.0 (Linux; Android 10; Redmi 7A) AppleWebKit/537.36 (KHTML, like Gecko) Chrome/98.0.4725.100 Mobile Safari/537.36"
178.176.79.9 - - [08/Apr/2022:02:04:19 +0000] "GET /blog/captcha.php?rid=1649383457624f9821e699e HTTP/2.0" 200 13275 "https://justgrill.ru/blog/bearnskiy-sous/" "Mozilla/5.0 (Linux; Android 10; Redmi 7A) AppleWebKit/537.36 (KHTML, like Gecko) Chrome/98.0.4725.100 Mobile Safari/537.36"
178.176.79.9 - - [08/Apr/2022:02:04:20 +0000] "GET /wa-content/img/loading16.gif HTTP/2.0" 200 1849 "https://justgrill.ru/blog/bearnskiy-sous/" "Mozilla/5.0 (Linux; Android 10; Redmi 7A) AppleWebKit/537.36 (KHTML, like Gecko) Chrome/98.0.4725.100 Mobile Safari/537.36"
66.249.92.211 - - [08/Apr/2022:02:04:22 +0000] "GET /wa-content/js/jquery-plugins/jquery.cookie.js?v2.4.1 HTTP/1.1" 200 1355 "https://rostov.justgrill.ru/mangaly/tandyry/" "AdsBot-Google (+http://www.google.com/adsbot.html)"
66.249.92.211 - - [08/Apr/2022:02:04:23 +0000] "GET /searchpro-plugin/config/?v1.9.0.1649375662?1223307191 HTTP/1.1" 200 574 "https://rostov.justgrill.ru/mangaly/tandyry/" "AdsBot-Google (+http://www.google.com/adsbot.html)"
66.249.92.211 - - [08/Apr/2022:02:04:24 +0000] "GET /searchpro-plugin/config/?v1.9.0.1649375662?1131290922 HTTP/1.1" 200 574 "https://rostov.justgrill.ru/mangaly/tandyry/" "AdsBot-Google (+http://www.google.com/adsbot.html)"
66.249.92.211 - - [08/Apr/2022:02:04:28 +0000] "GET /wa-content/js/login/login-frontend-form.min.js?v=8.21.0.1649375662 HTTP/1.1" 200 5501 "https://rostov.justgrill.ru/mangaly/tandyry/" "AdsBot-Google (+http://www.google.com/adsbot.html)"
66.249.92.211 - - [08/Apr/2022:02:04:29 +0000] "GET /wa-content/css/login/frontend/login.css?v=8.21.0.1649375662 HTTP/1.1" 200 1774 "https://rostov.justgrill.ru/mangaly/tandyry/" "AdsBot-Google (+http://www.google.com/adsbot.html)"
66.249.92.211 - - [08/Apr/2022:02:04:29 +0000] "GET /wa-content/css/login/frontend/forgot-password.css?v=8.21.0.1649375662 HTTP/1.1" 200 1572 "https://rostov.justgrill.ru/mangaly/tandyry/" "AdsBot-Google (+http://www.google.com/adsbot.html)"
178.176.79.9 - - [08/Apr/2022:02:04:30 +0000] "GET /wa-data/public/site/themes/mobile/img/icons/hamburger-menu.svg HTTP/2.0" 200 585 "https://justgrill.ru/wa-data/public/site/themes/mobile/mobile.css?v1.1.0.1649383457" "Mozilla/5.0 (Linux; Android 10; Redmi 7A) AppleWebKit/537.36 (KHTML, like Gecko) Chrome/98.0.4725.100 Mobile Safari/537.36"
66.249.92.211 - - [08/Apr/2022:02:04:30 +0000] "GET /wa-content/js/login/forgotpassword-frontend-form.min.js?v=8.21.0.1649375662 HTTP/1.1" 200 4722 "https://rostov.justgrill.ru/mangaly/tandyry/" "AdsBot-Google (+http://www.google.com/adsbot.html)"
178.176.79.9 - - [08/Apr/2022:02:04:30 +0000] "GET /wa-data/public/site/themes/mobile/img/phone.svg HTTP/2.0" 200 1384 "https://justgrill.ru/wa-data/public/site/themes/mobile/mobile.css?v1.1.0.1649383457" "Mozilla/5.0 (Linux; Android 10; Redmi 7A) AppleWebKit/537.36 (KHTML, like Gecko) Chrome/98.0.4725.100 Mobile Safari/537.36"
178.176.79.9 - - [08/Apr/2022:02:04:30 +0000] "GET /wa-data/public/site/themes/mobile/img/icons/map.svg HTTP/2.0" 200 692 "https://justgrill.ru/wa-data/public/site/themes/mobile/mobile.css?v1.1.0.1649383457" "Mozilla/5.0 (Linux; Android 10; Redmi 7A) AppleWebKit/537.36 (KHTML, like Gecko) Chrome/98.0.4725.100 Mobile Safari/537.36"
178.176.79.9 - - [08/Apr/2022:02:04:30 +0000] "GET /wa-data/public/site/themes/mobile/img/shopping-cart.svg HTTP/2.0" 200 941 "https://justgrill.ru/wa-data/public/site/themes/mobile/mobile.css?v1.1.0.1649383457" "Mozilla/5.0 (Linux; Android 10; Redmi 7A) AppleWebKit/537.36 (KHTML, like Gecko) Chrome/98.0.4725.100 Mobile Safari/537.36"
178.176.79.9 - - [08/Apr/2022:02:04:30 +0000] "GET /wa-data/public/site/themes/mobile/img/icons/phone-call.svg HTTP/2.0" 200 1263 "https://justgrill.ru/wa-data/public/site/themes/mobile/mobile.css?v1.1.0.1649383457" "Mozilla/5.0 (Linux; Android 10; Redmi 7A) AppleWebKit/537.36 (KHTML, like Gecko) Chrome/98.0.4725.100 Mobile Safari/537.36"
66.249.92.211 - - [08/Apr/2022:02:04:30 +0000] "GET /wa-data/public/site/themes/justgrill/fonts/Robotolight.woff2 HTTP/1.1" 200 28296 "https://rostov.justgrill.ru/wa-data/public/site/themes/justgrill/css/fonts.css?v3.3.1.1649375662" "AdsBot-Google (+http://www.google.com/adsbot.html)"
66.249.92.211 - - [08/Apr/2022:02:04:31 +0000] "GET /wa-content/js/signup/signup.js?v=8.21.0.1649375662 HTTP/1.1" 200 6688 "https://rostov.justgrill.ru/mangaly/tandyry/" "AdsBot-Google (+http://www.google.com/adsbot.html)"
66.249.92.211 - - [08/Apr/2022:02:04:31 +0000] "GET /wa-data/public/site/themes/justgrill/fonts/Robotomedium.woff2 HTTP/1.1" 200 28312 "https://rostov.justgrill.ru/wa-data/public/site/themes/justgrill/css/fonts.css?v3.3.1.1649375662" "AdsBot-Google (+http://www.google.com/adsbot.html)"
66.249.92.211 - - [08/Apr/2022:02:04:33 +0000] "GET /regions/getPopupContent/ HTTP/1.1" 200 1040 "https://rostov.justgrill.ru/mangaly/tandyry/" "AdsBot-Google (+http://www.google.com/adsbot.html)"
66.249.92.211 - - [08/Apr/2022:02:04:33 +0000] "GET /wa-content/css/signup/signup.css?v=8.21.0.1649375662 HTTP/1.1" 200 1921 "https://rostov.justgrill.ru/mangaly/tandyry/" "AdsBot-Google (+http://www.google.com/adsbot.html)"
77.88.5.229 - - [08/Apr/2022:02:04:33 +0000] "GET /wa-content/js/jquery-plugins/jquery.cookie.js HTTP/1.1" 200 1355 "https://saratov.justgrill.ru/aksessuary/oborudovanie/telezhki-gril/telezhka-dlya-grilya-gazovogo-porta-chef-320/" "Mozilla/5.0 (compatible; YandexBot/3.0; +http://yandex.com/bots) AppleWebKit/537.36 (KHTML, like Gecko) Chrome/81.0.4044.268"
66.249.66.32 - - [08/Apr/2022:02:04:34 +0000] "GET /obogrevateli-ulichnye/nagrevatel-gaz-ulich-patiominig3137mbarqog---oxide-grigio-ruchupr-82kvt/ HTTP/1.1" 301 5 "-" "Mozilla/5.0 (Linux; Android 6.0.1; Nexus 5X Build/MMB29P) AppleWebKit/537.36 (KHTML, like Gecko) Chrome/100.0.4896.75 Mobile Safari/537.36 (compatible; Googlebot/2.1; +http://www.google.com/bot.html)"
66.249.92.211 - - [08/Apr/2022:02:04:34 +0000] "GET /wa-data/public/site/themes/justgrill/fonts/Robotobold.woff2 HTTP/1.1" 200 28384 "https://rostov.justgrill.ru/wa-data/public/site/themes/justgrill/css/fonts.css?v3.3.1.1649375662" "AdsBot-Google (+http://www.google.com/adsbot.html)"
66.249.92.211 - - [08/Apr/2022:02:04:35 +0000] "GET /regions/getPopupContent/ HTTP/1.1" 200 1040 "https://rostov.justgrill.ru/mangaly/tandyry/" "AdsBot-Google (+http://www.google.com/adsbot.html)"
66.249.92.211 - - [08/Apr/2022:02:04:35 +0000] "GET /wa-data/public/site/themes/justgrill/fonts/Roboto.woff2 HTTP/1.1" 200 28036 "https://rostov.justgrill.ru/wa-data/public/site/themes/justgrill/css/fonts.css?v3.3.1.1649375662" "AdsBot-Google (+http://www.google.com/adsbot.html)"
66.249.66.61 - - [08/Apr/2022:02:04:37 +0000] "GET /obogrevateli-ulichnye/gazovye/nagrevatel-gaz-ulich-patio-mini-g31-37mbar-qog-ruchupr-82kvt-oxide-grigio/ HTTP/1.1" 200 32885 "-" "Mozilla/5.0 (Linux; Android 6.0.1; Nexus 5X Build/MMB29P) AppleWebKit/537.36 (KHTML, like Gecko) Chrome/100.0.4896.75 Mobile Safari/537.36 (compatible; Googlebot/2.1; +http://www.google.com/bot.html)"
66.249.92.211 - - [08/Apr/2022:02:04:37 +0000] "GET /wa-apps/shop/plugins/searchpro/fonts/Roboto/Roboto-Regular.woff2 HTTP/1.1" 200 66004 "https://rostov.justgrill.ru/wa-apps/shop/plugins/searchpro/css/frontend.fonts.css?v1.9.0.1649375662" "AdsBot-Google (+http://www.google.com/adsbot.html)"
37.9.71.213 - - [08/Apr/2022:02:04:40 +0000] "POST /ym_api/1/?action=/cart HTTP/1.1" 200 110 "-" "Apache-HttpClient/4.5.6 (Java/11.0.8-shenandoah)"
66.249.66.27 - - [08/Apr/2022:02:04:45 +0000] "GET /aksessuary/chekhly-dlya-griley/chekhol-dlya-grilya-classic-joe/ HTTP/1.1" 301 5 "-" "Mozilla/5.0 (compatible; Googlebot/2.1; +http://www.google.com/bot.html)"
77.88.5.19 - - [08/Apr/2022:02:04:45 +0000] "GET / HTTP/1.1" 301 162 "-" "Mozilla/5.0 (compatible; YandexMetrika/2.0; +http://yandex.com/bots yabs01)"
66.249.66.23 - - [08/Apr/2022:02:04:46 +0000] "GET /aksessuary/chekhly-dlya-griley/chekhol-dlya-grilya-kamado-joe-classic/ HTTP/1.1" 200 32198 "-" "Mozilla/5.0 (compatible; Googlebot/2.1; +http://www.google.com/bot.html)"
114.119.128.77 - - [08/Apr/2022:02:05:04 +0000] "GET /aksessuary/dlya-kopcheniya/shchepa/shchepki-dlya-kopcheniya-weber-yabloko-700g HTTP/1.1" 301 5 "-" "Mozilla/5.0 (Linux; Android 7.0;) AppleWebKit/537.36 (KHTML, like Gecko) Mobile Safari/537.36 (compatible; PetalBot;+https://webmaster.petalsearch.com/site/petalbot)"
114.119.128.77 - - [08/Apr/2022:02:05:05 +0000] "GET /aksessuary/dlya-kopcheniya/shchepa/shchepki-dlya-kopcheniya-weber-yabloko-700g HTTP/1.1" 301 162 "-" "Mozilla/5.0 (Linux; Android 7.0;) AppleWebKit/537.36 (KHTML, like Gecko) Mobile Safari/537.36 (compatible; PetalBot;+https://webmaster.petalsearch.com/site/petalbot)"
114.119.128.77 - - [08/Apr/2022:02:05:07 +0000] "GET /aksessuary/dlya-kopcheniya/shchepa/shchepki-dlya-kopcheniya-weber-yabloko-700g HTTP/1.1" 301 5 "-" "Mozilla/5.0 (Linux; Android 7.0;) AppleWebKit/537.36 (KHTML, like Gecko) Mobile Safari/537.36 (compatible; PetalBot;+https://webmaster.petalsearch.com/site/petalbot)"
114.119.128.77 - - [08/Apr/2022:02:05:09 +0000] "GET /aksessuary/dlya-kopcheniya/shchepa/shchepki-dlya-kopcheniya-weber-yabloko-700g/ HTTP/1.1" 200 34290 "-" "Mozilla/5.0 (Linux; Android 7.0;) AppleWebKit/537.36 (KHTML, like Gecko) Mobile Safari/537.36 (compatible; PetalBot;+https://webmaster.petalsearch.com/site/petalbot)"
77.88.5.2 - - [08/Apr/2022:02:05:16 +0000] "GET / HTTP/1.1" 301 162 "-" "Mozilla/5.0 (compatible; YandexMetrika/2.0; +http://yandex.com/bots yabs01)"
77.88.5.171 - - [08/Apr/2022:02:05:26 +0000] "GET /?yclid=7710547526903176844 HTTP/1.1" 200 39653 "-" "Mozilla/5.0 (compatible; YandexMetrika/2.0; +http://yandex.com/bots yabs01)"
114.119.129.158 - - [08/Apr/2022:02:05:57 +0000] "GET /aksessuary/reshetki/reshetka-gril/reshetka-dlya-prigotovleniya-grilya-weber-stalnaya-47sm/ HTTP/1.1" 200 32152 "-" "Mozilla/5.0 (Linux; Android 7.0;) AppleWebKit/537.36 (KHTML, like Gecko) Mobile Safari/537.36 (compatible; PetalBot;+https://webmaster.petalsearch.com/site/petalbot)"
77.88.5.229 - - [08/Apr/2022:02:05:58 +0000] "GET /wa-content/js/jquery-plugins/jquery.cookie.js HTTP/1.1" 200 1355 "https://saratov.justgrill.ru/aksessuary/oborudovanie/telezhki-gril/telezhka-dlya-grilya-gazovogo-porta-chef-320/" "Mozilla/5.0 (compatible; YandexBot/3.0; +http://yandex.com/bots) AppleWebKit/537.36 (KHTML, like Gecko) Chrome/81.0.4044.268"
178.176.79.9 - - [08/Apr/2022:02:06:01 +0000] "GET /kontakty/contacts-rostov/ HTTP/2.0" 301 0 "https://justgrill.ru/blog/bearnskiy-sous/" "Mozilla/5.0 (Linux; Android 10; Redmi 7A) AppleWebKit/537.36 (KHTML, like Gecko) Chrome/98.0.4725.100 Mobile Safari/537.36"
178.176.79.9 - - [08/Apr/2022:02:06:02 +0000] "GET /kontakty/ HTTP/2.0" 200 27366 "https://justgrill.ru/blog/bearnskiy-sous/" "Mozilla/5.0 (Linux; Android 10; Redmi 7A) AppleWebKit/537.36 (KHTML, like Gecko) Chrome/98.0.4725.100 Mobile Safari/537.36"
178.176.79.9 - - [08/Apr/2022:02:06:04 +0000] "GET /wa-content/js/jquery-plugins/jquery.cookie.js HTTP/2.0" 200 1343 "https://justgrill.ru/kontakty/" "Mozilla/5.0 (Linux; Android 10; Redmi 7A) AppleWebKit/537.36 (KHTML, like Gecko) Chrome/98.0.4725.100 Mobile Safari/537.36"
178.176.79.9 - - [08/Apr/2022:02:06:04 +0000] "GET /wa-content/js/jquery-plugins/jquery.cookie.js?v2.4.1 HTTP/2.0" 200 1343 "https://justgrill.ru/kontakty/" "Mozilla/5.0 (Linux; Android 10; Redmi 7A) AppleWebKit/537.36 (KHTML, like Gecko) Chrome/98.0.4725.100 Mobile Safari/537.36"
178.176.79.9 - - [08/Apr/2022:02:06:04 +0000] "GET /wa-content/js/jquery-plugins/jquery.retina.min.js?v2.4.1 HTTP/2.0" 200 900 "https://justgrill.ru/kontakty/" "Mozilla/5.0 (Linux; Android 10; Redmi 7A) AppleWebKit/537.36 (KHTML, like Gecko) Chrome/98.0.4725.100 Mobile Safari/537.36"
178.176.79.9 - - [08/Apr/2022:02:06:05 +0000] "GET /searchpro-plugin/config/?v1.9.0.1649383562?2046694288 HTTP/2.0" 200 558 "https://justgrill.ru/kontakty/" "Mozilla/5.0 (Linux; Android 10; Redmi 7A) AppleWebKit/537.36 (KHTML, like Gecko) Chrome/98.0.4725.100 Mobile Safari/537.36"
178.176.79.9 - - [08/Apr/2022:02:06:06 +0000] "GET /searchpro-plugin/config/?v1.9.0.1649383562?1894426784 HTTP/2.0" 200 558 "https://justgrill.ru/kontakty/" "Mozilla/5.0 (Linux; Android 10; Redmi 7A) AppleWebKit/537.36 (KHTML, like Gecko) Chrome/98.0.4725.100 Mobile Safari/537.36"
77.88.5.229 - - [08/Apr/2022:02:06:08 +0000] "GET /grili/gazovye/weber/traveller/ HTTP/1.1" 200 28723 "-" "Mozilla/5.0 (compatible; YandexBot/3.0; +http://yandex.com/bots)"
114.119.129.110 - - [08/Apr/2022:02:06:10 +0000] "GET /aksessuary/oborudovanie/termometry-gril/tsifrovoy-termometr-weber-igrill-mini/reviews HTTP/1.1" 301 5 "-" "Mozilla/5.0 (Linux; Android 7.0;) AppleWebKit/537.36 (KHTML, like Gecko) Mobile Safari/537.36 (compatible; PetalBot;+https://webmaster.petalsearch.com/site/petalbot)"
114.119.129.110 - - [08/Apr/2022:02:06:12 +0000] "GET /aksessuary/oborudovanie/termometry-gril/tsifrovoy-termometr-weber-igrill-mini/reviews/ HTTP/1.1" 200 31280 "-" "Mozilla/5.0 (Linux; Android 7.0;) AppleWebKit/537.36 (KHTML, like Gecko) Mobile Safari/537.36 (compatible; PetalBot;+https://webmaster.petalsearch.com/site/petalbot)"
178.176.79.9 - - [08/Apr/2022:02:06:15 +0000] "GET /wa-data/public/site/themes/justgrill/img/basket.svg HTTP/2.0" 200 3868 "https://justgrill.ru/wa-data/public/site/themes/justgrill/css/main.css?v3.3.1.1649383562" "Mozilla/5.0 (Linux; Android 10; Redmi 7A) AppleWebKit/537.36 (KHTML, like Gecko) Chrome/98.0.4725.100 Mobile Safari/537.36"
178.176.79.9 - - [08/Apr/2022:02:06:15 +0000] "GET /wa-data/public/site/themes/justgrill/img/user.svg HTTP/2.0" 200 5703 "https://justgrill.ru/wa-data/public/site/themes/justgrill/css/main.css?v3.3.1.1649383562" "Mozilla/5.0 (Linux; Android 10; Redmi 7A) AppleWebKit/537.36 (KHTML, like Gecko) Chrome/98.0.4725.100 Mobile Safari/537.36"
178.176.79.9 - - [08/Apr/2022:02:06:15 +0000] "GET /wa-data/public/site/themes/justgrill/img/menu-arrow-right.svg HTTP/2.0" 200 202 "https://justgrill.ru/wa-data/public/site/themes/justgrill/css/main.css?v3.3.1.1649383562" "Mozilla/5.0 (Linux; Android 10; Redmi 7A) AppleWebKit/537.36 (KHTML, like Gecko) Chrome/98.0.4725.100 Mobile Safari/537.36"
178.176.79.9 - - [08/Apr/2022:02:06:15 +0000] "GET /wa-data/public/site/themes/justgrill/img/menu-arrow-left.svg HTTP/2.0" 200 201 "https://justgrill.ru/wa-data/public/site/themes/justgrill/css/main.css?v3.3.1.1649383562" "Mozilla/5.0 (Linux; Android 10; Redmi 7A) AppleWebKit/537.36 (KHTML, like Gecko) Chrome/98.0.4725.100 Mobile Safari/537.36"
178.176.79.9 - - [08/Apr/2022:02:06:15 +0000] "GET /wa-data/public/site/themes/justgrill/fonts/Robotobold.woff2 HTTP/2.0" 200 28384 "https://justgrill.ru/wa-data/public/site/themes/justgrill/css/fonts.css?v3.3.1.1649383562" "Mozilla/5.0 (Linux; Android 10; Redmi 7A) AppleWebKit/537.36 (KHTML, like Gecko) Chrome/98.0.4725.100 Mobile Safari/537.36"
178.176.79.9 - - [08/Apr/2022:02:06:15 +0000] "GET /wa-data/public/site/themes/justgrill/fonts/Robotolight.woff2 HTTP/2.0" 200 28296 "https://justgrill.ru/wa-data/public/site/themes/justgrill/css/fonts.css?v3.3.1.1649383562" "Mozilla/5.0 (Linux; Android 10; Redmi 7A) AppleWebKit/537.36 (KHTML, like Gecko) Chrome/98.0.4725.100 Mobile Safari/537.36"
178.176.79.9 - - [08/Apr/2022:02:06:15 +0000] "GET /wa-data/public/site/themes/justgrill/fonts/Roboto.woff2 HTTP/2.0" 200 28036 "https://justgrill.ru/wa-data/public/site/themes/justgrill/css/fonts.css?v3.3.1.1649383562" "Mozilla/5.0 (Linux; Android 10; Redmi 7A) AppleWebKit/537.36 (KHTML, like Gecko) Chrome/98.0.4725.100 Mobile Safari/537.36"
178.176.79.9 - - [08/Apr/2022:02:06:15 +0000] "GET /wa-data/public/site/themes/justgrill/img/phone.svg HTTP/2.0" 200 99750 "https://justgrill.ru/wa-data/public/site/themes/justgrill/css/main.css?v3.3.1.1649383562" "Mozilla/5.0 (Linux; Android 10; Redmi 7A) AppleWebKit/537.36 (KHTML, like Gecko) Chrome/98.0.4725.100 Mobile Safari/537.36"
178.176.79.9 - - [08/Apr/2022:02:06:15 +0000] "GET /wa-data/public/site/themes/justgrill/img/email.svg HTTP/2.0" 200 354 "https://justgrill.ru/wa-data/public/site/themes/justgrill/css/main.css?v3.3.1.1649383562" "Mozilla/5.0 (Linux; Android 10; Redmi 7A) AppleWebKit/537.36 (KHTML, like Gecko) Chrome/98.0.4725.100 Mobile Safari/537.36"
178.176.79.9 - - [08/Apr/2022:02:06:15 +0000] "GET /wa-data/public/site/themes/justgrill/img/adress.svg HTTP/2.0" 200 80968 "https://justgrill.ru/wa-data/public/site/themes/justgrill/css/main.css?v3.3.1.1649383562" "Mozilla/5.0 (Linux; Android 10; Redmi 7A) AppleWebKit/537.36 (KHTML, like Gecko) Chrome/98.0.4725.100 Mobile Safari/537.36"
178.176.79.9 - - [08/Apr/2022:02:06:15 +0000] "GET /wa-content/js/signup/signup.js?v=8.21.0.1649383562 HTTP/2.0" 200 6675 "https://justgrill.ru/kontakty/" "Mozilla/5.0 (Linux; Android 10; Redmi 7A) AppleWebKit/537.36 (KHTML, like Gecko) Chrome/98.0.4725.100 Mobile Safari/537.36"
178.176.79.9 - - [08/Apr/2022:02:06:15 +0000] "GET /wa-content/css/signup/signup.css?v=8.21.0.1649383562 HTTP/2.0" 200 1909 "https://justgrill.ru/kontakty/" "Mozilla/5.0 (Linux; Android 10; Redmi 7A) AppleWebKit/537.36 (KHTML, like Gecko) Chrome/98.0.4725.100 Mobile Safari/537.36"
178.176.79.9 - - [08/Apr/2022:02:06:15 +0000] "GET /wa-content/css/login/frontend/login.css?v=8.21.0.1649383562 HTTP/2.0" 200 1762 "https://justgrill.ru/kontakty/" "Mozilla/5.0 (Linux; Android 10; Redmi 7A) AppleWebKit/537.36 (KHTML, like Gecko) Chrome/98.0.4725.100 Mobile Safari/537.36"
178.176.79.9 - - [08/Apr/2022:02:06:15 +0000] "GET /wa-content/css/login/frontend/forgot-password.css?v=8.21.0.1649383562 HTTP/2.0" 200 1560 "https://justgrill.ru/kontakty/" "Mozilla/5.0 (Linux; Android 10; Redmi 7A) AppleWebKit/537.36 (KHTML, like Gecko) Chrome/98.0.4725.100 Mobile Safari/537.36"
178.176.79.9 - - [08/Apr/2022:02:06:15 +0000] "GET /wa-content/js/login/login-frontend-form.min.js?v=8.21.0.1649383562 HTTP/2.0" 200 5488 "https://justgrill.ru/kontakty/" "Mozilla/5.0 (Linux; Android 10; Redmi 7A) AppleWebKit/537.36 (KHTML, like Gecko) Chrome/98.0.4725.100 Mobile Safari/537.36"
178.176.79.9 - - [08/Apr/2022:02:06:15 +0000] "GET /wa-content/js/login/forgotpassword-frontend-form.min.js?v=8.21.0.1649383562 HTTP/2.0" 200 4709 "https://justgrill.ru/kontakty/" "Mozilla/5.0 (Linux; Android 10; Redmi 7A) AppleWebKit/537.36 (KHTML, like Gecko) Chrome/98.0.4725.100 Mobile Safari/537.36"
178.176.79.9 - - [08/Apr/2022:02:06:15 +0000] "GET /wa-data/public/site/themes/justgrill/fonts/Robotomedium.woff2 HTTP/2.0" 200 28312 "https://justgrill.ru/wa-data/public/site/themes/justgrill/css/fonts.css?v3.3.1.1649383562" "Mozilla/5.0 (Linux; Android 10; Redmi 7A) AppleWebKit/537.36 (KHTML, like Gecko) Chrome/98.0.4725.100 Mobile Safari/537.36"
178.176.79.9 - - [08/Apr/2022:02:06:16 +0000] "GET /regions/getPopupContent/ HTTP/2.0" 200 1023 "https://justgrill.ru/kontakty/" "Mozilla/5.0 (Linux; Android 10; Redmi 7A) AppleWebKit/537.36 (KHTML, like Gecko) Chrome/98.0.4725.100 Mobile Safari/537.36"
178.176.79.9 - - [08/Apr/2022:02:06:16 +0000] "GET /wa-apps/shop/plugins/searchpro/fonts/Roboto/Roboto-Regular.woff2 HTTP/2.0" 200 66004 "https://justgrill.ru/wa-apps/shop/plugins/searchpro/css/frontend.fonts.css?v1.9.0.1649383562" "Mozilla/5.0 (Linux; Android 10; Redmi 7A) AppleWebKit/537.36 (KHTML, like Gecko) Chrome/98.0.4725.100 Mobile Safari/537.36"
178.176.79.9 - - [08/Apr/2022:02:06:16 +0000] "GET /regions/getPopupContent/ HTTP/2.0" 200 1023 "https://justgrill.ru/kontakty/" "Mozilla/5.0 (Linux; Android 10; Redmi 7A) AppleWebKit/537.36 (KHTML, like Gecko) Chrome/98.0.4725.100 Mobile Safari/537.36"
185.191.171.2 - - [08/Apr/2022:02:06:20 +0000] "GET /grili/gazovye/weber/36810021-gril-gazovyy-genesis-epx-435-chernyy/ HTTP/1.1" 200 35669 "-" "Mozilla/5.0 (compatible; SemrushBot/7~bl; +http://www.semrush.com/bot.html)"
185.191.171.23 - - [08/Apr/2022:02:06:23 +0000] "GET /search/960/broil-king/?order=asc&sort=name HTTP/1.1" 200 30912 "-" "Mozilla/5.0 (compatible; SemrushBot/7~bl; +http://www.semrush.com/bot.html)"
185.191.171.5 - - [08/Apr/2022:02:06:25 +0000] "GET /search/960/broil-king/ HTTP/1.1" 200 30852 "-" "Mozilla/5.0 (compatible; SemrushBot/7~bl; +http://www.semrush.com/bot.html)"
178.176.79.9 - - [08/Apr/2022:02:06:59 +0000] "GET /kontakty/ HTTP/2.0" 304 0 "https://justgrill.ru/kontakty/" "Mozilla/5.0 (Linux; Android 10; Redmi 7A) AppleWebKit/537.36 (KHTML, like Gecko) Chrome/98.0.4725.100 Mobile Safari/537.36"
147.78.183.76 - - [08/Apr/2022:02:07:00 +0000] "GET /blog/rss/ HTTP/1.1" 200 10235 "-" "Mozilla/5.0 (Linux; Android 8.0.0; SM-J330F Build/R16NW; wv) AppleWebKit/537.36 (KHTML, like Gecko) Version/4.0 Chrome/66.0.3359.126 Mobile Safari/537.36 YandexSearch/6.45"
178.176.79.9 - - [08/Apr/2022:02:07:02 +0000] "GET /searchpro-plugin/config/?v1.9.0.1649383562?2046694288 HTTP/2.0" 200 558 "https://justgrill.ru/kontakty/" "Mozilla/5.0 (Linux; Android 10; Redmi 7A) AppleWebKit/537.36 (KHTML, like Gecko) Chrome/98.0.4725.100 Mobile Safari/537.36"
178.176.79.9 - - [08/Apr/2022:02:07:02 +0000] "GET /searchpro-plugin/config/?v1.9.0.1649383562?1894426784 HTTP/2.0" 200 558 "https://justgrill.ru/kontakty/" "Mozilla/5.0 (Linux; Android 10; Redmi 7A) AppleWebKit/537.36 (KHTML, like Gecko) Chrome/98.0.4725.100 Mobile Safari/537.36"
