89.178.48.58 - - [08/Apr/2022:04:34:56 +0000] "GET /searchpro-plugin/config/?v1.9.0.1649392496?1857075060 HTTP/2.0" 200 560 "https://krd.justgrill.ru/aksessuary/posuda/?page=4" "Mozilla/5.0 (Linux; Android 12; SM-G970F) AppleWebKit/537.36 (KHTML, like Gecko) Chrome/100.0.4896.79 Mobile Safari/537.36"
89.178.48.58 - - [08/Apr/2022:04:34:56 +0000] "GET /shop/captcha.php?rid=1649392496624fbb700d782 HTTP/2.0" 200 13429 "https://krd.justgrill.ru/aksessuary/posuda/?page=4" "Mozilla/5.0 (Linux; Android 12; SM-G970F) AppleWebKit/537.36 (KHTML, like Gecko) Chrome/100.0.4896.79 Mobile Safari/537.36"
89.178.48.58 - - [08/Apr/2022:04:34:57 +0000] "GET /wa-content/js/signup/signup.js?v=8.21.0.1649392495 HTTP/2.0" 200 6675 "https://krd.justgrill.ru/aksessuary/posuda/?page=4" "Mozilla/5.0 (Linux; Android 12; SM-G970F) AppleWebKit/537.36 (KHTML, like Gecko) Chrome/100.0.4896.79 Mobile Safari/537.36"
89.178.48.58 - - [08/Apr/2022:04:34:57 +0000] "GET /wa-content/css/signup/signup.css?v=8.21.0.1649392495 HTTP/2.0" 200 1909 "https://krd.justgrill.ru/aksessuary/posuda/?page=4" "Mozilla/5.0 (Linux; Android 12; SM-G970F) AppleWebKit/537.36 (KHTML, like Gecko) Chrome/100.0.4896.79 Mobile Safari/537.36"
89.178.48.58 - - [08/Apr/2022:04:34:57 +0000] "GET /wa-content/js/login/login-frontend-form.min.js?v=8.21.0.1649392495 HTTP/2.0" 200 5488 "https://krd.justgrill.ru/aksessuary/posuda/?page=4" "Mozilla/5.0 (Linux; Android 12; SM-G970F) AppleWebKit/537.36 (KHTML, like Gecko) Chrome/100.0.4896.79 Mobile Safari/537.36"
89.178.48.58 - - [08/Apr/2022:04:34:57 +0000] "GET /wa-content/css/login/frontend/login.css?v=8.21.0.1649392495 HTTP/2.0" 200 1762 "https://krd.justgrill.ru/aksessuary/posuda/?page=4" "Mozilla/5.0 (Linux; Android 12; SM-G970F) AppleWebKit/537.36 (KHTML, like Gecko) Chrome/100.0.4896.79 Mobile Safari/537.36"
89.178.48.58 - - [08/Apr/2022:04:34:57 +0000] "GET /wa-content/js/login/forgotpassword-frontend-form.min.js?v=8.21.0.1649392495 HTTP/2.0" 200 4709 "https://krd.justgrill.ru/aksessuary/posuda/?page=4" "Mozilla/5.0 (Linux; Android 12; SM-G970F) AppleWebKit/537.36 (KHTML, like Gecko) Chrome/100.0.4896.79 Mobile Safari/537.36"
89.178.48.58 - - [08/Apr/2022:04:34:57 +0000] "GET /wa-content/css/login/frontend/forgot-password.css?v=8.21.0.1649392495 HTTP/2.0" 200 1560 "https://krd.justgrill.ru/aksessuary/posuda/?page=4" "Mozilla/5.0 (Linux; Android 12; SM-G970F) AppleWebKit/537.36 (KHTML, like Gecko) Chrome/100.0.4896.79 Mobile Safari/537.36"
216.244.66.234 - - [08/Apr/2022:04:34:57 +0000] "GET /aksessuary/odezhda-gril/fartuk-gril/ HTTP/1.1" 301 162 "-" "Mozilla/5.0 (compatible; DotBot/1.2; +https://opensiteexplorer.org/dotbot; help@moz.com)"
89.178.48.58 - - [08/Apr/2022:04:34:57 +0000] "GET /ecommerce_prepare_data/products_list/?state_json=%7B%22sku_ids%22%3A%5B%2211305%22%2C%2212314%22%2C%2210814%22%2C%2210835%22%2C%2210883%22%2C%2210769%22%2C%2210802%22%2C%2210849%22%2C%2211073%22%2C%225683%22%2C%2211719%22%2C%2211745%22%2C%2211746%22%2C%2211748%22%2C%2211749%22%2C%2211751%22%2C%2211766%22%2C%2211974%22%2C%2211975%22%2C%2212319%22%2C%2211925%22%2C%2211973%22%2C%2211341%22%2C%2212400%22%5D%2C%22list_name%22%3A%22%D0%90%D0%BA%D1%81%D0%B5%D1%81%D1%81%D1%83%D0%B0%D1%80%D1%8B%2F%D0%9F%D0%BE%D1%81%D1%83%D0%B4%D0%B0+%D0%B4%D0%BB%D1%8F+%D0%B3%D1%80%D0%B8%D0%BB%D1%8F%22%7D HTTP/2.0" 200 1355 "https://krd.justgrill.ru/aksessuary/posuda/?page=4" "Mozilla/5.0 (Linux; Android 12; SM-G970F) AppleWebKit/537.36 (KHTML, like Gecko) Chrome/100.0.4896.79 Mobile Safari/537.36"
89.178.48.58 - - [08/Apr/2022:04:34:58 +0000] "GET /regions/getPopupContent/ HTTP/2.0" 200 1028 "https://krd.justgrill.ru/aksessuary/posuda/?page=4" "Mozilla/5.0 (Linux; Android 12; SM-G970F) AppleWebKit/537.36 (KHTML, like Gecko) Chrome/100.0.4896.79 Mobile Safari/537.36"
89.178.48.58 - - [08/Apr/2022:04:34:58 +0000] "GET /regions/getPopupContent/ HTTP/2.0" 200 1028 "https://krd.justgrill.ru/aksessuary/posuda/?page=4" "Mozilla/5.0 (Linux; Android 12; SM-G970F) AppleWebKit/537.36 (KHTML, like Gecko) Chrome/100.0.4896.79 Mobile Safari/537.36"
216.244.66.234 - - [08/Apr/2022:04:35:02 +0000] "GET /aksessuary/shampury-i-vertely/shampur-gril/ HTTP/1.1" 301 162 "-" "Mozilla/5.0 (compatible; DotBot/1.2; +https://opensiteexplorer.org/dotbot; help@moz.com)"
66.249.66.4 - - [08/Apr/2022:04:35:03 +0000] "GET /ads.txt HTTP/1.1" 301 162 "-" "Mozilla/5.0 (compatible; Googlebot/2.1; +http://www.google.com/bot.html)"
66.249.66.57 - - [08/Apr/2022:04:35:03 +0000] "GET /robots.txt HTTP/1.1" 200 31 "-" "Mozilla/5.0 (compatible; Googlebot/2.1; +http://www.google.com/bot.html)"
66.249.66.2 - - [08/Apr/2022:04:35:03 +0000] "GET /robots.txt HTTP/1.1" 200 31 "-" "Mozilla/5.0 (compatible; Googlebot/2.1; +http://www.google.com/bot.html)"
66.249.66.62 - - [08/Apr/2022:04:35:03 +0000] "GET /robots.txt HTTP/1.1" 200 31 "-" "Mozilla/5.0 (compatible; Googlebot/2.1; +http://www.google.com/bot.html)"
66.249.66.57 - - [08/Apr/2022:04:35:03 +0000] "GET /robots.txt HTTP/1.1" 200 31 "-" "Mozilla/5.0 (compatible; Googlebot/2.1; +http://www.google.com/bot.html)"
66.249.66.4 - - [08/Apr/2022:04:35:04 +0000] "GET /robots.txt HTTP/1.1" 200 31 "-" "Mozilla/5.0 (compatible; Googlebot/2.1; +http://www.google.com/bot.html)"
66.249.66.23 - - [08/Apr/2022:04:35:05 +0000] "GET /aksessuary/reshetki/reshetka-dlya-grilya-mini-diametr-23-sm/ HTTP/1.1" 301 5 "-" "Mozilla/5.0 (compatible; Googlebot/2.1; +http://www.google.com/bot.html)"
66.249.66.27 - - [08/Apr/2022:04:35:06 +0000] "GET /aksessuary/reshetki/reshetka-gril/reshetka-dlya-grilya-big-green-egg-mini-chugunnaya-23-sm/ HTTP/1.1" 200 30226 "-" "Mozilla/5.0 (compatible; Googlebot/2.1; +http://www.google.com/bot.html)"
66.249.66.55 - - [08/Apr/2022:04:35:06 +0000] "GET /ads.txt HTTP/1.1" 301 162 "-" "Mozilla/5.0 (compatible; Googlebot/2.1; +http://www.google.com/bot.html)"
66.249.66.29 - - [08/Apr/2022:04:35:08 +0000] "GET /ads.txt HTTP/1.1" 404 27528 "-" "Mozilla/5.0 (compatible; Googlebot/2.1; +http://www.google.com/bot.html)"
66.249.66.55 - - [08/Apr/2022:04:35:08 +0000] "GET /ads.txt HTTP/1.1" 301 162 "-" "Mozilla/5.0 (compatible; Googlebot/2.1; +http://www.google.com/bot.html)"
66.249.66.23 - - [08/Apr/2022:04:35:10 +0000] "GET /brendy/weber/podstavka-dlya-rebryshek-malaya/ HTTP/1.1" 301 5 "-" "Mozilla/5.0 (compatible; Googlebot/2.1; +http://www.google.com/bot.html)"
77.88.5.70 - - [08/Apr/2022:04:35:10 +0000] "GET /wa-content/css/login/frontend/login.css?v=8.21.0.1649391973 HTTP/1.1" 200 1774 "-" "Mozilla/5.0 (compatible; YandexMetrika/4.0; +http://yandex.com/bots)"
66.249.66.25 - - [08/Apr/2022:04:35:12 +0000] "GET /aksessuary/podstavki-i-rostery/podstavka-gril/podstavka-dlya-rebryshek-weber-malaya/ HTTP/1.1" 200 32337 "-" "Mozilla/5.0 (compatible; Googlebot/2.1; +http://www.google.com/bot.html)"
66.249.66.5 - - [08/Apr/2022:04:35:12 +0000] "GET /ads.txt HTTP/1.1" 301 162 "-" "Mozilla/5.0 (compatible; Googlebot/2.1; +http://www.google.com/bot.html)"
45.84.3.125 - - [08/Apr/2022:04:35:17 +0000] "GET /aksessuary/dlya-pitstsy/nabory-pitstsa/nabor-dlya-lyubiteley-pitstsy-napoleon-4-predmeta/ HTTP/1.1" 200 34340 "-" "Mozilla/5.0 (X11; Linux x86_64) AppleWebKit/537.36 (KHTML, like Gecko) Chrome/85.0.4183.83 Safari/537.36"
77.88.5.229 - - [08/Apr/2022:04:35:18 +0000] "GET /wa-content/css/login/frontend/login.css?v=8.21.0.1649391434 HTTP/1.1" 200 1774 "-" "Mozilla/5.0 (compatible; YandexMetrika/4.0; +http://yandex.com/bots)"
93.158.161.33 - - [08/Apr/2022:04:35:20 +0000] "GET /wa-content/css/login/frontend/forgot-password.css?v=8.21.0.1649391434 HTTP/1.1" 200 1572 "-" "Mozilla/5.0 (compatible; YandexMetrika/4.0; +http://yandex.com/bots)"
185.191.171.8 - - [08/Apr/2022:04:35:29 +0000] "GET /aksessuary/oborudovanie/fonar-gril/fonar-svetodiodnyy-dlya-griley-napoleon/ HTTP/1.1" 200 31749 "-" "Mozilla/5.0 (compatible; SemrushBot/7~bl; +http://www.semrush.com/bot.html)"
77.88.5.70 - - [08/Apr/2022:04:35:29 +0000] "GET /wa-content/js/jquery-plugins/jquery.cookie.js HTTP/1.1" 200 1355 "-" "Mozilla/5.0 (compatible; YandexBot/3.0; +http://yandex.com/bots)"
89.178.48.58 - - [08/Apr/2022:04:35:33 +0000] "GET /aksessuary/posuda/kulinarnyy-klosh-stalnoy/ HTTP/2.0" 200 32846 "https://krd.justgrill.ru/aksessuary/posuda/?page=4" "Mozilla/5.0 (Linux; Android 12; SM-G970F) AppleWebKit/537.36 (KHTML, like Gecko) Chrome/100.0.4896.79 Mobile Safari/537.36"
89.178.48.58 - - [08/Apr/2022:04:35:34 +0000] "GET /searchpro-plugin/config/?v1.9.0.1649392533?237114082 HTTP/2.0" 200 560 "https://krd.justgrill.ru/aksessuary/posuda/kulinarnyy-klosh-stalnoy/" "Mozilla/5.0 (Linux; Android 12; SM-G970F) AppleWebKit/537.36 (KHTML, like Gecko) Chrome/100.0.4896.79 Mobile Safari/537.36"
89.178.48.58 - - [08/Apr/2022:04:35:34 +0000] "GET /searchpro-plugin/config/?v1.9.0.1649392533?866595618 HTTP/2.0" 200 560 "https://krd.justgrill.ru/aksessuary/posuda/kulinarnyy-klosh-stalnoy/" "Mozilla/5.0 (Linux; Android 12; SM-G970F) AppleWebKit/537.36 (KHTML, like Gecko) Chrome/100.0.4896.79 Mobile Safari/537.36"
89.178.48.58 - - [08/Apr/2022:04:35:34 +0000] "GET /shop/captcha.php?rid=1649392533624fbb95d71d8 HTTP/2.0" 200 13042 "https://krd.justgrill.ru/aksessuary/posuda/kulinarnyy-klosh-stalnoy/" "Mozilla/5.0 (Linux; Android 12; SM-G970F) AppleWebKit/537.36 (KHTML, like Gecko) Chrome/100.0.4896.79 Mobile Safari/537.36"
89.178.48.58 - - [08/Apr/2022:04:35:35 +0000] "GET /wa-content/js/signup/signup.js?v=8.21.0.1649392533 HTTP/2.0" 200 6675 "https://krd.justgrill.ru/aksessuary/posuda/kulinarnyy-klosh-stalnoy/" "Mozilla/5.0 (Linux; Android 12; SM-G970F) AppleWebKit/537.36 (KHTML, like Gecko) Chrome/100.0.4896.79 Mobile Safari/537.36"
89.178.48.58 - - [08/Apr/2022:04:35:35 +0000] "GET /wa-content/css/signup/signup.css?v=8.21.0.1649392533 HTTP/2.0" 200 1909 "https://krd.justgrill.ru/aksessuary/posuda/kulinarnyy-klosh-stalnoy/" "Mozilla/5.0 (Linux; Android 12; SM-G970F) AppleWebKit/537.36 (KHTML, like Gecko) Chrome/100.0.4896.79 Mobile Safari/537.36"
89.178.48.58 - - [08/Apr/2022:04:35:35 +0000] "GET /wa-content/js/login/login-frontend-form.min.js?v=8.21.0.1649392533 HTTP/2.0" 200 5488 "https://krd.justgrill.ru/aksessuary/posuda/kulinarnyy-klosh-stalnoy/" "Mozilla/5.0 (Linux; Android 12; SM-G970F) AppleWebKit/537.36 (KHTML, like Gecko) Chrome/100.0.4896.79 Mobile Safari/537.36"
89.178.48.58 - - [08/Apr/2022:04:35:35 +0000] "GET /wa-content/css/login/frontend/login.css?v=8.21.0.1649392533 HTTP/2.0" 200 1762 "https://krd.justgrill.ru/aksessuary/posuda/kulinarnyy-klosh-stalnoy/" "Mozilla/5.0 (Linux; Android 12; SM-G970F) AppleWebKit/537.36 (KHTML, like Gecko) Chrome/100.0.4896.79 Mobile Safari/537.36"
89.178.48.58 - - [08/Apr/2022:04:35:35 +0000] "GET /wa-content/js/login/forgotpassword-frontend-form.min.js?v=8.21.0.1649392533 HTTP/2.0" 200 4709 "https://krd.justgrill.ru/aksessuary/posuda/kulinarnyy-klosh-stalnoy/" "Mozilla/5.0 (Linux; Android 12; SM-G970F) AppleWebKit/537.36 (KHTML, like Gecko) Chrome/100.0.4896.79 Mobile Safari/537.36"
89.178.48.58 - - [08/Apr/2022:04:35:35 +0000] "GET /wa-content/css/login/frontend/forgot-password.css?v=8.21.0.1649392533 HTTP/2.0" 200 1560 "https://krd.justgrill.ru/aksessuary/posuda/kulinarnyy-klosh-stalnoy/" "Mozilla/5.0 (Linux; Android 12; SM-G970F) AppleWebKit/537.36 (KHTML, like Gecko) Chrome/100.0.4896.79 Mobile Safari/537.36"
89.178.48.58 - - [08/Apr/2022:04:35:35 +0000] "GET /regions/getPopupContent/ HTTP/2.0" 200 1028 "https://krd.justgrill.ru/aksessuary/posuda/kulinarnyy-klosh-stalnoy/" "Mozilla/5.0 (Linux; Android 12; SM-G970F) AppleWebKit/537.36 (KHTML, like Gecko) Chrome/100.0.4896.79 Mobile Safari/537.36"
89.178.48.58 - - [08/Apr/2022:04:35:35 +0000] "GET /regions/getPopupContent/ HTTP/2.0" 200 1028 "https://krd.justgrill.ru/aksessuary/posuda/kulinarnyy-klosh-stalnoy/" "Mozilla/5.0 (Linux; Android 12; SM-G970F) AppleWebKit/537.36 (KHTML, like Gecko) Chrome/100.0.4896.79 Mobile Safari/537.36"
54.36.148.175 - - [08/Apr/2022:04:35:39 +0000] "GET /aksessuary/dlya-tandyrov/kryuk-dlya-myasa/ HTTP/2.0" 200 33925 "-" "Mozilla/5.0 (compatible; AhrefsBot/7.0; +http://ahrefs.com/robot/)"
66.249.66.30 - - [08/Apr/2022:04:35:40 +0000] "GET /grili/gazovye/napoleon/travel/travelq-pro-285/ HTTP/1.1" 301 5 "-" "Mozilla/5.0 (compatible; Googlebot/2.1; +http://www.google.com/bot.html)"
93.158.161.33 - - [08/Apr/2022:04:35:40 +0000] "GET /wa-content/css/signup/signup.css?v=8.21.0.1649391973 HTTP/1.1" 200 1921 "-" "Mozilla/5.0 (compatible; YandexMetrika/4.0; +http://yandex.com/bots)"
66.249.66.30 - - [08/Apr/2022:04:35:41 +0000] "GET /grili/gazovye/napoleon/travel/gazovyj-gril-napoleon-travelq-pro-285-chernyy/ HTTP/1.1" 200 36036 "-" "Mozilla/5.0 (compatible; Googlebot/2.1; +http://www.google.com/bot.html)"
150.158.95.21 - - [08/Apr/2022:04:35:43 +0000] "GET /xmlrpc.php HTTP/1.1" 404 27529 "-" "Mozilla/5.0 (Windows NT 6.1; WOW64; rv:45.0) Gecko/20100101 Firefox/45.0"
93.158.161.33 - - [08/Apr/2022:04:35:44 +0000] "GET /wa-content/css/login/frontend/forgot-password.css?v=8.21.0.1649391973 HTTP/1.1" 200 1572 "-" "Mozilla/5.0 (compatible; YandexMetrika/4.0; +http://yandex.com/bots)"
185.191.171.24 - - [08/Apr/2022:04:35:48 +0000] "GET /blog/2020/03/ HTTP/1.1" 200 35975 "-" "Mozilla/5.0 (compatible; SemrushBot/7~bl; +http://www.semrush.com/bot.html)"
66.249.66.23 - - [08/Apr/2022:04:35:49 +0000] "GET /aksessuary/dlya-pitstsy/nabory-pitstsa/nabor-dlya-pitstsy-napoleon-iz-2-kh-predmetov/ HTTP/1.1" 200 32707 "-" "Mozilla/5.0 (Linux; Android 6.0.1; Nexus 5X Build/MMB29P) AppleWebKit/537.36 (KHTML, like Gecko) Chrome/100.0.4896.75 Mobile Safari/537.36 (compatible; Googlebot/2.1; +http://www.google.com/bot.html)"
89.178.48.58 - - [08/Apr/2022:04:35:50 +0000] "GET /aksessuary/posuda/?page=3 HTTP/2.0" 200 37992 "https://krd.justgrill.ru/aksessuary/posuda/?page=4" "Mozilla/5.0 (Linux; Android 12; SM-G970F) AppleWebKit/537.36 (KHTML, like Gecko) Chrome/100.0.4896.79 Mobile Safari/537.36"
89.178.48.58 - - [08/Apr/2022:04:35:51 +0000] "GET /searchpro-plugin/config/?v1.9.0.1649392550?83337609 HTTP/2.0" 200 560 "https://krd.justgrill.ru/aksessuary/posuda/?page=3" "Mozilla/5.0 (Linux; Android 12; SM-G970F) AppleWebKit/537.36 (KHTML, like Gecko) Chrome/100.0.4896.79 Mobile Safari/537.36"
89.178.48.58 - - [08/Apr/2022:04:35:51 +0000] "GET /searchpro-plugin/config/?v1.9.0.1649392550?2035349020 HTTP/2.0" 200 560 "https://krd.justgrill.ru/aksessuary/posuda/?page=3" "Mozilla/5.0 (Linux; Android 12; SM-G970F) AppleWebKit/537.36 (KHTML, like Gecko) Chrome/100.0.4896.79 Mobile Safari/537.36"
89.178.48.58 - - [08/Apr/2022:04:35:51 +0000] "GET /shop/captcha.php?rid=1649392550624fbba683254 HTTP/2.0" 200 13161 "https://krd.justgrill.ru/aksessuary/posuda/?page=3" "Mozilla/5.0 (Linux; Android 12; SM-G970F) AppleWebKit/537.36 (KHTML, like Gecko) Chrome/100.0.4896.79 Mobile Safari/537.36"
89.178.48.58 - - [08/Apr/2022:04:35:52 +0000] "GET /wa-content/js/signup/signup.js?v=8.21.0.1649392550 HTTP/2.0" 200 6675 "https://krd.justgrill.ru/aksessuary/posuda/?page=3" "Mozilla/5.0 (Linux; Android 12; SM-G970F) AppleWebKit/537.36 (KHTML, like Gecko) Chrome/100.0.4896.79 Mobile Safari/537.36"
89.178.48.58 - - [08/Apr/2022:04:35:52 +0000] "GET /wa-content/css/signup/signup.css?v=8.21.0.1649392550 HTTP/2.0" 200 1909 "https://krd.justgrill.ru/aksessuary/posuda/?page=3" "Mozilla/5.0 (Linux; Android 12; SM-G970F) AppleWebKit/537.36 (KHTML, like Gecko) Chrome/100.0.4896.79 Mobile Safari/537.36"
89.178.48.58 - - [08/Apr/2022:04:35:52 +0000] "GET /wa-content/js/login/login-frontend-form.min.js?v=8.21.0.1649392550 HTTP/2.0" 200 5488 "https://krd.justgrill.ru/aksessuary/posuda/?page=3" "Mozilla/5.0 (Linux; Android 12; SM-G970F) AppleWebKit/537.36 (KHTML, like Gecko) Chrome/100.0.4896.79 Mobile Safari/537.36"
89.178.48.58 - - [08/Apr/2022:04:35:52 +0000] "GET /wa-content/css/login/frontend/login.css?v=8.21.0.1649392550 HTTP/2.0" 200 1762 "https://krd.justgrill.ru/aksessuary/posuda/?page=3" "Mozilla/5.0 (Linux; Android 12; SM-G970F) AppleWebKit/537.36 (KHTML, like Gecko) Chrome/100.0.4896.79 Mobile Safari/537.36"
89.178.48.58 - - [08/Apr/2022:04:35:52 +0000] "GET /wa-content/js/login/forgotpassword-frontend-form.min.js?v=8.21.0.1649392550 HTTP/2.0" 200 4709 "https://krd.justgrill.ru/aksessuary/posuda/?page=3" "Mozilla/5.0 (Linux; Android 12; SM-G970F) AppleWebKit/537.36 (KHTML, like Gecko) Chrome/100.0.4896.79 Mobile Safari/537.36"
89.178.48.58 - - [08/Apr/2022:04:35:52 +0000] "GET /wa-content/css/login/frontend/forgot-password.css?v=8.21.0.1649392550 HTTP/2.0" 200 1560 "https://krd.justgrill.ru/aksessuary/posuda/?page=3" "Mozilla/5.0 (Linux; Android 12; SM-G970F) AppleWebKit/537.36 (KHTML, like Gecko) Chrome/100.0.4896.79 Mobile Safari/537.36"
77.88.5.229 - - [08/Apr/2022:04:35:52 +0000] "GET /aksessuary/posuda/kulinarnyy-klosh-stalnoy/ HTTP/1.1" 200 33225 "-" "Mozilla/5.0 (compatible; YandexBot/3.0; +http://yandex.com/bots)"
89.178.48.58 - - [08/Apr/2022:04:35:52 +0000] "GET /ecommerce_prepare_data/products_list/?state_json=%7B%22sku_ids%22%3A%5B%2211972%22%2C%229201%22%2C%229815%22%2C%2211728%22%2C%2211937%22%2C%2211959%22%2C%229334%22%2C%2211976%22%2C%2212391%22%2C%223828%22%2C%2212296%22%2C%229238%22%2C%2212299%22%2C%229233%22%2C%2212301%22%2C%223827%22%2C%2211935%22%2C%229161%22%2C%2212078%22%2C%229250%22%2C%229252%22%2C%2212467%22%2C%2210504%22%2C%2210538%22%2C%229236%22%2C%229700%22%2C%2211737%22%2C%2212275%22%2C%2211953%22%2C%2211966%22%5D%2C%22list_name%22%3A%22%D0%90%D0%BA%D1%81%D0%B5%D1%81%D1%81%D1%83%D0%B0%D1%80%D1%8B%2F%D0%9F%D0%BE%D1%81%D1%83%D0%B4%D0%B0+%D0%B4%D0%BB%D1%8F+%D0%B3%D1%80%D0%B8%D0%BB%D1%8F%22%7D HTTP/2.0" 200 1796 "https://krd.justgrill.ru/aksessuary/posuda/?page=3" "Mozilla/5.0 (Linux; Android 12; SM-G970F) AppleWebKit/537.36 (KHTML, like Gecko) Chrome/100.0.4896.79 Mobile Safari/537.36"
89.178.48.58 - - [08/Apr/2022:04:35:52 +0000] "GET /regions/getPopupContent/ HTTP/2.0" 200 1028 "https://krd.justgrill.ru/aksessuary/posuda/?page=3" "Mozilla/5.0 (Linux; Android 12; SM-G970F) AppleWebKit/537.36 (KHTML, like Gecko) Chrome/100.0.4896.79 Mobile Safari/537.36"
89.178.48.58 - - [08/Apr/2022:04:35:53 +0000] "GET /regions/getPopupContent/ HTTP/2.0" 200 1028 "https://krd.justgrill.ru/aksessuary/posuda/?page=3" "Mozilla/5.0 (Linux; Android 12; SM-G970F) AppleWebKit/537.36 (KHTML, like Gecko) Chrome/100.0.4896.79 Mobile Safari/537.36"
77.88.5.229 - - [08/Apr/2022:04:35:57 +0000] "GET /wa-content/css/signup/signup.css?v=8.21.0.1649391434 HTTP/1.1" 200 1921 "-" "Mozilla/5.0 (compatible; YandexMetrika/4.0; +http://yandex.com/bots)"
66.249.92.28 - - [08/Apr/2022:04:36:00 +0000] "GET /?utm_source=google&utm_medium=cpc&utm_campaign=grili_krasnodar_kms&utm_term= HTTP/1.1" 200 40210 "-" "AdsBot-Google (+http://www.google.com/adsbot.html)"
77.88.5.229 - - [08/Apr/2022:04:36:03 +0000] "GET /grili/gazovye/char-broil/performance/gazovyy-gril-char-broil-perfomans-2-chernyy/ HTTP/1.1" 200 35974 "-" "Mozilla/5.0 (compatible; YandexBot/3.0; +http://yandex.com/bots)"
78.40.119.95 - - [08/Apr/2022:04:36:07 +0000] "GET /blog/author/84/ HTTP/1.1" 200 30329 "-" "Mozilla/5.0 (X11; Linux x86_64) AppleWebKit/537.36 (KHTML, like Gecko) Chrome/85.0.4183.83 Safari/537.36"
78.85.20.187 - - [08/Apr/2022:04:36:14 +0000] "POST /onestep/ HTTP/2.0" 200 7198 "https://justgrill.ru/onestep/" "Mozilla/5.0 (Windows NT 5.1) AppleWebKit/537.36 (KHTML, like Gecko) Chrome/47.5.2526.111 Amigo/47.5.2526.111 MRCHROME SOC Safari/537.36"
66.249.66.63 - - [08/Apr/2022:04:36:16 +0000] "GET /aksessuary/shchetka-dlya-grilya/shchetka-dlya-chistki-gorelok/ HTTP/1.1" 301 5 "-" "Mozilla/5.0 (compatible; Googlebot/2.1; +http://www.google.com/bot.html)"
114.119.128.5 - - [08/Apr/2022:04:36:16 +0000] "GET /grili/keramicheskie/monolith/monolith-grill-classic-pro-serie-10-schwarz/reviews HTTP/1.1" 301 5 "-" "Mozilla/5.0 (Linux; Android 7.0;) AppleWebKit/537.36 (KHTML, like Gecko) Mobile Safari/537.36 (compatible; PetalBot;+https://webmaster.petalsearch.com/site/petalbot)"
114.119.128.5 - - [08/Apr/2022:04:36:18 +0000] "GET /grili/keramicheskie/monolith/monolith-grill-classic-pro-serie-10-schwarz/reviews/ HTTP/1.1" 301 5 "-" "Mozilla/5.0 (Linux; Android 7.0;) AppleWebKit/537.36 (KHTML, like Gecko) Mobile Safari/537.36 (compatible; PetalBot;+https://webmaster.petalsearch.com/site/petalbot)"
114.119.128.5 - - [08/Apr/2022:04:36:21 +0000] "GET /grili/keramicheskie/monolith/classic-pro/keramicheskij-gril-monolith-classic-pro-chernyy/reviews/ HTTP/1.1" 200 31337 "-" "Mozilla/5.0 (Linux; Android 7.0;) AppleWebKit/537.36 (KHTML, like Gecko) Mobile Safari/537.36 (compatible; PetalBot;+https://webmaster.petalsearch.com/site/petalbot)"
66.249.66.63 - - [08/Apr/2022:04:36:29 +0000] "GET /aksessuary/chistka-i-ukhod/shchetka-gril/shchetka-dlya-chistki-gorelok-grilya-napoleon/ HTTP/1.1" 200 34806 "-" "Mozilla/5.0 (compatible; Googlebot/2.1; +http://www.google.com/bot.html)"
93.158.161.33 - - [08/Apr/2022:04:36:29 +0000] "GET /?yclid=7710547526903176844 HTTP/1.1" 301 162 "-" "Mozilla/5.0 (compatible; YandexMetrika/2.0; +http://yandex.com/bots yabs01)"
66.249.92.28 - - [08/Apr/2022:04:36:30 +0000] "GET /searchpro-plugin/config/?v1.9.0.1649392560?728729849 HTTP/1.1" 200 572 "https://krd.justgrill.ru/?utm_source=google&utm_medium=cpc&utm_campaign=grili_krasnodar_kms&utm_term=" "AdsBot-Google (+http://www.google.com/adsbot.html)"
66.249.92.28 - - [08/Apr/2022:04:36:31 +0000] "GET /searchpro-plugin/config/?v1.9.0.1649392560?623831244 HTTP/1.1" 200 572 "https://krd.justgrill.ru/?utm_source=google&utm_medium=cpc&utm_campaign=grili_krasnodar_kms&utm_term=" "AdsBot-Google (+http://www.google.com/adsbot.html)"
66.249.66.61 - - [08/Apr/2022:04:36:52 +0000] "GET /aksessuary/protiveni/protiven-polukruglyy-dlya-grilya-xxlxl-56sm/ HTTP/1.1" 301 5 "-" "Mozilla/5.0 (compatible; Googlebot/2.1; +http://www.google.com/bot.html)"
66.249.66.61 - - [08/Apr/2022:04:36:52 +0000] "GET /aksessuary/posuda/protiveni-gril/protiven-big-green-egg-polukruglyy-dlya-grilya-xxlxl-56sm/ HTTP/1.1" 200 32353 "-" "Mozilla/5.0 (compatible; Googlebot/2.1; +http://www.google.com/bot.html)"
89.178.48.58 - - [08/Apr/2022:04:37:06 +0000] "GET /searchpro-plugin/dropdown/?q=%D0%9C%D0%B0%D1%80%D0%BC%D0%B8%D1%82 HTTP/2.0" 200 20 "https://krd.justgrill.ru/aksessuary/posuda/?page=3" "Mozilla/5.0 (Linux; Android 12; SM-G970F) AppleWebKit/537.36 (KHTML, like Gecko) Chrome/100.0.4896.79 Mobile Safari/537.36"
89.178.48.58 - - [08/Apr/2022:04:37:06 +0000] "GET /search/%D0%9C%D0%B0%D1%80%D0%BC%D0%B8%D1%82/ HTTP/2.0" 499 0 "https://krd.justgrill.ru/aksessuary/posuda/?page=3" "Mozilla/5.0 (Linux; Android 12; SM-G970F) AppleWebKit/537.36 (KHTML, like Gecko) Chrome/100.0.4896.79 Mobile Safari/537.36"
89.178.48.58 - - [08/Apr/2022:04:37:07 +0000] "GET /search/%D0%9C%D0%B0%D1%80%D0%BC%D0%B8%D1%82/ HTTP/2.0" 200 28997 "https://krd.justgrill.ru/aksessuary/posuda/?page=3" "Mozilla/5.0 (Linux; Android 12; SM-G970F) AppleWebKit/537.36 (KHTML, like Gecko) Chrome/100.0.4896.79 Mobile Safari/537.36"
89.178.48.58 - - [08/Apr/2022:04:37:07 +0000] "GET /searchpro-plugin/config/?v1.9.0.1649392627?1304567715 HTTP/2.0" 200 561 "https://krd.justgrill.ru/search/%D0%9C%D0%B0%D1%80%D0%BC%D0%B8%D1%82/" "Mozilla/5.0 (Linux; Android 12; SM-G970F) AppleWebKit/537.36 (KHTML, like Gecko) Chrome/100.0.4896.79 Mobile Safari/537.36"
89.178.48.58 - - [08/Apr/2022:04:37:08 +0000] "GET /searchpro-plugin/config/?v1.9.0.1649392627?1303832045 HTTP/2.0" 200 561 "https://krd.justgrill.ru/search/%D0%9C%D0%B0%D1%80%D0%BC%D0%B8%D1%82/" "Mozilla/5.0 (Linux; Android 12; SM-G970F) AppleWebKit/537.36 (KHTML, like Gecko) Chrome/100.0.4896.79 Mobile Safari/537.36"
89.178.48.58 - - [08/Apr/2022:04:37:08 +0000] "GET /shop/captcha.php?rid=1649392627624fbbf313266 HTTP/2.0" 200 13389 "https://krd.justgrill.ru/search/%D0%9C%D0%B0%D1%80%D0%BC%D0%B8%D1%82/" "Mozilla/5.0 (Linux; Android 12; SM-G970F) AppleWebKit/537.36 (KHTML, like Gecko) Chrome/100.0.4896.79 Mobile Safari/537.36"
89.178.48.58 - - [08/Apr/2022:04:37:08 +0000] "GET /wa-apps/shop/plugins/searchpro/fonts/Roboto/Roboto-Medium.woff2 HTTP/2.0" 200 66828 "https://krd.justgrill.ru/wa-apps/shop/plugins/searchpro/css/frontend.fonts.css?v1.9.0.1649392626" "Mozilla/5.0 (Linux; Android 12; SM-G970F) AppleWebKit/537.36 (KHTML, like Gecko) Chrome/100.0.4896.79 Mobile Safari/537.36"
89.178.48.58 - - [08/Apr/2022:04:37:08 +0000] "GET /wa-content/js/signup/signup.js?v=8.21.0.1649392627 HTTP/2.0" 200 6675 "https://krd.justgrill.ru/search/%D0%9C%D0%B0%D1%80%D0%BC%D0%B8%D1%82/" "Mozilla/5.0 (Linux; Android 12; SM-G970F) AppleWebKit/537.36 (KHTML, like Gecko) Chrome/100.0.4896.79 Mobile Safari/537.36"
89.178.48.58 - - [08/Apr/2022:04:37:08 +0000] "GET /wa-content/css/signup/signup.css?v=8.21.0.1649392627 HTTP/2.0" 200 1909 "https://krd.justgrill.ru/search/%D0%9C%D0%B0%D1%80%D0%BC%D0%B8%D1%82/" "Mozilla/5.0 (Linux; Android 12; SM-G970F) AppleWebKit/537.36 (KHTML, like Gecko) Chrome/100.0.4896.79 Mobile Safari/537.36"
89.178.48.58 - - [08/Apr/2022:04:37:08 +0000] "GET /wa-content/js/login/login-frontend-form.min.js?v=8.21.0.1649392627 HTTP/2.0" 200 5488 "https://krd.justgrill.ru/search/%D0%9C%D0%B0%D1%80%D0%BC%D0%B8%D1%82/" "Mozilla/5.0 (Linux; Android 12; SM-G970F) AppleWebKit/537.36 (KHTML, like Gecko) Chrome/100.0.4896.79 Mobile Safari/537.36"
89.178.48.58 - - [08/Apr/2022:04:37:08 +0000] "GET /wa-content/css/login/frontend/login.css?v=8.21.0.1649392627 HTTP/2.0" 200 1762 "https://krd.justgrill.ru/search/%D0%9C%D0%B0%D1%80%D0%BC%D0%B8%D1%82/" "Mozilla/5.0 (Linux; Android 12; SM-G970F) AppleWebKit/537.36 (KHTML, like Gecko) Chrome/100.0.4896.79 Mobile Safari/537.36"
89.178.48.58 - - [08/Apr/2022:04:37:08 +0000] "GET /wa-content/js/login/forgotpassword-frontend-form.min.js?v=8.21.0.1649392627 HTTP/2.0" 200 4709 "https://krd.justgrill.ru/search/%D0%9C%D0%B0%D1%80%D0%BC%D0%B8%D1%82/" "Mozilla/5.0 (Linux; Android 12; SM-G970F) AppleWebKit/537.36 (KHTML, like Gecko) Chrome/100.0.4896.79 Mobile Safari/537.36"
89.178.48.58 - - [08/Apr/2022:04:37:08 +0000] "GET /wa-content/css/login/frontend/forgot-password.css?v=8.21.0.1649392627 HTTP/2.0" 200 1560 "https://krd.justgrill.ru/search/%D0%9C%D0%B0%D1%80%D0%BC%D0%B8%D1%82/" "Mozilla/5.0 (Linux; Android 12; SM-G970F) AppleWebKit/537.36 (KHTML, like Gecko) Chrome/100.0.4896.79 Mobile Safari/537.36"
89.178.48.58 - - [08/Apr/2022:04:37:08 +0000] "GET /ecommerce_prepare_data/products_list/?state_json=%7B%22sku_ids%22%3A%5B%5D%2C%22list_name%22%3A%22%22%7D HTTP/2.0" 200 95 "https://krd.justgrill.ru/search/%D0%9C%D0%B0%D1%80%D0%BC%D0%B8%D1%82/" "Mozilla/5.0 (Linux; Android 12; SM-G970F) AppleWebKit/537.36 (KHTML, like Gecko) Chrome/100.0.4896.79 Mobile Safari/537.36"
89.178.48.58 - - [08/Apr/2022:04:37:09 +0000] "GET /regions/getPopupContent/ HTTP/2.0" 200 1028 "https://krd.justgrill.ru/search/%D0%9C%D0%B0%D1%80%D0%BC%D0%B8%D1%82/" "Mozilla/5.0 (Linux; Android 12; SM-G970F) AppleWebKit/537.36 (KHTML, like Gecko) Chrome/100.0.4896.79 Mobile Safari/537.36"
89.178.48.58 - - [08/Apr/2022:04:37:09 +0000] "GET /regions/getPopupContent/ HTTP/2.0" 200 1028 "https://krd.justgrill.ru/search/%D0%9C%D0%B0%D1%80%D0%BC%D0%B8%D1%82/" "Mozilla/5.0 (Linux; Android 12; SM-G970F) AppleWebKit/537.36 (KHTML, like Gecko) Chrome/100.0.4896.79 Mobile Safari/537.36"
109.248.108.182 - - [08/Apr/2022:04:37:17 +0000] "GET /aksessuary/posuda/press-burger/nabor-pressov-napoleon-dlya-prigotovleniya-kotlet-dlya-burgerov/ HTTP/1.1" 200 32093 "-" "Mozilla/5.0 (X11; Linux x86_64) AppleWebKit/537.36 (KHTML, like Gecko) Chrome/80.0.3987.149 Safari/537.36"
77.88.5.234 - - [08/Apr/2022:04:37:19 +0000] "GET / HTTP/1.1" 301 162 "-" "Mozilla/5.0 (compatible; YandexMetrika/2.0; +http://yandex.com/bots yabs01)"
114.119.128.62 - - [08/Apr/2022:04:37:19 +0000] "GET /grili/ugolnye/char-broil/463770915-gril-gibridnyy-hybrid-gas--charcoal HTTP/1.1" 301 5 "-" "Mozilla/5.0 (Linux; Android 7.0;) AppleWebKit/537.36 (KHTML, like Gecko) Mobile Safari/537.36 (compatible; PetalBot;+https://webmaster.petalsearch.com/site/petalbot)"
114.119.128.62 - - [08/Apr/2022:04:37:21 +0000] "GET /grili/ugolnye/char-broil/463770915-gril-gibridnyy-hybrid-gas--charcoal/ HTTP/1.1" 301 5 "-" "Mozilla/5.0 (Linux; Android 7.0;) AppleWebKit/537.36 (KHTML, like Gecko) Mobile Safari/537.36 (compatible; PetalBot;+https://webmaster.petalsearch.com/site/petalbot)"
114.119.128.62 - - [08/Apr/2022:04:37:24 +0000] "GET /grili/ugolnye/char-broil/gaz-ugolny-gril-char-broil-hybrid-gas-charcoal-cherny/ HTTP/1.1" 200 36754 "-" "Mozilla/5.0 (Linux; Android 7.0;) AppleWebKit/537.36 (KHTML, like Gecko) Mobile Safari/537.36 (compatible; PetalBot;+https://webmaster.petalsearch.com/site/petalbot)"
77.88.5.229 - - [08/Apr/2022:04:37:25 +0000] "GET /search/%D0%9C%D0%B0%D1%80%D0%BC%D0%B8%D1%82/ HTTP/1.1" 200 29350 "-" "Mozilla/5.0 (compatible; YandexBot/3.0; +http://yandex.com/bots)"
66.249.66.54 - - [08/Apr/2022:04:37:28 +0000] "GET /grili/gazovye/napoleon/lelex/lex-730/ HTTP/1.1" 301 5 "-" "Mozilla/5.0 (compatible; Googlebot/2.1; +http://www.google.com/bot.html)"
66.249.66.48 - - [08/Apr/2022:04:37:28 +0000] "GET /grili/gazovye/napoleon/lelex/lex-730/ HTTP/1.1" 301 162 "-" "Mozilla/5.0 (compatible; Googlebot/2.1; +http://www.google.com/bot.html)"
66.249.66.59 - - [08/Apr/2022:04:37:29 +0000] "GET /grili/gazovye/napoleon/lelex/lex-730/ HTTP/1.1" 200 34263 "-" "Mozilla/5.0 (compatible; Googlebot/2.1; +http://www.google.com/bot.html)"
66.249.66.55 - - [08/Apr/2022:04:37:31 +0000] "GET /grili-i-oborudovanie-dlya-griley/grili/drovyanye/gril-suomi-premium-black/ HTTP/1.1" 301 5 "-" "Mozilla/5.0 (Linux; Android 6.0.1; Nexus 5X Build/MMB29P) AppleWebKit/537.36 (KHTML, like Gecko) Chrome/99.0.4844.84 Mobile Safari/537.36 (compatible; Googlebot/2.1; +http://www.google.com/bot.html)"
66.249.66.57 - - [08/Apr/2022:04:37:32 +0000] "GET /grili/drovyanye/drovyanoy-gril-grillux-suomi-premium-black/ HTTP/1.1" 200 32961 "-" "Mozilla/5.0 (Linux; Android 6.0.1; Nexus 5X Build/MMB29P) AppleWebKit/537.36 (KHTML, like Gecko) Chrome/99.0.4844.84 Mobile Safari/537.36 (compatible; Googlebot/2.1; +http://www.google.com/bot.html)"
109.248.101.25 - - [08/Apr/2022:04:37:41 +0000] "GET /aksessuary/instrumenty/nozhi-samura/nozh-kukhonnyy-samura-mo-v-santoku-180-mm-g-10/ HTTP/1.1" 200 32861 "-" "Mozilla/5.0 (X11; Linux x86_64) AppleWebKit/537.36 (KHTML, like Gecko) Chrome/83.0.2549.68 Safari/537.36"
93.158.161.3 - - [08/Apr/2022:04:37:46 +0000] "GET /mangaly/mangal/grillver/iskander/pech-gril-grillver-iskander-komfort-eyr-chugun-reshyotka/ HTTP/1.1" 200 34267 "-" "Mozilla/5.0 (compatible; YandexBot/3.0; +http://yandex.com/bots)"
66.249.66.63 - - [08/Apr/2022:04:38:04 +0000] "GET /brendy/weber/6691-lopatka-dlya-pitstsy-skladyvaemaya-ruchka/ HTTP/1.1" 301 5 "-" "Mozilla/5.0 (compatible; Googlebot/2.1; +http://www.google.com/bot.html)"
66.249.66.61 - - [08/Apr/2022:04:38:05 +0000] "GET /aksessuary/dlya-pitstsy/lopatki-pitstsa/lopatka-dlya-pitstsy-weber-skladyvaemaya-ruchka/ HTTP/1.1" 200 35032 "-" "Mozilla/5.0 (compatible; Googlebot/2.1; +http://www.google.com/bot.html)"
185.191.171.17 - - [08/Apr/2022:04:38:19 +0000] "GET /aksessuary/podstavki-i-rostery/napoleon/ HTTP/1.1" 200 29832 "-" "Mozilla/5.0 (compatible; SemrushBot/7~bl; +http://www.semrush.com/bot.html)"
114.119.131.92 - - [08/Apr/2022:04:38:23 +0000] "GET /aksessuary/instrumenty/kist-silikonovaya-pro/ HTTP/1.1" 301 5 "-" "Mozilla/5.0 (Linux; Android 7.0;) AppleWebKit/537.36 (KHTML, like Gecko) Mobile Safari/537.36 (compatible; PetalBot;+https://webmaster.petalsearch.com/site/petalbot)"
114.119.131.92 - - [08/Apr/2022:04:38:27 +0000] "GET /aksessuary/instrumenty/kisti-gril/kist-gril-napoleon-pro-silikonovaya/ HTTP/1.1" 200 34745 "-" "Mozilla/5.0 (Linux; Android 7.0;) AppleWebKit/537.36 (KHTML, like Gecko) Mobile Safari/537.36 (compatible; PetalBot;+https://webmaster.petalsearch.com/site/petalbot)"
45.159.250.9 - - [08/Apr/2022:04:38:30 +0000] "GET /aksessuary/dlya-kopcheniya/doski-i-doshchechki/kedrovye-doski-weber-malye-4-sht/ HTTP/1.1" 200 34544 "-" "Mozilla/5.0 (X11; Linux x86_64) AppleWebKit/537.36 (KHTML, like Gecko) Chrome/83.0.2549.68 Safari/537.36"
66.249.66.54 - - [08/Apr/2022:04:38:30 +0000] "GET /aksessuary/instrumenty/nozhi/povarskoy-nozh-napoleon-pro-derevyannaya-ruchka-20-sm/ HTTP/1.1" 200 32608 "-" "Mozilla/5.0 (Linux; Android 6.0.1; Nexus 5X Build/MMB29P) AppleWebKit/537.36 (KHTML, like Gecko) Chrome/100.0.4896.75 Mobile Safari/537.36 (compatible; Googlebot/2.1; +http://www.google.com/bot.html)"
66.249.66.28 - - [08/Apr/2022:04:38:40 +0000] "GET /grili/gazovye/napoleon/travel/ HTTP/1.1" 200 29697 "-" "Mozilla/5.0 (compatible; Googlebot/2.1; +http://www.google.com/bot.html)"
62.3.63.194 - - [08/Apr/2022:04:38:41 +0000] "GET /aksessuary/podstavki-i-rostery/podstavka-gril/podstavki-dlya-ovoshchey-i-fruktov-komplekt-iz-3-kh-sht/ HTTP/1.1" 200 32252 "-" "Mozilla/5.0 (X11; Linux x86_64) AppleWebKit/537.36 (KHTML, like Gecko) Chrome/83.0.2549.68 Safari/537.36"
114.119.129.143 - - [08/Apr/2022:04:38:47 +0000] "GET /search/937/weber/ HTTP/1.1" 200 28660 "-" "Mozilla/5.0 (Linux; Android 7.0;) AppleWebKit/537.36 (KHTML, like Gecko) Mobile Safari/537.36 (compatible; PetalBot;+https://webmaster.petalsearch.com/site/petalbot)"
95.108.153.226 - - [08/Apr/2022:04:38:51 +0000] "POST /ym_api/1/?action=/cart HTTP/1.1" 200 110 "-" "Apache-HttpClient/4.5.6 (Java/11.0.8-shenandoah)"
77.88.5.217 - - [08/Apr/2022:04:38:51 +0000] "GET /robots.txt HTTP/1.1" 200 622 "-" "Mozilla/5.0 (compatible; YandexBot/3.0; +http://yandex.com/bots)"
91.193.176.87 - - [08/Apr/2022:04:38:52 +0000] "GET /grili/keramicheskie/?utm_source=yandex&utm_medium=cpc&utm_campaign=ya_poisk_msk_v&utm_term=%D0%BA%D0%B5%D1%80%D0%B0%D0%BC%D0%B8%D1%87%D0%B5%D1%81%D0%BA%D0%B8%D0%B5%20%D0%B3%D1%80%D0%B8%D0%BB%D0%B8&utm_content=ad_id|11517598017|banner_id|11517598017|campaign_type|type1|campaign_id|68914639|device_type|mobile|group_id|4773192852|phrase_id|35471871673|position|4|position_type|other|placement|none|placement_type|search|region_name|%D0%93%D0%BE%D1%80%D0%BE%D0%B4%D1%81%D0%BA%D0%BE%D0%B9%20%D0%BE%D0%BA%D1%80%D1%83%D0%B3%20%D0%98%D1%81%D1%82%D1%80%D0%B0&yclid=8823597043778322431 HTTP/2.0" 200 36385 "-" "Mozilla/5.0 (Linux; U; Android 9; JSN-L21 Build/HONORJSN-L21; wv) AppleWebKit/537.36 (KHTML, like Gecko) Version/4.0 Chrome/86.0.4240.99 Mobile Safari/537.36 OPR/60.0.2254.59405"
54.36.148.132 - - [08/Apr/2022:04:38:52 +0000] "GET /aksessuary/instrumenty/kisti-gril/kist-gril-napoleon-pro-silikonovaya/ HTTP/2.0" 200 35196 "-" "Mozilla/5.0 (compatible; AhrefsBot/7.0; +http://ahrefs.com/robot/)"
91.193.176.87 - - [08/Apr/2022:04:38:52 +0000] "GET /wa-content/font/ruble/arial/fontface.css HTTP/2.0" 200 371 "https://justgrill.ru/grili/keramicheskie/?utm_source=yandex&utm_medium=cpc&utm_campaign=ya_poisk_msk_v&utm_term=%D0%BA%D0%B5%D1%80%D0%B0%D0%BC%D0%B8%D1%87%D0%B5%D1%81%D0%BA%D0%B8%D0%B5%20%D0%B3%D1%80%D0%B8%D0%BB%D0%B8&utm_content=ad_id|11517598017|banner_id|11517598017|campaign_type|type1|campaign_id|68914639|device_type|mobile|group_id|4773192852|phrase_id|35471871673|position|4|position_type|other|placement|none|placement_type|search|region_name|%D0%93%D0%BE%D1%80%D0%BE%D0%B4%D1%81%D0%BA%D0%BE%D0%B9%20%D0%BE%D0%BA%D1%80%D1%83%D0%B3%20%D0%98%D1%81%D1%82%D1%80%D0%B0&yclid=8823597043778322431" "Mozilla/5.0 (Linux; U; Android 9; JSN-L21 Build/HONORJSN-L21; wv) AppleWebKit/537.36 (KHTML, like Gecko) Version/4.0 Chrome/86.0.4240.99 Mobile Safari/537.36 OPR/60.0.2254.59405"
91.193.176.87 - - [08/Apr/2022:04:38:52 +0000] "GET /wa-content/css/jquery-ui/base/jquery.ui.slider.css HTTP/2.0" 200 331 "https://justgrill.ru/grili/keramicheskie/?utm_source=yandex&utm_medium=cpc&utm_campaign=ya_poisk_msk_v&utm_term=%D0%BA%D0%B5%D1%80%D0%B0%D0%BC%D0%B8%D1%87%D0%B5%D1%81%D0%BA%D0%B8%D0%B5%20%D0%B3%D1%80%D0%B8%D0%BB%D0%B8&utm_content=ad_id|11517598017|banner_id|11517598017|campaign_type|type1|campaign_id|68914639|device_type|mobile|group_id|4773192852|phrase_id|35471871673|position|4|position_type|other|placement|none|placement_type|search|region_name|%D0%93%D0%BE%D1%80%D0%BE%D0%B4%D1%81%D0%BA%D0%BE%D0%B9%20%D0%BE%D0%BA%D1%80%D1%83%D0%B3%20%D0%98%D1%81%D1%82%D1%80%D0%B0&yclid=8823597043778322431" "Mozilla/5.0 (Linux; U; Android 9; JSN-L21 Build/HONORJSN-L21; wv) AppleWebKit/537.36 (KHTML, like Gecko) Version/4.0 Chrome/86.0.4240.99 Mobile Safari/537.36 OPR/60.0.2254.59405"
91.193.176.87 - - [08/Apr/2022:04:38:52 +0000] "GET /wa-content/js/jquery-plugins/jquery.cookie.js HTTP/2.0" 200 1343 "https://justgrill.ru/grili/keramicheskie/?utm_source=yandex&utm_medium=cpc&utm_campaign=ya_poisk_msk_v&utm_term=%D0%BA%D0%B5%D1%80%D0%B0%D0%BC%D0%B8%D1%87%D0%B5%D1%81%D0%BA%D0%B8%D0%B5%20%D0%B3%D1%80%D0%B8%D0%BB%D0%B8&utm_content=ad_id|11517598017|banner_id|11517598017|campaign_type|type1|campaign_id|68914639|device_type|mobile|group_id|4773192852|phrase_id|35471871673|position|4|position_type|other|placement|none|placement_type|search|region_name|%D0%93%D0%BE%D1%80%D0%BE%D0%B4%D1%81%D0%BA%D0%BE%D0%B9%20%D0%BE%D0%BA%D1%80%D1%83%D0%B3%20%D0%98%D1%81%D1%82%D1%80%D0%B0&yclid=8823597043778322431" "Mozilla/5.0 (Linux; U; Android 9; JSN-L21 Build/HONORJSN-L21; wv) AppleWebKit/537.36 (KHTML, like Gecko) Version/4.0 Chrome/86.0.4240.99 Mobile Safari/537.36 OPR/60.0.2254.59405"
91.193.176.87 - - [08/Apr/2022:04:38:52 +0000] "GET /wa-content/js/jquery-plugins/jquery.cookie.js?v2.4.1 HTTP/2.0" 200 1343 "https://justgrill.ru/grili/keramicheskie/?utm_source=yandex&utm_medium=cpc&utm_campaign=ya_poisk_msk_v&utm_term=%D0%BA%D0%B5%D1%80%D0%B0%D0%BC%D0%B8%D1%87%D0%B5%D1%81%D0%BA%D0%B8%D0%B5%20%D0%B3%D1%80%D0%B8%D0%BB%D0%B8&utm_content=ad_id|11517598017|banner_id|11517598017|campaign_type|type1|campaign_id|68914639|device_type|mobile|group_id|4773192852|phrase_id|35471871673|position|4|position_type|other|placement|none|placement_type|search|region_name|%D0%93%D0%BE%D1%80%D0%BE%D0%B4%D1%81%D0%BA%D0%BE%D0%B9%20%D0%BE%D0%BA%D1%80%D1%83%D0%B3%20%D0%98%D1%81%D1%82%D1%80%D0%B0&yclid=8823597043778322431" "Mozilla/5.0 (Linux; U; Android 9; JSN-L21 Build/HONORJSN-L21; wv) AppleWebKit/537.36 (KHTML, like Gecko) Version/4.0 Chrome/86.0.4240.99 Mobile Safari/537.36 OPR/60.0.2254.59405"
91.193.176.87 - - [08/Apr/2022:04:38:52 +0000] "GET /wa-content/js/jquery-plugins/jquery.retina.min.js?v2.4.1 HTTP/2.0" 200 900 "https://justgrill.ru/grili/keramicheskie/?utm_source=yandex&utm_medium=cpc&utm_campaign=ya_poisk_msk_v&utm_term=%D0%BA%D0%B5%D1%80%D0%B0%D0%BC%D0%B8%D1%87%D0%B5%D1%81%D0%BA%D0%B8%D0%B5%20%D0%B3%D1%80%D0%B8%D0%BB%D0%B8&utm_content=ad_id|11517598017|banner_id|11517598017|campaign_type|type1|campaign_id|68914639|device_type|mobile|group_id|4773192852|phrase_id|35471871673|position|4|position_type|other|placement|none|placement_type|search|region_name|%D0%93%D0%BE%D1%80%D0%BE%D0%B4%D1%81%D0%BA%D0%BE%D0%B9%20%D0%BE%D0%BA%D1%80%D1%83%D0%B3%20%D0%98%D1%81%D1%82%D1%80%D0%B0&yclid=8823597043778322431" "Mozilla/5.0 (Linux; U; Android 9; JSN-L21 Build/HONORJSN-L21; wv) AppleWebKit/537.36 (KHTML, like Gecko) Version/4.0 Chrome/86.0.4240.99 Mobile Safari/537.36 OPR/60.0.2254.59405"
91.193.176.87 - - [08/Apr/2022:04:38:52 +0000] "GET /wa-content/js/jquery-ui/jquery.ui.widget.min.js?v2.4.1 HTTP/2.0" 200 1301 "https://justgrill.ru/grili/keramicheskie/?utm_source=yandex&utm_medium=cpc&utm_campaign=ya_poisk_msk_v&utm_term=%D0%BA%D0%B5%D1%80%D0%B0%D0%BC%D0%B8%D1%87%D0%B5%D1%81%D0%BA%D0%B8%D0%B5%20%D0%B3%D1%80%D0%B8%D0%BB%D0%B8&utm_content=ad_id|11517598017|banner_id|11517598017|campaign_type|type1|campaign_id|68914639|device_type|mobile|group_id|4773192852|phrase_id|35471871673|position|4|position_type|other|placement|none|placement_type|search|region_name|%D0%93%D0%BE%D1%80%D0%BE%D0%B4%D1%81%D0%BA%D0%BE%D0%B9%20%D0%BE%D0%BA%D1%80%D1%83%D0%B3%20%D0%98%D1%81%D1%82%D1%80%D0%B0&yclid=8823597043778322431" "Mozilla/5.0 (Linux; U; Android 9; JSN-L21 Build/HONORJSN-L21; wv) AppleWebKit/537.36 (KHTML, like Gecko) Version/4.0 Chrome/86.0.4240.99 Mobile Safari/537.36 OPR/60.0.2254.59405"
91.193.176.87 - - [08/Apr/2022:04:38:52 +0000] "GET /wa-content/js/jquery-ui/jquery.ui.core.min.js?v2.4.1 HTTP/2.0" 200 2032 "https://justgrill.ru/grili/keramicheskie/?utm_source=yandex&utm_medium=cpc&utm_campaign=ya_poisk_msk_v&utm_term=%D0%BA%D0%B5%D1%80%D0%B0%D0%BC%D0%B8%D1%87%D0%B5%D1%81%D0%BA%D0%B8%D0%B5%20%D0%B3%D1%80%D0%B8%D0%BB%D0%B8&utm_content=ad_id|11517598017|banner_id|11517598017|campaign_type|type1|campaign_id|68914639|device_type|mobile|group_id|4773192852|phrase_id|35471871673|position|4|position_type|other|placement|none|placement_type|search|region_name|%D0%93%D0%BE%D1%80%D0%BE%D0%B4%D1%81%D0%BA%D0%BE%D0%B9%20%D0%BE%D0%BA%D1%80%D1%83%D0%B3%20%D0%98%D1%81%D1%82%D1%80%D0%B0&yclid=8823597043778322431" "Mozilla/5.0 (Linux; U; Android 9; JSN-L21 Build/HONORJSN-L21; wv) AppleWebKit/537.36 (KHTML, like Gecko) Version/4.0 Chrome/86.0.4240.99 Mobile Safari/537.36 OPR/60.0.2254.59405"
91.193.176.87 - - [08/Apr/2022:04:38:52 +0000] "GET /wa-content/js/jquery-ui/jquery.ui.mouse.min.js?v2.4.1 HTTP/2.0" 200 932 "https://justgrill.ru/grili/keramicheskie/?utm_source=yandex&utm_medium=cpc&utm_campaign=ya_poisk_msk_v&utm_term=%D0%BA%D0%B5%D1%80%D0%B0%D0%BC%D0%B8%D1%87%D0%B5%D1%81%D0%BA%D0%B8%D0%B5%20%D0%B3%D1%80%D0%B8%D0%BB%D0%B8&utm_content=ad_id|11517598017|banner_id|11517598017|campaign_type|type1|campaign_id|68914639|device_type|mobile|group_id|4773192852|phrase_id|35471871673|position|4|position_type|other|placement|none|placement_type|search|region_name|%D0%93%D0%BE%D1%80%D0%BE%D0%B4%D1%81%D0%BA%D0%BE%D0%B9%20%D0%BE%D0%BA%D1%80%D1%83%D0%B3%20%D0%98%D1%81%D1%82%D1%80%D0%B0&yclid=8823597043778322431" "Mozilla/5.0 (Linux; U; Android 9; JSN-L21 Build/HONORJSN-L21; wv) AppleWebKit/537.36 (KHTML, like Gecko) Version/4.0 Chrome/86.0.4240.99 Mobile Safari/537.36 OPR/60.0.2254.59405"
91.193.176.87 - - [08/Apr/2022:04:38:52 +0000] "GET /wa-content/js/jquery-ui/jquery.ui.slider.min.js?v2.4.1 HTTP/2.0" 200 2846 "https://justgrill.ru/grili/keramicheskie/?utm_source=yandex&utm_medium=cpc&utm_campaign=ya_poisk_msk_v&utm_term=%D0%BA%D0%B5%D1%80%D0%B0%D0%BC%D0%B8%D1%87%D0%B5%D1%81%D0%BA%D0%B8%D0%B5%20%D0%B3%D1%80%D0%B8%D0%BB%D0%B8&utm_content=ad_id|11517598017|banner_id|11517598017|campaign_type|type1|campaign_id|68914639|device_type|mobile|group_id|4773192852|phrase_id|35471871673|position|4|position_type|other|placement|none|placement_type|search|region_name|%D0%93%D0%BE%D1%80%D0%BE%D0%B4%D1%81%D0%BA%D0%BE%D0%B9%20%D0%BE%D0%BA%D1%80%D1%83%D0%B3%20%D0%98%D1%81%D1%82%D1%80%D0%B0&yclid=8823597043778322431" "Mozilla/5.0 (Linux; U; Android 9; JSN-L21 Build/HONORJSN-L21; wv) AppleWebKit/537.36 (KHTML, like Gecko) Version/4.0 Chrome/86.0.4240.99 Mobile Safari/537.36 OPR/60.0.2254.59405"
91.193.176.87 - - [08/Apr/2022:04:38:53 +0000] "GET /searchpro-plugin/config/?v1.9.0.1649392732?184861198 HTTP/2.0" 200 557 "https://justgrill.ru/grili/keramicheskie/?utm_source=yandex&utm_medium=cpc&utm_campaign=ya_poisk_msk_v&utm_term=%D0%BA%D0%B5%D1%80%D0%B0%D0%BC%D0%B8%D1%87%D0%B5%D1%81%D0%BA%D0%B8%D0%B5%20%D0%B3%D1%80%D0%B8%D0%BB%D0%B8&utm_content=ad_id|11517598017|banner_id|11517598017|campaign_type|type1|campaign_id|68914639|device_type|mobile|group_id|4773192852|phrase_id|35471871673|position|4|position_type|other|placement|none|placement_type|search|region_name|%D0%93%D0%BE%D1%80%D0%BE%D0%B4%D1%81%D0%BA%D0%BE%D0%B9%20%D0%BE%D0%BA%D1%80%D1%83%D0%B3%20%D0%98%D1%81%D1%82%D1%80%D0%B0&yclid=8823597043778322431" "Mozilla/5.0 (Linux; U; Android 9; JSN-L21 Build/HONORJSN-L21; wv) AppleWebKit/537.36 (KHTML, like Gecko) Version/4.0 Chrome/86.0.4240.99 Mobile Safari/537.36 OPR/60.0.2254.59405"
91.193.176.87 - - [08/Apr/2022:04:38:53 +0000] "GET /wa-data/public/site/themes/justgrill/fonts/Robotobold.woff2 HTTP/2.0" 200 28384 "https://justgrill.ru/wa-data/public/site/themes/justgrill/css/fonts.css?v3.3.1.1649392732" "Mozilla/5.0 (Linux; U; Android 9; JSN-L21 Build/HONORJSN-L21; wv) AppleWebKit/537.36 (KHTML, like Gecko) Version/4.0 Chrome/86.0.4240.99 Mobile Safari/537.36 OPR/60.0.2254.59405"
91.193.176.87 - - [08/Apr/2022:04:38:53 +0000] "GET /wa-data/public/site/themes/justgrill/fonts/Robotolight.woff2 HTTP/2.0" 200 28296 "https://justgrill.ru/wa-data/public/site/themes/justgrill/css/fonts.css?v3.3.1.1649392732" "Mozilla/5.0 (Linux; U; Android 9; JSN-L21 Build/HONORJSN-L21; wv) AppleWebKit/537.36 (KHTML, like Gecko) Version/4.0 Chrome/86.0.4240.99 Mobile Safari/537.36 OPR/60.0.2254.59405"
91.193.176.87 - - [08/Apr/2022:04:38:53 +0000] "GET /wa-data/public/site/themes/justgrill/fonts/Roboto.woff2 HTTP/2.0" 200 28036 "https://justgrill.ru/wa-data/public/site/themes/justgrill/css/fonts.css?v3.3.1.1649392732" "Mozilla/5.0 (Linux; U; Android 9; JSN-L21 Build/HONORJSN-L21; wv) AppleWebKit/537.36 (KHTML, like Gecko) Version/4.0 Chrome/86.0.4240.99 Mobile Safari/537.36 OPR/60.0.2254.59405"
91.193.176.87 - - [08/Apr/2022:04:38:53 +0000] "GET /searchpro-plugin/config/?v1.9.0.1649392732?1731578212 HTTP/2.0" 200 557 "https://justgrill.ru/grili/keramicheskie/?utm_source=yandex&utm_medium=cpc&utm_campaign=ya_poisk_msk_v&utm_term=%D0%BA%D0%B5%D1%80%D0%B0%D0%BC%D0%B8%D1%87%D0%B5%D1%81%D0%BA%D0%B8%D0%B5%20%D0%B3%D1%80%D0%B8%D0%BB%D0%B8&utm_content=ad_id|11517598017|banner_id|11517598017|campaign_type|type1|campaign_id|68914639|device_type|mobile|group_id|4773192852|phrase_id|35471871673|position|4|position_type|other|placement|none|placement_type|search|region_name|%D0%93%D0%BE%D1%80%D0%BE%D0%B4%D1%81%D0%BA%D0%BE%D0%B9%20%D0%BE%D0%BA%D1%80%D1%83%D0%B3%20%D0%98%D1%81%D1%82%D1%80%D0%B0&yclid=8823597043778322431" "Mozilla/5.0 (Linux; U; Android 9; JSN-L21 Build/HONORJSN-L21; wv) AppleWebKit/537.36 (KHTML, like Gecko) Version/4.0 Chrome/86.0.4240.99 Mobile Safari/537.36 OPR/60.0.2254.59405"
91.193.176.87 - - [08/Apr/2022:04:38:54 +0000] "GET /wa-data/public/site/themes/justgrill/img/basket.svg HTTP/2.0" 200 3868 "https://justgrill.ru/wa-data/public/site/themes/justgrill/css/main.css?v3.3.1.1649392732" "Mozilla/5.0 (Linux; U; Android 9; JSN-L21 Build/HONORJSN-L21; wv) AppleWebKit/537.36 (KHTML, like Gecko) Version/4.0 Chrome/86.0.4240.99 Mobile Safari/537.36 OPR/60.0.2254.59405"
91.193.176.87 - - [08/Apr/2022:04:38:54 +0000] "GET /wa-data/public/site/themes/justgrill/img/user.svg HTTP/2.0" 200 5703 "https://justgrill.ru/wa-data/public/site/themes/justgrill/css/main.css?v3.3.1.1649392732" "Mozilla/5.0 (Linux; U; Android 9; JSN-L21 Build/HONORJSN-L21; wv) AppleWebKit/537.36 (KHTML, like Gecko) Version/4.0 Chrome/86.0.4240.99 Mobile Safari/537.36 OPR/60.0.2254.59405"
91.193.176.87 - - [08/Apr/2022:04:38:54 +0000] "GET /wa-data/public/site/themes/justgrill/img/menu-arrow-right.svg HTTP/2.0" 200 202 "https://justgrill.ru/wa-data/public/site/themes/justgrill/css/main.css?v3.3.1.1649392732" "Mozilla/5.0 (Linux; U; Android 9; JSN-L21 Build/HONORJSN-L21; wv) AppleWebKit/537.36 (KHTML, like Gecko) Version/4.0 Chrome/86.0.4240.99 Mobile Safari/537.36 OPR/60.0.2254.59405"
91.193.176.87 - - [08/Apr/2022:04:38:54 +0000] "GET /wa-data/public/site/themes/justgrill/img/menu-arrow-left.svg HTTP/2.0" 200 201 "https://justgrill.ru/wa-data/public/site/themes/justgrill/css/main.css?v3.3.1.1649392732" "Mozilla/5.0 (Linux; U; Android 9; JSN-L21 Build/HONORJSN-L21; wv) AppleWebKit/537.36 (KHTML, like Gecko) Version/4.0 Chrome/86.0.4240.99 Mobile Safari/537.36 OPR/60.0.2254.59405"
91.193.176.87 - - [08/Apr/2022:04:38:54 +0000] "GET /wa-data/public/site/themes/justgrill/img/arrow-f.svg HTTP/2.0" 200 223 "https://justgrill.ru/wa-data/public/site/themes/justgrill/css/main.css?v3.3.1.1649392732" "Mozilla/5.0 (Linux; U; Android 9; JSN-L21 Build/HONORJSN-L21; wv) AppleWebKit/537.36 (KHTML, like Gecko) Version/4.0 Chrome/86.0.4240.99 Mobile Safari/537.36 OPR/60.0.2254.59405"
91.193.176.87 - - [08/Apr/2022:04:38:54 +0000] "GET /wa-data/public/site/themes/justgrill/img/email.svg HTTP/2.0" 200 354 "https://justgrill.ru/wa-data/public/site/themes/justgrill/css/main.css?v3.3.1.1649392732" "Mozilla/5.0 (Linux; U; Android 9; JSN-L21 Build/HONORJSN-L21; wv) AppleWebKit/537.36 (KHTML, like Gecko) Version/4.0 Chrome/86.0.4240.99 Mobile Safari/537.36 OPR/60.0.2254.59405"
91.193.176.87 - - [08/Apr/2022:04:38:54 +0000] "GET /wa-data/public/site/themes/justgrill/img/adress.svg HTTP/2.0" 200 80968 "https://justgrill.ru/wa-data/public/site/themes/justgrill/css/main.css?v3.3.1.1649392732" "Mozilla/5.0 (Linux; U; Android 9; JSN-L21 Build/HONORJSN-L21; wv) AppleWebKit/537.36 (KHTML, like Gecko) Version/4.0 Chrome/86.0.4240.99 Mobile Safari/537.36 OPR/60.0.2254.59405"
91.193.176.87 - - [08/Apr/2022:04:38:54 +0000] "GET /wa-data/public/site/themes/justgrill/fonts/Robotomedium.woff2 HTTP/2.0" 200 28312 "https://justgrill.ru/wa-data/public/site/themes/justgrill/css/fonts.css?v3.3.1.1649392732" "Mozilla/5.0 (Linux; U; Android 9; JSN-L21 Build/HONORJSN-L21; wv) AppleWebKit/537.36 (KHTML, like Gecko) Version/4.0 Chrome/86.0.4240.99 Mobile Safari/537.36 OPR/60.0.2254.59405"
91.193.176.87 - - [08/Apr/2022:04:38:54 +0000] "GET /wa-content/font/ruble/arial/alsrubl-arial-regular.woff HTTP/2.0" 200 1788 "https://justgrill.ru/wa-content/font/ruble/arial/fontface.css" "Mozilla/5.0 (Linux; U; Android 9; JSN-L21 Build/HONORJSN-L21; wv) AppleWebKit/537.36 (KHTML, like Gecko) Version/4.0 Chrome/86.0.4240.99 Mobile Safari/537.36 OPR/60.0.2254.59405"
91.193.176.87 - - [08/Apr/2022:04:38:54 +0000] "GET /wa-data/public/site/themes/justgrill/img/phone.svg HTTP/2.0" 200 99750 "https://justgrill.ru/wa-data/public/site/themes/justgrill/css/main.css?v3.3.1.1649392732" "Mozilla/5.0 (Linux; U; Android 9; JSN-L21 Build/HONORJSN-L21; wv) AppleWebKit/537.36 (KHTML, like Gecko) Version/4.0 Chrome/86.0.4240.99 Mobile Safari/537.36 OPR/60.0.2254.59405"
91.193.176.87 - - [08/Apr/2022:04:38:55 +0000] "GET /wa-apps/shop/plugins/searchpro/fonts/Roboto/Roboto-Regular.woff2 HTTP/2.0" 200 66004 "https://justgrill.ru/wa-apps/shop/plugins/searchpro/css/frontend.fonts.css?v1.9.0.1649392732" "Mozilla/5.0 (Linux; U; Android 9; JSN-L21 Build/HONORJSN-L21; wv) AppleWebKit/537.36 (KHTML, like Gecko) Version/4.0 Chrome/86.0.4240.99 Mobile Safari/537.36 OPR/60.0.2254.59405"
