5.189.152.91 - - [08/Apr/2022:02:52:37 +0000] "GET /search/846/%D1%83%D0%B3%D0%BE%D0%BB%D1%8C/ HTTP/1.1" 200 34838 "-" "Mozilla/5.0 (compatible; MJ12bot/v1.4.8; http://mj12bot.com/)"
77.88.5.86 - - [08/Apr/2022:02:52:38 +0000] "GET / HTTP/1.1" 301 162 "-" "Mozilla/5.0 (compatible; YandexMetrika/2.0; +http://yandex.com/bots yabs01)"
66.249.66.71 - - [08/Apr/2022:02:52:42 +0000] "GET /mangaly/tandyry/tandyr-legendy/ HTTP/1.1" 200 33221 "-" "Mozilla/5.0 (compatible; Googlebot/2.1; +http://www.google.com/bot.html)"
66.249.66.69 - - [08/Apr/2022:02:52:43 +0000] "GET /mangaly/tandyry/tandyr-legendy/ HTTP/1.1" 200 33240 "-" "Mozilla/5.0 (Linux; Android 6.0.1; Nexus 5X Build/MMB29P) AppleWebKit/537.36 (KHTML, like Gecko) Chrome/99.0.4844.84 Mobile Safari/537.36 (compatible; Googlebot/2.1; +http://www.google.com/bot.html)"
77.88.5.208 - - [08/Apr/2022:02:52:47 +0000] "GET /?yclid=7710547526903176844 HTTP/1.1" 301 162 "-" "Mozilla/5.0 (compatible; YandexMetrika/2.0; +http://yandex.com/bots yabs01)"
5.189.152.91 - - [08/Apr/2022:02:52:52 +0000] "GET /search/879/%D0%BA%D0%B0%D0%B7%D0%B0%D0%BD/ HTTP/1.1" 200 30906 "-" "Mozilla/5.0 (compatible; MJ12bot/v1.4.8; http://mj12bot.com/)"
5.189.152.91 - - [08/Apr/2022:02:53:16 +0000] "GET /search/879/%D1%80%D0%BE%D1%81%D1%81%D0%B8%D1%8F/ HTTP/1.1" 200 30585 "-" "Mozilla/5.0 (compatible; MJ12bot/v1.4.8; http://mj12bot.com/)"
185.191.171.39 - - [08/Apr/2022:02:53:17 +0000] "GET /aksessuary/ugli-i-rozzhigi/rozzhig-gril/broil-king/ HTTP/1.1" 301 5 "-" "Mozilla/5.0 (compatible; SemrushBot/7~bl; +http://www.semrush.com/bot.html)"
185.191.171.12 - - [08/Apr/2022:02:53:18 +0000] "GET /aksessuary/ugli-i-rozzhigi/rozzhig-gril/broil-king/ HTTP/1.1" 301 162 "-" "Mozilla/5.0 (compatible; SemrushBot/7~bl; +http://www.semrush.com/bot.html)"
185.191.171.1 - - [08/Apr/2022:02:53:22 +0000] "GET /aksessuary/ugli-i-rozzhigi/rozzhig-gril/broil-king/ HTTP/1.1" 200 29402 "-" "Mozilla/5.0 (compatible; SemrushBot/7~bl; +http://www.semrush.com/bot.html)"
85.143.106.77 - - [08/Apr/2022:02:53:27 +0000] "GET /blog/adygyeya-i-krasnodar-vstryechaytye/ HTTP/1.0" 200 164899 "https://justgrill.ru/blog/adygyeya-i-krasnodar-vstryechaytye/" "Mozilla/5.0 (Windows NT 10.0) AppleWebKit/537.36 (KHTML, like Gecko) Chrome/90.0.4430.85 Safari/537.36 Edg/90.0.818.46"
85.143.106.77 - - [08/Apr/2022:02:53:27 +0000] "GET /blog/captcha.php?rid=1649386407624fa3a7b7243 HTTP/1.0" 200 13488 "https://justgrill.ru/blog/adygyeya-i-krasnodar-vstryechaytye/" "Mozilla/5.0 (Windows NT 10.0) AppleWebKit/537.36 (KHTML, like Gecko) Chrome/90.0.4430.85 Safari/537.36 Edg/90.0.818.46"
85.143.106.77 - - [08/Apr/2022:02:53:28 +0000] "POST /blog/adygyeya-i-krasnodar-vstryechaytye/comment/ HTTP/1.0" 200 177 "https://justgrill.ru/blog/adygyeya-i-krasnodar-vstryechaytye/" "Mozilla/5.0 (Windows NT 10.0) AppleWebKit/537.36 (KHTML, like Gecko) Chrome/90.0.4430.85 Safari/537.36 Edg/90.0.818.46"
85.143.106.77 - - [08/Apr/2022:02:53:28 +0000] "GET /blog/adygyeya-i-krasnodar-vstryechaytye/ HTTP/1.0" 200 164900 "https://justgrill.ru/blog/adygyeya-i-krasnodar-vstryechaytye/" "Mozilla/5.0 (Windows NT 10.0) AppleWebKit/537.36 (KHTML, like Gecko) Chrome/90.0.4430.85 Safari/537.36 Edg/90.0.818.46"
66.249.66.62 - - [08/Apr/2022:02:53:32 +0000] "GET /aksessuary/instrumenty/nozhi-samura/ HTTP/1.1" 200 35032 "-" "Mozilla/5.0 (compatible; Googlebot/2.1; +http://www.google.com/bot.html)"
5.189.152.91 - - [08/Apr/2022:02:53:43 +0000] "GET /search/879/%D1%88%D0%B0%D0%BC%D0%BF%D1%83%D1%80%D0%B0/ HTTP/1.1" 200 28632 "-" "Mozilla/5.0 (compatible; MJ12bot/v1.4.8; http://mj12bot.com/)"
66.249.66.7 - - [08/Apr/2022:02:53:51 +0000] "GET /brendy/weber/ HTTP/1.1" 301 5 "-" "Mozilla/5.0 (compatible; Googlebot/2.1; +http://www.google.com/bot.html)"
66.249.66.7 - - [08/Apr/2022:02:53:52 +0000] "GET /brand/weber/ HTTP/1.1" 200 35796 "-" "Mozilla/5.0 (compatible; Googlebot/2.1; +http://www.google.com/bot.html)"
5.189.152.91 - - [08/Apr/2022:02:54:03 +0000] "GET /search/919/%D1%80%D0%BE%D1%81%D1%81%D0%B8%D1%8F/ HTTP/1.1" 200 30720 "-" "Mozilla/5.0 (compatible; MJ12bot/v1.4.8; http://mj12bot.com/)"
54.36.148.232 - - [08/Apr/2022:02:54:05 +0000] "GET /mangaly/mangal/grillver/partiks/grillver-mangal-partiks-730-eyr/ HTTP/2.0" 200 34597 "-" "Mozilla/5.0 (compatible; AhrefsBot/7.0; +http://ahrefs.com/robot/)"
178.154.154.182 - - [08/Apr/2022:02:54:08 +0000] "POST /ym_api/1/?action=/stocks HTTP/1.1" 200 1422 "-" "Apache-HttpClient/4.5.6 (Java/11.0.8-shenandoah)"
114.119.129.191 - - [08/Apr/2022:02:54:17 +0000] "GET /aksessuary/posuda/protiveni-gril/protiven-napoleon-tyeppan-yaki-pro-dlya-modeley-450-500-600-750 HTTP/1.1" 301 5 "-" "Mozilla/5.0 (Linux; Android 7.0;) AppleWebKit/537.36 (KHTML, like Gecko) Mobile Safari/537.36 (compatible; PetalBot;+https://webmaster.petalsearch.com/site/petalbot)"
114.119.129.191 - - [08/Apr/2022:02:54:21 +0000] "GET /aksessuary/posuda/protiveni-gril/protiven-napoleon-tyeppan-yaki-pro-dlya-modeley-450-500-600-750/ HTTP/1.1" 200 30260 "-" "Mozilla/5.0 (Linux; Android 7.0;) AppleWebKit/537.36 (KHTML, like Gecko) Mobile Safari/537.36 (compatible; PetalBot;+https://webmaster.petalsearch.com/site/petalbot)"
77.88.5.229 - - [08/Apr/2022:02:54:24 +0000] "GET /yandexmarket/66630fba-7cd6-417b-bd98-afbf93571f0f.xml HTTP/1.1" 200 6689 "-" "Mozilla/5.0 (compatible; YandexDirectDyn/1.0; +http://yandex.com/bots)"
185.191.171.26 - - [08/Apr/2022:02:54:25 +0000] "GET /grili/dlya-terrasy/imperial/ HTTP/1.1" 301 5 "-" "Mozilla/5.0 (compatible; SemrushBot/7~bl; +http://www.semrush.com/bot.html)"
185.191.171.22 - - [08/Apr/2022:02:54:26 +0000] "GET /grili/dlya-terrasy/imperial/ HTTP/1.1" 301 162 "-" "Mozilla/5.0 (compatible; SemrushBot/7~bl; +http://www.semrush.com/bot.html)"
185.191.171.14 - - [08/Apr/2022:02:54:29 +0000] "GET /grili/dlya-terrasy/imperial/ HTTP/1.1" 200 28886 "-" "Mozilla/5.0 (compatible; SemrushBot/7~bl; +http://www.semrush.com/bot.html)"
114.119.129.14 - - [08/Apr/2022:02:54:30 +0000] "GET /aksessuary/dlya-kopcheniya/bumaga-weber-olha HTTP/1.1" 301 5 "-" "Mozilla/5.0 (Linux; Android 7.0;) AppleWebKit/537.36 (KHTML, like Gecko) Mobile Safari/537.36 (compatible; PetalBot;+https://webmaster.petalsearch.com/site/petalbot)"
77.88.5.229 - - [08/Apr/2022:02:54:30 +0000] "GET /grili/ugolnye/weber/summit-kamado/ HTTP/1.1" 200 28926 "-" "Mozilla/5.0 (compatible; YandexBot/3.0; +http://yandex.com/bots) AppleWebKit/537.36 (KHTML, like Gecko) Chrome/81.0.4044.268"
77.88.5.70 - - [08/Apr/2022:02:54:31 +0000] "GET /wa-content/js/jquery-plugins/jquery.cookie.js HTTP/1.1" 200 1355 "https://saratov.justgrill.ru/grili/ugolnye/weber/summit-kamado/" "Mozilla/5.0 (compatible; YandexBot/3.0; +http://yandex.com/bots) AppleWebKit/537.36 (KHTML, like Gecko) Chrome/81.0.4044.268"
5.189.152.91 - - [08/Apr/2022:02:54:32 +0000] "GET /search/924/%D1%83%D0%B3%D0%BE%D0%BB%D1%8C/ HTTP/1.1" 200 29396 "-" "Mozilla/5.0 (compatible; MJ12bot/v1.4.8; http://mj12bot.com/)"
114.119.129.14 - - [08/Apr/2022:02:54:33 +0000] "GET /aksessuary/dlya-kopcheniya/bumaga-weber-olha/ HTTP/1.1" 301 5 "-" "Mozilla/5.0 (Linux; Android 7.0;) AppleWebKit/537.36 (KHTML, like Gecko) Mobile Safari/537.36 (compatible; PetalBot;+https://webmaster.petalsearch.com/site/petalbot)"
114.119.129.14 - - [08/Apr/2022:02:54:39 +0000] "GET /aksessuary/dlya-kopcheniya/bumaga-weber-olha/ HTTP/1.1" 301 5 "-" "Mozilla/5.0 (Linux; Android 7.0;) AppleWebKit/537.36 (KHTML, like Gecko) Mobile Safari/537.36 (compatible; PetalBot;+https://webmaster.petalsearch.com/site/petalbot)"
114.119.129.14 - - [08/Apr/2022:02:54:42 +0000] "GET /aksessuary/dlya-kopcheniya/bumaga-weber-olha/ HTTP/1.1" 301 5 "-" "Mozilla/5.0 (Linux; Android 7.0;) AppleWebKit/537.36 (KHTML, like Gecko) Mobile Safari/537.36 (compatible; PetalBot;+https://webmaster.petalsearch.com/site/petalbot)"
45.66.35.35 - - [08/Apr/2022:02:54:45 +0000] "GET /blog/ananas-na-grile-pod-sousom/ HTTP/1.0" 200 165260 "https://justgrill.ru/blog/ananas-na-grile-pod-sousom/" "Mozilla/5.0 (Windows NT 6.2; Win64; x64) AppleWebKit/537.36 (KHTML, like Gecko) Chrome/90.0.4430.72 Safari/537.36"
45.66.35.35 - - [08/Apr/2022:02:54:47 +0000] "GET /blog/captcha.php?rid=1649386484624fa3f4b79ef HTTP/1.0" 200 13689 "https://justgrill.ru/blog/ananas-na-grile-pod-sousom/" "Mozilla/5.0 (Windows NT 6.2; Win64; x64) AppleWebKit/537.36 (KHTML, like Gecko) Chrome/90.0.4430.72 Safari/537.36"
5.189.152.91 - - [08/Apr/2022:02:54:47 +0000] "GET /search/926/%D1%83%D0%B3%D0%BE%D0%BB%D1%8C/ HTTP/1.1" 200 28766 "-" "Mozilla/5.0 (compatible; MJ12bot/v1.4.8; http://mj12bot.com/)"
45.66.35.35 - - [08/Apr/2022:02:54:49 +0000] "POST /blog/ananas-na-grile-pod-sousom/comment/ HTTP/1.0" 200 177 "https://justgrill.ru/blog/ananas-na-grile-pod-sousom/" "Mozilla/5.0 (Windows NT 6.2; Win64; x64) AppleWebKit/537.36 (KHTML, like Gecko) Chrome/90.0.4430.72 Safari/537.36"
45.66.35.35 - - [08/Apr/2022:02:54:52 +0000] "GET /blog/ananas-na-grile-pod-sousom/ HTTP/1.0" 200 165261 "https://justgrill.ru/blog/ananas-na-grile-pod-sousom/" "Mozilla/5.0 (Windows NT 6.2; Win64; x64) AppleWebKit/537.36 (KHTML, like Gecko) Chrome/90.0.4430.72 Safari/537.36"
114.119.129.14 - - [08/Apr/2022:02:54:53 +0000] "GET /aksessuary/dlya-kopcheniya/bumaga-weber-olha/ HTTP/1.1" 301 5 "-" "Mozilla/5.0 (Linux; Android 7.0;) AppleWebKit/537.36 (KHTML, like Gecko) Mobile Safari/537.36 (compatible; PetalBot;+https://webmaster.petalsearch.com/site/petalbot)"
114.119.129.189 - - [08/Apr/2022:02:54:56 +0000] "GET /brendy/kamado-joe/gril-kamadojoe-so-stolom-komplekt-kj-cartkj23nrhc/ HTTP/1.1" 301 5 "-" "Mozilla/5.0 (Linux; Android 7.0;) AppleWebKit/537.36 (KHTML, like Gecko) Mobile Safari/537.36 (compatible; PetalBot;+https://webmaster.petalsearch.com/site/petalbot)"
114.119.129.14 - - [08/Apr/2022:02:54:57 +0000] "GET /aksessuary/dlya-kopcheniya/bumaga-weber-olha/ HTTP/1.1" 301 5 "-" "Mozilla/5.0 (Linux; Android 7.0;) AppleWebKit/537.36 (KHTML, like Gecko) Mobile Safari/537.36 (compatible; PetalBot;+https://webmaster.petalsearch.com/site/petalbot)"
178.154.154.184 - - [08/Apr/2022:02:54:59 +0000] "POST /ym_api/1/?action=/cart HTTP/1.1" 200 109 "-" "Apache-HttpClient/4.5.6 (Java/11.0.8-shenandoah)"
114.119.129.189 - - [08/Apr/2022:02:55:04 +0000] "GET /grili/keramicheskie/kamado-joe/classic-ii/keramicheskij-gril-kamado-joe-classic-ii-so-stolom-kj-cart-kj23nrhc/ HTTP/1.1" 200 35483 "-" "Mozilla/5.0 (Linux; Android 7.0;) AppleWebKit/537.36 (KHTML, like Gecko) Mobile Safari/537.36 (compatible; PetalBot;+https://webmaster.petalsearch.com/site/petalbot)"
185.191.171.7 - - [08/Apr/2022:02:55:05 +0000] "GET /aksessuary/oborudovanie/mebel-gril/nozhki-dlya-ustanovki-na-stol-big-green-egg-xxl/ HTTP/1.1" 200 33539 "-" "Mozilla/5.0 (compatible; SemrushBot/7~bl; +http://www.semrush.com/bot.html)"
5.189.152.91 - - [08/Apr/2022:02:55:11 +0000] "GET /search/928/%D0%B0%D1%80%D1%82-%D1%82%D0%B0%D0%BD%D0%B4%D1%8B%D1%80/ HTTP/1.1" 200 29914 "-" "Mozilla/5.0 (compatible; MJ12bot/v1.4.8; http://mj12bot.com/)"
77.88.5.253 - - [08/Apr/2022:02:55:29 +0000] "GET / HTTP/1.1" 301 162 "-" "Mozilla/5.0 (compatible; YandexMetrika/2.0; +http://yandex.com/bots yabs01)"
114.119.129.175 - - [08/Apr/2022:02:55:31 +0000] "GET /grili/gazovye/weber/genesis/genesis-ii-e610-gbs/ HTTP/1.1" 301 5 "-" "Mozilla/5.0 (Linux; Android 7.0;) AppleWebKit/537.36 (KHTML, like Gecko) Mobile Safari/537.36 (compatible; PetalBot;+https://webmaster.petalsearch.com/site/petalbot)"
114.119.129.175 - - [08/Apr/2022:02:55:39 +0000] "GET /grili/gazovye/weber/genesis/gazovyj-gril-weber-genesis-ii-e610-gbs-cherny/ HTTP/1.1" 404 26686 "-" "Mozilla/5.0 (Linux; Android 7.0;) AppleWebKit/537.36 (KHTML, like Gecko) Mobile Safari/537.36 (compatible; PetalBot;+https://webmaster.petalsearch.com/site/petalbot)"
5.189.152.91 - - [08/Apr/2022:02:55:41 +0000] "GET /search/928/%D1%83%D0%B3%D0%BE%D0%BB%D1%8C/ HTTP/1.1" 200 31612 "-" "Mozilla/5.0 (compatible; MJ12bot/v1.4.8; http://mj12bot.com/)"
5.189.152.91 - - [08/Apr/2022:02:56:04 +0000] "GET /search/928/%D1%88%D0%B0%D0%BC%D0%BF%D1%83%D1%80%D0%B0/ HTTP/1.1" 200 28657 "-" "Mozilla/5.0 (compatible; MJ12bot/v1.4.8; http://mj12bot.com/)"
5.189.152.91 - - [08/Apr/2022:02:56:14 +0000] "GET /search/963/%D1%88%D0%B0%D0%BC%D0%BF%D1%83%D1%80%D0%B0/ HTTP/1.1" 200 37067 "-" "Mozilla/5.0 (compatible; MJ12bot/v1.4.8; http://mj12bot.com/)"
5.189.152.91 - - [08/Apr/2022:02:56:29 +0000] "GET /search/964/%D0%B1%D0%B0%D0%BB%D0%BB%D0%BE%D0%BD/ HTTP/1.1" 200 35061 "-" "Mozilla/5.0 (compatible; MJ12bot/v1.4.8; http://mj12bot.com/)"
66.249.66.55 - - [08/Apr/2022:02:56:34 +0000] "GET /aksessuary/chekhly-dlya-griley/premium-chekhol-dlya-grilya-l/ HTTP/1.1" 301 5 "-" "Mozilla/5.0 (compatible; Googlebot/2.1; +http://www.google.com/bot.html)"
66.249.66.59 - - [08/Apr/2022:02:56:35 +0000] "GET /aksessuary/chekhly-dlya-griley/premium-chekhol-dlya-grilya-big-green-egg-l/ HTTP/1.1" 200 33478 "-" "Mozilla/5.0 (compatible; Googlebot/2.1; +http://www.google.com/bot.html)"
66.249.66.9 - - [08/Apr/2022:02:56:37 +0000] "GET /aksessuary/chekhly-dlya-griley/chekhol-dlya-griley-broil-king-baron590/ HTTP/1.1" 200 32111 "-" "Mozilla/5.0 (Linux; Android 6.0.1; Nexus 5X Build/MMB29P) AppleWebKit/537.36 (KHTML, like Gecko) Chrome/100.0.4896.75 Mobile Safari/537.36 (compatible; Googlebot/2.1; +http://www.google.com/bot.html)"
5.189.152.91 - - [08/Apr/2022:02:56:48 +0000] "GET /search/964/%D1%80%D0%BE%D1%81%D1%81%D0%B8%D1%8F/ HTTP/1.1" 200 29856 "-" "Mozilla/5.0 (compatible; MJ12bot/v1.4.8; http://mj12bot.com/)"
66.249.92.136 - - [08/Apr/2022:02:56:59 +0000] "GET /mangaly/tandyry/?utm_source=google&utm_medium=cpc&utm_campaign=g_poisk_nn_v&utm_term=%D0%BA%D1%83%D0%BF%D0%B8%D1%82%D1%8C%20%D1%82%D0%B0%D0%BD%D0%B4%D1%8B%D1%80%20%D1%86%D0%B5%D0%BD%D0%B0&utm_content=network%7Cg%7Cposition%7Cnone%7Cad_id%7C552450419206%7Cmatch_type%7Cb%7Cplacement%7C%7Ckeyword%7C%D0%BA%D1%83%D0%BF%D0%B8%D1%82%D1%8C%20%D1%82%D0%B0%D0%BD%D0%B4%D1%8B%D1%80%20%D1%86%D0%B5%D0%BD%D0%B0%7Cdevice_type%7Cm%7Cdevice%7C%7Cplacement_category%7C HTTP/1.1" 200 36642 "-" "Mozilla/5.0 (iPhone; CPU iPhone OS 14_7_1 like Mac OS X) AppleWebKit/605.1.15 (KHTML, like Gecko) Version/14.1.2 Mobile/15E148 Safari/604.1 (compatible; AdsBot-Google-Mobile; +http://www.google.com/mobile/adsbot.html)"
5.189.152.91 - - [08/Apr/2022:02:57:00 +0000] "GET /search/965/%D0%B1%D0%B0%D0%BB%D0%BB%D0%BE%D0%BD/ HTTP/1.1" 200 32718 "-" "Mozilla/5.0 (compatible; MJ12bot/v1.4.8; http://mj12bot.com/)"
54.36.148.43 - - [08/Apr/2022:02:57:01 +0000] "GET /grili/gazovye/weber/summit/gazovyj-gril-weber-summit-s670/ HTTP/2.0" 200 37767 "-" "Mozilla/5.0 (compatible; AhrefsBot/7.0; +http://ahrefs.com/robot/)"
185.191.171.17 - - [08/Apr/2022:02:57:07 +0000] "GET /aksessuary/knigi-o-grile/weber/ HTTP/1.1" 301 5 "-" "Mozilla/5.0 (compatible; SemrushBot/7~bl; +http://www.semrush.com/bot.html)"
185.191.171.11 - - [08/Apr/2022:02:57:08 +0000] "GET /aksessuary/knigi-o-grile/weber/ HTTP/1.1" 301 162 "-" "Mozilla/5.0 (compatible; SemrushBot/7~bl; +http://www.semrush.com/bot.html)"
185.191.171.9 - - [08/Apr/2022:02:57:13 +0000] "GET /aksessuary/knigi-o-grile/weber/ HTTP/1.1" 200 28783 "-" "Mozilla/5.0 (compatible; SemrushBot/7~bl; +http://www.semrush.com/bot.html)"
5.189.152.91 - - [08/Apr/2022:02:57:13 +0000] "GET /search/969/%D1%83%D0%B3%D0%BE%D0%BB%D1%8C/ HTTP/1.1" 200 28634 "-" "Mozilla/5.0 (compatible; MJ12bot/v1.4.8; http://mj12bot.com/)"
5.189.152.91 - - [08/Apr/2022:02:57:34 +0000] "GET /search/970/%D1%83%D0%B3%D0%BE%D0%BB%D1%8C/ HTTP/1.1" 200 30656 "-" "Mozilla/5.0 (compatible; MJ12bot/v1.4.8; http://mj12bot.com/)"
5.189.152.91 - - [08/Apr/2022:02:57:48 +0000] "GET /search/971/%D0%B1%D0%B0%D0%BB%D0%BB%D0%BE%D0%BD/ HTTP/1.1" 200 36723 "-" "Mozilla/5.0 (compatible; MJ12bot/v1.4.8; http://mj12bot.com/)"
66.249.66.2 - - [08/Apr/2022:02:57:51 +0000] "GET / HTTP/1.1" 200 40172 "-" "Mozilla/5.0 (Linux; Android 6.0.1; Nexus 5X Build/MMB29P) AppleWebKit/537.36 (KHTML, like Gecko) Chrome/99.0.4844.84 Mobile Safari/537.36 (compatible; Googlebot/2.1; +http://www.google.com/bot.html)"
5.189.152.91 - - [08/Apr/2022:02:57:59 +0000] "GET /search/971/%D1%80%D0%BE%D1%81%D1%81%D0%B8%D1%8F/ HTTP/1.1" 200 33535 "-" "Mozilla/5.0 (compatible; MJ12bot/v1.4.8; http://mj12bot.com/)"
66.249.66.2 - - [08/Apr/2022:02:58:06 +0000] "GET /aksessuary/dlya-pitstsy/tarelka-dlya-pitstsy-weber-farfor-30-sm--2-sht/ HTTP/1.1" 200 33256 "-" "Mozilla/5.0 (Linux; Android 6.0.1; Nexus 5X Build/MMB29P) AppleWebKit/537.36 (KHTML, like Gecko) Chrome/100.0.4896.75 Mobile Safari/537.36 (compatible; Googlebot/2.1; +http://www.google.com/bot.html)"
5.189.152.91 - - [08/Apr/2022:02:58:23 +0000] "GET /search/971/%D1%87%D0%B5%D1%85%D0%BE%D0%BB/ HTTP/1.1" 200 28738 "-" "Mozilla/5.0 (compatible; MJ12bot/v1.4.8; http://mj12bot.com/)"
5.189.152.91 - - [08/Apr/2022:02:58:47 +0000] "GET /search/976/%D0%BA%D0%B0%D0%B7%D0%B0%D0%BD/ HTTP/1.1" 200 30011 "-" "Mozilla/5.0 (compatible; MJ12bot/v1.4.8; http://mj12bot.com/)"
5.189.152.91 - - [08/Apr/2022:02:59:00 +0000] "GET /search/976/%D1%80%D0%BE%D1%81%D1%81%D0%B8%D1%8F/ HTTP/1.1" 200 31908 "-" "Mozilla/5.0 (compatible; MJ12bot/v1.4.8; http://mj12bot.com/)"
114.119.128.58 - - [08/Apr/2022:02:59:09 +0000] "GET /grili/gazovye/char-broil/professional/professional-4-chernyy/reviews HTTP/1.1" 301 5 "-" "Mozilla/5.0 (Linux; Android 7.0;) AppleWebKit/537.36 (KHTML, like Gecko) Mobile Safari/537.36 (compatible; PetalBot;+https://webmaster.petalsearch.com/site/petalbot)"
114.119.128.58 - - [08/Apr/2022:02:59:15 +0000] "GET /grili/gazovye/char-broil/professional/professional-4-chernyy/reviews/ HTTP/1.1" 301 5 "-" "Mozilla/5.0 (Linux; Android 7.0;) AppleWebKit/537.36 (KHTML, like Gecko) Mobile Safari/537.36 (compatible; PetalBot;+https://webmaster.petalsearch.com/site/petalbot)"
66.249.66.32 - - [08/Apr/2022:02:59:18 +0000] "GET /photos/photo/krasnodar/img_2858/ HTTP/1.1" 200 5315 "-" "Mozilla/5.0 (compatible; Googlebot/2.1; +http://www.google.com/bot.html)"
114.119.128.58 - - [08/Apr/2022:02:59:22 +0000] "GET /grili/gazovye/char-broil/professional/gazovyy-gril-char-broil-professional-4-chernyy/reviews/ HTTP/1.1" 200 29457 "-" "Mozilla/5.0 (Linux; Android 7.0;) AppleWebKit/537.36 (KHTML, like Gecko) Mobile Safari/537.36 (compatible; PetalBot;+https://webmaster.petalsearch.com/site/petalbot)"
77.88.5.229 - - [08/Apr/2022:02:59:22 +0000] "GET /yandexmarket/66630fba-7cd6-417b-bd98-afbf93571f0f.xml HTTP/1.1" 304 0 "-" "Mozilla/5.0 (compatible; YandexMarket/2.0; +http://yandex.com/bots)"
5.189.152.91 - - [08/Apr/2022:02:59:23 +0000] "GET /search/976/%D1%83%D0%B3%D0%BE%D0%BB%D1%8C/ HTTP/1.1" 200 32728 "-" "Mozilla/5.0 (compatible; MJ12bot/v1.4.8; http://mj12bot.com/)"
66.249.66.55 - - [08/Apr/2022:02:59:24 +0000] "GET /aksessuary/podstavki-i-rostery/podstavka-gril/podstavka-broil-king-dlya-shashlyka-s-sousnitsami/ HTTP/1.1" 200 32421 "-" "Mozilla/5.0 (compatible; Googlebot/2.1; +http://www.google.com/bot.html)"
5.189.152.91 - - [08/Apr/2022:02:59:51 +0000] "GET /search/976/%D1%88%D0%B0%D0%BC%D0%BF%D1%83%D1%80%D0%B0/ HTTP/1.1" 200 28691 "-" "Mozilla/5.0 (compatible; MJ12bot/v1.4.8; http://mj12bot.com/)"
114.119.129.113 - - [08/Apr/2022:02:59:52 +0000] "GET /aksessuary/ugli-i-rozzhigi/brikety-gril/brikety-ugolnye-4-kg-namchar HTTP/1.1" 301 5 "-" "Mozilla/5.0 (Linux; Android 7.0;) AppleWebKit/537.36 (KHTML, like Gecko) Mobile Safari/537.36 (compatible; PetalBot;+https://webmaster.petalsearch.com/site/petalbot)"
77.88.5.229 - - [08/Apr/2022:02:59:55 +0000] "GET /obogrevateli-ulichnye/ HTTP/1.1" 200 35131 "-" "Mozilla/5.0 (compatible; YandexBot/3.0; +http://yandex.com/bots)"
77.88.5.70 - - [08/Apr/2022:02:59:56 +0000] "GET /mangaly/mangal/ HTTP/1.1" 200 36041 "-" "Mozilla/5.0 (compatible; YandexBot/3.0; +http://yandex.com/bots)"
77.88.5.229 - - [08/Apr/2022:02:59:57 +0000] "GET /aksessuary/dlya-kopcheniya/ HTTP/1.1" 200 34762 "-" "Mozilla/5.0 (compatible; YandexBot/3.0; +http://yandex.com/bots)"
77.88.5.70 - - [08/Apr/2022:02:59:57 +0000] "GET /wa-content/js/jquery-plugins/jquery.cookie.js HTTP/1.1" 200 1355 "-" "Mozilla/5.0 (compatible; YandexBot/3.0; +http://yandex.com/bots)"
93.158.161.33 - - [08/Apr/2022:02:59:58 +0000] "GET /robots.txt HTTP/1.1" 200 618 "-" "Mozilla/5.0 (compatible; YandexBot/3.0; +http://yandex.com/bots)"
77.88.5.70 - - [08/Apr/2022:02:59:59 +0000] "GET /grili/gazovye/o-grill/ HTTP/1.1" 200 31900 "-" "Mozilla/5.0 (compatible; YandexBot/3.0; +http://yandex.com/bots)"
77.88.5.234 - - [08/Apr/2022:02:59:59 +0000] "GET /aksessuary/chekhly-dlya-griley/chekhol-dlya-grilye-napoleon-modeli-t-325/ HTTP/1.1" 200 32449 "-" "Mozilla/5.0 (compatible; YandexBot/3.0; +http://yandex.com/bots)"
114.119.129.113 - - [08/Apr/2022:03:00:00 +0000] "GET /aksessuary/ugli-i-rozzhigi/brikety-gril/brikety-ugolnye-4-kg-namchar/ HTTP/1.1" 200 32684 "-" "Mozilla/5.0 (Linux; Android 7.0;) AppleWebKit/537.36 (KHTML, like Gecko) Mobile Safari/537.36 (compatible; PetalBot;+https://webmaster.petalsearch.com/site/petalbot)"
93.158.161.52 - - [08/Apr/2022:03:00:01 +0000] "GET /wa-content/js/jquery-plugins/jquery.cookie.js HTTP/1.1" 200 1355 "-" "Mozilla/5.0 (compatible; YandexBot/3.0; +http://yandex.com/bots)"
77.88.5.70 - - [08/Apr/2022:03:00:03 +0000] "GET /grili/drovyanye/drovyanoy-gril-ofyr-classic-chernyy-100-sm-bez-polennitsy/ HTTP/1.1" 200 32497 "-" "Mozilla/5.0 (compatible; YandexBot/3.0; +http://yandex.com/bots)"
77.88.5.229 - - [08/Apr/2022:03:00:03 +0000] "GET /grili/gazovye/napoleon/ HTTP/1.1" 200 35174 "-" "Mozilla/5.0 (compatible; YandexBot/3.0; +http://yandex.com/bots) AppleWebKit/537.36 (KHTML, like Gecko) Chrome/81.0.4044.268"
77.88.5.70 - - [08/Apr/2022:03:00:03 +0000] "GET /grili/ugolnye/weber/summit-kamado/ugolnyy-gril-summit-kamado-weber-e6-cherny/ HTTP/1.1" 200 33488 "-" "Mozilla/5.0 (compatible; YandexBot/3.0; +http://yandex.com/bots) AppleWebKit/537.36 (KHTML, like Gecko) Chrome/81.0.4044.268"
93.158.161.33 - - [08/Apr/2022:03:00:04 +0000] "GET /grili/drovyanye/ HTTP/1.1" 200 33244 "-" "Mozilla/5.0 (compatible; YandexBot/3.0; +http://yandex.com/bots) AppleWebKit/537.36 (KHTML, like Gecko) Chrome/81.0.4044.268"
77.88.5.229 - - [08/Apr/2022:03:00:05 +0000] "GET /grili/drovyanye/grillux/ HTTP/1.1" 200 30658 "-" "Mozilla/5.0 (compatible; YandexBot/3.0; +http://yandex.com/bots) AppleWebKit/537.36 (KHTML, like Gecko) Chrome/81.0.4044.268"
5.188.113.194 - admin [08/Apr/2022:03:00:05 +0000] "GET /cml1c/adfc9ee9-8d33-4958-a478-3f8659809409/?type=catalog&mode=checkauth HTTP/1.1" 200 57 "-" "1C+Enterprise/8.3"
77.88.5.70 - - [08/Apr/2022:03:00:06 +0000] "GET /grili/ugolnye/weber/summit-kamado/gril-ugolnyy-summit-charcoal-grill-weber-61-sm-cherny/ HTTP/1.1" 200 34572 "-" "Mozilla/5.0 (compatible; YandexBot/3.0; +http://yandex.com/bots) AppleWebKit/537.36 (KHTML, like Gecko) Chrome/81.0.4044.268"
77.88.5.229 - - [08/Apr/2022:03:00:06 +0000] "GET /aksessuary/reshetki/reshetka-gril/ HTTP/1.1" 200 34490 "-" "Mozilla/5.0 (compatible; YandexBot/3.0; +http://yandex.com/bots)"
77.88.5.70 - - [08/Apr/2022:03:00:07 +0000] "GET /aksessuary/dlya-kopcheniya/shchepa/ HTTP/1.1" 200 31845 "-" "Mozilla/5.0 (compatible; YandexBot/3.0; +http://yandex.com/bots) AppleWebKit/537.36 (KHTML, like Gecko) Chrome/81.0.4044.268"
77.88.5.229 - - [08/Apr/2022:03:00:08 +0000] "GET /aksessuary/dlya-kopcheniya/konteynery/ HTTP/1.1" 200 29867 "-" "Mozilla/5.0 (compatible; YandexBot/3.0; +http://yandex.com/bots) AppleWebKit/537.36 (KHTML, like Gecko) Chrome/81.0.4044.268"
77.88.5.70 - - [08/Apr/2022:03:00:09 +0000] "GET /aksessuary/podstavki-i-rostery/ HTTP/1.1" 200 35962 "-" "Mozilla/5.0 (compatible; YandexBot/3.0; +http://yandex.com/bots) AppleWebKit/537.36 (KHTML, like Gecko) Chrome/81.0.4044.268"
77.88.5.229 - - [08/Apr/2022:03:00:10 +0000] "GET /aksessuary/instrumenty/ HTTP/1.1" 200 36556 "-" "Mozilla/5.0 (compatible; YandexBot/3.0; +http://yandex.com/bots) AppleWebKit/537.36 (KHTML, like Gecko) Chrome/81.0.4044.268"
77.88.5.70 - - [08/Apr/2022:03:00:11 +0000] "GET /spetsii-dlya-grilya/pripravy/ HTTP/1.1" 200 33998 "-" "Mozilla/5.0 (compatible; YandexBot/3.0; +http://yandex.com/bots)"
77.88.5.229 - - [08/Apr/2022:03:00:12 +0000] "GET /grili/ugolnye/ HTTP/1.1" 200 36879 "-" "Mozilla/5.0 (compatible; YandexBot/3.0; +http://yandex.com/bots) AppleWebKit/537.36 (KHTML, like Gecko) Chrome/81.0.4044.268"
77.88.5.214 - - [08/Apr/2022:03:00:14 +0000] "GET / HTTP/1.1" 301 162 "-" "Mozilla/5.0 (compatible; YandexMetrika/2.0; +http://yandex.com/bots yabs01)"
77.88.5.234 - - [08/Apr/2022:03:00:14 +0000] "GET /aksessuary/posuda/press-burger/ HTTP/1.1" 200 29637 "-" "Mozilla/5.0 (compatible; YandexBot/3.0; +http://yandex.com/bots) AppleWebKit/537.36 (KHTML, like Gecko) Chrome/81.0.4044.268"
5.188.113.194 - admin [08/Apr/2022:03:00:15 +0000] "GET /cml1c/adfc9ee9-8d33-4958-a478-3f8659809409/?type=catalog&mode=checkauth HTTP/1.1" 200 57 "-" "1C+Enterprise/8.3"
5.188.113.194 - admin [08/Apr/2022:03:00:15 +0000] "GET /cml1c/adfc9ee9-8d33-4958-a478-3f8659809409/?type=catalog&mode=init&sessid= HTTP/1.1" 200 39 "-" "1C+Enterprise/8.3"
5.188.113.194 - admin [08/Apr/2022:03:00:15 +0000] "POST /cml1c/adfc9ee9-8d33-4958-a478-3f8659809409/?type=catalog&mode=file&filename=v8_HkBdVd_f.zip&sessid= HTTP/1.1" 200 49 "-" "1C+Enterprise/8.3"
5.188.113.194 - admin [08/Apr/2022:03:00:16 +0000] "GET /cml1c/adfc9ee9-8d33-4958-a478-3f8659809409/?type=catalog&mode=import&filename=import4_1.xml&sessid= HTTP/1.1" 200 52 "-" "1C+Enterprise/8.3"
37.9.71.121 - - [08/Apr/2022:03:00:16 +0000] "POST /ym_api/1/?action=/cart HTTP/1.1" 200 111 "-" "Apache-HttpClient/4.5.6 (Java/11.0.8-shenandoah)"
77.88.5.70 - - [08/Apr/2022:03:00:16 +0000] "GET /wa-content/js/jquery-plugins/jquery.cookie.js HTTP/1.1" 200 1355 "https://saratov.justgrill.ru/grili/ugolnye/weber/summit-kamado/ugolnyy-gril-summit-kamado-weber-e6-cherny/" "Mozilla/5.0 (compatible; YandexBot/3.0; +http://yandex.com/bots) AppleWebKit/537.36 (KHTML, like Gecko) Chrome/81.0.4044.268"
77.88.5.70 - - [08/Apr/2022:03:00:17 +0000] "GET /wa-content/js/jquery-plugins/jquery.cookie.js HTTP/1.1" 200 1355 "https://saratov.justgrill.ru/grili/drovyanye/" "Mozilla/5.0 (compatible; YandexBot/3.0; +http://yandex.com/bots) AppleWebKit/537.36 (KHTML, like Gecko) Chrome/81.0.4044.268"
5.189.152.91 - - [08/Apr/2022:03:00:17 +0000] "GET /search/977/%D1%83%D0%B3%D0%BE%D0%BB%D1%8C/ HTTP/1.1" 200 28730 "-" "Mozilla/5.0 (compatible; MJ12bot/v1.4.8; http://mj12bot.com/)"
77.88.5.229 - - [08/Apr/2022:03:00:20 +0000] "GET /wa-content/js/jquery-plugins/jquery.cookie.js HTTP/1.1" 200 1355 "https://saratov.justgrill.ru/grili/drovyanye/grillux/" "Mozilla/5.0 (compatible; YandexBot/3.0; +http://yandex.com/bots) AppleWebKit/537.36 (KHTML, like Gecko) Chrome/81.0.4044.268"
54.36.148.229 - - [08/Apr/2022:03:00:21 +0000] "GET /grili/keramicheskie/big-green-egg/keramicheskij-gril-big-green-egg--mini/ HTTP/2.0" 200 36929 "-" "Mozilla/5.0 (compatible; AhrefsBot/7.0; +http://ahrefs.com/robot/)"
93.158.161.52 - - [08/Apr/2022:03:00:22 +0000] "GET /wa-content/js/jquery-plugins/jquery.cookie.js HTTP/1.1" 200 1355 "https://saratov.justgrill.ru/grili/ugolnye/weber/summit-kamado/gril-ugolnyy-summit-charcoal-grill-weber-61-sm-cherny/" "Mozilla/5.0 (compatible; YandexBot/3.0; +http://yandex.com/bots) AppleWebKit/537.36 (KHTML, like Gecko) Chrome/81.0.4044.268"
93.158.161.52 - - [08/Apr/2022:03:00:23 +0000] "GET /wa-content/js/jquery-plugins/jquery.cookie.js HTTP/1.1" 200 1355 "https://saratov.justgrill.ru/aksessuary/dlya-kopcheniya/shchepa/" "Mozilla/5.0 (compatible; YandexBot/3.0; +http://yandex.com/bots) AppleWebKit/537.36 (KHTML, like Gecko) Chrome/81.0.4044.268"
5.188.113.194 - admin [08/Apr/2022:03:00:24 +0000] "GET /cml1c/adfc9ee9-8d33-4958-a478-3f8659809409/?type=catalog&mode=import&filename=import4_1.xml&sessid= HTTP/1.1" 200 84 "-" "1C+Enterprise/8.3"
5.188.113.194 - admin [08/Apr/2022:03:00:26 +0000] "GET /cml1c/adfc9ee9-8d33-4958-a478-3f8659809409/?type=catalog&mode=checkauth HTTP/1.1" 200 57 "-" "1C+Enterprise/8.3"
5.188.113.194 - admin [08/Apr/2022:03:00:26 +0000] "GET /cml1c/adfc9ee9-8d33-4958-a478-3f8659809409/?type=catalog&mode=init&sessid= HTTP/1.1" 200 39 "-" "1C+Enterprise/8.3"
5.188.113.194 - admin [08/Apr/2022:03:00:26 +0000] "POST /cml1c/adfc9ee9-8d33-4958-a478-3f8659809409/?type=catalog&mode=file&filename=v8_HkBdVd_10.zip&sessid= HTTP/1.1" 200 50 "-" "1C+Enterprise/8.3"
5.188.113.194 - admin [08/Apr/2022:03:00:27 +0000] "GET /cml1c/adfc9ee9-8d33-4958-a478-3f8659809409/?type=catalog&mode=import&filename=offers4_1.xml&sessid= HTTP/1.1" 200 53 "-" "1C+Enterprise/8.3"
77.88.5.234 - - [08/Apr/2022:03:00:27 +0000] "GET /wa-content/js/jquery-plugins/jquery.cookie.js HTTP/1.1" 200 1355 "https://saratov.justgrill.ru/aksessuary/dlya-kopcheniya/konteynery/" "Mozilla/5.0 (compatible; YandexBot/3.0; +http://yandex.com/bots) AppleWebKit/537.36 (KHTML, like Gecko) Chrome/81.0.4044.268"
77.88.5.229 - - [08/Apr/2022:03:00:28 +0000] "GET /wa-content/js/jquery-plugins/jquery.cookie.js HTTP/1.1" 200 1355 "https://saratov.justgrill.ru/aksessuary/podstavki-i-rostery/" "Mozilla/5.0 (compatible; YandexBot/3.0; +http://yandex.com/bots) AppleWebKit/537.36 (KHTML, like Gecko) Chrome/81.0.4044.268"
77.88.5.229 - - [08/Apr/2022:03:00:31 +0000] "GET /wa-content/js/jquery-plugins/jquery.cookie.js HTTP/1.1" 200 1355 "-" "Mozilla/5.0 (compatible; YandexBot/3.0; +http://yandex.com/bots)"
93.158.161.33 - - [08/Apr/2022:03:00:33 +0000] "GET /grili/ugolnye/masterbuilt/ HTTP/1.1" 404 27631 "-" "Mozilla/5.0 (compatible; YandexBot/3.0; +http://yandex.com/bots)"
77.88.5.229 - - [08/Apr/2022:03:00:34 +0000] "GET /aksessuary/odezhda-gril/ HTTP/1.1" 200 32363 "-" "Mozilla/5.0 (compatible; YandexBot/3.0; +http://yandex.com/bots)"
5.188.113.194 - admin [08/Apr/2022:03:00:35 +0000] "GET /cml1c/adfc9ee9-8d33-4958-a478-3f8659809409/?type=catalog&mode=import&filename=offers4_1.xml&sessid= HTTP/1.1" 200 91 "-" "1C+Enterprise/8.3"
5.188.113.194 - admin [08/Apr/2022:03:00:36 +0000] "GET /cml1c/adfc9ee9-8d33-4958-a478-3f8659809409/?type=catalog&mode=checkauth HTTP/1.1" 200 57 "-" "1C+Enterprise/8.3"
5.188.113.194 - admin [08/Apr/2022:03:00:36 +0000] "GET /cml1c/adfc9ee9-8d33-4958-a478-3f8659809409/?type=catalog&mode=init&sessid= HTTP/1.1" 200 39 "-" "1C+Enterprise/8.3"
5.188.113.194 - admin [08/Apr/2022:03:00:36 +0000] "POST /cml1c/adfc9ee9-8d33-4958-a478-3f8659809409/?type=catalog&mode=file&filename=v8_HkBdVd_11.zip&sessid= HTTP/1.1" 200 50 "-" "1C+Enterprise/8.3"
5.188.113.194 - admin [08/Apr/2022:03:00:36 +0000] "GET /cml1c/adfc9ee9-8d33-4958-a478-3f8659809409/?type=catalog&mode=import&filename=offers4_1.xml&sessid= HTTP/1.1" 200 55 "-" "1C+Enterprise/8.3"
77.88.5.70 - - [08/Apr/2022:03:00:38 +0000] "GET /aksessuary/posuda/protiveni-gril/ HTTP/1.1" 200 35834 "-" "Mozilla/5.0 (compatible; YandexBot/3.0; +http://yandex.com/bots) AppleWebKit/537.36 (KHTML, like Gecko) Chrome/81.0.4044.268"
5.189.152.91 - - [08/Apr/2022:03:00:40 +0000] "GET /search/979/%D0%B1%D0%B0%D0%BB%D0%BB%D0%BE%D0%BD/ HTTP/1.1" 200 28764 "-" "Mozilla/5.0 (compatible; MJ12bot/v1.4.8; http://mj12bot.com/)"
77.88.5.70 - - [08/Apr/2022:03:00:41 +0000] "GET /wa-content/js/jquery-plugins/jquery.cookie.js HTTP/1.1" 200 1355 "https://taganrog.justgrill.ru/aksessuary/posuda/protiveni-gril/" "Mozilla/5.0 (compatible; YandexBot/3.0; +http://yandex.com/bots) AppleWebKit/537.36 (KHTML, like Gecko) Chrome/81.0.4044.268"
77.88.5.70 - - [08/Apr/2022:03:00:43 +0000] "GET /grili/gazovye/weber/ HTTP/1.1" 200 34995 "-" "Mozilla/5.0 (compatible; YandexBot/3.0; +http://yandex.com/bots) AppleWebKit/537.36 (KHTML, like Gecko) Chrome/81.0.4044.268"
5.188.113.194 - admin [08/Apr/2022:03:00:44 +0000] "GET /cml1c/adfc9ee9-8d33-4958-a478-3f8659809409/?type=catalog&mode=import&filename=offers4_1.xml&sessid= HTTP/1.1" 200 91 "-" "1C+Enterprise/8.3"
93.158.161.33 - - [08/Apr/2022:03:00:45 +0000] "GET /blog/2015/12/ HTTP/1.1" 200 28155 "-" "Mozilla/5.0 (compatible; YandexBot/3.0; +http://yandex.com/bots)"
5.189.152.91 - - [08/Apr/2022:03:00:52 +0000] "GET /search/979/%D1%80%D0%BE%D1%81%D1%81%D0%B8%D1%8F/ HTTP/1.1" 200 31312 "-" "Mozilla/5.0 (compatible; MJ12bot/v1.4.8; http://mj12bot.com/)"
77.88.5.229 - - [08/Apr/2022:03:00:54 +0000] "GET /brand/Monolith/ HTTP/1.1" 301 5 "-" "Mozilla/5.0 (compatible; YandexBot/3.0; +http://yandex.com/bots)"
77.88.5.70 - - [08/Apr/2022:03:00:55 +0000] "GET /brand/monolith/ HTTP/1.1" 200 31045 "-" "Mozilla/5.0 (compatible; YandexBot/3.0; +http://yandex.com/bots)"
93.158.161.33 - - [08/Apr/2022:03:01:04 +0000] "GET /wa-content/js/jquery-plugins/jquery.cookie.js HTTP/1.1" 200 1355 "https://saratov.justgrill.ru/grili/ugolnye/" "Mozilla/5.0 (compatible; YandexBot/3.0; +http://yandex.com/bots) AppleWebKit/537.36 (KHTML, like Gecko) Chrome/81.0.4044.268"
185.191.171.38 - - [08/Apr/2022:03:01:05 +0000] "GET /aksessuary/instrumenty/nozhi-samura/podstavka-universalnaya-dlya-nozhey-samura-225mm/ HTTP/1.1" 200 34711 "-" "Mozilla/5.0 (compatible; SemrushBot/7~bl; +http://www.semrush.com/bot.html)"
5.189.152.91 - - [08/Apr/2022:03:01:18 +0000] "GET /search/979/%D1%83%D0%B3%D0%BE%D0%BB%D1%8C/ HTTP/1.1" 200 31302 "-" "Mozilla/5.0 (compatible; MJ12bot/v1.4.8; http://mj12bot.com/)"
77.88.5.229 - - [08/Apr/2022:03:01:19 +0000] "GET /obogrevateli-ulichnye/gazovye/ HTTP/1.1" 200 34806 "-" "Mozilla/5.0 (compatible; YandexBot/3.0; +http://yandex.com/bots) AppleWebKit/537.36 (KHTML, like Gecko) Chrome/81.0.4044.268"
77.88.5.229 - - [08/Apr/2022:03:01:22 +0000] "GET /grili/gazovye/napoleon/rogue/rogue-425-chernyy/ HTTP/1.1" 301 5 "-" "Mozilla/5.0 (compatible; YandexBot/3.0; +http://yandex.com/bots)"
77.88.5.70 - - [08/Apr/2022:03:01:24 +0000] "GET /grili/gazovye/napoleon/rogue/gazovyy-gril-napoleon-rogue-425-chernyy/ HTTP/1.1" 200 36407 "-" "Mozilla/5.0 (compatible; YandexBot/3.0; +http://yandex.com/bots)"
207.46.13.110 - - [08/Apr/2022:03:01:30 +0000] "GET /brand/oklahoma-joe HTTP/2.0" 301 0 "-" "Mozilla/5.0 (compatible; bingbot/2.0; +http://www.bing.com/bingbot.htm)"
77.88.5.229 - - [08/Apr/2022:03:01:36 +0000] "GET /grili/drovyanye/lappigrill/ HTTP/1.1" 404 27107 "-" "Mozilla/5.0 (compatible; YandexBot/3.0; +http://yandex.com/bots) AppleWebKit/537.36 (KHTML, like Gecko) Chrome/81.0.4044.268"
207.46.13.110 - - [08/Apr/2022:03:01:40 +0000] "GET /brand/oklahoma-joe/ HTTP/2.0" 200 29032 "-" "Mozilla/5.0 (compatible; bingbot/2.0; +http://www.bing.com/bingbot.htm)"
5.189.152.91 - - [08/Apr/2022:03:01:42 +0000] "GET /search/980/%D1%83%D0%B3%D0%BE%D0%BB%D1%8C/ HTTP/1.1" 200 28700 "-" "Mozilla/5.0 (compatible; MJ12bot/v1.4.8; http://mj12bot.com/)"
77.88.5.229 - - [08/Apr/2022:03:01:43 +0000] "GET /grili/drovyanye/ofyr/ HTTP/1.1" 404 27114 "-" "Mozilla/5.0 (compatible; YandexBot/3.0; +http://yandex.com/bots)"
77.88.5.229 - - [08/Apr/2022:03:01:53 +0000] "GET /sberbank-credit/ HTTP/1.1" 404 26195 "-" "Mozilla/5.0 (compatible; YandexBot/3.0; +http://yandex.com/bots) AppleWebKit/537.36 (KHTML, like Gecko) Chrome/81.0.4044.268"
77.88.5.229 - - [08/Apr/2022:03:01:57 +0000] "GET /spetsii-dlya-grilya/smesi/ HTTP/1.1" 200 31291 "-" "Mozilla/5.0 (compatible; YandexBot/3.0; +http://yandex.com/bots) AppleWebKit/537.36 (KHTML, like Gecko) Chrome/81.0.4044.268"
77.88.5.242 - - [08/Apr/2022:03:01:57 +0000] "GET /?yclid=7710547526903176844 HTTP/1.1" 200 39809 "-" "Mozilla/5.0 (compatible; YandexMetrika/2.0; +http://yandex.com/bots yabs01)"
77.88.5.229 - - [08/Apr/2022:03:01:58 +0000] "GET /aksessuary/instrumenty/nozhi-samura/ HTTP/1.1" 200 34154 "-" "Mozilla/5.0 (compatible; YandexBot/3.0; +http://yandex.com/bots) AppleWebKit/537.36 (KHTML, like Gecko) Chrome/81.0.4044.268"
77.88.5.234 - - [08/Apr/2022:03:02:00 +0000] "GET /wa-content/js/jquery-plugins/jquery.cookie.js HTTP/1.1" 200 1355 "https://saratov.justgrill.ru/spetsii-dlya-grilya/smesi/" "Mozilla/5.0 (compatible; YandexBot/3.0; +http://yandex.com/bots) AppleWebKit/537.36 (KHTML, like Gecko) Chrome/81.0.4044.268"
66.249.66.31 - - [08/Apr/2022:03:02:02 +0000] "GET /aksessuary/weber/termometry/termometr-tsifrovoy-s-podsvetkoy-/ HTTP/1.1" 301 5 "-" "Mozilla/5.0 (compatible; Googlebot/2.1; +http://www.google.com/bot.html)"
77.88.5.70 - - [08/Apr/2022:03:02:02 +0000] "GET /wa-content/js/jquery-plugins/jquery.cookie.js HTTP/1.1" 200 1355 "https://saratov.justgrill.ru/aksessuary/instrumenty/nozhi-samura/" "Mozilla/5.0 (compatible; YandexBot/3.0; +http://yandex.com/bots) AppleWebKit/537.36 (KHTML, like Gecko) Chrome/81.0.4044.268"
93.158.161.33 - - [08/Apr/2022:03:02:03 +0000] "GET /obogrevateli-ulichnye/gazovye/ HTTP/1.1" 200 34808 "-" "Mozilla/5.0 (compatible; YandexBot/3.0; +http://yandex.com/bots) AppleWebKit/537.36 (KHTML, like Gecko) Chrome/81.0.4044.268"
77.88.5.70 - - [08/Apr/2022:03:02:03 +0000] "GET /wa-content/js/jquery-plugins/jquery.cookie.js HTTP/1.1" 200 1355 "https://saratov.justgrill.ru/grili/gazovye/weber/" "Mozilla/5.0 (compatible; YandexBot/3.0; +http://yandex.com/bots) AppleWebKit/537.36 (KHTML, like Gecko) Chrome/81.0.4044.268"
66.249.66.2 - - [08/Apr/2022:03:02:03 +0000] "GET /aksessuary/oborudovanie/termometry-gril/termometr-gril-tsifrovoy-broil-king-s-podsvetkoy/ HTTP/1.1" 200 35550 "-" "Mozilla/5.0 (compatible; Googlebot/2.1; +http://www.google.com/bot.html)"
5.189.152.91 - - [08/Apr/2022:03:02:06 +0000] "GET /search/981/%D0%B1%D0%B0%D0%BB%D0%BB%D0%BE%D0%BD/ HTTP/1.1" 200 28662 "-" "Mozilla/5.0 (compatible; MJ12bot/v1.4.8; http://mj12bot.com/)"
77.88.5.70 - - [08/Apr/2022:03:02:07 +0000] "GET /wa-content/js/jquery-plugins/jquery.cookie.js HTTP/1.1" 200 1355 "https://saratov.justgrill.ru/aksessuary/posuda/press-burger/" "Mozilla/5.0 (compatible; YandexBot/3.0; +http://yandex.com/bots) AppleWebKit/537.36 (KHTML, like Gecko) Chrome/81.0.4044.268"
77.88.5.229 - - [08/Apr/2022:03:02:15 +0000] "GET /brand/monolith/ HTTP/1.1" 200 31044 "-" "Mozilla/5.0 (compatible; YandexBot/3.0; +http://yandex.com/bots) AppleWebKit/537.36 (KHTML, like Gecko) Chrome/81.0.4044.268"
93.158.161.33 - - [08/Apr/2022:03:02:20 +0000] "GET /wa-content/js/jquery-plugins/jquery.cookie.js HTTP/1.1" 200 1355 "https://saratov.justgrill.ru/brand/monolith/" "Mozilla/5.0 (compatible; YandexBot/3.0; +http://yandex.com/bots) AppleWebKit/537.36 (KHTML, like Gecko) Chrome/81.0.4044.268"
114.119.128.62 - - [08/Apr/2022:03:02:26 +0000] "GET /aksessuary/posuda/protiveni-gril/protiven-big-green-egg-dlya-vypekaniya-l-keramicheskiy/reviews/ HTTP/1.1" 200 31127 "-" "Mozilla/5.0 (Linux; Android 7.0;) AppleWebKit/537.36 (KHTML, like Gecko) Mobile Safari/537.36 (compatible; PetalBot;+https://webmaster.petalsearch.com/site/petalbot)"
77.88.5.229 - - [08/Apr/2022:03:02:39 +0000] "GET /aksessuary/dlya-kopcheniya/konteynery/trubka-pro-dlya-kopcheniya-napoleon/ HTTP/1.1" 200 31805 "-" "Mozilla/5.0 (compatible; YandexBot/3.0; +http://yandex.com/bots) AppleWebKit/537.36 (KHTML, like Gecko) Chrome/81.0.4044.268"
77.88.5.229 - - [08/Apr/2022:03:02:39 +0000] "GET /aksessuary/dlya-kopcheniya/konteynery/konteyner-dlya-kopcheniya-iz-nerzh-stali/ HTTP/1.1" 200 31977 "-" "Mozilla/5.0 (compatible; YandexBot/3.0; +http://yandex.com/bots)"
114.119.153.49 - - [08/Apr/2022:03:02:40 +0000] "GET /aksessuary/reshetki/reshetka-dlya-grilya-mini-diametr-23-sm/reviews HTTP/1.1" 301 5 "-" "Mozilla/5.0 (Linux; Android 7.0;) AppleWebKit/537.36 (KHTML, like Gecko) Mobile Safari/537.36 (compatible; PetalBot;+https://webmaster.petalsearch.com/site/petalbot)"
77.88.5.229 - - [08/Apr/2022:03:02:44 +0000] "GET /sberbank-credit/ HTTP/1.1" 404 26195 "-" "Mozilla/5.0 (compatible; YandexBot/3.0; +http://yandex.com/bots) AppleWebKit/537.36 (KHTML, like Gecko) Chrome/81.0.4044.268"
114.119.153.49 - - [08/Apr/2022:03:02:45 +0000] "GET /aksessuary/reshetki/reshetka-dlya-grilya-mini-diametr-23-sm/reviews/ HTTP/1.1" 301 5 "-" "Mozilla/5.0 (Linux; Android 7.0;) AppleWebKit/537.36 (KHTML, like Gecko) Mobile Safari/537.36 (compatible; PetalBot;+https://webmaster.petalsearch.com/site/petalbot)"
66.249.66.55 - - [08/Apr/2022:03:02:46 +0000] "GET /grili-i-oborudovanie-dlya-griley/mangaly/mangal-partiks-730-na-podstavke/reviews/ HTTP/1.1" 301 5 "-" "Mozilla/5.0 (Linux; Android 6.0.1; Nexus 5X Build/MMB29P) AppleWebKit/537.36 (KHTML, like Gecko) Chrome/100.0.4896.75 Mobile Safari/537.36 (compatible; Googlebot/2.1; +http://www.google.com/bot.html)"
77.88.5.229 - - [08/Apr/2022:03:02:46 +0000] "GET /wa-content/js/jquery-plugins/jquery.cookie.js HTTP/1.1" 200 1355 "https://saratov.justgrill.ru/aksessuary/dlya-kopcheniya/konteynery/trubka-pro-dlya-kopcheniya-napoleon/" "Mozilla/5.0 (compatible; YandexBot/3.0; +http://yandex.com/bots) AppleWebKit/537.36 (KHTML, like Gecko) Chrome/81.0.4044.268"
66.249.66.55 - - [08/Apr/2022:03:02:46 +0000] "GET /mangaly/mangal/grillver/partiks/grillver-mangal-partiks-730-na-podstavke/reviews/ HTTP/1.1" 200 31083 "-" "Mozilla/5.0 (Linux; Android 6.0.1; Nexus 5X Build/MMB29P) AppleWebKit/537.36 (KHTML, like Gecko) Chrome/100.0.4896.75 Mobile Safari/537.36 (compatible; Googlebot/2.1; +http://www.google.com/bot.html)"
77.88.5.229 - - [08/Apr/2022:03:02:48 +0000] "GET /grili/drovyanye/lappigrill/ HTTP/1.1" 404 27111 "-" "Mozilla/5.0 (compatible; YandexBot/3.0; +http://yandex.com/bots) AppleWebKit/537.36 (KHTML, like Gecko) Chrome/81.0.4044.268"
114.119.153.49 - - [08/Apr/2022:03:02:48 +0000] "GET /aksessuary/reshetki/reshetka-gril/reshetka-dlya-grilya-big-green-egg-mini-chugunnaya-23-sm/reviews/ HTTP/1.1" 200 28996 "-" "Mozilla/5.0 (Linux; Android 7.0;) AppleWebKit/537.36 (KHTML, like Gecko) Mobile Safari/537.36 (compatible; PetalBot;+https://webmaster.petalsearch.com/site/petalbot)"
77.88.5.70 - - [08/Apr/2022:03:02:49 +0000] "GET /wa-content/js/jquery-plugins/jquery.cookie.js HTTP/1.1" 200 1355 "https://saratov.justgrill.ru/grili/gazovye/weber/" "Mozilla/5.0 (compatible; YandexBot/3.0; +http://yandex.com/bots) AppleWebKit/537.36 (KHTML, like Gecko) Chrome/81.0.4044.268"
66.249.66.32 - - [08/Apr/2022:03:03:04 +0000] "GET /obogrevateli-ulichnye/nagrevatel-gazovyy-ulichnyy-umbrellabg3137mbars---belyy-12kvt/ HTTP/1.1" 301 5 "-" "Mozilla/5.0 (compatible; Googlebot/2.1; +http://www.google.com/bot.html)"
66.249.66.63 - - [08/Apr/2022:03:03:05 +0000] "GET /obogrevateli-ulichnye/gazovye/nagrevatel-gazovyy-ulichnyy-umbrella-b-g31-37mbar-s-12kvt-belyy/ HTTP/1.1" 200 33522 "-" "Mozilla/5.0 (compatible; Googlebot/2.1; +http://www.google.com/bot.html)"
93.158.161.3 - - [08/Apr/2022:03:03:06 +0000] "GET /?yclid=7710547526903176844 HTTP/1.1" 200 39392 "-" "Mozilla/5.0 (compatible; YandexMetrika/2.0; +http://yandex.com/bots yabs01)"
5.189.152.91 - - [08/Apr/2022:03:03:21 +0000] "GET /search/981/%D1%83%D0%B3%D0%BE%D0%BB%D1%8C/ HTTP/1.1" 200 31371 "-" "Mozilla/5.0 (compatible; MJ12bot/v1.4.8; http://mj12bot.com/)"
54.36.148.205 - - [08/Apr/2022:03:03:35 +0000] "GET /mangaly/kazany/kastryulya-kazan-chugunnaya-6-l-s-chugunnoy-kryshkoy-skovorodoy/ HTTP/2.0" 200 32628 "-" "Mozilla/5.0 (compatible; AhrefsBot/7.0; +http://ahrefs.com/robot/)"
5.189.152.91 - - [08/Apr/2022:03:03:44 +0000] "GET /search/981/%D1%87%D0%B5%D1%85%D0%BE%D0%BB/ HTTP/1.1" 200 28680 "-" "Mozilla/5.0 (compatible; MJ12bot/v1.4.8; http://mj12bot.com/)"
66.249.66.54 - - [08/Apr/2022:03:03:47 +0000] "GET /aksessuary/chistka-i-ukhod/shchetka-gril/shchetka-spiralnaya-big-green-egg-ruchka-zelenaya/ HTTP/1.1" 301 5 "-" "Mozilla/5.0 (Linux; Android 6.0.1; Nexus 5X Build/MMB29P) AppleWebKit/537.36 (KHTML, like Gecko) Chrome/100.0.4896.75 Mobile Safari/537.36 (compatible; Googlebot/2.1; +http://www.google.com/bot.html)"
66.249.66.50 - - [08/Apr/2022:03:03:48 +0000] "GET /aksessuary/chistka-i-ukhod/shchetka-gril/shchetka-spiralnaya-big-green-egg-ruchka-zelenaya/ HTTP/1.1" 301 162 "-" "Mozilla/5.0 (Linux; Android 6.0.1; Nexus 5X Build/MMB29P) AppleWebKit/537.36 (KHTML, like Gecko) Chrome/100.0.4896.75 Mobile Safari/537.36 (compatible; Googlebot/2.1; +http://www.google.com/bot.html)"
66.249.66.59 - - [08/Apr/2022:03:03:49 +0000] "GET /aksessuary/chistka-i-ukhod/shchetka-gril/shchetka-spiralnaya-big-green-egg-ruchka-zelenaya/ HTTP/1.1" 200 32720 "-" "Mozilla/5.0 (Linux; Android 6.0.1; Nexus 5X Build/MMB29P) AppleWebKit/537.36 (KHTML, like Gecko) Chrome/100.0.4896.75 Mobile Safari/537.36 (compatible; Googlebot/2.1; +http://www.google.com/bot.html)"
5.189.152.91 - - [08/Apr/2022:03:03:53 +0000] "GET /search/983/%D0%B0%D1%80%D1%82-%D1%82%D0%B0%D0%BD%D0%B4%D1%8B%D1%80/ HTTP/1.1" 200 37805 "-" "Mozilla/5.0 (compatible; MJ12bot/v1.4.8; http://mj12bot.com/)"
114.119.128.6 - - [08/Apr/2022:03:03:55 +0000] "GET /aksessuary/posuda/tarelka-weber-27-sm-2-sht-farfor HTTP/1.1" 301 5 "-" "Mozilla/5.0 (Linux; Android 7.0;) AppleWebKit/537.36 (KHTML, like Gecko) Mobile Safari/537.36 (compatible; PetalBot;+https://webmaster.petalsearch.com/site/petalbot)"
114.119.128.6 - - [08/Apr/2022:03:03:58 +0000] "GET /aksessuary/posuda/tarelka-weber-27-sm-2-sht-farfor/ HTTP/1.1" 200 32554 "-" "Mozilla/5.0 (Linux; Android 7.0;) AppleWebKit/537.36 (KHTML, like Gecko) Mobile Safari/537.36 (compatible; PetalBot;+https://webmaster.petalsearch.com/site/petalbot)"
185.191.171.45 - - [08/Apr/2022:03:03:58 +0000] "GET /robots.txt HTTP/1.1" 200 248 "-" "Mozilla/5.0 (compatible; SemrushBot/7~bl; +http://www.semrush.com/bot.html)"
185.191.171.34 - - [08/Apr/2022:03:03:58 +0000] "GET /grili-i-oborudovanie-dlya-griley/grili/gazovye/nevstraivaemye/gril-gazovyy-broil-king-baron-590-new/ HTTP/1.1" 301 5 "-" "Mozilla/5.0 (compatible; SemrushBot/7~bl; +http://www.semrush.com/bot.html)"
66.249.66.196 - - [08/Apr/2022:03:04:00 +0000] "GET /aksessuary/podstavki-i-rostery/roster-gril/metallicheskiy-roster-big-green-egg-dlya-indeyki/ HTTP/1.1" 200 32429 "-" "Mozilla/5.0 (Linux; Android 6.0.1; Nexus 5X Build/MMB29P) AppleWebKit/537.36 (KHTML, like Gecko) Chrome/100.0.4896.75 Mobile Safari/537.36 (compatible; Googlebot/2.1; +http://www.google.com/bot.html)"
185.191.171.39 - - [08/Apr/2022:03:04:01 +0000] "GET /grili/gazovye/broil-king/baron/gril-gazovyy-broil-king-baron-590-new-chernyy/ HTTP/1.1" 200 35498 "-" "Mozilla/5.0 (compatible; SemrushBot/7~bl; +http://www.semrush.com/bot.html)"
66.249.66.56 - - [08/Apr/2022:03:04:04 +0000] "GET /brendy/broil-king/chekhol-dlya-grilya-sverkhprochn-imperial-590-vstroyka/ HTTP/1.1" 301 5 "-" "Mozilla/5.0 (compatible; Googlebot/2.1; +http://www.google.com/bot.html)"
66.249.66.54 - - [08/Apr/2022:03:04:06 +0000] "GET /aksessuary/chekhly-dlya-griley/chekhol-dlya-grilya-broil-king-imperial-590-vstroyka/ HTTP/1.1" 200 32263 "-" "Mozilla/5.0 (compatible; Googlebot/2.1; +http://www.google.com/bot.html)"
77.88.5.229 - - [08/Apr/2022:03:04:09 +0000] "GET /wa-content/js/jquery-plugins/jquery.cookie.js HTTP/1.1" 200 1355 "https://saratov.justgrill.ru/obogrevateli-ulichnye/gazovye/" "Mozilla/5.0 (compatible; YandexBot/3.0; +http://yandex.com/bots) AppleWebKit/537.36 (KHTML, like Gecko) Chrome/81.0.4044.268"
5.189.152.91 - - [08/Apr/2022:03:04:17 +0000] "GET /search/983/%D0%BA%D0%B0%D0%B7%D0%B0%D0%BD/ HTTP/1.1" 200 30578 "-" "Mozilla/5.0 (compatible; MJ12bot/v1.4.8; http://mj12bot.com/)"
66.249.66.54 - - [08/Apr/2022:03:04:22 +0000] "GET /aksessuary/ugli-i-rozzhigi/razdeliteli-uglya/razdelitely-dlya-briketirovannogo-uglya-weber-2-sht/ HTTP/1.1" 200 34943 "-" "Mozilla/5.0 (Linux; Android 6.0.1; Nexus 5X Build/MMB29P) AppleWebKit/537.36 (KHTML, like Gecko) Chrome/99.0.4844.84 Mobile Safari/537.36 (compatible; Googlebot/2.1; +http://www.google.com/bot.html)"
5.189.152.91 - - [08/Apr/2022:03:04:31 +0000] "GET /search/983/%D1%80%D0%BE%D1%81%D1%81%D0%B8%D1%8F/ HTTP/1.1" 200 37814 "-" "Mozilla/5.0 (compatible; MJ12bot/v1.4.8; http://mj12bot.com/)"
66.249.66.57 - - [08/Apr/2022:03:04:45 +0000] "GET /grili/gazovye/napoleon/travel/travelq-pro-285x/ HTTP/1.1" 301 5 "-" "Mozilla/5.0 (compatible; Googlebot/2.1; +http://www.google.com/bot.html)"
114.119.128.56 - - [08/Apr/2022:03:04:46 +0000] "GET /delivery_payment/ HTTP/1.1" 200 31918 "-" "Mozilla/5.0 (Linux; Android 7.0;) AppleWebKit/537.36 (KHTML, like Gecko) Mobile Safari/537.36 (compatible; PetalBot;+https://webmaster.petalsearch.com/site/petalbot)"
66.249.66.59 - - [08/Apr/2022:03:04:46 +0000] "GET /grili/gazovye/napoleon/travel/gazovyj-gril-napoleon-travelq-pro-285x-chernyy/ HTTP/1.1" 200 36240 "-" "Mozilla/5.0 (compatible; Googlebot/2.1; +http://www.google.com/bot.html)"
5.189.152.91 - - [08/Apr/2022:03:04:53 +0000] "GET /search/983/%D1%88%D0%B0%D0%BC%D0%BF%D1%83%D1%80%D0%B0/ HTTP/1.1" 200 37761 "-" "Mozilla/5.0 (compatible; MJ12bot/v1.4.8; http://mj12bot.com/)"
77.88.5.89 - - [08/Apr/2022:03:04:57 +0000] "GET / HTTP/1.1" 301 162 "-" "Mozilla/5.0 (compatible; YandexMetrika/2.0; +http://yandex.com/bots yabs01)"
114.119.129.189 - - [08/Apr/2022:03:05:04 +0000] "GET /aksessuary/instrumenty/kisti-gril/big-green-egg/ HTTP/1.1" 200 29234 "-" "Mozilla/5.0 (Linux; Android 7.0;) AppleWebKit/537.36 (KHTML, like Gecko) Mobile Safari/537.36 (compatible; PetalBot;+https://webmaster.petalsearch.com/site/petalbot)"
5.189.152.91 - - [08/Apr/2022:03:05:16 +0000] "GET /search/984/%D1%83%D0%B3%D0%BE%D0%BB%D1%8C/ HTTP/1.1" 200 29030 "-" "Mozilla/5.0 (compatible; MJ12bot/v1.4.8; http://mj12bot.com/)"
37.9.71.213 - - [08/Apr/2022:03:05:20 +0000] "POST /ym_api/1/?action=/cart HTTP/1.1" 200 109 "-" "Apache-HttpClient/4.5.6 (Java/11.0.8-shenandoah)"
77.88.5.229 - - [08/Apr/2022:03:05:28 +0000] "GET /aksessuary/chistka-i-ukhod/ HTTP/1.1" 200 35873 "-" "Mozilla/5.0 (compatible; YandexBot/3.0; +http://yandex.com/bots) AppleWebKit/537.36 (KHTML, like Gecko) Chrome/81.0.4044.268"
77.88.5.70 - - [08/Apr/2022:03:05:29 +0000] "GET /grili/elektricheskie/ HTTP/1.1" 200 29423 "-" "Mozilla/5.0 (compatible; YandexBot/3.0; +http://yandex.com/bots) AppleWebKit/537.36 (KHTML, like Gecko) Chrome/81.0.4044.268"
77.88.5.229 - - [08/Apr/2022:03:05:30 +0000] "GET /grili/ugolnye/broil-king/ HTTP/1.1" 200 29940 "-" "Mozilla/5.0 (compatible; YandexBot/3.0; +http://yandex.com/bots) AppleWebKit/537.36 (KHTML, like Gecko) Chrome/81.0.4044.268"
77.88.5.70 - - [08/Apr/2022:03:05:31 +0000] "GET /aksessuary/shampury-i-vertely/ HTTP/1.1" 200 35670 "-" "Mozilla/5.0 (compatible; YandexBot/3.0; +http://yandex.com/bots) AppleWebKit/537.36 (KHTML, like Gecko) Chrome/81.0.4044.268"
