212.192.203.32 - - [08/Apr/2022:01:07:07 +0000] "GET /wa-data/public/site/themes/justgrill/img/email.svg HTTP/2.0" 200 354 "https://rostov.justgrill.ru/wa-data/public/site/themes/justgrill/css/main.css?v3.3.1.1649380023" "Mozilla/5.0 (Linux; Android 10; JSN-L21) AppleWebKit/537.36 (KHTML, like Gecko) Chrome/100.0.4896.79 Mobile Safari/537.36"
212.192.203.32 - - [08/Apr/2022:01:07:07 +0000] "GET /wa-data/public/site/themes/justgrill/img/adress.svg HTTP/2.0" 200 80968 "https://rostov.justgrill.ru/wa-data/public/site/themes/justgrill/css/main.css?v3.3.1.1649380023" "Mozilla/5.0 (Linux; Android 10; JSN-L21) AppleWebKit/537.36 (KHTML, like Gecko) Chrome/100.0.4896.79 Mobile Safari/537.36"
212.192.203.32 - - [08/Apr/2022:01:07:07 +0000] "GET /wa-content/js/signup/signup.js?v=8.21.0.1649380023 HTTP/2.0" 200 6675 "https://rostov.justgrill.ru/mangaly/mangal/?utm_source=yandex&utm_medium=cpc&utm_campaign=20214211&utm_content=mangal&utm_term=%D0%BA%D0%BE%D0%B2%D0%B0%D0%BD%D1%8B%D0%B5%20%D0%BC%D0%B0%D0%BD%D0%B3%D0%B0%D0%BB%D1%8B&yclid=1767695459768396120" "Mozilla/5.0 (Linux; Android 10; JSN-L21) AppleWebKit/537.36 (KHTML, like Gecko) Chrome/100.0.4896.79 Mobile Safari/537.36"
212.192.203.32 - - [08/Apr/2022:01:07:07 +0000] "GET /wa-content/css/signup/signup.css?v=8.21.0.1649380023 HTTP/2.0" 200 1909 "https://rostov.justgrill.ru/mangaly/mangal/?utm_source=yandex&utm_medium=cpc&utm_campaign=20214211&utm_content=mangal&utm_term=%D0%BA%D0%BE%D0%B2%D0%B0%D0%BD%D1%8B%D0%B5%20%D0%BC%D0%B0%D0%BD%D0%B3%D0%B0%D0%BB%D1%8B&yclid=1767695459768396120" "Mozilla/5.0 (Linux; Android 10; JSN-L21) AppleWebKit/537.36 (KHTML, like Gecko) Chrome/100.0.4896.79 Mobile Safari/537.36"
212.192.203.32 - - [08/Apr/2022:01:07:07 +0000] "GET /wa-content/js/login/login-frontend-form.min.js?v=8.21.0.1649380023 HTTP/2.0" 200 5488 "https://rostov.justgrill.ru/mangaly/mangal/?utm_source=yandex&utm_medium=cpc&utm_campaign=20214211&utm_content=mangal&utm_term=%D0%BA%D0%BE%D0%B2%D0%B0%D0%BD%D1%8B%D0%B5%20%D0%BC%D0%B0%D0%BD%D0%B3%D0%B0%D0%BB%D1%8B&yclid=1767695459768396120" "Mozilla/5.0 (Linux; Android 10; JSN-L21) AppleWebKit/537.36 (KHTML, like Gecko) Chrome/100.0.4896.79 Mobile Safari/537.36"
212.192.203.32 - - [08/Apr/2022:01:07:07 +0000] "GET /wa-content/css/login/frontend/login.css?v=8.21.0.1649380023 HTTP/2.0" 200 1762 "https://rostov.justgrill.ru/mangaly/mangal/?utm_source=yandex&utm_medium=cpc&utm_campaign=20214211&utm_content=mangal&utm_term=%D0%BA%D0%BE%D0%B2%D0%B0%D0%BD%D1%8B%D0%B5%20%D0%BC%D0%B0%D0%BD%D0%B3%D0%B0%D0%BB%D1%8B&yclid=1767695459768396120" "Mozilla/5.0 (Linux; Android 10; JSN-L21) AppleWebKit/537.36 (KHTML, like Gecko) Chrome/100.0.4896.79 Mobile Safari/537.36"
212.192.203.32 - - [08/Apr/2022:01:07:07 +0000] "GET /wa-content/js/login/forgotpassword-frontend-form.min.js?v=8.21.0.1649380023 HTTP/2.0" 200 4709 "https://rostov.justgrill.ru/mangaly/mangal/?utm_source=yandex&utm_medium=cpc&utm_campaign=20214211&utm_content=mangal&utm_term=%D0%BA%D0%BE%D0%B2%D0%B0%D0%BD%D1%8B%D0%B5%20%D0%BC%D0%B0%D0%BD%D0%B3%D0%B0%D0%BB%D1%8B&yclid=1767695459768396120" "Mozilla/5.0 (Linux; Android 10; JSN-L21) AppleWebKit/537.36 (KHTML, like Gecko) Chrome/100.0.4896.79 Mobile Safari/537.36"
212.192.203.32 - - [08/Apr/2022:01:07:07 +0000] "GET /wa-content/css/login/frontend/forgot-password.css?v=8.21.0.1649380023 HTTP/2.0" 200 1560 "https://rostov.justgrill.ru/mangaly/mangal/?utm_source=yandex&utm_medium=cpc&utm_campaign=20214211&utm_content=mangal&utm_term=%D0%BA%D0%BE%D0%B2%D0%B0%D0%BD%D1%8B%D0%B5%20%D0%BC%D0%B0%D0%BD%D0%B3%D0%B0%D0%BB%D1%8B&yclid=1767695459768396120" "Mozilla/5.0 (Linux; Android 10; JSN-L21) AppleWebKit/537.36 (KHTML, like Gecko) Chrome/100.0.4896.79 Mobile Safari/537.36"
212.192.203.32 - - [08/Apr/2022:01:07:07 +0000] "GET /ecommerce_prepare_data/products_list/?state_json=%7B%22sku_ids%22%3A%5B%2211915%22%2C%2211992%22%2C%2211689%22%2C%2211910%22%2C%2211220%22%2C%2211228%22%2C%2211187%22%2C%229918%22%2C%229919%22%2C%229920%22%2C%229921%22%2C%229922%22%2C%229928%22%2C%2211164%22%2C%2211165%22%2C%2211183%22%2C%2211184%22%2C%2211185%22%2C%2211186%22%2C%2211188%22%2C%2211189%22%2C%2211190%22%2C%2211192%22%2C%2211193%22%2C%2211194%22%2C%2211195%22%2C%2211196%22%2C%2211199%22%2C%2211200%22%2C%2211215%22%5D%2C%22list_name%22%3A%22%D0%A2%D0%B0%D0%BD%D0%B4%D1%8B%D1%80%D1%8B+%D0%B8+%D0%BC%D0%B0%D0%BD%D0%B3%D0%B0%D0%BB%D1%8B%2F%D0%9C%D0%B0%D0%BD%D0%B3%D0%B0%D0%BB%D1%8B%22%7D HTTP/2.0" 200 1268 "https://rostov.justgrill.ru/mangaly/mangal/?utm_source=yandex&utm_medium=cpc&utm_campaign=20214211&utm_content=mangal&utm_term=%D0%BA%D0%BE%D0%B2%D0%B0%D0%BD%D1%8B%D0%B5%20%D0%BC%D0%B0%D0%BD%D0%B3%D0%B0%D0%BB%D1%8B&yclid=1767695459768396120" "Mozilla/5.0 (Linux; Android 10; JSN-L21) AppleWebKit/537.36 (KHTML, like Gecko) Chrome/100.0.4896.79 Mobile Safari/537.36"
212.192.203.32 - - [08/Apr/2022:01:07:08 +0000] "GET /regions/getPopupContent/ HTTP/2.0" 200 1028 "https://rostov.justgrill.ru/mangaly/mangal/?utm_source=yandex&utm_medium=cpc&utm_campaign=20214211&utm_content=mangal&utm_term=%D0%BA%D0%BE%D0%B2%D0%B0%D0%BD%D1%8B%D0%B5%20%D0%BC%D0%B0%D0%BD%D0%B3%D0%B0%D0%BB%D1%8B&yclid=1767695459768396120" "Mozilla/5.0 (Linux; Android 10; JSN-L21) AppleWebKit/537.36 (KHTML, like Gecko) Chrome/100.0.4896.79 Mobile Safari/537.36"
212.192.203.32 - - [08/Apr/2022:01:07:08 +0000] "GET /favicon.ico HTTP/2.0" 200 54978 "https://rostov.justgrill.ru/mangaly/mangal/?utm_source=yandex&utm_medium=cpc&utm_campaign=20214211&utm_content=mangal&utm_term=%D0%BA%D0%BE%D0%B2%D0%B0%D0%BD%D1%8B%D0%B5%20%D0%BC%D0%B0%D0%BD%D0%B3%D0%B0%D0%BB%D1%8B&yclid=1767695459768396120" "Mozilla/5.0 (Linux; Android 10; JSN-L21) AppleWebKit/537.36 (KHTML, like Gecko) Chrome/100.0.4896.79 Mobile Safari/537.36"
212.192.203.32 - - [08/Apr/2022:01:07:08 +0000] "GET /regions/getPopupContent/ HTTP/2.0" 200 1028 "https://rostov.justgrill.ru/mangaly/mangal/?utm_source=yandex&utm_medium=cpc&utm_campaign=20214211&utm_content=mangal&utm_term=%D0%BA%D0%BE%D0%B2%D0%B0%D0%BD%D1%8B%D0%B5%20%D0%BC%D0%B0%D0%BD%D0%B3%D0%B0%D0%BB%D1%8B&yclid=1767695459768396120" "Mozilla/5.0 (Linux; Android 10; JSN-L21) AppleWebKit/537.36 (KHTML, like Gecko) Chrome/100.0.4896.79 Mobile Safari/537.36"
114.119.128.57 - - [08/Apr/2022:01:07:08 +0000] "GET /aksessuary/posuda/gollandskaya-pech-weber-gbs/ HTTP/1.1" 301 5 "-" "Mozilla/5.0 (Linux; Android 7.0;) AppleWebKit/537.36 (KHTML, like Gecko) Mobile Safari/537.36 (compatible; PetalBot;+https://webmaster.petalsearch.com/site/petalbot)"
77.88.5.229 - - [08/Apr/2022:01:07:18 +0000] "GET /mangaly/mangal/ HTTP/1.1" 200 36666 "-" "Mozilla/5.0 (compatible; YandexBot/3.0; +http://yandex.com/bots)"
207.46.13.110 - - [08/Apr/2022:01:07:19 +0000] "GET /aksessuary/reshetki/reshetka-gril/stalnaya-reshetka-ik-gorelki-sizzle-zone-rogue-xt/ HTTP/2.0" 200 31849 "-" "Mozilla/5.0 (compatible; bingbot/2.0; +http://www.bing.com/bingbot.htm)"
212.192.203.32 - - [08/Apr/2022:01:07:22 +0000] "GET /mangaly/mangal/gratar/family/mangal-family-optima-bbq-fob-2000/ HTTP/2.0" 200 33662 "https://rostov.justgrill.ru/mangaly/mangal/?utm_source=yandex&utm_medium=cpc&utm_campaign=20214211&utm_content=mangal&utm_term=%D0%BA%D0%BE%D0%B2%D0%B0%D0%BD%D1%8B%D0%B5%20%D0%BC%D0%B0%D0%BD%D0%B3%D0%B0%D0%BB%D1%8B&yclid=1767695459768396120" "Mozilla/5.0 (Linux; Android 10; JSN-L21) AppleWebKit/537.36 (KHTML, like Gecko) Chrome/100.0.4896.79 Mobile Safari/537.36"
212.192.203.32 - - [08/Apr/2022:01:07:23 +0000] "GET /wa-data/public/site/themes/justgrill/img/spec.svg HTTP/2.0" 200 1307 "https://rostov.justgrill.ru/mangaly/mangal/gratar/family/mangal-family-optima-bbq-fob-2000/" "Mozilla/5.0 (Linux; Android 10; JSN-L21) AppleWebKit/537.36 (KHTML, like Gecko) Chrome/100.0.4896.79 Mobile Safari/537.36"
212.192.203.32 - - [08/Apr/2022:01:07:23 +0000] "GET /wa-data/public/site/themes/justgrill/img/deli.svg HTTP/2.0" 200 1527 "https://rostov.justgrill.ru/mangaly/mangal/gratar/family/mangal-family-optima-bbq-fob-2000/" "Mozilla/5.0 (Linux; Android 10; JSN-L21) AppleWebKit/537.36 (KHTML, like Gecko) Chrome/100.0.4896.79 Mobile Safari/537.36"
212.192.203.32 - - [08/Apr/2022:01:07:23 +0000] "GET /wa-data/public/site/themes/justgrill/img/stock.svg HTTP/2.0" 200 3342 "https://rostov.justgrill.ru/mangaly/mangal/gratar/family/mangal-family-optima-bbq-fob-2000/" "Mozilla/5.0 (Linux; Android 10; JSN-L21) AppleWebKit/537.36 (KHTML, like Gecko) Chrome/100.0.4896.79 Mobile Safari/537.36"
212.192.203.32 - - [08/Apr/2022:01:07:23 +0000] "GET /searchpro-plugin/config/?v1.9.0.1649380042?808714937 HTTP/2.0" 200 562 "https://rostov.justgrill.ru/mangaly/mangal/gratar/family/mangal-family-optima-bbq-fob-2000/" "Mozilla/5.0 (Linux; Android 10; JSN-L21) AppleWebKit/537.36 (KHTML, like Gecko) Chrome/100.0.4896.79 Mobile Safari/537.36"
212.192.203.32 - - [08/Apr/2022:01:07:23 +0000] "GET /searchpro-plugin/config/?v1.9.0.1649380042?539888600 HTTP/2.0" 200 562 "https://rostov.justgrill.ru/mangaly/mangal/gratar/family/mangal-family-optima-bbq-fob-2000/" "Mozilla/5.0 (Linux; Android 10; JSN-L21) AppleWebKit/537.36 (KHTML, like Gecko) Chrome/100.0.4896.79 Mobile Safari/537.36"
212.192.203.32 - - [08/Apr/2022:01:07:24 +0000] "GET /wa-content/font/ruble/arial/alsrubl-arial-bold.woff HTTP/2.0" 200 1792 "https://rostov.justgrill.ru/wa-content/font/ruble/arial/fontface.css" "Mozilla/5.0 (Linux; Android 10; JSN-L21) AppleWebKit/537.36 (KHTML, like Gecko) Chrome/100.0.4896.79 Mobile Safari/537.36"
212.192.203.32 - - [08/Apr/2022:01:07:24 +0000] "GET /wa-content/js/signup/signup.js?v=8.21.0.1649380042 HTTP/2.0" 200 6675 "https://rostov.justgrill.ru/mangaly/mangal/gratar/family/mangal-family-optima-bbq-fob-2000/" "Mozilla/5.0 (Linux; Android 10; JSN-L21) AppleWebKit/537.36 (KHTML, like Gecko) Chrome/100.0.4896.79 Mobile Safari/537.36"
212.192.203.32 - - [08/Apr/2022:01:07:24 +0000] "GET /wa-content/css/signup/signup.css?v=8.21.0.1649380042 HTTP/2.0" 200 1909 "https://rostov.justgrill.ru/mangaly/mangal/gratar/family/mangal-family-optima-bbq-fob-2000/" "Mozilla/5.0 (Linux; Android 10; JSN-L21) AppleWebKit/537.36 (KHTML, like Gecko) Chrome/100.0.4896.79 Mobile Safari/537.36"
212.192.203.32 - - [08/Apr/2022:01:07:24 +0000] "GET /wa-content/js/login/login-frontend-form.min.js?v=8.21.0.1649380042 HTTP/2.0" 200 5488 "https://rostov.justgrill.ru/mangaly/mangal/gratar/family/mangal-family-optima-bbq-fob-2000/" "Mozilla/5.0 (Linux; Android 10; JSN-L21) AppleWebKit/537.36 (KHTML, like Gecko) Chrome/100.0.4896.79 Mobile Safari/537.36"
212.192.203.32 - - [08/Apr/2022:01:07:24 +0000] "GET /wa-content/css/login/frontend/login.css?v=8.21.0.1649380042 HTTP/2.0" 200 1762 "https://rostov.justgrill.ru/mangaly/mangal/gratar/family/mangal-family-optima-bbq-fob-2000/" "Mozilla/5.0 (Linux; Android 10; JSN-L21) AppleWebKit/537.36 (KHTML, like Gecko) Chrome/100.0.4896.79 Mobile Safari/537.36"
212.192.203.32 - - [08/Apr/2022:01:07:25 +0000] "GET /wa-content/js/login/forgotpassword-frontend-form.min.js?v=8.21.0.1649380042 HTTP/2.0" 200 4709 "https://rostov.justgrill.ru/mangaly/mangal/gratar/family/mangal-family-optima-bbq-fob-2000/" "Mozilla/5.0 (Linux; Android 10; JSN-L21) AppleWebKit/537.36 (KHTML, like Gecko) Chrome/100.0.4896.79 Mobile Safari/537.36"
212.192.203.32 - - [08/Apr/2022:01:07:25 +0000] "GET /wa-content/css/login/frontend/forgot-password.css?v=8.21.0.1649380042 HTTP/2.0" 200 1560 "https://rostov.justgrill.ru/mangaly/mangal/gratar/family/mangal-family-optima-bbq-fob-2000/" "Mozilla/5.0 (Linux; Android 10; JSN-L21) AppleWebKit/537.36 (KHTML, like Gecko) Chrome/100.0.4896.79 Mobile Safari/537.36"
212.192.203.32 - - [08/Apr/2022:01:07:25 +0000] "GET /wa-data/public/site/themes/justgrill/img/arrow.svg HTTP/2.0" 200 46336 "https://rostov.justgrill.ru/wa-data/public/site/themes/justgrill/css/main.css?v3.3.1.1649380042" "Mozilla/5.0 (Linux; Android 10; JSN-L21) AppleWebKit/537.36 (KHTML, like Gecko) Chrome/100.0.4896.79 Mobile Safari/537.36"
212.192.203.32 - - [08/Apr/2022:01:07:25 +0000] "GET /regions/getPopupContent/ HTTP/2.0" 200 1028 "https://rostov.justgrill.ru/mangaly/mangal/gratar/family/mangal-family-optima-bbq-fob-2000/" "Mozilla/5.0 (Linux; Android 10; JSN-L21) AppleWebKit/537.36 (KHTML, like Gecko) Chrome/100.0.4896.79 Mobile Safari/537.36"
212.192.203.32 - - [08/Apr/2022:01:07:25 +0000] "GET /regions/getPopupContent/ HTTP/2.0" 200 1028 "https://rostov.justgrill.ru/mangaly/mangal/gratar/family/mangal-family-optima-bbq-fob-2000/" "Mozilla/5.0 (Linux; Android 10; JSN-L21) AppleWebKit/537.36 (KHTML, like Gecko) Chrome/100.0.4896.79 Mobile Safari/537.36"
66.249.66.3 - - [08/Apr/2022:01:07:29 +0000] "GET /aksessuary/oborudovanie/keramicheskiy-otsekatel-zhara-dlya-grilya-xxl/ HTTP/1.1" 301 5 "-" "Mozilla/5.0 (compatible; Googlebot/2.1; +http://www.google.com/bot.html)"
66.249.66.30 - - [08/Apr/2022:01:07:30 +0000] "GET /aksessuary/oborudovanie/otsekateli-zhara/keramicheskiy-otsekatel-zhara-dlya-grilya-big-green-egg-xxl/ HTTP/1.1" 200 30389 "-" "Mozilla/5.0 (compatible; Googlebot/2.1; +http://www.google.com/bot.html)"
77.88.5.70 - - [08/Apr/2022:01:07:39 +0000] "GET /mangaly/mangal/gratar/family/mangal-family-optima-bbq-fob-2000/ HTTP/1.1" 200 33663 "-" "Mozilla/5.0 (compatible; YandexBot/3.0; +http://yandex.com/bots)"
66.249.92.213 - - [08/Apr/2022:01:07:39 +0000] "GET /?utm_source=google&utm_medium=cpc&utm_campaign=g_poisk_rostov_v&utm_term=%2B%D0%B3%D1%80%D0%B8%D0%BB%D1%8C%20%2B%D1%86%D0%B5%D0%BD%D0%B0&utm_content=network%7Cg%7Cposition%7Cnone%7Cad_id%7C473094513526%7Cmatch_type%7Cb%7Cplacement%7C%7Ckeyword%7C%2B%D0%B3%D1%80%D0%B8%D0%BB%D1%8C%20%2B%D1%86%D0%B5%D0%BD%D0%B0%7Cdevice_type%7Cm%7Cdevice%7C%7Cplacement_category%7C HTTP/1.1" 200 39576 "-" "Mozilla/5.0 (iPhone; CPU iPhone OS 14_7_1 like Mac OS X) AppleWebKit/605.1.15 (KHTML, like Gecko) Version/14.1.2 Mobile/15E148 Safari/604.1 (compatible; AdsBot-Google-Mobile; +http://www.google.com/mobile/adsbot.html)"
77.88.5.229 - - [08/Apr/2022:01:07:47 +0000] "GET /aksessuary/oborudovanie/vstraivaemaya-ik-gorelka-dvoynaya/ HTTP/1.1" 200 31951 "-" "Mozilla/5.0 (compatible; YandexBot/3.0; +http://yandex.com/bots) AppleWebKit/537.36 (KHTML, like Gecko) Chrome/81.0.4044.268"
188.130.216.191 - - [08/Apr/2022:01:08:04 +0000] "GET /aksessuary/ugli-i-rozzhigi/forma-dlya-uglya-char-broil-universalnaya/ HTTP/1.1" 200 32358 "-" "Mozilla/5.0 (X11; Linux x86_64) AppleWebKit/537.36 (KHTML, like Gecko) Chrome/83.0.2549.68 Safari/537.36"
77.88.5.229 - - [08/Apr/2022:01:08:05 +0000] "GET /wa-content/js/jquery-plugins/jquery.cookie.js HTTP/1.1" 200 1355 "https://saratov.justgrill.ru/brand/napoleon/" "Mozilla/5.0 (compatible; YandexBot/3.0; +http://yandex.com/bots) AppleWebKit/537.36 (KHTML, like Gecko) Chrome/81.0.4044.268"
93.158.161.33 - - [08/Apr/2022:01:08:16 +0000] "GET /aksessuary/shampury-i-vertely/vertel-gril/vertel-gril-dlya-napoleon-485-495-500/ HTTP/1.1" 200 34854 "-" "Mozilla/5.0 (compatible; YandexBot/3.0; +http://yandex.com/bots) AppleWebKit/537.36 (KHTML, like Gecko) Chrome/81.0.4044.268"
77.88.5.229 - - [08/Apr/2022:01:08:17 +0000] "GET /robots.txt HTTP/1.1" 200 618 "-" "Mozilla/5.0 (compatible; YandexBot/3.0; +http://yandex.com/bots)"
77.88.5.229 - - [08/Apr/2022:01:08:21 +0000] "GET /search/959/char-broil/ HTTP/1.1" 200 29078 "-" "Mozilla/5.0 (compatible; YandexBot/3.0; +http://yandex.com/bots)"
77.88.5.229 - - [08/Apr/2022:01:08:23 +0000] "GET /wa-content/js/jquery-plugins/jquery.cookie.js HTTP/1.1" 200 1355 "https://saratov.justgrill.ru/brand/napoleon/" "Mozilla/5.0 (compatible; YandexBot/3.0; +http://yandex.com/bots) AppleWebKit/537.36 (KHTML, like Gecko) Chrome/81.0.4044.268"
66.249.66.55 - - [08/Apr/2022:01:08:23 +0000] "GET /blog/svinina-pulled-pork-s-pyeryechnym-sousom/ HTTP/1.1" 200 29625 "-" "Mozilla/5.0 (compatible; Googlebot/2.1; +http://www.google.com/bot.html)"
77.88.5.70 - - [08/Apr/2022:01:08:26 +0000] "GET /wa-content/js/jquery-plugins/jquery.cookie.js HTTP/1.1" 200 1355 "https://maikop.justgrill.ru/aksessuary/shampury-i-vertely/vertel-gril/vertel-gril-dlya-napoleon-485-495-500/" "Mozilla/5.0 (compatible; YandexBot/3.0; +http://yandex.com/bots) AppleWebKit/537.36 (KHTML, like Gecko) Chrome/81.0.4044.268"
77.88.5.70 - - [08/Apr/2022:01:08:27 +0000] "GET /brand/weber/ HTTP/1.1" 200 35058 "-" "Mozilla/5.0 (compatible; YandexBot/3.0; +http://yandex.com/bots) AppleWebKit/537.36 (KHTML, like Gecko) Chrome/81.0.4044.268"
114.119.129.205 - - [08/Apr/2022:01:08:30 +0000] "GET /brendy/kamado-joe/gril-classic-iii-joe-red-/ HTTP/1.1" 301 5 "-" "Mozilla/5.0 (Linux; Android 7.0;) AppleWebKit/537.36 (KHTML, like Gecko) Mobile Safari/537.36 (compatible; PetalBot;+https://webmaster.petalsearch.com/site/petalbot)"
114.119.129.205 - - [08/Apr/2022:01:08:34 +0000] "GET /grili/keramicheskie/kamado-joe/classic-iii/keramicheskij-gril-kamado-joe-classic-iii-red/ HTTP/1.1" 200 37938 "-" "Mozilla/5.0 (Linux; Android 7.0;) AppleWebKit/537.36 (KHTML, like Gecko) Mobile Safari/537.36 (compatible; PetalBot;+https://webmaster.petalsearch.com/site/petalbot)"
77.88.5.229 - - [08/Apr/2022:01:08:34 +0000] "GET /search/919/%D1%80%D0%BE%D1%81%D1%81%D0%B8%D1%8F/ HTTP/1.1" 200 31120 "-" "Mozilla/5.0 (compatible; YandexBot/3.0; +http://yandex.com/bots) AppleWebKit/537.36 (KHTML, like Gecko) Chrome/81.0.4044.268"
77.88.5.229 - - [08/Apr/2022:01:08:42 +0000] "GET /wa-content/js/jquery-plugins/jquery.cookie.js HTTP/1.1" 200 1355 "https://volgograd.justgrill.ru/search/919/%D1%80%D0%BE%D1%81%D1%81%D0%B8%D1%8F/" "Mozilla/5.0 (compatible; YandexBot/3.0; +http://yandex.com/bots) AppleWebKit/537.36 (KHTML, like Gecko) Chrome/81.0.4044.268"
114.119.129.128 - - [08/Apr/2022:01:08:48 +0000] "GET /aksessuary/chekhly-dlya-griley/prochnyy-chekhol-iz-pvkhpoliestera-dlya-griley-baron-500-series HTTP/1.1" 301 5 "-" "Mozilla/5.0 (Linux; Android 7.0;) AppleWebKit/537.36 (KHTML, like Gecko) Mobile Safari/537.36 (compatible; PetalBot;+https://webmaster.petalsearch.com/site/petalbot)"
207.46.13.110 - - [08/Apr/2022:01:08:49 +0000] "GET /sitemap-shop.xml HTTP/2.0" 200 34619 "-" "Mozilla/5.0 (compatible; bingbot/2.0; +http://www.bing.com/bingbot.htm)"
114.119.129.128 - - [08/Apr/2022:01:08:50 +0000] "GET /aksessuary/chekhly-dlya-griley/prochnyy-chekhol-iz-pvkhpoliestera-dlya-griley-baron-500-series/ HTTP/1.1" 301 5 "-" "Mozilla/5.0 (Linux; Android 7.0;) AppleWebKit/537.36 (KHTML, like Gecko) Mobile Safari/537.36 (compatible; PetalBot;+https://webmaster.petalsearch.com/site/petalbot)"
114.119.129.128 - - [08/Apr/2022:01:08:53 +0000] "GET /aksessuary/chekhly-dlya-griley/prochnyy-chekhol-dlya-griley-broil-king-baron-500-series/ HTTP/1.1" 200 34398 "-" "Mozilla/5.0 (Linux; Android 7.0;) AppleWebKit/537.36 (KHTML, like Gecko) Mobile Safari/537.36 (compatible; PetalBot;+https://webmaster.petalsearch.com/site/petalbot)"
176.125.242.33 - - [08/Apr/2022:01:08:56 +0000] "GET /photos/photo/author/1558/-m/ HTTP/1.1" 200 28498 "-" "Mozilla/5.0 (X11; Linux x86_64) AppleWebKit/537.36 (KHTML, like Gecko) Chrome/83.0.2549.68 Safari/537.36"
77.88.5.229 - - [08/Apr/2022:01:09:01 +0000] "GET /search/956/big-green-egg/ HTTP/1.1" 200 29146 "-" "Mozilla/5.0 (compatible; YandexBot/3.0; +http://yandex.com/bots)"
142.132.139.169 - - [08/Apr/2022:01:09:04 +0000] "GET /blog/rss/ HTTP/1.1" 200 10238 "-" "Mozilla/5.0 (compatible; DataForSeoBot/1.0; +https://dataforseo.com/dataforseo-bot)"
77.88.5.70 - - [08/Apr/2022:01:09:08 +0000] "GET /aksessuary/dlya-tandyrov/chekhly/chekhol-na-tandyr-yesaul/ HTTP/1.1" 200 33510 "-" "Mozilla/5.0 (compatible; YandexBot/3.0; +http://yandex.com/bots)"
66.249.66.93 - - [08/Apr/2022:01:09:20 +0000] "GET /brendy/napoleon/zashchitnyy-chekhol-dlya-modeli-pro-665/ HTTP/1.1" 301 5 "-" "Mozilla/5.0 (compatible; Googlebot/2.1; +http://www.google.com/bot.html)"
66.249.66.93 - - [08/Apr/2022:01:09:20 +0000] "GET /aksessuary/chekhly-dlya-griley/zashchitnyy-chekhol-napoleon-dlya-modeli-pro-665/ HTTP/1.1" 200 32426 "-" "Mozilla/5.0 (compatible; Googlebot/2.1; +http://www.google.com/bot.html)"
93.158.161.33 - - [08/Apr/2022:01:09:21 +0000] "GET / HTTP/1.1" 301 162 "-" "Mozilla/5.0 (compatible; YandexMetrika/2.0; +http://yandex.com/bots yabs01)"
93.158.161.33 - - [08/Apr/2022:01:09:22 +0000] "GET / HTTP/1.1" 200 39196 "-" "Mozilla/5.0 (compatible; YandexMetrika/2.0; +http://yandex.com/bots yabs01)"
77.88.5.229 - - [08/Apr/2022:01:09:26 +0000] "GET /wa-content/js/jquery-plugins/jquery.cookie.js HTTP/1.1" 200 1355 "https://saratov.justgrill.ru/aksessuary/oborudovanie/vstraivaemaya-ik-gorelka-dvoynaya/" "Mozilla/5.0 (compatible; YandexBot/3.0; +http://yandex.com/bots) AppleWebKit/537.36 (KHTML, like Gecko) Chrome/81.0.4044.268"
77.88.5.70 - - [08/Apr/2022:01:09:27 +0000] "GET /mangaly/mangal/grillver/iskander/pech-mangal-grillver-iskander-inklayn-eyr/ HTTP/1.1" 200 35135 "-" "Mozilla/5.0 (compatible; YandexBot/3.0; +http://yandex.com/bots)"
78.40.116.163 - - [08/Apr/2022:01:09:47 +0000] "GET /aksessuary/odezhda-gril/perchatka-gril/perchatka-prikhvatka-gril-big-green-egg-zashchitnaya-chyornaya/ HTTP/1.1" 200 32434 "-" "Mozilla/5.0 (X11; Linux x86_64) AppleWebKit/537.36 (KHTML, like Gecko) Chrome/83.0.2549.68 Safari/537.36"
157.55.39.21 - - [08/Apr/2022:01:09:57 +0000] "GET /sitemap.xml HTTP/2.0" 200 311 "-" "Mozilla/5.0 (compatible; bingbot/2.0; +http://www.bing.com/bingbot.htm)"
77.88.5.234 - - [08/Apr/2022:01:10:05 +0000] "GET /?yclid=7710547526903176844 HTTP/1.1" 301 162 "-" "Mozilla/5.0 (compatible; YandexMetrika/2.0; +http://yandex.com/bots yabs01)"
95.108.153.226 - - [08/Apr/2022:01:10:06 +0000] "POST /ym_api/1/?action=/cart HTTP/1.1" 200 110 "-" "Apache-HttpClient/4.5.6 (Java/11.0.8-shenandoah)"
77.88.5.229 - - [08/Apr/2022:01:10:08 +0000] "GET / HTTP/1.1" 301 162 "-" "Mozilla/5.0 (compatible; YandexMetrika/2.0; +http://yandex.com/bots yabs01)"
66.249.66.55 - - [08/Apr/2022:01:10:17 +0000] "GET /photos/photo/-mbd/ HTTP/1.1" 200 28710 "-" "Mozilla/5.0 (Linux; Android 6.0.1; Nexus 5X Build/MMB29P) AppleWebKit/537.36 (KHTML, like Gecko) Chrome/100.0.4896.75 Mobile Safari/537.36 (compatible; Googlebot/2.1; +http://www.google.com/bot.html)"
77.88.5.70 - - [08/Apr/2022:01:10:18 +0000] "GET /aksessuary/oborudovanie/mebel-gril/bokovaya-vstraivaemaya-gazovaya-konforka-napoleon-s-kryshkoy/ HTTP/1.1" 200 31859 "-" "Mozilla/5.0 (compatible; YandexBot/3.0; +http://yandex.com/bots) AppleWebKit/537.36 (KHTML, like Gecko) Chrome/81.0.4044.268"
66.249.66.30 - - [08/Apr/2022:01:10:24 +0000] "GET /brendy/weber/18078-kniga-webers-greatest-hits/ HTTP/1.1" 301 5 "-" "Mozilla/5.0 (compatible; Googlebot/2.1; +http://www.google.com/bot.html)"
114.119.128.85 - - [08/Apr/2022:01:10:24 +0000] "GET /grili-i-oborudovanie-dlya-griley/grili/ugolnye/ HTTP/1.1" 301 5 "-" "Mozilla/5.0 (Linux; Android 7.0;) AppleWebKit/537.36 (KHTML, like Gecko) Mobile Safari/537.36 (compatible; PetalBot;+https://webmaster.petalsearch.com/site/petalbot)"
66.249.66.51 - - [08/Apr/2022:01:10:25 +0000] "GET /blog/steyk-tomagavk-s-sousom-chermula/ HTTP/1.1" 500 15226 "-" "Mozilla/5.0 (Linux; Android 6.0.1; Nexus 5X Build/MMB29P) AppleWebKit/537.36 (KHTML, like Gecko) Chrome/99.0.4844.84 Mobile Safari/537.36 (compatible; Googlebot/2.1; +http://www.google.com/bot.html)"
66.249.66.30 - - [08/Apr/2022:01:10:26 +0000] "GET /aksessuary/knigi-o-grile/kniga-webers-greatest-hits/ HTTP/1.1" 200 32471 "-" "Mozilla/5.0 (compatible; Googlebot/2.1; +http://www.google.com/bot.html)"
114.119.128.85 - - [08/Apr/2022:01:10:30 +0000] "GET /grili/ugolnye/ HTTP/1.1" 200 37586 "-" "Mozilla/5.0 (Linux; Android 7.0;) AppleWebKit/537.36 (KHTML, like Gecko) Mobile Safari/537.36 (compatible; PetalBot;+https://webmaster.petalsearch.com/site/petalbot)"
77.88.5.229 - - [08/Apr/2022:01:10:32 +0000] "GET /yandexmarket/66630fba-7cd6-417b-bd98-afbf93571f0f.xml HTTP/1.1" 200 6689 "-" "Mozilla/5.0 (compatible; YandexDirectDyn/1.0; +http://yandex.com/bots)"
2.59.216.245 - - [08/Apr/2022:01:10:34 +0000] "GET /aksessuary/reshetki/reshetka-gril/rasshiritel-reshenka-gril-kamado-big-joe/ HTTP/1.1" 200 32324 "-" "Mozilla/5.0 (X11; Linux x86_64) AppleWebKit/537.36 (KHTML, like Gecko) Chrome/80.0.3987.149 Safari/537.36"
114.119.128.58 - - [08/Apr/2022:01:10:43 +0000] "GET /aksessuary/instrumenty/shchiptsy-gril/shchiptsy-big-green-egg-dlya-grilya-silikonovye-30sm HTTP/1.1" 301 5 "-" "Mozilla/5.0 (Linux; Android 7.0;) AppleWebKit/537.36 (KHTML, like Gecko) Mobile Safari/537.36 (compatible; PetalBot;+https://webmaster.petalsearch.com/site/petalbot)"
114.119.128.58 - - [08/Apr/2022:01:10:45 +0000] "GET /aksessuary/instrumenty/shchiptsy-gril/shchiptsy-big-green-egg-dlya-grilya-silikonovye-30sm/ HTTP/1.1" 200 31953 "-" "Mozilla/5.0 (Linux; Android 7.0;) AppleWebKit/537.36 (KHTML, like Gecko) Mobile Safari/537.36 (compatible; PetalBot;+https://webmaster.petalsearch.com/site/petalbot)"
185.191.171.39 - - [08/Apr/2022:01:10:49 +0000] "GET /robots.txt HTTP/1.1" 200 252 "-" "Mozilla/5.0 (compatible; SemrushBot/7~bl; +http://www.semrush.com/bot.html)"
185.191.171.18 - - [08/Apr/2022:01:10:50 +0000] "GET /aksessuary/knigi-o-grile/philosophie-grill/ HTTP/1.1" 200 32337 "-" "Mozilla/5.0 (compatible; SemrushBot/7~bl; +http://www.semrush.com/bot.html)"
114.119.129.128 - - [08/Apr/2022:01:10:58 +0000] "GET /grili/drovyanye/drovyanoy-gril-ofyr-chernyy-85-sm-bez-polennitsy/reviews/ HTTP/1.1" 200 29271 "-" "Mozilla/5.0 (Linux; Android 7.0;) AppleWebKit/537.36 (KHTML, like Gecko) Mobile Safari/537.36 (compatible; PetalBot;+https://webmaster.petalsearch.com/site/petalbot)"
77.88.5.229 - - [08/Apr/2022:01:11:01 +0000] "GET /aksessuary/oborudovanie/mebel-gril/bokovaya-vstraivaemaya-gazovaya-konforka-napoleon-s-kryshkoy/ HTTP/1.1" 200 31853 "-" "Mozilla/5.0 (compatible; YandexBot/3.0; +http://yandex.com/bots) AppleWebKit/537.36 (KHTML, like Gecko) Chrome/81.0.4044.268"
77.88.5.229 - - [08/Apr/2022:01:11:06 +0000] "GET /aksessuary/dlya-kopcheniya/doski-i-doshchechki/kedrovaya-infuzionnaya-doska/ HTTP/1.1" 200 31755 "-" "Mozilla/5.0 (compatible; YandexBot/3.0; +http://yandex.com/bots) AppleWebKit/537.36 (KHTML, like Gecko) Chrome/81.0.4044.268"
77.88.5.229 - - [08/Apr/2022:01:11:15 +0000] "GET / HTTP/1.1" 301 162 "-" "Mozilla/5.0 (compatible; YandexMetrika/2.0; +http://yandex.com/bots yabs01)"
66.249.92.28 - - [08/Apr/2022:01:11:19 +0000] "GET /searchpro-plugin/config/?v1.9.0.1648921643?1787936679 HTTP/1.1" 200 573 "https://krd.justgrill.ru/grili/gazovye/?utm_source=google&utm_medium=cpc&utm_campaign=g_kms_krd_v&utm_term=kw%20entity%2001d%201l&utm_content=network%7Cd%7Cposition%7Cnone%7Cad_id%7C210197662946%7Cmatch_type%7C%7Cplacement%7C%7Ckeyword%7Ckw%20entity%2001d%201l%7Cdevice_type%7Cm%7Cdevice%7C%7Cplacement_category%7C" "Mozilla/5.0 (iPhone; CPU iPhone OS 14_7_1 like Mac OS X) AppleWebKit/605.1.15 (KHTML, like Gecko) Version/14.1.2 Mobile/15E148 Safari/604.1 (compatible; AdsBot-Google-Mobile; +http://www.google.com/mobile/adsbot.html)"
66.249.92.28 - - [08/Apr/2022:01:11:19 +0000] "GET /searchpro-plugin/config/?v1.9.0.1648921643?433358045 HTTP/1.1" 200 573 "https://krd.justgrill.ru/grili/gazovye/?utm_source=google&utm_medium=cpc&utm_campaign=g_kms_krd_v&utm_term=kw%20entity%2001d%201l&utm_content=network%7Cd%7Cposition%7Cnone%7Cad_id%7C210197662946%7Cmatch_type%7C%7Cplacement%7C%7Ckeyword%7Ckw%20entity%2001d%201l%7Cdevice_type%7Cm%7Cdevice%7C%7Cplacement_category%7C" "Mozilla/5.0 (iPhone; CPU iPhone OS 14_7_1 like Mac OS X) AppleWebKit/605.1.15 (KHTML, like Gecko) Version/14.1.2 Mobile/15E148 Safari/604.1 (compatible; AdsBot-Google-Mobile; +http://www.google.com/mobile/adsbot.html)"
77.88.5.229 - - [08/Apr/2022:01:11:22 +0000] "GET /?yclid=7710547526903176844 HTTP/1.1" 200 39762 "-" "Mozilla/5.0 (compatible; YandexMetrika/2.0; +http://yandex.com/bots yabs01)"
78.40.117.137 - - [08/Apr/2022:01:11:28 +0000] "GET /mangaly/aksessuary/nabor-dlya-prigotovleniya-lepeshek-rukavitsa-2-podushki/ HTTP/1.1" 200 34764 "-" "Mozilla/5.0 (X11; Linux x86_64) AppleWebKit/537.36 (KHTML, like Gecko) Chrome/85.0.4183.83 Safari/537.36"
185.191.171.23 - - [08/Apr/2022:01:11:33 +0000] "GET /grili-i-oborudovanie-dlya-griley/grili/gazovye/nevstraivaemye/46812275-gril-gazovyy-spirit-ep-335-premium-gbs-chernyy/ HTTP/1.1" 301 5 "-" "Mozilla/5.0 (compatible; SemrushBot/7~bl; +http://www.semrush.com/bot.html)"
185.191.171.22 - - [08/Apr/2022:01:11:36 +0000] "GET /grili/gazovye/weber/spirit/gazovyj-gril-weber-spirit-ep-335-premium-gbs-cherny/ HTTP/1.1" 200 36088 "-" "Mozilla/5.0 (compatible; SemrushBot/7~bl; +http://www.semrush.com/bot.html)"
77.88.5.229 - - [08/Apr/2022:01:11:39 +0000] "GET /wa-content/js/jquery-plugins/jquery.cookie.js HTTP/1.1" 200 1355 "https://saratov.justgrill.ru/brand/weber/" "Mozilla/5.0 (compatible; YandexBot/3.0; +http://yandex.com/bots) AppleWebKit/537.36 (KHTML, like Gecko) Chrome/81.0.4044.268"
66.249.66.69 - - [08/Apr/2022:01:11:40 +0000] "GET /mangaly/tandyry/tandyr-khanskaya-okhota-glazur/ HTTP/1.1" 200 33513 "-" "Mozilla/5.0 (Linux; Android 6.0.1; Nexus 5X Build/MMB29P) AppleWebKit/537.36 (KHTML, like Gecko) Chrome/99.0.4844.84 Mobile Safari/537.36 (compatible; Googlebot/2.1; +http://www.google.com/bot.html)"
66.249.66.73 - - [08/Apr/2022:01:11:41 +0000] "GET /mangaly/tandyry/tandyr-khanskaya-okhota-glazur/ HTTP/1.1" 200 33493 "-" "Mozilla/5.0 (compatible; Googlebot/2.1; +http://www.google.com/bot.html)"
77.88.5.229 - - [08/Apr/2022:01:11:45 +0000] "GET /brendy/weber/7662-fonar-dlya-gazovykh-griley/ HTTP/1.1" 404 26891 "-" "Mozilla/5.0 (compatible; YandexBot/3.0; +http://yandex.com/bots)"
114.119.153.49 - - [08/Apr/2022:01:11:48 +0000] "GET /brendy/napoleon/nabor-dlya-obsluzhivaniya-gorelok-i-sistemy-podzhiga-jetfire HTTP/1.1" 301 5 "-" "Mozilla/5.0 (Linux; Android 7.0;) AppleWebKit/537.36 (KHTML, like Gecko) Mobile Safari/537.36 (compatible; PetalBot;+https://webmaster.petalsearch.com/site/petalbot)"
77.88.5.229 - - [08/Apr/2022:01:11:49 +0000] "GET /grili/ugolnye/napoleon/ugolny-gril-napoleon-pro22ck-c-57-sm-cherny/ HTTP/1.1" 200 35609 "-" "Mozilla/5.0 (compatible; YandexBot/3.0; +http://yandex.com/bots) AppleWebKit/537.36 (KHTML, like Gecko) Chrome/81.0.4044.268"
114.119.153.49 - - [08/Apr/2022:01:11:51 +0000] "GET /brendy/napoleon/nabor-dlya-obsluzhivaniya-gorelok-i-sistemy-podzhiga-jetfire/ HTTP/1.1" 301 5 "-" "Mozilla/5.0 (Linux; Android 7.0;) AppleWebKit/537.36 (KHTML, like Gecko) Mobile Safari/537.36 (compatible; PetalBot;+https://webmaster.petalsearch.com/site/petalbot)"
114.119.153.49 - - [08/Apr/2022:01:11:53 +0000] "GET /aksessuary/gazovoe-oborudovanie/nabor-dlya-obsluzhivaniya-gorelok-i-sistemy-podzhiga-jetfire/ HTTP/1.1" 200 32793 "-" "Mozilla/5.0 (Linux; Android 7.0;) AppleWebKit/537.36 (KHTML, like Gecko) Mobile Safari/537.36 (compatible; PetalBot;+https://webmaster.petalsearch.com/site/petalbot)"
185.191.171.38 - - [08/Apr/2022:01:12:03 +0000] "GET /photos/photo/master-klass-23-fevralya-2020/ab47jtw8i9o/ HTTP/1.1" 200 7827 "-" "Mozilla/5.0 (compatible; SemrushBot/7~bl; +http://www.semrush.com/bot.html)"
77.88.5.229 - - [08/Apr/2022:01:12:06 +0000] "GET /aksessuary/oborudovanie/vstraivaemaya-gazovaya-konforka-odinarnaya/ HTTP/1.1" 200 31469 "-" "Mozilla/5.0 (compatible; YandexBot/3.0; +http://yandex.com/bots) AppleWebKit/537.36 (KHTML, like Gecko) Chrome/81.0.4044.268"
77.88.5.70 - - [08/Apr/2022:01:12:07 +0000] "GET /wa-content/js/jquery-plugins/jquery.cookie.js HTTP/1.1" 200 1355 "https://saratov.justgrill.ru/aksessuary/oborudovanie/vstraivaemaya-gazovaya-konforka-odinarnaya/" "Mozilla/5.0 (compatible; YandexBot/3.0; +http://yandex.com/bots) AppleWebKit/537.36 (KHTML, like Gecko) Chrome/81.0.4044.268"
109.248.51.37 - - [08/Apr/2022:01:12:39 +0000] "GET /aksessuary/shampury-i-vertely/vertel-gril/vertel-dlya-grilya-weber-genesis-II-200-300/ HTTP/1.1" 200 35037 "-" "Mozilla/5.0 (X11; Linux x86_64) AppleWebKit/537.36 (KHTML, like Gecko) Chrome/80.0.3987.149 Safari/537.36"
77.88.5.229 - - [08/Apr/2022:01:12:42 +0000] "GET /wa-content/js/jquery-plugins/jquery.cookie.js HTTP/1.1" 200 1355 "https://saratov.justgrill.ru/aksessuary/dlya-kopcheniya/doski-i-doshchechki/kedrovaya-infuzionnaya-doska/" "Mozilla/5.0 (compatible; YandexBot/3.0; +http://yandex.com/bots) AppleWebKit/537.36 (KHTML, like Gecko) Chrome/81.0.4044.268"
77.88.5.229 - - [08/Apr/2022:01:12:46 +0000] "GET /ym_api/yml/1/ HTTP/1.1" 200 2597 "-" "Mozilla/5.0 (compatible; YandexMarket/2.0; +http://yandex.com/bots)"
77.88.5.242 - - [08/Apr/2022:01:12:53 +0000] "GET /sitemap.xml HTTP/1.1" 301 162 "-" "Mozilla/5.0 (compatible; YandexBot/3.0; +http://yandex.com/bots)"
77.88.5.229 - - [08/Apr/2022:01:12:56 +0000] "GET /sitemap.xml HTTP/1.1" 200 317 "-" "Mozilla/5.0 (compatible; YandexBot/3.0; +http://yandex.com/bots)"
185.191.171.15 - - [08/Apr/2022:01:13:04 +0000] "GET /aksessuary/posuda/poddon-gril/nabor-iz-5-lotkov-napoleon-zhirosbornikov-14-12-sm/ HTTP/1.1" 200 32203 "-" "Mozilla/5.0 (compatible; SemrushBot/7~bl; +http://www.semrush.com/bot.html)"
114.119.129.199 - - [08/Apr/2022:01:13:05 +0000] "GET /grili-i-oborudovanie-dlya-griley/mangaly/mangal-partiks-500-na-podstavke/ HTTP/1.1" 301 5 "-" "Mozilla/5.0 (Linux; Android 7.0;) AppleWebKit/537.36 (KHTML, like Gecko) Mobile Safari/537.36 (compatible; PetalBot;+https://webmaster.petalsearch.com/site/petalbot)"
114.119.129.199 - - [08/Apr/2022:01:13:09 +0000] "GET /mangaly/mangal/grillver-mangal-partiks-500-na-podstavke/ HTTP/1.1" 301 5 "-" "Mozilla/5.0 (Linux; Android 7.0;) AppleWebKit/537.36 (KHTML, like Gecko) Mobile Safari/537.36 (compatible; PetalBot;+https://webmaster.petalsearch.com/site/petalbot)"
91.108.0.88 - - [08/Apr/2022:01:13:09 +0000] "GET /grili/gazovye/napoleon/gazovyy-gril-napoleon-rogue-425-rsb-chernyy-s-konforkoy-i-vertelom/ HTTP/2.0" 200 35262 "https://www.google.com/" "Mozilla/5.0 (Windows NT 10.0; WOW64) AppleWebKit/537.36 (KHTML, like Gecko) Chrome/90.0.4430.72 Safari/537.36"
91.108.0.88 - - [08/Apr/2022:01:13:09 +0000] "GET /wa-content/font/ruble/arial/fontface.css HTTP/2.0" 200 371 "https://justgrill.ru/grili/gazovye/napoleon/gazovyy-gril-napoleon-rogue-425-rsb-chernyy-s-konforkoy-i-vertelom/" "Mozilla/5.0 (Windows NT 10.0; WOW64) AppleWebKit/537.36 (KHTML, like Gecko) Chrome/90.0.4430.72 Safari/537.36"
91.108.0.88 - - [08/Apr/2022:01:13:10 +0000] "GET /wa-content/js/jquery-plugins/jquery.cookie.js HTTP/2.0" 200 1343 "https://justgrill.ru/grili/gazovye/napoleon/gazovyy-gril-napoleon-rogue-425-rsb-chernyy-s-konforkoy-i-vertelom/" "Mozilla/5.0 (Windows NT 10.0; WOW64) AppleWebKit/537.36 (KHTML, like Gecko) Chrome/90.0.4430.72 Safari/537.36"
91.108.0.88 - - [08/Apr/2022:01:13:10 +0000] "GET /wa-content/js/jquery-plugins/jquery.cookie.js?v2.4.1 HTTP/2.0" 200 1343 "https://justgrill.ru/grili/gazovye/napoleon/gazovyy-gril-napoleon-rogue-425-rsb-chernyy-s-konforkoy-i-vertelom/" "Mozilla/5.0 (Windows NT 10.0; WOW64) AppleWebKit/537.36 (KHTML, like Gecko) Chrome/90.0.4430.72 Safari/537.36"
91.108.0.88 - - [08/Apr/2022:01:13:10 +0000] "GET /wa-content/js/jquery-plugins/jquery.retina.min.js?v2.4.1 HTTP/2.0" 200 900 "https://justgrill.ru/grili/gazovye/napoleon/gazovyy-gril-napoleon-rogue-425-rsb-chernyy-s-konforkoy-i-vertelom/" "Mozilla/5.0 (Windows NT 10.0; WOW64) AppleWebKit/537.36 (KHTML, like Gecko) Chrome/90.0.4430.72 Safari/537.36"
91.108.0.88 - - [08/Apr/2022:01:13:10 +0000] "GET /searchpro-plugin/config/?v1.9.0.1649380389?687784492 HTTP/2.0" 200 557 "https://justgrill.ru/grili/gazovye/napoleon/gazovyy-gril-napoleon-rogue-425-rsb-chernyy-s-konforkoy-i-vertelom/" "Mozilla/5.0 (Windows NT 10.0; WOW64) AppleWebKit/537.36 (KHTML, like Gecko) Chrome/90.0.4430.72 Safari/537.36"
91.108.0.88 - - [08/Apr/2022:01:13:11 +0000] "GET /searchpro-plugin/config/?v1.9.0.1649380389?405699910 HTTP/2.0" 200 557 "https://justgrill.ru/grili/gazovye/napoleon/gazovyy-gril-napoleon-rogue-425-rsb-chernyy-s-konforkoy-i-vertelom/" "Mozilla/5.0 (Windows NT 10.0; WOW64) AppleWebKit/537.36 (KHTML, like Gecko) Chrome/90.0.4430.72 Safari/537.36"
91.108.0.88 - - [08/Apr/2022:01:13:11 +0000] "GET /wa-content/css/signup/signup.css?v=8.21.0.1649380389 HTTP/2.0" 200 1909 "https://justgrill.ru/grili/gazovye/napoleon/gazovyy-gril-napoleon-rogue-425-rsb-chernyy-s-konforkoy-i-vertelom/" "Mozilla/5.0 (Windows NT 10.0; WOW64) AppleWebKit/537.36 (KHTML, like Gecko) Chrome/90.0.4430.72 Safari/537.36"
91.108.0.88 - - [08/Apr/2022:01:13:11 +0000] "GET /wa-content/css/login/frontend/login.css?v=8.21.0.1649380389 HTTP/2.0" 200 1762 "https://justgrill.ru/grili/gazovye/napoleon/gazovyy-gril-napoleon-rogue-425-rsb-chernyy-s-konforkoy-i-vertelom/" "Mozilla/5.0 (Windows NT 10.0; WOW64) AppleWebKit/537.36 (KHTML, like Gecko) Chrome/90.0.4430.72 Safari/537.36"
91.108.0.88 - - [08/Apr/2022:01:13:11 +0000] "GET /wa-content/css/login/frontend/forgot-password.css?v=8.21.0.1649380389 HTTP/2.0" 200 1560 "https://justgrill.ru/grili/gazovye/napoleon/gazovyy-gril-napoleon-rogue-425-rsb-chernyy-s-konforkoy-i-vertelom/" "Mozilla/5.0 (Windows NT 10.0; WOW64) AppleWebKit/537.36 (KHTML, like Gecko) Chrome/90.0.4430.72 Safari/537.36"
91.108.0.88 - - [08/Apr/2022:01:13:11 +0000] "GET /wa-data/public/site/themes/justgrill/fonts/Robotobold.woff2 HTTP/2.0" 200 28384 "https://justgrill.ru/wa-data/public/site/themes/justgrill/css/fonts.css?v3.3.1.1649380389" "Mozilla/5.0 (Windows NT 10.0; WOW64) AppleWebKit/537.36 (KHTML, like Gecko) Chrome/90.0.4430.72 Safari/537.36"
91.108.0.88 - - [08/Apr/2022:01:13:11 +0000] "GET /wa-data/public/site/themes/justgrill/fonts/Robotolight.woff2 HTTP/2.0" 200 28296 "https://justgrill.ru/wa-data/public/site/themes/justgrill/css/fonts.css?v3.3.1.1649380389" "Mozilla/5.0 (Windows NT 10.0; WOW64) AppleWebKit/537.36 (KHTML, like Gecko) Chrome/90.0.4430.72 Safari/537.36"
91.108.0.88 - - [08/Apr/2022:01:13:11 +0000] "GET /wa-data/public/site/themes/justgrill/fonts/Roboto.woff2 HTTP/2.0" 200 28036 "https://justgrill.ru/wa-data/public/site/themes/justgrill/css/fonts.css?v3.3.1.1649380389" "Mozilla/5.0 (Windows NT 10.0; WOW64) AppleWebKit/537.36 (KHTML, like Gecko) Chrome/90.0.4430.72 Safari/537.36"
91.108.0.88 - - [08/Apr/2022:01:13:11 +0000] "GET /wa-data/public/site/themes/justgrill/fonts/Robotomedium.woff2 HTTP/2.0" 200 28312 "https://justgrill.ru/wa-data/public/site/themes/justgrill/css/fonts.css?v3.3.1.1649380389" "Mozilla/5.0 (Windows NT 10.0; WOW64) AppleWebKit/537.36 (KHTML, like Gecko) Chrome/90.0.4430.72 Safari/537.36"
91.108.0.88 - - [08/Apr/2022:01:13:11 +0000] "GET /wa-content/font/ruble/arial/alsrubl-arial-bold.woff HTTP/2.0" 200 1792 "https://justgrill.ru/wa-content/font/ruble/arial/fontface.css" "Mozilla/5.0 (Windows NT 10.0; WOW64) AppleWebKit/537.36 (KHTML, like Gecko) Chrome/90.0.4430.72 Safari/537.36"
91.108.0.88 - - [08/Apr/2022:01:13:11 +0000] "GET /wa-content/font/ruble/arial/alsrubl-arial-regular.woff HTTP/2.0" 200 1788 "https://justgrill.ru/wa-content/font/ruble/arial/fontface.css" "Mozilla/5.0 (Windows NT 10.0; WOW64) AppleWebKit/537.36 (KHTML, like Gecko) Chrome/90.0.4430.72 Safari/537.36"
91.108.0.88 - - [08/Apr/2022:01:13:12 +0000] "GET /wa-data/public/site/themes/justgrill/img/basket.svg HTTP/2.0" 200 3868 "https://justgrill.ru/wa-data/public/site/themes/justgrill/css/main.css?v3.3.1.1649380389" "Mozilla/5.0 (Windows NT 10.0; WOW64) AppleWebKit/537.36 (KHTML, like Gecko) Chrome/90.0.4430.72 Safari/537.36"
91.108.0.88 - - [08/Apr/2022:01:13:12 +0000] "GET /wa-data/public/site/themes/justgrill/img/user.svg HTTP/2.0" 200 5703 "https://justgrill.ru/wa-data/public/site/themes/justgrill/css/main.css?v3.3.1.1649380389" "Mozilla/5.0 (Windows NT 10.0; WOW64) AppleWebKit/537.36 (KHTML, like Gecko) Chrome/90.0.4430.72 Safari/537.36"
91.108.0.88 - - [08/Apr/2022:01:13:12 +0000] "GET /wa-data/public/site/themes/justgrill/img/spec.svg HTTP/2.0" 200 1307 "https://justgrill.ru/grili/gazovye/napoleon/gazovyy-gril-napoleon-rogue-425-rsb-chernyy-s-konforkoy-i-vertelom/" "Mozilla/5.0 (Windows NT 10.0; WOW64) AppleWebKit/537.36 (KHTML, like Gecko) Chrome/90.0.4430.72 Safari/537.36"
91.108.0.88 - - [08/Apr/2022:01:13:12 +0000] "GET /wa-data/public/site/themes/justgrill/img/stock.svg HTTP/2.0" 200 3342 "https://justgrill.ru/grili/gazovye/napoleon/gazovyy-gril-napoleon-rogue-425-rsb-chernyy-s-konforkoy-i-vertelom/" "Mozilla/5.0 (Windows NT 10.0; WOW64) AppleWebKit/537.36 (KHTML, like Gecko) Chrome/90.0.4430.72 Safari/537.36"
91.108.0.88 - - [08/Apr/2022:01:13:12 +0000] "GET /wa-data/public/site/themes/justgrill/img/arrow-f.svg HTTP/2.0" 200 223 "https://justgrill.ru/grili/gazovye/napoleon/gazovyy-gril-napoleon-rogue-425-rsb-chernyy-s-konforkoy-i-vertelom/" "Mozilla/5.0 (Windows NT 10.0; WOW64) AppleWebKit/537.36 (KHTML, like Gecko) Chrome/90.0.4430.72 Safari/537.36"
91.108.0.88 - - [08/Apr/2022:01:13:12 +0000] "GET /wa-apps/shop/plugins/searchpro/fonts/Roboto/Roboto-Regular.woff2 HTTP/2.0" 200 66004 "https://justgrill.ru/wa-apps/shop/plugins/searchpro/css/frontend.fonts.css?v1.9.0.1649380389" "Mozilla/5.0 (Windows NT 10.0; WOW64) AppleWebKit/537.36 (KHTML, like Gecko) Chrome/90.0.4430.72 Safari/537.36"
91.108.0.88 - - [08/Apr/2022:01:13:12 +0000] "GET /regions/getPopupContent/ HTTP/2.0" 200 1023 "https://justgrill.ru/grili/gazovye/napoleon/gazovyy-gril-napoleon-rogue-425-rsb-chernyy-s-konforkoy-i-vertelom/" "Mozilla/5.0 (Windows NT 10.0; WOW64) AppleWebKit/537.36 (KHTML, like Gecko) Chrome/90.0.4430.72 Safari/537.36"
91.108.0.88 - - [08/Apr/2022:01:13:13 +0000] "GET /wa-content/js/signup/signup.js?v=8.21.0.1649380389 HTTP/2.0" 200 6675 "https://justgrill.ru/grili/gazovye/napoleon/gazovyy-gril-napoleon-rogue-425-rsb-chernyy-s-konforkoy-i-vertelom/" "Mozilla/5.0 (Windows NT 10.0; WOW64) AppleWebKit/537.36 (KHTML, like Gecko) Chrome/90.0.4430.72 Safari/537.36"
91.108.0.88 - - [08/Apr/2022:01:13:13 +0000] "GET /wa-content/js/login/login-frontend-form.min.js?v=8.21.0.1649380389 HTTP/2.0" 200 5488 "https://justgrill.ru/grili/gazovye/napoleon/gazovyy-gril-napoleon-rogue-425-rsb-chernyy-s-konforkoy-i-vertelom/" "Mozilla/5.0 (Windows NT 10.0; WOW64) AppleWebKit/537.36 (KHTML, like Gecko) Chrome/90.0.4430.72 Safari/537.36"
91.108.0.88 - - [08/Apr/2022:01:13:13 +0000] "GET /wa-content/js/login/forgotpassword-frontend-form.min.js?v=8.21.0.1649380389 HTTP/2.0" 200 4709 "https://justgrill.ru/grili/gazovye/napoleon/gazovyy-gril-napoleon-rogue-425-rsb-chernyy-s-konforkoy-i-vertelom/" "Mozilla/5.0 (Windows NT 10.0; WOW64) AppleWebKit/537.36 (KHTML, like Gecko) Chrome/90.0.4430.72 Safari/537.36"
91.108.0.88 - - [08/Apr/2022:01:13:13 +0000] "GET /regions/getPopupContent/ HTTP/2.0" 200 1023 "https://justgrill.ru/grili/gazovye/napoleon/gazovyy-gril-napoleon-rogue-425-rsb-chernyy-s-konforkoy-i-vertelom/" "Mozilla/5.0 (Windows NT 10.0; WOW64) AppleWebKit/537.36 (KHTML, like Gecko) Chrome/90.0.4430.72 Safari/537.36"
91.108.0.88 - - [08/Apr/2022:01:13:13 +0000] "GET /wa-data/public/site/themes/justgrill/img/phone.svg HTTP/2.0" 200 99750 "https://justgrill.ru/wa-data/public/site/themes/justgrill/css/main.css?v3.3.1.1649380389" "Mozilla/5.0 (Windows NT 10.0; WOW64) AppleWebKit/537.36 (KHTML, like Gecko) Chrome/90.0.4430.72 Safari/537.36"
91.108.0.88 - - [08/Apr/2022:01:13:13 +0000] "GET /wa-data/public/site/themes/justgrill/img/email.svg HTTP/2.0" 200 354 "https://justgrill.ru/wa-data/public/site/themes/justgrill/css/main.css?v3.3.1.1649380389" "Mozilla/5.0 (Windows NT 10.0; WOW64) AppleWebKit/537.36 (KHTML, like Gecko) Chrome/90.0.4430.72 Safari/537.36"
91.108.0.88 - - [08/Apr/2022:01:13:13 +0000] "GET /wa-data/public/site/themes/justgrill/img/adress.svg HTTP/2.0" 200 80968 "https://justgrill.ru/wa-data/public/site/themes/justgrill/css/main.css?v3.3.1.1649380389" "Mozilla/5.0 (Windows NT 10.0; WOW64) AppleWebKit/537.36 (KHTML, like Gecko) Chrome/90.0.4430.72 Safari/537.36"
91.108.0.88 - - [08/Apr/2022:01:13:13 +0000] "GET /wa-data/public/site/themes/justgrill/img/arrow.svg HTTP/2.0" 200 46336 "https://justgrill.ru/wa-data/public/site/themes/justgrill/css/main.css?v3.3.1.1649380389" "Mozilla/5.0 (Windows NT 10.0; WOW64) AppleWebKit/537.36 (KHTML, like Gecko) Chrome/90.0.4430.72 Safari/537.36"
66.249.92.54 - - [08/Apr/2022:01:13:13 +0000] "GET /searchpro-plugin/config/?v1.9.0.1648908625?1980908733 HTTP/1.1" 200 569 "https://justgrill.ru/?utm_source=google&utm_medium=cpc&utm_campaign=g_poisk_rostov_v&utm_term=%2B%D0%B3%D1%80%D0%B8%D0%BB%D1%8C%20%2B%D1%81%D1%82%D0%BE%D0%B8%D0%BC%D0%BE%D1%81%D1%82%D1%8C&utm_content=network%7Cg%7Cposition%7Cnone%7Cad_id%7C210178513086%7Cmatch_type%7Cb%7Cplacement%7C%7Ckeyword%7C%2B%D0%B3%D1%80%D0%B8%D0%BB%D1%8C%20%2B%D1%81%D1%82%D0%BE%D0%B8%D0%BC%D0%BE%D1%81%D1%82%D1%8C%7Cdevice_type%7Cm%7Cdevice%7C%7Cplacement_category%7C" "Mozilla/5.0 (iPhone; CPU iPhone OS 14_7_1 like Mac OS X) AppleWebKit/605.1.15 (KHTML, like Gecko) Version/14.1.2 Mobile/15E148 Safari/604.1 (compatible; AdsBot-Google-Mobile; +http://www.google.com/mobile/adsbot.html)"
114.119.129.199 - - [08/Apr/2022:01:13:14 +0000] "GET /mangaly/mangal/grillver/partiks/grillver-mangal-partiks-500-na-podstavke/ HTTP/1.1" 200 34083 "-" "Mozilla/5.0 (Linux; Android 7.0;) AppleWebKit/537.36 (KHTML, like Gecko) Mobile Safari/537.36 (compatible; PetalBot;+https://webmaster.petalsearch.com/site/petalbot)"
66.249.92.54 - - [08/Apr/2022:01:13:14 +0000] "GET /searchpro-plugin/config/?v1.9.0.1648908625?1073790068 HTTP/1.1" 200 570 "https://justgrill.ru/?utm_source=google&utm_medium=cpc&utm_campaign=g_poisk_rostov_v&utm_term=%2B%D0%B3%D1%80%D0%B8%D0%BB%D1%8C%20%2B%D1%81%D1%82%D0%BE%D0%B8%D0%BC%D0%BE%D1%81%D1%82%D1%8C&utm_content=network%7Cg%7Cposition%7Cnone%7Cad_id%7C210178513086%7Cmatch_type%7Cb%7Cplacement%7C%7Ckeyword%7C%2B%D0%B3%D1%80%D0%B8%D0%BB%D1%8C%20%2B%D1%81%D1%82%D0%BE%D0%B8%D0%BC%D0%BE%D1%81%D1%82%D1%8C%7Cdevice_type%7Cm%7Cdevice%7C%7Cplacement_category%7C" "Mozilla/5.0 (iPhone; CPU iPhone OS 14_7_1 like Mac OS X) AppleWebKit/605.1.15 (KHTML, like Gecko) Version/14.1.2 Mobile/15E148 Safari/604.1 (compatible; AdsBot-Google-Mobile; +http://www.google.com/mobile/adsbot.html)"
185.191.171.6 - - [08/Apr/2022:01:13:17 +0000] "GET /search/1002/amfora/ HTTP/1.1" 200 30653 "-" "Mozilla/5.0 (compatible; SemrushBot/7~bl; +http://www.semrush.com/bot.html)"
66.249.66.55 - - [08/Apr/2022:01:13:31 +0000] "GET /aksessuary/shchetka-dlya-grilya/shchetka-s-vorsom-iz-nerzh-stali/ HTTP/1.1" 301 5 "-" "Mozilla/5.0 (compatible; Googlebot/2.1; +http://www.google.com/bot.html)"
185.191.171.13 - - [08/Apr/2022:01:13:32 +0000] "GET /brand/lillies/ HTTP/1.1" 200 30493 "-" "Mozilla/5.0 (compatible; SemrushBot/7~bl; +http://www.semrush.com/bot.html)"
66.249.66.71 - - [08/Apr/2022:01:13:32 +0000] "GET /brand/samura/ HTTP/1.1" 200 34635 "-" "Mozilla/5.0 (compatible; Googlebot/2.1; +http://www.google.com/bot.html)"
66.249.66.55 - - [08/Apr/2022:01:13:33 +0000] "GET /aksessuary/chistka-i-ukhod/shchetka-gril/shchetka-napoleon-s-vorsom-iz-nerzh-stali-ochistka-grilya/ HTTP/1.1" 200 34606 "-" "Mozilla/5.0 (compatible; Googlebot/2.1; +http://www.google.com/bot.html)"
66.249.92.3 - - [08/Apr/2022:01:13:41 +0000] "GET /brand/Weber/?utm_source=google&utm_medium=cpc&utm_campaign=g_poisk_krd_v&utm_term=%D0%BC%D0%B0%D0%BD%D0%B3%D0%B0%D0%BB%20weber&utm_content=network%7Cg%7Cposition%7Cnone%7Cad_id%7C413133955645%7Cmatch_type%7Cb%7Cplacement%7C%7Ckeyword%7C%D0%BC%D0%B0%D0%BD%D0%B3%D0%B0%D0%BB%20weber%7Cdevice_type%7Cm%7Cdevice%7C%7Cplacement_category%7C HTTP/1.1" 301 5 "-" "Mozilla/5.0 (iPhone; CPU iPhone OS 14_7_1 like Mac OS X) AppleWebKit/605.1.15 (KHTML, like Gecko) Version/14.1.2 Mobile/15E148 Safari/604.1 (compatible; AdsBot-Google-Mobile; +http://www.google.com/mobile/adsbot.html)"
185.191.171.8 - - [08/Apr/2022:01:13:42 +0000] "GET /grili/drovyanye/zont-dlya-grilya-suomi-grill-90-antik-med/ HTTP/1.1" 301 5 "-" "Mozilla/5.0 (compatible; SemrushBot/7~bl; +http://www.semrush.com/bot.html)"
66.249.92.30 - - [08/Apr/2022:01:13:42 +0000] "GET /brand/weber/?utm_source=google&utm_medium=cpc&utm_campaign=g_poisk_krd_v&utm_term=%D0%BC%D0%B0%D0%BD%D0%B3%D0%B0%D0%BB%20weber&utm_content=network%7Cg%7Cposition%7Cnone%7Cad_id%7C413133955645%7Cmatch_type%7Cb%7Cplacement%7C%7Ckeyword%7C%D0%BC%D0%B0%D0%BD%D0%B3%D0%B0%D0%BB%20weber%7Cdevice_type%7Cm%7Cdevice%7C%7Cplacement_category%7C HTTP/1.1" 200 36815 "-" "Mozilla/5.0 (iPhone; CPU iPhone OS 14_7_1 like Mac OS X) AppleWebKit/605.1.15 (KHTML, like Gecko) Version/14.1.2 Mobile/15E148 Safari/604.1 (compatible; AdsBot-Google-Mobile; +http://www.google.com/mobile/adsbot.html)"
185.191.171.24 - - [08/Apr/2022:01:13:42 +0000] "GET /grili/drovyanye/zont-dlya-grilya-suomi-grill-90-antik-med/ HTTP/1.1" 301 162 "-" "Mozilla/5.0 (compatible; SemrushBot/7~bl; +http://www.semrush.com/bot.html)"
185.231.205.137 - - [08/Apr/2022:01:13:43 +0000] "GET /aksessuary/chekhly-dlya-griley/chekhol-gril-premium-weber-genesis-ii-300/ HTTP/1.1" 200 35095 "-" "Mozilla/5.0 (X11; Linux x86_64) AppleWebKit/537.36 (KHTML, like Gecko) Chrome/85.0.4183.83 Safari/537.36"
66.249.92.54 - - [08/Apr/2022:01:13:48 +0000] "GET /wa-content/css/signup/signup.css?v=8.21.0.1648908625 HTTP/1.1" 200 1921 "https://justgrill.ru/?utm_source=google&utm_medium=cpc&utm_campaign=g_poisk_rostov_v&utm_term=%2B%D0%B3%D1%80%D0%B8%D0%BB%D1%8C%20%2B%D1%81%D1%82%D0%BE%D0%B8%D0%BC%D0%BE%D1%81%D1%82%D1%8C&utm_content=network%7Cg%7Cposition%7Cnone%7Cad_id%7C210178513086%7Cmatch_type%7Cb%7Cplacement%7C%7Ckeyword%7C%2B%D0%B3%D1%80%D0%B8%D0%BB%D1%8C%20%2B%D1%81%D1%82%D0%BE%D0%B8%D0%BC%D0%BE%D1%81%D1%82%D1%8C%7Cdevice_type%7Cm%7Cdevice%7C%7Cplacement_category%7C" "Mozilla/5.0 (iPhone; CPU iPhone OS 14_7_1 like Mac OS X) AppleWebKit/605.1.15 (KHTML, like Gecko) Version/14.1.2 Mobile/15E148 Safari/604.1 (compatible; AdsBot-Google-Mobile; +http://www.google.com/mobile/adsbot.html)"
