114.119.128.5 - - [08/Apr/2022:01:51:13 +0000] "GET /aksessuary/shchiptsy-dlya-grilya/6615-vilka-dlya-grilya/ HTTP/1.1" 301 5 "-" "Mozilla/5.0 (Linux; Android 7.0;) AppleWebKit/537.36 (KHTML, like Gecko) Mobile Safari/537.36 (compatible; PetalBot;+https://webmaster.petalsearch.com/site/petalbot)"
185.191.171.26 - - [08/Apr/2022:01:51:18 +0000] "GET /grili/gazovye/broil-king/signet/gril-gazovyy-broil-king-signet-340/ HTTP/1.1" 200 35871 "-" "Mozilla/5.0 (compatible; SemrushBot/7~bl; +http://www.semrush.com/bot.html)"
185.191.171.41 - - [08/Apr/2022:01:51:31 +0000] "GET /robots.txt HTTP/1.1" 200 251 "-" "Mozilla/5.0 (compatible; SemrushBot/7~bl; +http://www.semrush.com/bot.html)"
185.191.171.39 - - [08/Apr/2022:01:51:33 +0000] "GET /grili/gazovye/broil-king/gazovyy-gril-broil-king-monarch-340/ HTTP/1.1" 200 37362 "-" "Mozilla/5.0 (compatible; SemrushBot/7~bl; +http://www.semrush.com/bot.html)"
185.191.171.15 - - [08/Apr/2022:01:51:33 +0000] "GET /aksessuary/instrumenty/lopatki-gril/char-broil/ HTTP/1.1" 200 28353 "-" "Mozilla/5.0 (compatible; SemrushBot/7~bl; +http://www.semrush.com/bot.html)"
77.88.5.229 - - [08/Apr/2022:01:51:54 +0000] "GET /grili/gazovye/broil-king/portachef/gazovyy-gril-broil-king-portachef-120-belaya-kryshka/ HTTP/1.1" 404 27189 "-" "Mozilla/5.0 (compatible; YandexBot/3.0; +http://yandex.com/bots) AppleWebKit/537.36 (KHTML, like Gecko) Chrome/81.0.4044.268"
54.36.148.157 - - [08/Apr/2022:01:52:03 +0000] "GET /mangaly/mangal/gratar/man/mangal-man-203/ HTTP/2.0" 200 34216 "-" "Mozilla/5.0 (compatible; AhrefsBot/7.0; +http://ahrefs.com/robot/)"
77.88.5.229 - - [08/Apr/2022:01:52:05 +0000] "GET /aksessuary/gazovoe-oborudovanie/ballony-gril/weber/ HTTP/1.1" 301 5 "-" "Mozilla/5.0 (compatible; YandexBot/3.0; +http://yandex.com/bots)"
77.88.5.70 - - [08/Apr/2022:01:52:05 +0000] "GET /robots.txt HTTP/1.1" 200 5 "-" "Mozilla/5.0 (compatible; YandexBot/3.0; +http://yandex.com/bots)"
77.88.5.229 - - [08/Apr/2022:01:52:09 +0000] "GET /aksessuary/gazovoe-oborudovanie/ballony-gril/weber/ HTTP/1.1" 301 162 "-" "Mozilla/5.0 (compatible; YandexBot/3.0; +http://yandex.com/bots)"
77.88.5.70 - - [08/Apr/2022:01:52:10 +0000] "GET /aksessuary/gazovoe-oborudovanie/ballony-gril/weber/ HTTP/1.1" 200 28316 "-" "Mozilla/5.0 (compatible; YandexBot/3.0; +http://yandex.com/bots)"
66.249.66.54 - - [08/Apr/2022:01:52:43 +0000] "GET /aksessuary/oborudovanie/shchupy-gril/nabor-termoshchupov-broil-king-dlya-pelletnogo-grilya-2sht/ HTTP/1.1" 200 33506 "-" "Mozilla/5.0 (compatible; Googlebot/2.1; +http://www.google.com/bot.html)"
66.249.66.25 - - [08/Apr/2022:01:53:03 +0000] "GET /aksessuary/chistka-i-ukhod/nabor-dlya-chistki-grilya-broil-king-4-predmeta/ HTTP/1.1" 200 32227 "-" "Mozilla/5.0 (compatible; Googlebot/2.1; +http://www.google.com/bot.html)"
66.249.66.2 - - [08/Apr/2022:01:53:32 +0000] "GET /aksessuary/dlya-pitstsy/ HTTP/1.1" 200 37532 "-" "Mozilla/5.0 (compatible; Googlebot/2.1; +http://www.google.com/bot.html)"
66.249.66.28 - - [08/Apr/2022:01:53:51 +0000] "GET /aksessuary/dlya-kopcheniya/doska-dlya-kopcheniya-iz-vinnoy-bochki/ HTTP/1.1" 301 5 "-" "Mozilla/5.0 (compatible; Googlebot/2.1; +http://www.google.com/bot.html)"
66.249.66.3 - - [08/Apr/2022:01:53:52 +0000] "GET /aksessuary/dlya-kopcheniya/doski-i-doshchechki/doska-dlya-kopcheniya-iz-vinnoy-bochki/ HTTP/1.1" 200 34726 "-" "Mozilla/5.0 (compatible; Googlebot/2.1; +http://www.google.com/bot.html)"
37.9.71.213 - - [08/Apr/2022:01:54:48 +0000] "POST /ym_api/1/?action=/cart HTTP/1.1" 200 110 "-" "Apache-HttpClient/4.5.6 (Java/11.0.8-shenandoah)"
54.36.148.68 - - [08/Apr/2022:01:54:50 +0000] "GET /blog/barani-ryebryshki-tanduri-na-grilye/ HTTP/2.0" 200 29365 "-" "Mozilla/5.0 (compatible; AhrefsBot/7.0; +http://ahrefs.com/robot/)"
185.191.171.14 - - [08/Apr/2022:01:54:51 +0000] "GET /search/meatbrothers/ HTTP/1.1" 200 31795 "-" "Mozilla/5.0 (compatible; SemrushBot/7~bl; +http://www.semrush.com/bot.html)"
185.191.171.8 - - [08/Apr/2022:01:54:57 +0000] "GET /search/979/%D1%83%D0%B3%D0%BE%D0%BB%D1%8C/ HTTP/1.1" 200 31188 "-" "Mozilla/5.0 (compatible; SemrushBot/7~bl; +http://www.semrush.com/bot.html)"
66.249.66.59 - - [08/Apr/2022:01:55:17 +0000] "GET /blog/kukuruza-s-maslom-imbiryem-i-laymom-na-grilye/ HTTP/1.1" 500 15577 "-" "Mozilla/5.0 (Linux; Android 6.0.1; Nexus 5X Build/MMB29P) AppleWebKit/537.36 (KHTML, like Gecko) Chrome/99.0.4844.84 Mobile Safari/537.36 (compatible; Googlebot/2.1; +http://www.google.com/bot.html)"
66.249.92.30 - - [08/Apr/2022:01:55:24 +0000] "GET /searchpro-plugin/config/?v1.9.0.1648885445?635957594 HTTP/1.1" 200 573 "https://krd.justgrill.ru/?utm_source=google&utm_medium=cpc&utm_campaign=g_poisk_krd_v&utm_term=%2B%D0%B1%D0%B0%D1%80%D0%B1%D0%B5%D0%BA%D1%8E%20%2B%D0%BC%D0%B0%D0%BD%D0%B3%D0%B0%D0%BB&utm_content=network%7Cg%7Cposition%7Cnone%7Cad_id%7C210194102827%7Cmatch_type%7Cb%7Cplacement%7C%7Ckeyword%7C%2B%D0%B1%D0%B0%D1%80%D0%B1%D0%B5%D0%BA%D1%8E%20%2B%D0%BC%D0%B0%D0%BD%D0%B3%D0%B0%D0%BB%7Cdevice_type%7Cm%7Cdevice%7C%7Cplacement_category%7C" "Mozilla/5.0 (iPhone; CPU iPhone OS 14_7_1 like Mac OS X) AppleWebKit/605.1.15 (KHTML, like Gecko) Version/14.1.2 Mobile/15E148 Safari/604.1 (compatible; AdsBot-Google-Mobile; +http://www.google.com/mobile/adsbot.html)"
185.191.171.12 - - [08/Apr/2022:01:55:43 +0000] "GET /obogrevateli-ulichnye/nagrevatel-gaz-ulich-patiominig3137mbarqnpg---naturali-pietra-grey-82kvt-pult-du/ HTTP/1.1" 301 5 "-" "Mozilla/5.0 (compatible; SemrushBot/7~bl; +http://www.semrush.com/bot.html)"
66.249.92.28 - - [08/Apr/2022:01:55:45 +0000] "GET /wa-data/public/site/themes/justgrill/fonts/Robotoblack.ttf HTTP/1.1" 200 63156 "https://krd.justgrill.ru/wa-data/public/site/themes/justgrill/css/fonts.css?v3.3.1.1648885445" "Mozilla/5.0 (iPhone; CPU iPhone OS 14_7_1 like Mac OS X) AppleWebKit/605.1.15 (KHTML, like Gecko) Version/14.1.2 Mobile/15E148 Safari/604.1 (compatible; AdsBot-Google-Mobile; +http://www.google.com/mobile/adsbot.html)"
66.249.92.28 - - [08/Apr/2022:01:55:46 +0000] "GET /wa-content/js/login/login-frontend-form.min.js?v=8.21.0.1648885445 HTTP/1.1" 200 5501 "https://krd.justgrill.ru/?utm_source=google&utm_medium=cpc&utm_campaign=g_poisk_krd_v&utm_term=%2B%D0%B1%D0%B0%D1%80%D0%B1%D0%B5%D0%BA%D1%8E%20%2B%D0%BC%D0%B0%D0%BD%D0%B3%D0%B0%D0%BB&utm_content=network%7Cg%7Cposition%7Cnone%7Cad_id%7C210194102827%7Cmatch_type%7Cb%7Cplacement%7C%7Ckeyword%7C%2B%D0%B1%D0%B0%D1%80%D0%B1%D0%B5%D0%BA%D1%8E%20%2B%D0%BC%D0%B0%D0%BD%D0%B3%D0%B0%D0%BB%7Cdevice_type%7Cm%7Cdevice%7C%7Cplacement_category%7C" "Mozilla/5.0 (iPhone; CPU iPhone OS 14_7_1 like Mac OS X) AppleWebKit/605.1.15 (KHTML, like Gecko) Version/14.1.2 Mobile/15E148 Safari/604.1 (compatible; AdsBot-Google-Mobile; +http://www.google.com/mobile/adsbot.html)"
66.249.92.28 - - [08/Apr/2022:01:55:46 +0000] "GET /wa-content/css/login/frontend/forgot-password.css?v=8.21.0.1648885445 HTTP/1.1" 200 1572 "https://krd.justgrill.ru/?utm_source=google&utm_medium=cpc&utm_campaign=g_poisk_krd_v&utm_term=%2B%D0%B1%D0%B0%D1%80%D0%B1%D0%B5%D0%BA%D1%8E%20%2B%D0%BC%D0%B0%D0%BD%D0%B3%D0%B0%D0%BB&utm_content=network%7Cg%7Cposition%7Cnone%7Cad_id%7C210194102827%7Cmatch_type%7Cb%7Cplacement%7C%7Ckeyword%7C%2B%D0%B1%D0%B0%D1%80%D0%B1%D0%B5%D0%BA%D1%8E%20%2B%D0%BC%D0%B0%D0%BD%D0%B3%D0%B0%D0%BB%7Cdevice_type%7Cm%7Cdevice%7C%7Cplacement_category%7C" "Mozilla/5.0 (iPhone; CPU iPhone OS 14_7_1 like Mac OS X) AppleWebKit/605.1.15 (KHTML, like Gecko) Version/14.1.2 Mobile/15E148 Safari/604.1 (compatible; AdsBot-Google-Mobile; +http://www.google.com/mobile/adsbot.html)"
66.249.92.28 - - [08/Apr/2022:01:55:47 +0000] "GET /wa-content/js/login/forgotpassword-frontend-form.min.js?v=8.21.0.1648885445 HTTP/1.1" 200 4722 "https://krd.justgrill.ru/?utm_source=google&utm_medium=cpc&utm_campaign=g_poisk_krd_v&utm_term=%2B%D0%B1%D0%B0%D1%80%D0%B1%D0%B5%D0%BA%D1%8E%20%2B%D0%BC%D0%B0%D0%BD%D0%B3%D0%B0%D0%BB&utm_content=network%7Cg%7Cposition%7Cnone%7Cad_id%7C210194102827%7Cmatch_type%7Cb%7Cplacement%7C%7Ckeyword%7C%2B%D0%B1%D0%B0%D1%80%D0%B1%D0%B5%D0%BA%D1%8E%20%2B%D0%BC%D0%B0%D0%BD%D0%B3%D0%B0%D0%BB%7Cdevice_type%7Cm%7Cdevice%7C%7Cplacement_category%7C" "Mozilla/5.0 (iPhone; CPU iPhone OS 14_7_1 like Mac OS X) AppleWebKit/605.1.15 (KHTML, like Gecko) Version/14.1.2 Mobile/15E148 Safari/604.1 (compatible; AdsBot-Google-Mobile; +http://www.google.com/mobile/adsbot.html)"
185.191.171.3 - - [08/Apr/2022:01:55:48 +0000] "GET /obogrevateli-ulichnye/gazovye/nagrevatel-gaz-ulich-patio-mini-g31-37mbar-qnpg-82kvt-pult-du-naturali-pietra-grey/ HTTP/1.1" 200 32390 "-" "Mozilla/5.0 (compatible; SemrushBot/7~bl; +http://www.semrush.com/bot.html)"
185.191.171.44 - - [08/Apr/2022:01:56:22 +0000] "GET /search/1032/%D1%80%D0%BE%D1%81%D1%81%D0%B8%D1%8F/ HTTP/1.1" 200 30515 "-" "Mozilla/5.0 (compatible; SemrushBot/7~bl; +http://www.semrush.com/bot.html)"
185.191.171.11 - - [08/Apr/2022:01:56:23 +0000] "GET /aksessuary/posuda/poddon-gril/poddon-weber-summit-alyuminievye-dlya-sbora-zhira/ HTTP/1.1" 200 32149 "-" "Mozilla/5.0 (compatible; SemrushBot/7~bl; +http://www.semrush.com/bot.html)"
66.249.66.28 - - [08/Apr/2022:01:56:34 +0000] "GET /grili/elektricheskie/82010079-gril-elektricheskiy-pulse-2000-chernyy/ HTTP/1.1" 301 5 "-" "Mozilla/5.0 (compatible; Googlebot/2.1; +http://www.google.com/bot.html)"
66.249.66.3 - - [08/Apr/2022:01:56:35 +0000] "GET /grili/elektricheskie/weber/elektricheskij-gril-weber-pulse-2000-chernyy/ HTTP/1.1" 200 35418 "-" "Mozilla/5.0 (compatible; Googlebot/2.1; +http://www.google.com/bot.html)"
77.88.5.229 - - [08/Apr/2022:01:56:58 +0000] "GET /robots.txt HTTP/1.1" 200 614 "-" "Mozilla/5.0 (compatible; YandexBot/3.0; +http://yandex.com/bots)"
77.88.5.229 - - [08/Apr/2022:01:57:02 +0000] "GET /aksessuary/oborudovanie/termometry-gril/tsifrovoy-termometr-dlya-grilya-weber-connect/ HTTP/1.1" 200 34857 "-" "Mozilla/5.0 (compatible; YandexBot/3.0; +http://yandex.com/bots)"
93.158.161.3 - - [08/Apr/2022:01:57:45 +0000] "GET / HTTP/1.1" 301 162 "-" "Mozilla/5.0 (compatible; YandexMetrika/2.0; +http://yandex.com/bots yabs01)"
77.88.5.229 - - [08/Apr/2022:01:57:47 +0000] "GET /robots.txt HTTP/1.1" 200 626 "-" "Mozilla/5.0 (compatible; YandexBot/3.0; +http://yandex.com/bots)"
77.88.5.229 - - [08/Apr/2022:01:57:49 +0000] "GET /grili/gazovye/?kolichestvo_person%5Bmax%5D=&kolichestvo_person%5Bmin%5D=&price_max=&price_min=&proizvoditel%5B%5D=1676 HTTP/1.1" 200 39319 "-" "Mozilla/5.0 (compatible; YaDirectFetcher/1.0; +http://yandex.com/bots)"
114.119.128.44 - - [08/Apr/2022:01:57:53 +0000] "GET /aksessuary/gazovoe-oborudovanie/gazovyy-shlang-s-reduktorom-3-v-1-gril-weber HTTP/1.1" 301 5 "-" "Mozilla/5.0 (Linux; Android 7.0;) AppleWebKit/537.36 (KHTML, like Gecko) Mobile Safari/537.36 (compatible; PetalBot;+https://webmaster.petalsearch.com/site/petalbot)"
114.119.128.44 - - [08/Apr/2022:01:57:59 +0000] "GET /aksessuary/gazovoe-oborudovanie/gazovyy-shlang-s-reduktorom-3-v-1-gril-weber/ HTTP/1.1" 200 36420 "-" "Mozilla/5.0 (Linux; Android 7.0;) AppleWebKit/537.36 (KHTML, like Gecko) Mobile Safari/537.36 (compatible; PetalBot;+https://webmaster.petalsearch.com/site/petalbot)"
54.36.148.12 - - [08/Apr/2022:01:58:00 +0000] "GET /aksessuary/instrumenty/ HTTP/2.0" 200 37492 "-" "Mozilla/5.0 (compatible; AhrefsBot/7.0; +http://ahrefs.com/robot/)"
185.191.171.7 - - [08/Apr/2022:01:58:00 +0000] "GET /search/791/%D0%B2%D0%B5%D1%80%D1%82%D0%B5%D0%BB/ HTTP/1.1" 200 30111 "-" "Mozilla/5.0 (compatible; SemrushBot/7~bl; +http://www.semrush.com/bot.html)"
185.191.171.5 - - [08/Apr/2022:01:58:05 +0000] "GET /aksessuary/oborudovanie/termometry-gril/tsifrovoy-termometr-gril-big-green-egg-karmannyy/ HTTP/1.1" 200 32039 "-" "Mozilla/5.0 (compatible; SemrushBot/7~bl; +http://www.semrush.com/bot.html)"
94.25.169.81 - - [08/Apr/2022:01:58:17 +0000] "GET / HTTP/2.0" 200 39193 "-" "Mozilla/5.0 (iPhone; CPU iPhone OS 14_8_1 like Mac OS X) AppleWebKit/605.1.15 (KHTML, like Gecko) Version/14.1.2 Mobile/15E148 Safari/604.1"
94.25.169.81 - - [08/Apr/2022:01:58:18 +0000] "GET /wa-content/font/ruble/arial/fontface.css HTTP/2.0" 200 371 "https://justgrill.ru/" "Mozilla/5.0 (iPhone; CPU iPhone OS 14_8_1 like Mac OS X) AppleWebKit/605.1.15 (KHTML, like Gecko) Version/14.1.2 Mobile/15E148 Safari/604.1"
94.25.169.81 - - [08/Apr/2022:01:58:18 +0000] "GET /wa-content/js/jquery-plugins/jquery.cookie.js HTTP/2.0" 200 1343 "https://justgrill.ru/" "Mozilla/5.0 (iPhone; CPU iPhone OS 14_8_1 like Mac OS X) AppleWebKit/605.1.15 (KHTML, like Gecko) Version/14.1.2 Mobile/15E148 Safari/604.1"
94.25.169.81 - - [08/Apr/2022:01:58:18 +0000] "GET /wa-content/js/jquery-plugins/jquery.cookie.js?v2.4.1 HTTP/2.0" 200 1343 "https://justgrill.ru/" "Mozilla/5.0 (iPhone; CPU iPhone OS 14_8_1 like Mac OS X) AppleWebKit/605.1.15 (KHTML, like Gecko) Version/14.1.2 Mobile/15E148 Safari/604.1"
94.25.169.81 - - [08/Apr/2022:01:58:18 +0000] "GET /wa-content/js/jquery-plugins/jquery.retina.min.js?v2.4.1 HTTP/2.0" 200 900 "https://justgrill.ru/" "Mozilla/5.0 (iPhone; CPU iPhone OS 14_8_1 like Mac OS X) AppleWebKit/605.1.15 (KHTML, like Gecko) Version/14.1.2 Mobile/15E148 Safari/604.1"
94.25.169.81 - - [08/Apr/2022:01:58:20 +0000] "GET /searchpro-plugin/config/?v1.9.0.1649383097?141435536 HTTP/2.0" 200 557 "https://justgrill.ru/" "Mozilla/5.0 (iPhone; CPU iPhone OS 14_8_1 like Mac OS X) AppleWebKit/605.1.15 (KHTML, like Gecko) Version/14.1.2 Mobile/15E148 Safari/604.1"
94.25.169.81 - - [08/Apr/2022:01:58:20 +0000] "GET /searchpro-plugin/config/?v1.9.0.1649383097?1891139004 HTTP/2.0" 200 557 "https://justgrill.ru/" "Mozilla/5.0 (iPhone; CPU iPhone OS 14_8_1 like Mac OS X) AppleWebKit/605.1.15 (KHTML, like Gecko) Version/14.1.2 Mobile/15E148 Safari/604.1"
94.25.169.81 - - [08/Apr/2022:01:58:30 +0000] "GET /wa-data/public/site/themes/justgrill/img/basket.svg HTTP/2.0" 200 3868 "https://justgrill.ru/wa-data/public/site/themes/justgrill/css/main.css?v3.3.1.1649383097" "Mozilla/5.0 (iPhone; CPU iPhone OS 14_8_1 like Mac OS X) AppleWebKit/605.1.15 (KHTML, like Gecko) Version/14.1.2 Mobile/15E148 Safari/604.1"
94.25.169.81 - - [08/Apr/2022:01:58:30 +0000] "GET /wa-data/public/site/themes/justgrill/img/user.svg HTTP/2.0" 200 5703 "https://justgrill.ru/wa-data/public/site/themes/justgrill/css/main.css?v3.3.1.1649383097" "Mozilla/5.0 (iPhone; CPU iPhone OS 14_8_1 like Mac OS X) AppleWebKit/605.1.15 (KHTML, like Gecko) Version/14.1.2 Mobile/15E148 Safari/604.1"
94.25.169.81 - - [08/Apr/2022:01:58:34 +0000] "GET /wa-data/public/site/themes/justgrill/img/menu-arrow-right.svg HTTP/2.0" 200 202 "https://justgrill.ru/wa-data/public/site/themes/justgrill/css/main.css?v3.3.1.1649383097" "Mozilla/5.0 (iPhone; CPU iPhone OS 14_8_1 like Mac OS X) AppleWebKit/605.1.15 (KHTML, like Gecko) Version/14.1.2 Mobile/15E148 Safari/604.1"
94.25.169.81 - - [08/Apr/2022:01:58:34 +0000] "GET /wa-data/public/site/themes/justgrill/img/menu-arrow-left.svg HTTP/2.0" 200 201 "https://justgrill.ru/wa-data/public/site/themes/justgrill/css/main.css?v3.3.1.1649383097" "Mozilla/5.0 (iPhone; CPU iPhone OS 14_8_1 like Mac OS X) AppleWebKit/605.1.15 (KHTML, like Gecko) Version/14.1.2 Mobile/15E148 Safari/604.1"
94.25.169.81 - - [08/Apr/2022:01:58:34 +0000] "GET /wa-data/public/site/themes/justgrill/fonts/Robotobold.woff2 HTTP/2.0" 200 28384 "https://justgrill.ru/wa-data/public/site/themes/justgrill/css/fonts.css?v3.3.1.1649383097" "Mozilla/5.0 (iPhone; CPU iPhone OS 14_8_1 like Mac OS X) AppleWebKit/605.1.15 (KHTML, like Gecko) Version/14.1.2 Mobile/15E148 Safari/604.1"
94.25.169.81 - - [08/Apr/2022:01:58:34 +0000] "GET /wa-data/public/site/themes/justgrill/fonts/Roboto.woff2 HTTP/2.0" 200 28036 "https://justgrill.ru/wa-data/public/site/themes/justgrill/css/fonts.css?v3.3.1.1649383097" "Mozilla/5.0 (iPhone; CPU iPhone OS 14_8_1 like Mac OS X) AppleWebKit/605.1.15 (KHTML, like Gecko) Version/14.1.2 Mobile/15E148 Safari/604.1"
94.25.169.81 - - [08/Apr/2022:01:58:34 +0000] "GET /wa-data/public/site/themes/justgrill/fonts/Robotolight.woff2 HTTP/2.0" 200 28296 "https://justgrill.ru/wa-data/public/site/themes/justgrill/css/fonts.css?v3.3.1.1649383097" "Mozilla/5.0 (iPhone; CPU iPhone OS 14_8_1 like Mac OS X) AppleWebKit/605.1.15 (KHTML, like Gecko) Version/14.1.2 Mobile/15E148 Safari/604.1"
94.25.169.81 - - [08/Apr/2022:01:58:34 +0000] "GET /wa-content/js/signup/signup.js?v=8.21.0.1649383097 HTTP/2.0" 200 6675 "https://justgrill.ru/" "Mozilla/5.0 (iPhone; CPU iPhone OS 14_8_1 like Mac OS X) AppleWebKit/605.1.15 (KHTML, like Gecko) Version/14.1.2 Mobile/15E148 Safari/604.1"
94.25.169.81 - - [08/Apr/2022:01:58:34 +0000] "GET /wa-content/css/signup/signup.css?v=8.21.0.1649383097 HTTP/2.0" 200 1909 "https://justgrill.ru/" "Mozilla/5.0 (iPhone; CPU iPhone OS 14_8_1 like Mac OS X) AppleWebKit/605.1.15 (KHTML, like Gecko) Version/14.1.2 Mobile/15E148 Safari/604.1"
94.25.169.81 - - [08/Apr/2022:01:58:34 +0000] "GET /wa-content/css/login/frontend/login.css?v=8.21.0.1649383097 HTTP/2.0" 200 1762 "https://justgrill.ru/" "Mozilla/5.0 (iPhone; CPU iPhone OS 14_8_1 like Mac OS X) AppleWebKit/605.1.15 (KHTML, like Gecko) Version/14.1.2 Mobile/15E148 Safari/604.1"
94.25.169.81 - - [08/Apr/2022:01:58:34 +0000] "GET /wa-content/css/login/frontend/forgot-password.css?v=8.21.0.1649383097 HTTP/2.0" 200 1560 "https://justgrill.ru/" "Mozilla/5.0 (iPhone; CPU iPhone OS 14_8_1 like Mac OS X) AppleWebKit/605.1.15 (KHTML, like Gecko) Version/14.1.2 Mobile/15E148 Safari/604.1"
94.25.169.81 - - [08/Apr/2022:01:58:34 +0000] "GET /wa-content/js/login/login-frontend-form.min.js?v=8.21.0.1649383097 HTTP/2.0" 200 5488 "https://justgrill.ru/" "Mozilla/5.0 (iPhone; CPU iPhone OS 14_8_1 like Mac OS X) AppleWebKit/605.1.15 (KHTML, like Gecko) Version/14.1.2 Mobile/15E148 Safari/604.1"
94.25.169.81 - - [08/Apr/2022:01:58:34 +0000] "GET /wa-content/js/login/forgotpassword-frontend-form.min.js?v=8.21.0.1649383097 HTTP/2.0" 200 4709 "https://justgrill.ru/" "Mozilla/5.0 (iPhone; CPU iPhone OS 14_8_1 like Mac OS X) AppleWebKit/605.1.15 (KHTML, like Gecko) Version/14.1.2 Mobile/15E148 Safari/604.1"
94.25.169.81 - - [08/Apr/2022:01:58:34 +0000] "GET /wa-data/public/site/themes/justgrill/img/phone.svg HTTP/2.0" 200 99750 "https://justgrill.ru/wa-data/public/site/themes/justgrill/css/main.css?v3.3.1.1649383097" "Mozilla/5.0 (iPhone; CPU iPhone OS 14_8_1 like Mac OS X) AppleWebKit/605.1.15 (KHTML, like Gecko) Version/14.1.2 Mobile/15E148 Safari/604.1"
94.25.169.81 - - [08/Apr/2022:01:58:34 +0000] "GET /wa-data/public/site/themes/justgrill/img/email.svg HTTP/2.0" 200 354 "https://justgrill.ru/wa-data/public/site/themes/justgrill/css/main.css?v3.3.1.1649383097" "Mozilla/5.0 (iPhone; CPU iPhone OS 14_8_1 like Mac OS X) AppleWebKit/605.1.15 (KHTML, like Gecko) Version/14.1.2 Mobile/15E148 Safari/604.1"
94.25.169.81 - - [08/Apr/2022:01:58:34 +0000] "GET /wa-data/public/site/themes/justgrill/img/adress.svg HTTP/2.0" 200 80968 "https://justgrill.ru/wa-data/public/site/themes/justgrill/css/main.css?v3.3.1.1649383097" "Mozilla/5.0 (iPhone; CPU iPhone OS 14_8_1 like Mac OS X) AppleWebKit/605.1.15 (KHTML, like Gecko) Version/14.1.2 Mobile/15E148 Safari/604.1"
94.25.169.81 - - [08/Apr/2022:01:58:34 +0000] "GET /wa-data/public/site/themes/justgrill/fonts/Robotoblack.woff2 HTTP/2.0" 200 28452 "https://justgrill.ru/wa-data/public/site/themes/justgrill/css/fonts.css?v3.3.1.1649383097" "Mozilla/5.0 (iPhone; CPU iPhone OS 14_8_1 like Mac OS X) AppleWebKit/605.1.15 (KHTML, like Gecko) Version/14.1.2 Mobile/15E148 Safari/604.1"
94.25.169.81 - - [08/Apr/2022:01:58:34 +0000] "GET /wa-data/public/site/themes/justgrill/fonts/Robotomedium.woff2 HTTP/2.0" 200 28312 "https://justgrill.ru/wa-data/public/site/themes/justgrill/css/fonts.css?v3.3.1.1649383097" "Mozilla/5.0 (iPhone; CPU iPhone OS 14_8_1 like Mac OS X) AppleWebKit/605.1.15 (KHTML, like Gecko) Version/14.1.2 Mobile/15E148 Safari/604.1"
94.25.169.81 - - [08/Apr/2022:01:58:34 +0000] "GET /wa-content/font/ruble/arial/alsrubl-arial-regular.woff HTTP/2.0" 200 1788 "https://justgrill.ru/wa-content/font/ruble/arial/fontface.css" "Mozilla/5.0 (iPhone; CPU iPhone OS 14_8_1 like Mac OS X) AppleWebKit/605.1.15 (KHTML, like Gecko) Version/14.1.2 Mobile/15E148 Safari/604.1"
94.25.169.81 - - [08/Apr/2022:01:58:34 +0000] "GET /wa-apps/shop/plugins/searchpro/fonts/Roboto/Roboto-Regular.woff2 HTTP/2.0" 200 66004 "https://justgrill.ru/wa-apps/shop/plugins/searchpro/css/frontend.fonts.css?v1.9.0.1649383097" "Mozilla/5.0 (iPhone; CPU iPhone OS 14_8_1 like Mac OS X) AppleWebKit/605.1.15 (KHTML, like Gecko) Version/14.1.2 Mobile/15E148 Safari/604.1"
94.25.169.81 - - [08/Apr/2022:01:58:34 +0000] "GET /regions/getPopupContent/ HTTP/2.0" 200 1023 "https://justgrill.ru/" "Mozilla/5.0 (iPhone; CPU iPhone OS 14_8_1 like Mac OS X) AppleWebKit/605.1.15 (KHTML, like Gecko) Version/14.1.2 Mobile/15E148 Safari/604.1"
94.25.169.81 - - [08/Apr/2022:01:58:36 +0000] "GET /regions/getPopupContent/ HTTP/2.0" 200 1023 "https://justgrill.ru/" "Mozilla/5.0 (iPhone; CPU iPhone OS 14_8_1 like Mac OS X) AppleWebKit/605.1.15 (KHTML, like Gecko) Version/14.1.2 Mobile/15E148 Safari/604.1"
37.204.185.7 - - [08/Apr/2022:01:58:36 +0000] "GET /aksessuary/shampury-i-vertely/vertel-gril/nasadka-na-vertel-korzinka-iz-nerzhaveyushchey-stali/ HTTP/2.0" 200 35467 "https://justgrill.ru/search/%D0%B2%D0%B5%D1%80%D1%82%D0%B5%D0%BB/" "Mozilla/5.0 (Windows NT 10.0; Win64; x64) AppleWebKit/537.36 (KHTML, like Gecko) Chrome/98.0.4758.109 Safari/537.36 OPR/84.0.4316.52 (Edition Yx GX)"
37.204.185.7 - - [08/Apr/2022:01:58:36 +0000] "GET /wa-data/public/site/themes/justgrill/img/arrow-f.svg HTTP/2.0" 200 223 "https://justgrill.ru/aksessuary/shampury-i-vertely/vertel-gril/nasadka-na-vertel-korzinka-iz-nerzhaveyushchey-stali/" "Mozilla/5.0 (Windows NT 10.0; Win64; x64) AppleWebKit/537.36 (KHTML, like Gecko) Chrome/98.0.4758.109 Safari/537.36 OPR/84.0.4316.52 (Edition Yx GX)"
37.204.185.7 - - [08/Apr/2022:01:58:36 +0000] "GET /wa-data/public/site/themes/justgrill/img/spec.svg HTTP/2.0" 200 1307 "https://justgrill.ru/aksessuary/shampury-i-vertely/vertel-gril/nasadka-na-vertel-korzinka-iz-nerzhaveyushchey-stali/" "Mozilla/5.0 (Windows NT 10.0; Win64; x64) AppleWebKit/537.36 (KHTML, like Gecko) Chrome/98.0.4758.109 Safari/537.36 OPR/84.0.4316.52 (Edition Yx GX)"
37.204.185.7 - - [08/Apr/2022:01:58:36 +0000] "GET /wa-data/public/site/themes/justgrill/img/stock.svg HTTP/2.0" 200 3342 "https://justgrill.ru/aksessuary/shampury-i-vertely/vertel-gril/nasadka-na-vertel-korzinka-iz-nerzhaveyushchey-stali/" "Mozilla/5.0 (Windows NT 10.0; Win64; x64) AppleWebKit/537.36 (KHTML, like Gecko) Chrome/98.0.4758.109 Safari/537.36 OPR/84.0.4316.52 (Edition Yx GX)"
37.204.185.7 - - [08/Apr/2022:01:58:36 +0000] "GET /searchpro-plugin/config/?v1.9.0.1649383116?1417069084 HTTP/2.0" 200 557 "https://justgrill.ru/aksessuary/shampury-i-vertely/vertel-gril/nasadka-na-vertel-korzinka-iz-nerzhaveyushchey-stali/" "Mozilla/5.0 (Windows NT 10.0; Win64; x64) AppleWebKit/537.36 (KHTML, like Gecko) Chrome/98.0.4758.109 Safari/537.36 OPR/84.0.4316.52 (Edition Yx GX)"
37.204.185.7 - - [08/Apr/2022:01:58:36 +0000] "GET /searchpro-plugin/config/?v1.9.0.1649383116?889200029 HTTP/2.0" 200 557 "https://justgrill.ru/aksessuary/shampury-i-vertely/vertel-gril/nasadka-na-vertel-korzinka-iz-nerzhaveyushchey-stali/" "Mozilla/5.0 (Windows NT 10.0; Win64; x64) AppleWebKit/537.36 (KHTML, like Gecko) Chrome/98.0.4758.109 Safari/537.36 OPR/84.0.4316.52 (Edition Yx GX)"
37.204.185.7 - - [08/Apr/2022:01:58:36 +0000] "GET /wa-content/js/signup/signup.js?v=8.21.0.1649383115 HTTP/2.0" 200 6675 "https://justgrill.ru/aksessuary/shampury-i-vertely/vertel-gril/nasadka-na-vertel-korzinka-iz-nerzhaveyushchey-stali/" "Mozilla/5.0 (Windows NT 10.0; Win64; x64) AppleWebKit/537.36 (KHTML, like Gecko) Chrome/98.0.4758.109 Safari/537.36 OPR/84.0.4316.52 (Edition Yx GX)"
37.204.185.7 - - [08/Apr/2022:01:58:36 +0000] "GET /wa-content/css/signup/signup.css?v=8.21.0.1649383115 HTTP/2.0" 200 1909 "https://justgrill.ru/aksessuary/shampury-i-vertely/vertel-gril/nasadka-na-vertel-korzinka-iz-nerzhaveyushchey-stali/" "Mozilla/5.0 (Windows NT 10.0; Win64; x64) AppleWebKit/537.36 (KHTML, like Gecko) Chrome/98.0.4758.109 Safari/537.36 OPR/84.0.4316.52 (Edition Yx GX)"
37.204.185.7 - - [08/Apr/2022:01:58:36 +0000] "GET /wa-content/js/login/login-frontend-form.min.js?v=8.21.0.1649383115 HTTP/2.0" 200 5488 "https://justgrill.ru/aksessuary/shampury-i-vertely/vertel-gril/nasadka-na-vertel-korzinka-iz-nerzhaveyushchey-stali/" "Mozilla/5.0 (Windows NT 10.0; Win64; x64) AppleWebKit/537.36 (KHTML, like Gecko) Chrome/98.0.4758.109 Safari/537.36 OPR/84.0.4316.52 (Edition Yx GX)"
37.204.185.7 - - [08/Apr/2022:01:58:36 +0000] "GET /wa-content/css/login/frontend/login.css?v=8.21.0.1649383115 HTTP/2.0" 200 1762 "https://justgrill.ru/aksessuary/shampury-i-vertely/vertel-gril/nasadka-na-vertel-korzinka-iz-nerzhaveyushchey-stali/" "Mozilla/5.0 (Windows NT 10.0; Win64; x64) AppleWebKit/537.36 (KHTML, like Gecko) Chrome/98.0.4758.109 Safari/537.36 OPR/84.0.4316.52 (Edition Yx GX)"
37.204.185.7 - - [08/Apr/2022:01:58:36 +0000] "GET /wa-content/js/login/forgotpassword-frontend-form.min.js?v=8.21.0.1649383115 HTTP/2.0" 200 4709 "https://justgrill.ru/aksessuary/shampury-i-vertely/vertel-gril/nasadka-na-vertel-korzinka-iz-nerzhaveyushchey-stali/" "Mozilla/5.0 (Windows NT 10.0; Win64; x64) AppleWebKit/537.36 (KHTML, like Gecko) Chrome/98.0.4758.109 Safari/537.36 OPR/84.0.4316.52 (Edition Yx GX)"
37.204.185.7 - - [08/Apr/2022:01:58:36 +0000] "GET /wa-content/css/login/frontend/forgot-password.css?v=8.21.0.1649383115 HTTP/2.0" 200 1560 "https://justgrill.ru/aksessuary/shampury-i-vertely/vertel-gril/nasadka-na-vertel-korzinka-iz-nerzhaveyushchey-stali/" "Mozilla/5.0 (Windows NT 10.0; Win64; x64) AppleWebKit/537.36 (KHTML, like Gecko) Chrome/98.0.4758.109 Safari/537.36 OPR/84.0.4316.52 (Edition Yx GX)"
37.204.185.7 - - [08/Apr/2022:01:58:37 +0000] "GET /regions/getPopupContent/ HTTP/2.0" 200 1023 "https://justgrill.ru/aksessuary/shampury-i-vertely/vertel-gril/nasadka-na-vertel-korzinka-iz-nerzhaveyushchey-stali/" "Mozilla/5.0 (Windows NT 10.0; Win64; x64) AppleWebKit/537.36 (KHTML, like Gecko) Chrome/98.0.4758.109 Safari/537.36 OPR/84.0.4316.52 (Edition Yx GX)"
37.204.185.7 - - [08/Apr/2022:01:58:37 +0000] "GET /regions/getPopupContent/ HTTP/2.0" 200 1023 "https://justgrill.ru/aksessuary/shampury-i-vertely/vertel-gril/nasadka-na-vertel-korzinka-iz-nerzhaveyushchey-stali/" "Mozilla/5.0 (Windows NT 10.0; Win64; x64) AppleWebKit/537.36 (KHTML, like Gecko) Chrome/98.0.4758.109 Safari/537.36 OPR/84.0.4316.52 (Edition Yx GX)"
207.46.13.144 - - [08/Apr/2022:01:58:43 +0000] "GET /sitemap.xml HTTP/2.0" 200 302 "-" "Mozilla/5.0 (compatible; bingbot/2.0; +http://www.bing.com/bingbot.htm)"
37.204.185.7 - - [08/Apr/2022:01:58:53 +0000] "GET /search/%D0%B2%D0%B5%D1%80%D1%82%D0%B5%D0%BB/ HTTP/2.0" 200 43360 "https://justgrill.ru/kontakty/" "Mozilla/5.0 (Windows NT 10.0; Win64; x64) AppleWebKit/537.36 (KHTML, like Gecko) Chrome/98.0.4758.109 Safari/537.36 OPR/84.0.4316.52 (Edition Yx GX)"
37.204.185.7 - - [08/Apr/2022:01:58:53 +0000] "GET /wa-content/js/jquery-ui/jquery.ui.core.min.js?v2.4.1 HTTP/2.0" 200 2032 "https://justgrill.ru/search/%D0%B2%D0%B5%D1%80%D1%82%D0%B5%D0%BB/" "Mozilla/5.0 (Windows NT 10.0; Win64; x64) AppleWebKit/537.36 (KHTML, like Gecko) Chrome/98.0.4758.109 Safari/537.36 OPR/84.0.4316.52 (Edition Yx GX)"
37.204.185.7 - - [08/Apr/2022:01:58:53 +0000] "GET /wa-content/js/jquery-ui/jquery.ui.widget.min.js?v2.4.1 HTTP/2.0" 200 1301 "https://justgrill.ru/search/%D0%B2%D0%B5%D1%80%D1%82%D0%B5%D0%BB/" "Mozilla/5.0 (Windows NT 10.0; Win64; x64) AppleWebKit/537.36 (KHTML, like Gecko) Chrome/98.0.4758.109 Safari/537.36 OPR/84.0.4316.52 (Edition Yx GX)"
37.204.185.7 - - [08/Apr/2022:01:58:53 +0000] "GET /wa-content/js/jquery-ui/jquery.ui.mouse.min.js?v2.4.1 HTTP/2.0" 200 932 "https://justgrill.ru/search/%D0%B2%D0%B5%D1%80%D1%82%D0%B5%D0%BB/" "Mozilla/5.0 (Windows NT 10.0; Win64; x64) AppleWebKit/537.36 (KHTML, like Gecko) Chrome/98.0.4758.109 Safari/537.36 OPR/84.0.4316.52 (Edition Yx GX)"
37.204.185.7 - - [08/Apr/2022:01:58:53 +0000] "GET /wa-content/js/jquery-ui/jquery.ui.slider.min.js?v2.4.1 HTTP/2.0" 200 2846 "https://justgrill.ru/search/%D0%B2%D0%B5%D1%80%D1%82%D0%B5%D0%BB/" "Mozilla/5.0 (Windows NT 10.0; Win64; x64) AppleWebKit/537.36 (KHTML, like Gecko) Chrome/98.0.4758.109 Safari/537.36 OPR/84.0.4316.52 (Edition Yx GX)"
37.204.185.7 - - [08/Apr/2022:01:58:53 +0000] "GET /searchpro-plugin/config/?v1.9.0.1649383133?901127177 HTTP/2.0" 200 557 "https://justgrill.ru/search/%D0%B2%D0%B5%D1%80%D1%82%D0%B5%D0%BB/" "Mozilla/5.0 (Windows NT 10.0; Win64; x64) AppleWebKit/537.36 (KHTML, like Gecko) Chrome/98.0.4758.109 Safari/537.36 OPR/84.0.4316.52 (Edition Yx GX)"
37.204.185.7 - - [08/Apr/2022:01:58:53 +0000] "GET /searchpro-plugin/config/?v1.9.0.1649383133?1078031151 HTTP/2.0" 200 557 "https://justgrill.ru/search/%D0%B2%D0%B5%D1%80%D1%82%D0%B5%D0%BB/" "Mozilla/5.0 (Windows NT 10.0; Win64; x64) AppleWebKit/537.36 (KHTML, like Gecko) Chrome/98.0.4758.109 Safari/537.36 OPR/84.0.4316.52 (Edition Yx GX)"
37.204.185.7 - - [08/Apr/2022:01:58:54 +0000] "GET /wa-content/js/signup/signup.js?v=8.21.0.1649383133 HTTP/2.0" 200 6675 "https://justgrill.ru/search/%D0%B2%D0%B5%D1%80%D1%82%D0%B5%D0%BB/" "Mozilla/5.0 (Windows NT 10.0; Win64; x64) AppleWebKit/537.36 (KHTML, like Gecko) Chrome/98.0.4758.109 Safari/537.36 OPR/84.0.4316.52 (Edition Yx GX)"
37.204.185.7 - - [08/Apr/2022:01:58:54 +0000] "GET /wa-content/css/signup/signup.css?v=8.21.0.1649383133 HTTP/2.0" 200 1909 "https://justgrill.ru/search/%D0%B2%D0%B5%D1%80%D1%82%D0%B5%D0%BB/" "Mozilla/5.0 (Windows NT 10.0; Win64; x64) AppleWebKit/537.36 (KHTML, like Gecko) Chrome/98.0.4758.109 Safari/537.36 OPR/84.0.4316.52 (Edition Yx GX)"
37.204.185.7 - - [08/Apr/2022:01:58:54 +0000] "GET /wa-content/js/login/login-frontend-form.min.js?v=8.21.0.1649383133 HTTP/2.0" 200 5488 "https://justgrill.ru/search/%D0%B2%D0%B5%D1%80%D1%82%D0%B5%D0%BB/" "Mozilla/5.0 (Windows NT 10.0; Win64; x64) AppleWebKit/537.36 (KHTML, like Gecko) Chrome/98.0.4758.109 Safari/537.36 OPR/84.0.4316.52 (Edition Yx GX)"
37.204.185.7 - - [08/Apr/2022:01:58:54 +0000] "GET /wa-content/css/login/frontend/login.css?v=8.21.0.1649383133 HTTP/2.0" 200 1762 "https://justgrill.ru/search/%D0%B2%D0%B5%D1%80%D1%82%D0%B5%D0%BB/" "Mozilla/5.0 (Windows NT 10.0; Win64; x64) AppleWebKit/537.36 (KHTML, like Gecko) Chrome/98.0.4758.109 Safari/537.36 OPR/84.0.4316.52 (Edition Yx GX)"
37.204.185.7 - - [08/Apr/2022:01:58:54 +0000] "GET /wa-content/js/login/forgotpassword-frontend-form.min.js?v=8.21.0.1649383133 HTTP/2.0" 200 4709 "https://justgrill.ru/search/%D0%B2%D0%B5%D1%80%D1%82%D0%B5%D0%BB/" "Mozilla/5.0 (Windows NT 10.0; Win64; x64) AppleWebKit/537.36 (KHTML, like Gecko) Chrome/98.0.4758.109 Safari/537.36 OPR/84.0.4316.52 (Edition Yx GX)"
37.204.185.7 - - [08/Apr/2022:01:58:54 +0000] "GET /wa-content/css/login/frontend/forgot-password.css?v=8.21.0.1649383133 HTTP/2.0" 200 1560 "https://justgrill.ru/search/%D0%B2%D0%B5%D1%80%D1%82%D0%B5%D0%BB/" "Mozilla/5.0 (Windows NT 10.0; Win64; x64) AppleWebKit/537.36 (KHTML, like Gecko) Chrome/98.0.4758.109 Safari/537.36 OPR/84.0.4316.52 (Edition Yx GX)"
185.191.171.35 - - [08/Apr/2022:01:58:58 +0000] "GET /o-magazine/ HTTP/1.1" 200 33875 "-" "Mozilla/5.0 (compatible; SemrushBot/7~bl; +http://www.semrush.com/bot.html)"
66.249.92.31 - - [08/Apr/2022:01:59:00 +0000] "GET /wa-content/font/ruble/arial/fontface.css HTTP/1.1" 200 383 "https://volgograd.justgrill.ru/?utm_source=google&utm_medium=cpc&utm_campaign=g_poisk_vlggrd_v&utm_term=%2B%D0%B3%D1%80%D0%B8%D0%BB%D1%8C%20%2B%D0%B1%D0%B0%D1%80%D0%B1%D0%B5%D0%BA%D1%8E&utm_content=network%7Cg%7Cposition%7Cnone%7Cad_id%7C294076436106%7Cmatch_type%7Cb%7Cplacement%7C%7Ckeyword%7C%2B%D0%B3%D1%80%D0%B8%D0%BB%D1%8C%20%2B%D0%B1%D0%B0%D1%80%D0%B1%D0%B5%D0%BA%D1%8E%7Cdevice_type%7Cm%7Cdevice%7C%7Cplacement_category%7C" "Mozilla/5.0 (iPhone; CPU iPhone OS 14_7_1 like Mac OS X) AppleWebKit/605.1.15 (KHTML, like Gecko) Version/14.1.2 Mobile/15E148 Safari/604.1 (compatible; AdsBot-Google-Mobile; +http://www.google.com/mobile/adsbot.html)"
66.249.92.29 - - [08/Apr/2022:01:59:01 +0000] "GET /wa-content/js/jquery-plugins/jquery.cookie.js?v2.4.1 HTTP/1.1" 200 1355 "https://volgograd.justgrill.ru/?utm_source=google&utm_medium=cpc&utm_campaign=g_poisk_vlggrd_v&utm_term=%2B%D0%B3%D1%80%D0%B8%D0%BB%D1%8C%20%2B%D0%B1%D0%B0%D1%80%D0%B1%D0%B5%D0%BA%D1%8E&utm_content=network%7Cg%7Cposition%7Cnone%7Cad_id%7C294076436106%7Cmatch_type%7Cb%7Cplacement%7C%7Ckeyword%7C%2B%D0%B3%D1%80%D0%B8%D0%BB%D1%8C%20%2B%D0%B1%D0%B0%D1%80%D0%B1%D0%B5%D0%BA%D1%8E%7Cdevice_type%7Cm%7Cdevice%7C%7Cplacement_category%7C" "Mozilla/5.0 (iPhone; CPU iPhone OS 14_7_1 like Mac OS X) AppleWebKit/605.1.15 (KHTML, like Gecko) Version/14.1.2 Mobile/15E148 Safari/604.1 (compatible; AdsBot-Google-Mobile; +http://www.google.com/mobile/adsbot.html)"
66.249.92.31 - - [08/Apr/2022:01:59:02 +0000] "GET /searchpro-plugin/config/?v1.9.0.1648910659?925153429 HTTP/1.1" 200 577 "https://volgograd.justgrill.ru/?utm_source=google&utm_medium=cpc&utm_campaign=g_poisk_vlggrd_v&utm_term=%2B%D0%B3%D1%80%D0%B8%D0%BB%D1%8C%20%2B%D0%B1%D0%B0%D1%80%D0%B1%D0%B5%D0%BA%D1%8E&utm_content=network%7Cg%7Cposition%7Cnone%7Cad_id%7C294076436106%7Cmatch_type%7Cb%7Cplacement%7C%7Ckeyword%7C%2B%D0%B3%D1%80%D0%B8%D0%BB%D1%8C%20%2B%D0%B1%D0%B0%D1%80%D0%B1%D0%B5%D0%BA%D1%8E%7Cdevice_type%7Cm%7Cdevice%7C%7Cplacement_category%7C" "Mozilla/5.0 (iPhone; CPU iPhone OS 14_7_1 like Mac OS X) AppleWebKit/605.1.15 (KHTML, like Gecko) Version/14.1.2 Mobile/15E148 Safari/604.1 (compatible; AdsBot-Google-Mobile; +http://www.google.com/mobile/adsbot.html)"
66.249.92.29 - - [08/Apr/2022:01:59:06 +0000] "GET /wa-content/js/signup/signup.js?v=8.21.0.1648910659 HTTP/1.1" 200 6688 "https://volgograd.justgrill.ru/?utm_source=google&utm_medium=cpc&utm_campaign=g_poisk_vlggrd_v&utm_term=%2B%D0%B3%D1%80%D0%B8%D0%BB%D1%8C%20%2B%D0%B1%D0%B0%D1%80%D0%B1%D0%B5%D0%BA%D1%8E&utm_content=network%7Cg%7Cposition%7Cnone%7Cad_id%7C294076436106%7Cmatch_type%7Cb%7Cplacement%7C%7Ckeyword%7C%2B%D0%B3%D1%80%D0%B8%D0%BB%D1%8C%20%2B%D0%B1%D0%B0%D1%80%D0%B1%D0%B5%D0%BA%D1%8E%7Cdevice_type%7Cm%7Cdevice%7C%7Cplacement_category%7C" "Mozilla/5.0 (iPhone; CPU iPhone OS 14_7_1 like Mac OS X) AppleWebKit/605.1.15 (KHTML, like Gecko) Version/14.1.2 Mobile/15E148 Safari/604.1 (compatible; AdsBot-Google-Mobile; +http://www.google.com/mobile/adsbot.html)"
66.249.92.29 - - [08/Apr/2022:01:59:07 +0000] "GET /wa-content/css/login/frontend/login.css?v=8.21.0.1648910659 HTTP/1.1" 200 1774 "https://volgograd.justgrill.ru/?utm_source=google&utm_medium=cpc&utm_campaign=g_poisk_vlggrd_v&utm_term=%2B%D0%B3%D1%80%D0%B8%D0%BB%D1%8C%20%2B%D0%B1%D0%B0%D1%80%D0%B1%D0%B5%D0%BA%D1%8E&utm_content=network%7Cg%7Cposition%7Cnone%7Cad_id%7C294076436106%7Cmatch_type%7Cb%7Cplacement%7C%7Ckeyword%7C%2B%D0%B3%D1%80%D0%B8%D0%BB%D1%8C%20%2B%D0%B1%D0%B0%D1%80%D0%B1%D0%B5%D0%BA%D1%8E%7Cdevice_type%7Cm%7Cdevice%7C%7Cplacement_category%7C" "Mozilla/5.0 (iPhone; CPU iPhone OS 14_7_1 like Mac OS X) AppleWebKit/605.1.15 (KHTML, like Gecko) Version/14.1.2 Mobile/15E148 Safari/604.1 (compatible; AdsBot-Google-Mobile; +http://www.google.com/mobile/adsbot.html)"
66.249.92.29 - - [08/Apr/2022:01:59:07 +0000] "GET /wa-content/js/login/forgotpassword-frontend-form.min.js?v=8.21.0.1648910659 HTTP/1.1" 200 4722 "https://volgograd.justgrill.ru/?utm_source=google&utm_medium=cpc&utm_campaign=g_poisk_vlggrd_v&utm_term=%2B%D0%B3%D1%80%D0%B8%D0%BB%D1%8C%20%2B%D0%B1%D0%B0%D1%80%D0%B1%D0%B5%D0%BA%D1%8E&utm_content=network%7Cg%7Cposition%7Cnone%7Cad_id%7C294076436106%7Cmatch_type%7Cb%7Cplacement%7C%7Ckeyword%7C%2B%D0%B3%D1%80%D0%B8%D0%BB%D1%8C%20%2B%D0%B1%D0%B0%D1%80%D0%B1%D0%B5%D0%BA%D1%8E%7Cdevice_type%7Cm%7Cdevice%7C%7Cplacement_category%7C" "Mozilla/5.0 (iPhone; CPU iPhone OS 14_7_1 like Mac OS X) AppleWebKit/605.1.15 (KHTML, like Gecko) Version/14.1.2 Mobile/15E148 Safari/604.1 (compatible; AdsBot-Google-Mobile; +http://www.google.com/mobile/adsbot.html)"
66.249.92.30 - - [08/Apr/2022:01:59:10 +0000] "GET /searchpro-plugin/config/?v1.9.0.1648921643?1787936679 HTTP/1.1" 200 573 "https://krd.justgrill.ru/grili/gazovye/?utm_source=google&utm_medium=cpc&utm_campaign=g_kms_krd_v&utm_term=kw%20entity%2001d%201l&utm_content=network%7Cd%7Cposition%7Cnone%7Cad_id%7C210197662946%7Cmatch_type%7C%7Cplacement%7C%7Ckeyword%7Ckw%20entity%2001d%201l%7Cdevice_type%7Cm%7Cdevice%7C%7Cplacement_category%7C" "Mozilla/5.0 (iPhone; CPU iPhone OS 14_7_1 like Mac OS X) AppleWebKit/605.1.15 (KHTML, like Gecko) Version/14.1.2 Mobile/15E148 Safari/604.1 (compatible; AdsBot-Google-Mobile; +http://www.google.com/mobile/adsbot.html)"
66.249.66.28 - - [08/Apr/2022:01:59:18 +0000] "GET /aksessuary/starter-dlya-rozzhiga-uglya/7447-starter-dlya-rozzhiga-portativnyy/ HTTP/1.1" 301 5 "-" "Mozilla/5.0 (compatible; Googlebot/2.1; +http://www.google.com/bot.html)"
66.249.66.28 - - [08/Apr/2022:01:59:19 +0000] "GET /aksessuary/ugli-i-rozzhigi/starter-rozzhig/starter-dlya-rozzhiga-uglya-weber-portativnyy/ HTTP/1.1" 200 35640 "-" "Mozilla/5.0 (compatible; Googlebot/2.1; +http://www.google.com/bot.html)"
77.88.5.229 - - [08/Apr/2022:01:59:23 +0000] "GET /yandexmarket/66630fba-7cd6-417b-bd98-afbf93571f0f.xml HTTP/1.1" 200 6689 "-" "Mozilla/5.0 (compatible; YandexDirectDyn/1.0; +http://yandex.com/bots)"
94.25.169.81 - - [08/Apr/2022:01:59:24 +0000] "GET /grili/gazovye/broil-king/baron/gazovyy-gril-broil-king-baron-490-new-chernyy/ HTTP/2.0" 200 35697 "https://justgrill.ru/" "Mozilla/5.0 (iPhone; CPU iPhone OS 14_8_1 like Mac OS X) AppleWebKit/605.1.15 (KHTML, like Gecko) Version/14.1.2 Mobile/15E148 Safari/604.1"
94.25.169.81 - - [08/Apr/2022:01:59:28 +0000] "GET /searchpro-plugin/config/?v1.9.0.1649383164?1880670966 HTTP/2.0" 200 558 "https://justgrill.ru/grili/gazovye/broil-king/baron/gazovyy-gril-broil-king-baron-490-new-chernyy/" "Mozilla/5.0 (iPhone; CPU iPhone OS 14_8_1 like Mac OS X) AppleWebKit/605.1.15 (KHTML, like Gecko) Version/14.1.2 Mobile/15E148 Safari/604.1"
94.25.169.81 - - [08/Apr/2022:01:59:28 +0000] "GET /wa-data/public/site/themes/justgrill/img/arrow-f.svg HTTP/2.0" 200 223 "https://justgrill.ru/grili/gazovye/broil-king/baron/gazovyy-gril-broil-king-baron-490-new-chernyy/" "Mozilla/5.0 (iPhone; CPU iPhone OS 14_8_1 like Mac OS X) AppleWebKit/605.1.15 (KHTML, like Gecko) Version/14.1.2 Mobile/15E148 Safari/604.1"
94.25.169.81 - - [08/Apr/2022:01:59:28 +0000] "GET /wa-data/public/site/themes/justgrill/img/spec.svg HTTP/2.0" 200 1307 "https://justgrill.ru/grili/gazovye/broil-king/baron/gazovyy-gril-broil-king-baron-490-new-chernyy/" "Mozilla/5.0 (iPhone; CPU iPhone OS 14_8_1 like Mac OS X) AppleWebKit/605.1.15 (KHTML, like Gecko) Version/14.1.2 Mobile/15E148 Safari/604.1"
94.25.169.81 - - [08/Apr/2022:01:59:28 +0000] "GET /wa-data/public/site/themes/justgrill/img/deli.svg HTTP/2.0" 200 1527 "https://justgrill.ru/grili/gazovye/broil-king/baron/gazovyy-gril-broil-king-baron-490-new-chernyy/" "Mozilla/5.0 (iPhone; CPU iPhone OS 14_8_1 like Mac OS X) AppleWebKit/605.1.15 (KHTML, like Gecko) Version/14.1.2 Mobile/15E148 Safari/604.1"
94.25.169.81 - - [08/Apr/2022:01:59:28 +0000] "GET /wa-data/public/site/themes/justgrill/img/stock.svg HTTP/2.0" 200 3342 "https://justgrill.ru/grili/gazovye/broil-king/baron/gazovyy-gril-broil-king-baron-490-new-chernyy/" "Mozilla/5.0 (iPhone; CPU iPhone OS 14_8_1 like Mac OS X) AppleWebKit/605.1.15 (KHTML, like Gecko) Version/14.1.2 Mobile/15E148 Safari/604.1"
94.25.169.81 - - [08/Apr/2022:01:59:28 +0000] "GET /searchpro-plugin/config/?v1.9.0.1649383164?804176765 HTTP/2.0" 200 558 "https://justgrill.ru/grili/gazovye/broil-king/baron/gazovyy-gril-broil-king-baron-490-new-chernyy/" "Mozilla/5.0 (iPhone; CPU iPhone OS 14_8_1 like Mac OS X) AppleWebKit/605.1.15 (KHTML, like Gecko) Version/14.1.2 Mobile/15E148 Safari/604.1"
94.25.169.81 - - [08/Apr/2022:01:59:29 +0000] "GET /wa-content/css/signup/signup.css?v=8.21.0.1649383164 HTTP/2.0" 200 1909 "https://justgrill.ru/grili/gazovye/broil-king/baron/gazovyy-gril-broil-king-baron-490-new-chernyy/" "Mozilla/5.0 (iPhone; CPU iPhone OS 14_8_1 like Mac OS X) AppleWebKit/605.1.15 (KHTML, like Gecko) Version/14.1.2 Mobile/15E148 Safari/604.1"
94.25.169.81 - - [08/Apr/2022:01:59:29 +0000] "GET /wa-content/css/login/frontend/login.css?v=8.21.0.1649383164 HTTP/2.0" 200 1762 "https://justgrill.ru/grili/gazovye/broil-king/baron/gazovyy-gril-broil-king-baron-490-new-chernyy/" "Mozilla/5.0 (iPhone; CPU iPhone OS 14_8_1 like Mac OS X) AppleWebKit/605.1.15 (KHTML, like Gecko) Version/14.1.2 Mobile/15E148 Safari/604.1"
94.25.169.81 - - [08/Apr/2022:01:59:29 +0000] "GET /wa-content/css/login/frontend/forgot-password.css?v=8.21.0.1649383164 HTTP/2.0" 200 1560 "https://justgrill.ru/grili/gazovye/broil-king/baron/gazovyy-gril-broil-king-baron-490-new-chernyy/" "Mozilla/5.0 (iPhone; CPU iPhone OS 14_8_1 like Mac OS X) AppleWebKit/605.1.15 (KHTML, like Gecko) Version/14.1.2 Mobile/15E148 Safari/604.1"
94.25.169.81 - - [08/Apr/2022:01:59:29 +0000] "GET /wa-content/js/signup/signup.js?v=8.21.0.1649383164 HTTP/2.0" 200 6675 "https://justgrill.ru/grili/gazovye/broil-king/baron/gazovyy-gril-broil-king-baron-490-new-chernyy/" "Mozilla/5.0 (iPhone; CPU iPhone OS 14_8_1 like Mac OS X) AppleWebKit/605.1.15 (KHTML, like Gecko) Version/14.1.2 Mobile/15E148 Safari/604.1"
94.25.169.81 - - [08/Apr/2022:01:59:29 +0000] "GET /wa-content/js/login/login-frontend-form.min.js?v=8.21.0.1649383164 HTTP/2.0" 200 5488 "https://justgrill.ru/grili/gazovye/broil-king/baron/gazovyy-gril-broil-king-baron-490-new-chernyy/" "Mozilla/5.0 (iPhone; CPU iPhone OS 14_8_1 like Mac OS X) AppleWebKit/605.1.15 (KHTML, like Gecko) Version/14.1.2 Mobile/15E148 Safari/604.1"
94.25.169.81 - - [08/Apr/2022:01:59:29 +0000] "GET /wa-content/js/login/forgotpassword-frontend-form.min.js?v=8.21.0.1649383164 HTTP/2.0" 200 4709 "https://justgrill.ru/grili/gazovye/broil-king/baron/gazovyy-gril-broil-king-baron-490-new-chernyy/" "Mozilla/5.0 (iPhone; CPU iPhone OS 14_8_1 like Mac OS X) AppleWebKit/605.1.15 (KHTML, like Gecko) Version/14.1.2 Mobile/15E148 Safari/604.1"
94.25.169.81 - - [08/Apr/2022:01:59:29 +0000] "GET /wa-data/public/site/themes/justgrill/img/arrow.svg HTTP/2.0" 200 46336 "https://justgrill.ru/wa-data/public/site/themes/justgrill/css/main.css?v3.3.1.1649383164" "Mozilla/5.0 (iPhone; CPU iPhone OS 14_8_1 like Mac OS X) AppleWebKit/605.1.15 (KHTML, like Gecko) Version/14.1.2 Mobile/15E148 Safari/604.1"
94.25.169.81 - - [08/Apr/2022:01:59:29 +0000] "GET /wa-content/font/ruble/arial/alsrubl-arial-bold.woff HTTP/2.0" 200 1792 "https://justgrill.ru/wa-content/font/ruble/arial/fontface.css" "Mozilla/5.0 (iPhone; CPU iPhone OS 14_8_1 like Mac OS X) AppleWebKit/605.1.15 (KHTML, like Gecko) Version/14.1.2 Mobile/15E148 Safari/604.1"
94.25.169.81 - - [08/Apr/2022:01:59:30 +0000] "GET /regions/getPopupContent/ HTTP/2.0" 200 1023 "https://justgrill.ru/grili/gazovye/broil-king/baron/gazovyy-gril-broil-king-baron-490-new-chernyy/" "Mozilla/5.0 (iPhone; CPU iPhone OS 14_8_1 like Mac OS X) AppleWebKit/605.1.15 (KHTML, like Gecko) Version/14.1.2 Mobile/15E148 Safari/604.1"
94.25.169.81 - - [08/Apr/2022:01:59:30 +0000] "GET /regions/getPopupContent/ HTTP/2.0" 200 1023 "https://justgrill.ru/grili/gazovye/broil-king/baron/gazovyy-gril-broil-king-baron-490-new-chernyy/" "Mozilla/5.0 (iPhone; CPU iPhone OS 14_8_1 like Mac OS X) AppleWebKit/605.1.15 (KHTML, like Gecko) Version/14.1.2 Mobile/15E148 Safari/604.1"
66.249.66.23 - - [08/Apr/2022:01:59:31 +0000] "GET /wa-data/public/shop/products/98/34/13498/images/12195/12195.750@2x.jpeg HTTP/1.1" 200 2495 "-" "Googlebot-Image/1.0"
77.88.5.229 - - [08/Apr/2022:01:59:50 +0000] "GET / HTTP/1.1" 200 39196 "-" "Mozilla/5.0 (compatible; YandexBot/3.0; +http://yandex.com/bots)"
77.88.5.70 - - [08/Apr/2022:02:00:04 +0000] "GET /sitemap.xml HTTP/1.1" 200 310 "-" "Mozilla/5.0 (compatible; YandexBot/3.0; +http://yandex.com/bots)"
77.88.5.89 - - [08/Apr/2022:02:00:05 +0000] "GET /?yclid=7710547526903176844 HTTP/1.1" 301 162 "-" "Mozilla/5.0 (compatible; YandexMetrika/2.0; +http://yandex.com/bots yabs01)"
207.46.13.185 - - [08/Apr/2022:02:00:06 +0000] "GET / HTTP/2.0" 200 39485 "-" "Mozilla/5.0 (compatible; bingbot/2.0; +http://www.bing.com/bingbot.htm)"
185.191.171.37 - - [08/Apr/2022:02:00:37 +0000] "GET /robots.txt HTTP/1.1" 200 31 "-" "Mozilla/5.0 (compatible; SemrushBot/7~bl; +http://www.semrush.com/bot.html)"
185.191.171.36 - - [08/Apr/2022:02:00:39 +0000] "GET /aksessuary/reshetki/reshetka-47sm/ HTTP/1.1" 301 162 "-" "Mozilla/5.0 (compatible; SemrushBot/7~bl; +http://www.semrush.com/bot.html)"
185.191.171.38 - - [08/Apr/2022:02:00:40 +0000] "GET /aksessuary/reshetki/reshetka-47sm/ HTTP/1.1" 301 5 "-" "Mozilla/5.0 (compatible; SemrushBot/7~bl; +http://www.semrush.com/bot.html)"
178.154.168.231 - - [08/Apr/2022:02:00:42 +0000] "POST /ym_api/1/?action=/cart HTTP/1.1" 200 110 "-" "Apache-HttpClient/4.5.6 (Java/11.0.8-shenandoah)"
185.191.171.3 - - [08/Apr/2022:02:00:43 +0000] "GET /aksessuary/reshetki/reshetka-gril/reshetka-gril-weber-so-stvorkami-47sm/ HTTP/1.1" 200 32265 "-" "Mozilla/5.0 (compatible; SemrushBot/7~bl; +http://www.semrush.com/bot.html)"
66.249.92.54 - - [08/Apr/2022:02:00:51 +0000] "GET /wa-content/js/signup/signup.js?v=8.21.0.1648871800 HTTP/1.1" 200 6688 "https://justgrill.ru/?utm_source=google&utm_medium=cpc&utm_campaign=g_kms_krd_v&utm_term=&utm_content=network%7Cd%7Cposition%7Cnone%7Cad_id%7C248063742921%7Cmatch_type%7C%7Cplacement%7C%7Ckeyword%7C%7Cdevice_type%7Cm%7Cdevice%7C%7Cplacement_category%7C" "Mozilla/5.0 (iPhone; CPU iPhone OS 14_7_1 like Mac OS X) AppleWebKit/605.1.15 (KHTML, like Gecko) Version/14.1.2 Mobile/15E148 Safari/604.1 (compatible; AdsBot-Google-Mobile; +http://www.google.com/mobile/adsbot.html)"
66.249.92.54 - - [08/Apr/2022:02:00:51 +0000] "GET /wa-content/js/login/login-frontend-form.min.js?v=8.21.0.1648871800 HTTP/1.1" 200 5501 "https://justgrill.ru/?utm_source=google&utm_medium=cpc&utm_campaign=g_kms_krd_v&utm_term=&utm_content=network%7Cd%7Cposition%7Cnone%7Cad_id%7C248063742921%7Cmatch_type%7C%7Cplacement%7C%7Ckeyword%7C%7Cdevice_type%7Cm%7Cdevice%7C%7Cplacement_category%7C" "Mozilla/5.0 (iPhone; CPU iPhone OS 14_7_1 like Mac OS X) AppleWebKit/605.1.15 (KHTML, like Gecko) Version/14.1.2 Mobile/15E148 Safari/604.1 (compatible; AdsBot-Google-Mobile; +http://www.google.com/mobile/adsbot.html)"
54.36.149.59 - - [08/Apr/2022:02:00:58 +0000] "GET /brand/Lillie%27s/ HTTP/2.0" 301 0 "-" "Mozilla/5.0 (compatible; AhrefsBot/7.0; +http://ahrefs.com/robot/)"
185.191.171.35 - - [08/Apr/2022:02:01:05 +0000] "GET /aksessuary/gazovoe-oborudovanie/perekhodnik-k-kompozitnomu-ballonu/ HTTP/1.1" 200 36462 "-" "Mozilla/5.0 (compatible; SemrushBot/7~bl; +http://www.semrush.com/bot.html)"
185.191.171.43 - - [08/Apr/2022:02:01:07 +0000] "GET /aksessuary/oborudovanie/mebel-gril/nozhki-dlya-ustanovki-na-stol-grilya-big-green-egg-xl/ HTTP/1.1" 200 33019 "-" "Mozilla/5.0 (compatible; SemrushBot/7~bl; +http://www.semrush.com/bot.html)"
34.96.130.14 - - [08/Apr/2022:02:01:17 +0000] "GET / HTTP/1.1" 301 162 "-" "Expanse, a Palo Alto Networks company, searches across the global IPv4 space multiple times per day to identify customers' presences on the Internet. If you would like to be excluded from our scans, please send IP addresses/domains to: scaninfo@paloaltonetworks.com"
66.249.92.58 - - [08/Apr/2022:02:01:22 +0000] "HEAD /wa-data/public/shop/products/81/35/13581/images/11703/11703.200@2x.png HTTP/1.1" 404 0 "https://justgrill.ru/?utm_source=google&utm_medium=cpc&utm_campaign=g_kms_krd_v&utm_term=&utm_content=network%7Cd%7Cposition%7Cnone%7Cad_id%7C248063742921%7Cmatch_type%7C%7Cplacement%7C%7Ckeyword%7C%7Cdevice_type%7Cm%7Cdevice%7C%7Cplacement_category%7C" "Mozilla/5.0 (iPhone; CPU iPhone OS 14_7_1 like Mac OS X) AppleWebKit/605.1.15 (KHTML, like Gecko) Version/14.1.2 Mobile/15E148 Safari/604.1 (compatible; AdsBot-Google-Mobile; +http://www.google.com/mobile/adsbot.html)"
77.88.5.229 - - [08/Apr/2022:02:01:28 +0000] "GET /robots.txt HTTP/1.1" 200 2083 "-" "Mozilla/5.0 (compatible; YandexBot/3.0; +http://yandex.com/bots)"
185.191.171.4 - - [08/Apr/2022:02:01:29 +0000] "GET /spetsii-dlya-grilya/pripravy/priprava-tikka-tandori-100g-banka/ HTTP/1.1" 301 5 "-" "Mozilla/5.0 (compatible; SemrushBot/7~bl; +http://www.semrush.com/bot.html)"
185.191.171.14 - - [08/Apr/2022:02:01:30 +0000] "GET /spetsii-dlya-grilya/pripravy/priprava-tikka-tandori-100g-banka/ HTTP/1.1" 301 162 "-" "Mozilla/5.0 (compatible; SemrushBot/7~bl; +http://www.semrush.com/bot.html)"
77.88.5.229 - - [08/Apr/2022:02:01:32 +0000] "GET /sitemap.xml HTTP/1.1" 200 311 "-" "Mozilla/5.0 (compatible; YandexBot/3.0; +http://yandex.com/bots)"
185.191.171.20 - - [08/Apr/2022:02:01:32 +0000] "GET /spetsii-dlya-grilya/pripravy/priprava-tikka-tandori-100g-banka/ HTTP/1.1" 200 31911 "-" "Mozilla/5.0 (compatible; SemrushBot/7~bl; +http://www.semrush.com/bot.html)"
66.249.66.55 - - [08/Apr/2022:02:01:43 +0000] "GET /blog/gril-luchshe-mangala-pochemu/ HTTP/1.1" 500 23032 "-" "Mozilla/5.0 (Linux; Android 6.0.1; Nexus 5X Build/MMB29P) AppleWebKit/537.36 (KHTML, like Gecko) Chrome/100.0.4896.75 Mobile Safari/537.36 (compatible; Googlebot/2.1; +http://www.google.com/bot.html)"
77.88.5.229 - - [08/Apr/2022:02:01:56 +0000] "GET /robots.txt HTTP/1.1" 200 624 "-" "Mozilla/5.0 (compatible; YandexBot/3.0; +http://yandex.com/bots)"
77.88.5.229 - - [08/Apr/2022:02:02:00 +0000] "GET /sitemap.xml HTTP/1.1" 200 322 "-" "Mozilla/5.0 (compatible; YandexBot/3.0; +http://yandex.com/bots)"
66.249.66.59 - - [08/Apr/2022:02:02:01 +0000] "GET /grili/gazovye/napoleon/prestige/prestige-pro-665/ HTTP/1.1" 301 5 "-" "Mozilla/5.0 (compatible; Googlebot/2.1; +http://www.google.com/bot.html)"
66.249.66.57 - - [08/Apr/2022:02:02:03 +0000] "GET /grili/gazovye/napoleon/prestige-pro/gazovyy-gril-napoleon-prestige-pro-665/ HTTP/1.1" 200 37517 "-" "Mozilla/5.0 (compatible; Googlebot/2.1; +http://www.google.com/bot.html)"
