109.248.109.214 - - [08/Apr/2022:04:30:02 +0000] "GET /photos/photo/nn/ HTTP/1.1" 200 28144 "-" "Mozilla/5.0 (X11; Linux x86_64) AppleWebKit/537.36 (KHTML, like Gecko) Chrome/83.0.2549.68 Safari/537.36"
46.8.12.84 - - [08/Apr/2022:04:30:03 +0000] "GET /aksessuary/instrumenty/nozhi/povarskoy-nozh-napoleon-pro-derevyannaya-ruchka-20-sm/ HTTP/1.1" 200 32024 "-" "Mozilla/5.0 (X11; Linux x86_64) AppleWebKit/537.36 (KHTML, like Gecko) Chrome/85.0.4183.83 Safari/537.36"
5.188.113.194 - admin [08/Apr/2022:04:30:05 +0000] "GET /cml1c/adfc9ee9-8d33-4958-a478-3f8659809409/?type=catalog&mode=checkauth HTTP/1.1" 200 57 "-" "1C+Enterprise/8.3"
5.188.113.194 - admin [08/Apr/2022:04:30:05 +0000] "GET /cml1c/adfc9ee9-8d33-4958-a478-3f8659809409/?type=catalog&mode=checkauth HTTP/1.1" 200 57 "-" "1C+Enterprise/8.3"
5.188.113.194 - admin [08/Apr/2022:04:30:05 +0000] "GET /cml1c/adfc9ee9-8d33-4958-a478-3f8659809409/?type=catalog&mode=checkauth HTTP/1.1" 200 57 "-" "1C+Enterprise/8.3"
5.188.113.194 - admin [08/Apr/2022:04:30:05 +0000] "GET /cml1c/adfc9ee9-8d33-4958-a478-3f8659809409/?type=catalog&mode=checkauth HTTP/1.1" 200 57 "-" "1C+Enterprise/8.3"
5.188.113.194 - admin [08/Apr/2022:04:30:05 +0000] "GET /cml1c/adfc9ee9-8d33-4958-a478-3f8659809409/?type=catalog&mode=checkauth HTTP/1.1" 200 57 "-" "1C+Enterprise/8.3"
5.188.113.194 - admin [08/Apr/2022:04:30:11 +0000] "GET /cml1c/adfc9ee9-8d33-4958-a478-3f8659809409/?type=catalog&mode=checkauth HTTP/1.1" 200 57 "-" "1C+Enterprise/8.3"
5.188.113.194 - admin [08/Apr/2022:04:30:11 +0000] "GET /cml1c/adfc9ee9-8d33-4958-a478-3f8659809409/?type=catalog&mode=init&sessid= HTTP/1.1" 200 39 "-" "1C+Enterprise/8.3"
5.188.113.194 - admin [08/Apr/2022:04:30:12 +0000] "POST /cml1c/adfc9ee9-8d33-4958-a478-3f8659809409/?type=catalog&mode=file&filename=v8_pSozVS_1c.zip&sessid= HTTP/1.1" 200 50 "-" "1C+Enterprise/8.3"
5.188.113.194 - admin [08/Apr/2022:04:30:12 +0000] "GET /cml1c/adfc9ee9-8d33-4958-a478-3f8659809409/?type=catalog&mode=import&filename=offers0_1.xml&sessid= HTTP/1.1" 200 53 "-" "1C+Enterprise/8.3"
5.188.113.194 - admin [08/Apr/2022:04:30:20 +0000] "GET /cml1c/adfc9ee9-8d33-4958-a478-3f8659809409/?type=catalog&mode=import&filename=offers0_1.xml&sessid= HTTP/1.1" 200 91 "-" "1C+Enterprise/8.3"
5.188.113.194 - admin [08/Apr/2022:04:30:21 +0000] "GET /cml1c/adfc9ee9-8d33-4958-a478-3f8659809409/?type=catalog&mode=checkauth HTTP/1.1" 200 57 "-" "1C+Enterprise/8.3"
5.188.113.194 - admin [08/Apr/2022:04:30:21 +0000] "GET /cml1c/adfc9ee9-8d33-4958-a478-3f8659809409/?type=catalog&mode=init&sessid= HTTP/1.1" 200 39 "-" "1C+Enterprise/8.3"
5.188.113.194 - admin [08/Apr/2022:04:30:21 +0000] "POST /cml1c/adfc9ee9-8d33-4958-a478-3f8659809409/?type=catalog&mode=file&filename=v8_pSozVS_1d.zip&sessid= HTTP/1.1" 200 50 "-" "1C+Enterprise/8.3"
5.188.113.194 - admin [08/Apr/2022:04:30:22 +0000] "GET /cml1c/adfc9ee9-8d33-4958-a478-3f8659809409/?type=catalog&mode=import&filename=offers0_1.xml&sessid= HTTP/1.1" 200 55 "-" "1C+Enterprise/8.3"
157.55.39.198 - - [08/Apr/2022:04:30:23 +0000] "GET /mangaly/tandyry/tandyr-amfora-skif-31-sm HTTP/2.0" 301 0 "-" "Mozilla/5.0 (compatible; bingbot/2.0; +http://www.bing.com/bingbot.htm)"
66.249.92.28 - - [08/Apr/2022:04:30:24 +0000] "GET /wa-content/css/login/frontend/forgot-password.css?v=8.21.0.1649392181 HTTP/1.1" 200 1572 "https://krd.justgrill.ru/grili/keramicheskie/?utm_source=google&utm_medium=cpc&utm_term=&utm_content=&utm_campaign=grili_krasnodar_kms&network=&placement=&adposition=none&keyword=" "AdsBot-Google (+http://www.google.com/adsbot.html)"
66.249.92.28 - - [08/Apr/2022:04:30:24 +0000] "GET /wa-content/js/login/forgotpassword-frontend-form.min.js?v=8.21.0.1649392181 HTTP/1.1" 200 4722 "https://krd.justgrill.ru/grili/keramicheskie/?utm_source=google&utm_medium=cpc&utm_term=&utm_content=&utm_campaign=grili_krasnodar_kms&network=&placement=&adposition=none&keyword=" "AdsBot-Google (+http://www.google.com/adsbot.html)"
66.249.92.28 - - [08/Apr/2022:04:30:25 +0000] "GET /wa-content/js/login/login-frontend-form.min.js?v=8.21.0.1649392181 HTTP/1.1" 200 5501 "https://krd.justgrill.ru/grili/keramicheskie/?utm_source=google&utm_medium=cpc&utm_term=&utm_content=&utm_campaign=grili_krasnodar_kms&network=&placement=&adposition=none&keyword=" "AdsBot-Google (+http://www.google.com/adsbot.html)"
66.249.92.28 - - [08/Apr/2022:04:30:25 +0000] "GET /wa-content/js/signup/signup.js?v=8.21.0.1649392181 HTTP/1.1" 200 6688 "https://krd.justgrill.ru/grili/keramicheskie/?utm_source=google&utm_medium=cpc&utm_term=&utm_content=&utm_campaign=grili_krasnodar_kms&network=&placement=&adposition=none&keyword=" "AdsBot-Google (+http://www.google.com/adsbot.html)"
66.249.92.28 - - [08/Apr/2022:04:30:26 +0000] "GET /wa-content/css/login/frontend/login.css?v=8.21.0.1649392181 HTTP/1.1" 200 1774 "https://krd.justgrill.ru/grili/keramicheskie/?utm_source=google&utm_medium=cpc&utm_term=&utm_content=&utm_campaign=grili_krasnodar_kms&network=&placement=&adposition=none&keyword=" "AdsBot-Google (+http://www.google.com/adsbot.html)"
66.249.92.28 - - [08/Apr/2022:04:30:27 +0000] "GET /ecommerce_prepare_data/products_list/?state_json=%7B%22sku_ids%22%3A%5B%229061%22%2C%229063%22%2C%228992%22%2C%229054%22%2C%229058%22%2C%224880%22%2C%2211157%22%2C%2210441%22%2C%224879%22%2C%228949%22%2C%2210632%22%2C%2210634%22%2C%228548%22%2C%2210631%22%2C%2210633%22%2C%229650%22%2C%224878%22%2C%229649%22%2C%224877%22%2C%2210636%22%2C%2210638%22%2C%2210635%22%2C%2210637%22%2C%229458%22%2C%229648%22%2C%2210621%22%2C%224876%22%2C%2211055%22%2C%224875%22%5D%2C%22list_name%22%3A%22%D0%93%D1%80%D0%B8%D0%BB%D0%B8%2F%D0%9A%D0%B5%D1%80%D0%B0%D0%BC%D0%B8%D1%87%D0%B5%D1%81%D0%BA%D0%B8%D0%B5+%D0%B3%D1%80%D0%B8%D0%BB%D0%B8%22%7D HTTP/1.1" 200 1102 "https://krd.justgrill.ru/grili/keramicheskie/?utm_source=google&utm_medium=cpc&utm_term=&utm_content=&utm_campaign=grili_krasnodar_kms&network=&placement=&adposition=none&keyword=" "AdsBot-Google (+http://www.google.com/adsbot.html)"
66.249.92.28 - - [08/Apr/2022:04:30:27 +0000] "GET /wa-content/css/signup/signup.css?v=8.21.0.1649392181 HTTP/1.1" 200 1921 "https://krd.justgrill.ru/grili/keramicheskie/?utm_source=google&utm_medium=cpc&utm_term=&utm_content=&utm_campaign=grili_krasnodar_kms&network=&placement=&adposition=none&keyword=" "AdsBot-Google (+http://www.google.com/adsbot.html)"
5.188.113.194 - admin [08/Apr/2022:04:30:30 +0000] "GET /cml1c/adfc9ee9-8d33-4958-a478-3f8659809409/?type=catalog&mode=import&filename=offers0_1.xml&sessid= HTTP/1.1" 200 91 "-" "1C+Enterprise/8.3"
157.55.39.198 - - [08/Apr/2022:04:30:33 +0000] "GET /mangaly/tandyry/tandyr-amfora-skif-31-sm/ HTTP/2.0" 200 32905 "-" "Mozilla/5.0 (compatible; bingbot/2.0; +http://www.bing.com/bingbot.htm)"
77.88.5.229 - - [08/Apr/2022:04:31:05 +0000] "GET /robots.txt HTTP/1.1" 200 5 "-" "Mozilla/5.0 (compatible; YandexBot/3.0; +http://yandex.com/bots)"
77.88.5.229 - - [08/Apr/2022:04:31:09 +0000] "GET /grili/ HTTP/1.1" 301 162 "-" "Mozilla/5.0 (compatible; YandexBot/3.0; +http://yandex.com/bots) AppleWebKit/537.36 (KHTML, like Gecko) Chrome/81.0.4044.268"
77.88.5.229 - - [08/Apr/2022:04:31:10 +0000] "GET /grili/ HTTP/1.1" 200 37225 "-" "Mozilla/5.0 (compatible; YandexBot/3.0; +http://yandex.com/bots) AppleWebKit/537.36 (KHTML, like Gecko) Chrome/81.0.4044.268"
185.191.171.5 - - [08/Apr/2022:04:31:14 +0000] "GET /blog/ovoshchi-v-gorshochkakh-na-grile/ HTTP/1.1" 200 29724 "-" "Mozilla/5.0 (compatible; SemrushBot/7~bl; +http://www.semrush.com/bot.html)"
207.46.13.144 - - [08/Apr/2022:04:31:30 +0000] "GET / HTTP/2.0" 200 39648 "-" "Mozilla/5.0 (compatible; bingbot/2.0; +http://www.bing.com/bingbot.htm)"
185.191.171.22 - - [08/Apr/2022:04:31:31 +0000] "GET /mangaly/tandyry/tandyr-khanskaya-okhota-glazur/ HTTP/1.1" 301 5 "-" "Mozilla/5.0 (compatible; SemrushBot/7~bl; +http://www.semrush.com/bot.html)"
185.191.171.16 - - [08/Apr/2022:04:31:32 +0000] "GET /mangaly/tandyry/tandyr-khanskaya-okhota-glazur/ HTTP/1.1" 301 162 "-" "Mozilla/5.0 (compatible; SemrushBot/7~bl; +http://www.semrush.com/bot.html)"
185.191.171.45 - - [08/Apr/2022:04:31:34 +0000] "GET /mangaly/tandyry/tandyr-khanskaya-okhota-glazur/ HTTP/1.1" 200 33015 "-" "Mozilla/5.0 (compatible; SemrushBot/7~bl; +http://www.semrush.com/bot.html)"
188.130.216.83 - - [08/Apr/2022:04:31:40 +0000] "GET /aksessuary/shampury-i-vertely/vertel-gril/vertel-dlya-grilya-napoleon-825/ HTTP/1.1" 200 32355 "-" "Mozilla/5.0 (X11; Linux x86_64) AppleWebKit/537.36 (KHTML, like Gecko) Chrome/80.0.3987.149 Safari/537.36"
89.178.48.58 - - [08/Apr/2022:04:31:43 +0000] "GET /aksessuary/posuda/skovoroda-gril/skovoroda-broil-king-dlya-prigotovleniya-fakhita-chugunnaya/ HTTP/1.1" 200 33308 "-" "WhatsApp/2.22.7.74 A"
89.178.48.58 - - [08/Apr/2022:04:31:44 +0000] "GET /aksessuary/posuda/skovoroda-gril/skovoroda-broil-king-dlya-prigotovleniya-fakhita-chugunnaya/ HTTP/1.1" 200 33313 "-" "WhatsApp/2.22.7.74 A"
78.85.20.187 - - [08/Apr/2022:04:31:50 +0000] "POST /cart/add/?html=1 HTTP/2.0" 200 158 "https://justgrill.ru/mangaly/mangal/grillver/iskander/pech-mangal-grillver-iskander-inklayn-eyr/" "Mozilla/5.0 (Windows NT 5.1) AppleWebKit/537.36 (KHTML, like Gecko) Chrome/47.5.2526.111 Amigo/47.5.2526.111 MRCHROME SOC Safari/537.36"
78.85.20.187 - - [08/Apr/2022:04:31:51 +0000] "GET /ecommerce_prepare_data/add_to_cart/?cart_item_id=34501&quantity=1 HTTP/2.0" 200 398 "https://justgrill.ru/mangaly/mangal/grillver/iskander/pech-mangal-grillver-iskander-inklayn-eyr/" "Mozilla/5.0 (Windows NT 5.1) AppleWebKit/537.36 (KHTML, like Gecko) Chrome/47.5.2526.111 Amigo/47.5.2526.111 MRCHROME SOC Safari/537.36"
69.63.189.117 - - [08/Apr/2022:04:31:59 +0000] "GET /shop/ragasco-lpg-182-l/ HTTP/1.1" 301 162 "-" "facebookexternalhit/1.1 (+http://www.facebook.com/externalhit_uatext.php)"
69.63.189.117 - - [08/Apr/2022:04:32:00 +0000] "GET /shop/ragasco-lpg-182-l/ HTTP/1.1" 301 5 "-" "facebookexternalhit/1.1 (+http://www.facebook.com/externalhit_uatext.php)"
69.63.189.117 - - [08/Apr/2022:04:32:00 +0000] "GET /product/ragasco-lpg-182-l/ HTTP/1.1" 301 5 "-" "facebookexternalhit/1.1 (+http://www.facebook.com/externalhit_uatext.php)"
69.63.189.117 - - [08/Apr/2022:04:32:01 +0000] "GET /aksessuary/gazovoe-oborudovanie/ballony-gril/gazovye-ballony-gril-ragasco-lpg-18-2-l/ HTTP/1.1" 200 34902 "-" "facebookexternalhit/1.1 (+http://www.facebook.com/externalhit_uatext.php)"
46.8.12.219 - - [08/Apr/2022:04:32:05 +0000] "GET /aksessuary/chistka-i-ukhod/shchetka-gril/shchetka-dlya-grilya-weber-s-bambukov-ruchkoy-46-sm/ HTTP/1.1" 200 34642 "-" "Mozilla/5.0 (X11; Linux x86_64) AppleWebKit/537.36 (KHTML, like Gecko) Chrome/83.0.2549.68 Safari/537.36"
77.88.5.209 - - [08/Apr/2022:04:32:18 +0000] "GET / HTTP/1.1" 301 162 "-" "Mozilla/5.0 (compatible; YandexMetrika/2.0; +http://yandex.com/bots yabs01)"
78.85.20.187 - - [08/Apr/2022:04:32:20 +0000] "GET /cart/ HTTP/2.0" 302 0 "https://justgrill.ru/mangaly/mangal/grillver/iskander/pech-mangal-grillver-iskander-inklayn-eyr/" "Mozilla/5.0 (Windows NT 5.1) AppleWebKit/537.36 (KHTML, like Gecko) Chrome/47.5.2526.111 Amigo/47.5.2526.111 MRCHROME SOC Safari/537.36"
78.85.20.187 - - [08/Apr/2022:04:32:20 +0000] "GET /onestep/ HTTP/2.0" 200 32999 "https://justgrill.ru/mangaly/mangal/grillver/iskander/pech-mangal-grillver-iskander-inklayn-eyr/" "Mozilla/5.0 (Windows NT 5.1) AppleWebKit/537.36 (KHTML, like Gecko) Chrome/47.5.2526.111 Amigo/47.5.2526.111 MRCHROME SOC Safari/537.36"
89.178.48.58 - - [08/Apr/2022:04:32:21 +0000] "GET /shop/captcha.php?rid=1649392143624fba0fbfd7d HTTP/2.0" 200 13524 "https://krd.justgrill.ru/aksessuary/posuda/?page=3" "Mozilla/5.0 (Linux; Android 12; SM-G970F) AppleWebKit/537.36 (KHTML, like Gecko) Chrome/100.0.4896.79 Mobile Safari/537.36"
78.85.20.187 - - [08/Apr/2022:04:32:21 +0000] "GET /searchpro-plugin/config/?v1.9.0.1649392340?71147793 HTTP/2.0" 200 557 "https://justgrill.ru/onestep/" "Mozilla/5.0 (Windows NT 5.1) AppleWebKit/537.36 (KHTML, like Gecko) Chrome/47.5.2526.111 Amigo/47.5.2526.111 MRCHROME SOC Safari/537.36"
78.85.20.187 - - [08/Apr/2022:04:32:22 +0000] "GET /searchpro-plugin/config/?v1.9.0.1649392340?475818956 HTTP/2.0" 200 558 "https://justgrill.ru/onestep/" "Mozilla/5.0 (Windows NT 5.1) AppleWebKit/537.36 (KHTML, like Gecko) Chrome/47.5.2526.111 Amigo/47.5.2526.111 MRCHROME SOC Safari/537.36"
78.85.20.187 - - [08/Apr/2022:04:32:23 +0000] "GET /wa-data/public/site/themes/justgrill/img/minus.svg HTTP/2.0" 200 130 "https://justgrill.ru/wa-data/public/site/themes/justgrill/css/main.css?v3.3.1.1649392340" "Mozilla/5.0 (Windows NT 5.1) AppleWebKit/537.36 (KHTML, like Gecko) Chrome/47.5.2526.111 Amigo/47.5.2526.111 MRCHROME SOC Safari/537.36"
78.85.20.187 - - [08/Apr/2022:04:32:23 +0000] "GET /wa-data/public/site/themes/justgrill/img/plus.svg HTTP/2.0" 200 145 "https://justgrill.ru/wa-data/public/site/themes/justgrill/css/main.css?v3.3.1.1649392340" "Mozilla/5.0 (Windows NT 5.1) AppleWebKit/537.36 (KHTML, like Gecko) Chrome/47.5.2526.111 Amigo/47.5.2526.111 MRCHROME SOC Safari/537.36"
78.85.20.187 - - [08/Apr/2022:04:32:24 +0000] "GET /wa-content/js/signup/signup.js?v=8.21.0.1649392340 HTTP/2.0" 200 6675 "https://justgrill.ru/onestep/" "Mozilla/5.0 (Windows NT 5.1) AppleWebKit/537.36 (KHTML, like Gecko) Chrome/47.5.2526.111 Amigo/47.5.2526.111 MRCHROME SOC Safari/537.36"
78.85.20.187 - - [08/Apr/2022:04:32:24 +0000] "POST /onestep/ HTTP/2.0" 200 7134 "https://justgrill.ru/onestep/" "Mozilla/5.0 (Windows NT 5.1) AppleWebKit/537.36 (KHTML, like Gecko) Chrome/47.5.2526.111 Amigo/47.5.2526.111 MRCHROME SOC Safari/537.36"
78.85.20.187 - - [08/Apr/2022:04:32:24 +0000] "GET /wa-content/css/signup/signup.css?v=8.21.0.1649392340 HTTP/2.0" 200 1909 "https://justgrill.ru/onestep/" "Mozilla/5.0 (Windows NT 5.1) AppleWebKit/537.36 (KHTML, like Gecko) Chrome/47.5.2526.111 Amigo/47.5.2526.111 MRCHROME SOC Safari/537.36"
78.85.20.187 - - [08/Apr/2022:04:32:24 +0000] "GET /wa-content/js/login/login-frontend-form.min.js?v=8.21.0.1649392340 HTTP/2.0" 200 5488 "https://justgrill.ru/onestep/" "Mozilla/5.0 (Windows NT 5.1) AppleWebKit/537.36 (KHTML, like Gecko) Chrome/47.5.2526.111 Amigo/47.5.2526.111 MRCHROME SOC Safari/537.36"
78.85.20.187 - - [08/Apr/2022:04:32:24 +0000] "GET /wa-content/css/login/frontend/login.css?v=8.21.0.1649392340 HTTP/2.0" 200 1762 "https://justgrill.ru/onestep/" "Mozilla/5.0 (Windows NT 5.1) AppleWebKit/537.36 (KHTML, like Gecko) Chrome/47.5.2526.111 Amigo/47.5.2526.111 MRCHROME SOC Safari/537.36"
78.85.20.187 - - [08/Apr/2022:04:32:24 +0000] "GET /wa-content/js/login/forgotpassword-frontend-form.min.js?v=8.21.0.1649392340 HTTP/2.0" 200 4709 "https://justgrill.ru/onestep/" "Mozilla/5.0 (Windows NT 5.1) AppleWebKit/537.36 (KHTML, like Gecko) Chrome/47.5.2526.111 Amigo/47.5.2526.111 MRCHROME SOC Safari/537.36"
78.85.20.187 - - [08/Apr/2022:04:32:24 +0000] "GET /wa-content/css/login/frontend/forgot-password.css?v=8.21.0.1649392340 HTTP/2.0" 200 1560 "https://justgrill.ru/onestep/" "Mozilla/5.0 (Windows NT 5.1) AppleWebKit/537.36 (KHTML, like Gecko) Chrome/47.5.2526.111 Amigo/47.5.2526.111 MRCHROME SOC Safari/537.36"
77.88.5.229 - - [08/Apr/2022:04:32:24 +0000] "GET /yandexmarket/79488532-ad46-441a-9ded-fbc9d71dc2e7.xml HTTP/1.1" 200 4682 "-" "Mozilla/5.0 (compatible; YandexDirectDyn/1.0; +http://yandex.com/bots)"
78.85.20.187 - - [08/Apr/2022:04:32:24 +0000] "GET /wa-content/css/jquery-ui/jquery-ui-1.7.2.custom.css HTTP/2.0" 200 5004 "https://justgrill.ru/onestep/" "Mozilla/5.0 (Windows NT 5.1) AppleWebKit/537.36 (KHTML, like Gecko) Chrome/47.5.2526.111 Amigo/47.5.2526.111 MRCHROME SOC Safari/537.36"
78.85.20.187 - - [08/Apr/2022:04:32:24 +0000] "GET /wa-content/js/jquery-ui/jquery-ui-1.7.2.custom.min.js?_=1649392352302 HTTP/2.0" 200 46953 "https://justgrill.ru/onestep/" "Mozilla/5.0 (Windows NT 5.1) AppleWebKit/537.36 (KHTML, like Gecko) Chrome/47.5.2526.111 Amigo/47.5.2526.111 MRCHROME SOC Safari/537.36"
78.85.20.187 - - [08/Apr/2022:04:32:25 +0000] "POST /gift-cart-list/ HTTP/2.0" 200 20 "https://justgrill.ru/onestep/" "Mozilla/5.0 (Windows NT 5.1) AppleWebKit/537.36 (KHTML, like Gecko) Chrome/47.5.2526.111 Amigo/47.5.2526.111 MRCHROME SOC Safari/537.36"
78.85.20.187 - - [08/Apr/2022:04:32:25 +0000] "POST /gift-cart-list/ HTTP/2.0" 200 20 "https://justgrill.ru/onestep/" "Mozilla/5.0 (Windows NT 5.1) AppleWebKit/537.36 (KHTML, like Gecko) Chrome/47.5.2526.111 Amigo/47.5.2526.111 MRCHROME SOC Safari/537.36"
78.85.20.187 - - [08/Apr/2022:04:32:25 +0000] "POST /gift-cart-list/ HTTP/2.0" 200 20 "https://justgrill.ru/onestep/" "Mozilla/5.0 (Windows NT 5.1) AppleWebKit/537.36 (KHTML, like Gecko) Chrome/47.5.2526.111 Amigo/47.5.2526.111 MRCHROME SOC Safari/537.36"
78.85.20.187 - - [08/Apr/2022:04:32:26 +0000] "POST /gift-cart-list/ HTTP/2.0" 200 20 "https://justgrill.ru/onestep/" "Mozilla/5.0 (Windows NT 5.1) AppleWebKit/537.36 (KHTML, like Gecko) Chrome/47.5.2526.111 Amigo/47.5.2526.111 MRCHROME SOC Safari/537.36"
78.85.20.187 - - [08/Apr/2022:04:32:26 +0000] "GET /regions/getPopupContent/ HTTP/2.0" 200 1023 "https://justgrill.ru/onestep/" "Mozilla/5.0 (Windows NT 5.1) AppleWebKit/537.36 (KHTML, like Gecko) Chrome/47.5.2526.111 Amigo/47.5.2526.111 MRCHROME SOC Safari/537.36"
78.85.20.187 - - [08/Apr/2022:04:32:26 +0000] "GET /regions/getPopupContent/ HTTP/2.0" 200 1023 "https://justgrill.ru/onestep/" "Mozilla/5.0 (Windows NT 5.1) AppleWebKit/537.36 (KHTML, like Gecko) Chrome/47.5.2526.111 Amigo/47.5.2526.111 MRCHROME SOC Safari/537.36"
54.36.148.119 - - [08/Apr/2022:04:32:31 +0000] "GET /spetsii-dlya-grilya/smesi/smyes-soli-v-myelnitsye/ HTTP/2.0" 200 32870 "-" "Mozilla/5.0 (compatible; AhrefsBot/7.0; +http://ahrefs.com/robot/)"
157.55.39.198 - - [08/Apr/2022:04:32:33 +0000] "GET /brand/weber/ HTTP/2.0" 200 35470 "-" "Mozilla/5.0 (compatible; bingbot/2.0; +http://www.bing.com/bingbot.htm)"
89.178.48.58 - - [08/Apr/2022:04:32:43 +0000] "GET /aksessuary/posuda/?price_min=&price_max=&vid_tovara%5B%5D=2708 HTTP/2.0" 200 34616 "https://krd.justgrill.ru/aksessuary/posuda/?page=3" "Mozilla/5.0 (Linux; Android 12; SM-G970F) AppleWebKit/537.36 (KHTML, like Gecko) Chrome/100.0.4896.79 Mobile Safari/537.36"
89.178.48.58 - - [08/Apr/2022:04:32:44 +0000] "GET /searchpro-plugin/config/?v1.9.0.1649392363?81921237 HTTP/2.0" 200 560 "https://krd.justgrill.ru/aksessuary/posuda/?price_min=&price_max=&vid_tovara%5B%5D=2708" "Mozilla/5.0 (Linux; Android 12; SM-G970F) AppleWebKit/537.36 (KHTML, like Gecko) Chrome/100.0.4896.79 Mobile Safari/537.36"
89.178.48.58 - - [08/Apr/2022:04:32:44 +0000] "GET /shop/captcha.php?rid=1649392363624fbaebe784e HTTP/2.0" 200 13018 "https://krd.justgrill.ru/aksessuary/posuda/?price_min=&price_max=&vid_tovara%5B%5D=2708" "Mozilla/5.0 (Linux; Android 12; SM-G970F) AppleWebKit/537.36 (KHTML, like Gecko) Chrome/100.0.4896.79 Mobile Safari/537.36"
89.178.48.58 - - [08/Apr/2022:04:32:44 +0000] "GET /searchpro-plugin/config/?v1.9.0.1649392363?360472052 HTTP/2.0" 200 560 "https://krd.justgrill.ru/aksessuary/posuda/?price_min=&price_max=&vid_tovara%5B%5D=2708" "Mozilla/5.0 (Linux; Android 12; SM-G970F) AppleWebKit/537.36 (KHTML, like Gecko) Chrome/100.0.4896.79 Mobile Safari/537.36"
78.85.20.187 - - [08/Apr/2022:04:32:45 +0000] "GET /mangaly/mangal/grillver/iskander/pech-gril-grillver-iskander-komfort-eyr-chugun-reshyotka/ HTTP/2.0" 200 34201 "https://justgrill.ru/onestep/" "Mozilla/5.0 (Windows NT 5.1) AppleWebKit/537.36 (KHTML, like Gecko) Chrome/47.5.2526.111 Amigo/47.5.2526.111 MRCHROME SOC Safari/537.36"
89.178.48.58 - - [08/Apr/2022:04:32:45 +0000] "GET /wa-content/js/signup/signup.js?v=8.21.0.1649392363 HTTP/2.0" 200 6675 "https://krd.justgrill.ru/aksessuary/posuda/?price_min=&price_max=&vid_tovara%5B%5D=2708" "Mozilla/5.0 (Linux; Android 12; SM-G970F) AppleWebKit/537.36 (KHTML, like Gecko) Chrome/100.0.4896.79 Mobile Safari/537.36"
89.178.48.58 - - [08/Apr/2022:04:32:45 +0000] "GET /wa-content/css/signup/signup.css?v=8.21.0.1649392363 HTTP/2.0" 200 1909 "https://krd.justgrill.ru/aksessuary/posuda/?price_min=&price_max=&vid_tovara%5B%5D=2708" "Mozilla/5.0 (Linux; Android 12; SM-G970F) AppleWebKit/537.36 (KHTML, like Gecko) Chrome/100.0.4896.79 Mobile Safari/537.36"
89.178.48.58 - - [08/Apr/2022:04:32:45 +0000] "GET /wa-content/js/login/login-frontend-form.min.js?v=8.21.0.1649392363 HTTP/2.0" 200 5488 "https://krd.justgrill.ru/aksessuary/posuda/?price_min=&price_max=&vid_tovara%5B%5D=2708" "Mozilla/5.0 (Linux; Android 12; SM-G970F) AppleWebKit/537.36 (KHTML, like Gecko) Chrome/100.0.4896.79 Mobile Safari/537.36"
89.178.48.58 - - [08/Apr/2022:04:32:45 +0000] "GET /wa-content/css/login/frontend/login.css?v=8.21.0.1649392363 HTTP/2.0" 200 1762 "https://krd.justgrill.ru/aksessuary/posuda/?price_min=&price_max=&vid_tovara%5B%5D=2708" "Mozilla/5.0 (Linux; Android 12; SM-G970F) AppleWebKit/537.36 (KHTML, like Gecko) Chrome/100.0.4896.79 Mobile Safari/537.36"
89.178.48.58 - - [08/Apr/2022:04:32:45 +0000] "GET /wa-content/js/login/forgotpassword-frontend-form.min.js?v=8.21.0.1649392363 HTTP/2.0" 200 4709 "https://krd.justgrill.ru/aksessuary/posuda/?price_min=&price_max=&vid_tovara%5B%5D=2708" "Mozilla/5.0 (Linux; Android 12; SM-G970F) AppleWebKit/537.36 (KHTML, like Gecko) Chrome/100.0.4896.79 Mobile Safari/537.36"
89.178.48.58 - - [08/Apr/2022:04:32:45 +0000] "GET /wa-content/css/login/frontend/forgot-password.css?v=8.21.0.1649392363 HTTP/2.0" 200 1560 "https://krd.justgrill.ru/aksessuary/posuda/?price_min=&price_max=&vid_tovara%5B%5D=2708" "Mozilla/5.0 (Linux; Android 12; SM-G970F) AppleWebKit/537.36 (KHTML, like Gecko) Chrome/100.0.4896.79 Mobile Safari/537.36"
89.178.48.58 - - [08/Apr/2022:04:32:46 +0000] "GET /ecommerce_prepare_data/products_list/?state_json=%7B%22sku_ids%22%3A%5B%2210974%22%2C%229909%22%2C%229252%22%2C%229700%22%2C%2210769%22%2C%2210802%22%2C%2210849%22%2C%2211073%22%2C%225683%22%2C%2211745%22%2C%2211748%22%2C%2211749%22%2C%2211751%22%2C%2211766%22%2C%2212319%22%2C%2211925%22%2C%2211973%22%2C%2211341%22%2C%2212400%22%5D%2C%22list_name%22%3A%22%D0%90%D0%BA%D1%81%D0%B5%D1%81%D1%81%D1%83%D0%B0%D1%80%D1%8B%2F%D0%9F%D0%BE%D1%81%D1%83%D0%B4%D0%B0+%D0%B4%D0%BB%D1%8F+%D0%B3%D1%80%D0%B8%D0%BB%D1%8F%22%7D HTTP/2.0" 200 1189 "https://krd.justgrill.ru/aksessuary/posuda/?price_min=&price_max=&vid_tovara%5B%5D=2708" "Mozilla/5.0 (Linux; Android 12; SM-G970F) AppleWebKit/537.36 (KHTML, like Gecko) Chrome/100.0.4896.79 Mobile Safari/537.36"
78.85.20.187 - - [08/Apr/2022:04:32:46 +0000] "GET /searchpro-plugin/config/?v1.9.0.1649392365?1636980316 HTTP/2.0" 200 557 "https://justgrill.ru/mangaly/mangal/grillver/iskander/pech-gril-grillver-iskander-komfort-eyr-chugun-reshyotka/" "Mozilla/5.0 (Windows NT 5.1) AppleWebKit/537.36 (KHTML, like Gecko) Chrome/47.5.2526.111 Amigo/47.5.2526.111 MRCHROME SOC Safari/537.36"
89.178.48.58 - - [08/Apr/2022:04:32:46 +0000] "GET /regions/getPopupContent/ HTTP/2.0" 200 1028 "https://krd.justgrill.ru/aksessuary/posuda/?price_min=&price_max=&vid_tovara%5B%5D=2708" "Mozilla/5.0 (Linux; Android 12; SM-G970F) AppleWebKit/537.36 (KHTML, like Gecko) Chrome/100.0.4896.79 Mobile Safari/537.36"
78.85.20.187 - - [08/Apr/2022:04:32:46 +0000] "GET /searchpro-plugin/config/?v1.9.0.1649392365?2070501470 HTTP/2.0" 200 557 "https://justgrill.ru/mangaly/mangal/grillver/iskander/pech-gril-grillver-iskander-komfort-eyr-chugun-reshyotka/" "Mozilla/5.0 (Windows NT 5.1) AppleWebKit/537.36 (KHTML, like Gecko) Chrome/47.5.2526.111 Amigo/47.5.2526.111 MRCHROME SOC Safari/537.36"
89.178.48.58 - - [08/Apr/2022:04:32:46 +0000] "GET /regions/getPopupContent/ HTTP/2.0" 200 1028 "https://krd.justgrill.ru/aksessuary/posuda/?price_min=&price_max=&vid_tovara%5B%5D=2708" "Mozilla/5.0 (Linux; Android 12; SM-G970F) AppleWebKit/537.36 (KHTML, like Gecko) Chrome/100.0.4896.79 Mobile Safari/537.36"
78.85.20.187 - - [08/Apr/2022:04:32:48 +0000] "GET /wa-content/js/signup/signup.js?v=8.21.0.1649392365 HTTP/2.0" 200 6675 "https://justgrill.ru/mangaly/mangal/grillver/iskander/pech-gril-grillver-iskander-komfort-eyr-chugun-reshyotka/" "Mozilla/5.0 (Windows NT 5.1) AppleWebKit/537.36 (KHTML, like Gecko) Chrome/47.5.2526.111 Amigo/47.5.2526.111 MRCHROME SOC Safari/537.36"
78.85.20.187 - - [08/Apr/2022:04:32:48 +0000] "GET /wa-content/css/signup/signup.css?v=8.21.0.1649392365 HTTP/2.0" 200 1909 "https://justgrill.ru/mangaly/mangal/grillver/iskander/pech-gril-grillver-iskander-komfort-eyr-chugun-reshyotka/" "Mozilla/5.0 (Windows NT 5.1) AppleWebKit/537.36 (KHTML, like Gecko) Chrome/47.5.2526.111 Amigo/47.5.2526.111 MRCHROME SOC Safari/537.36"
78.85.20.187 - - [08/Apr/2022:04:32:48 +0000] "GET /wa-content/js/login/login-frontend-form.min.js?v=8.21.0.1649392365 HTTP/2.0" 200 5488 "https://justgrill.ru/mangaly/mangal/grillver/iskander/pech-gril-grillver-iskander-komfort-eyr-chugun-reshyotka/" "Mozilla/5.0 (Windows NT 5.1) AppleWebKit/537.36 (KHTML, like Gecko) Chrome/47.5.2526.111 Amigo/47.5.2526.111 MRCHROME SOC Safari/537.36"
78.85.20.187 - - [08/Apr/2022:04:32:48 +0000] "GET /wa-content/css/login/frontend/login.css?v=8.21.0.1649392365 HTTP/2.0" 200 1762 "https://justgrill.ru/mangaly/mangal/grillver/iskander/pech-gril-grillver-iskander-komfort-eyr-chugun-reshyotka/" "Mozilla/5.0 (Windows NT 5.1) AppleWebKit/537.36 (KHTML, like Gecko) Chrome/47.5.2526.111 Amigo/47.5.2526.111 MRCHROME SOC Safari/537.36"
78.85.20.187 - - [08/Apr/2022:04:32:49 +0000] "GET /wa-content/css/login/frontend/forgot-password.css?v=8.21.0.1649392365 HTTP/2.0" 200 1560 "https://justgrill.ru/mangaly/mangal/grillver/iskander/pech-gril-grillver-iskander-komfort-eyr-chugun-reshyotka/" "Mozilla/5.0 (Windows NT 5.1) AppleWebKit/537.36 (KHTML, like Gecko) Chrome/47.5.2526.111 Amigo/47.5.2526.111 MRCHROME SOC Safari/537.36"
78.85.20.187 - - [08/Apr/2022:04:32:49 +0000] "GET /wa-content/js/login/forgotpassword-frontend-form.min.js?v=8.21.0.1649392365 HTTP/2.0" 200 4709 "https://justgrill.ru/mangaly/mangal/grillver/iskander/pech-gril-grillver-iskander-komfort-eyr-chugun-reshyotka/" "Mozilla/5.0 (Windows NT 5.1) AppleWebKit/537.36 (KHTML, like Gecko) Chrome/47.5.2526.111 Amigo/47.5.2526.111 MRCHROME SOC Safari/537.36"
78.85.20.187 - - [08/Apr/2022:04:32:49 +0000] "GET /regions/getPopupContent/ HTTP/2.0" 200 1023 "https://justgrill.ru/mangaly/mangal/grillver/iskander/pech-gril-grillver-iskander-komfort-eyr-chugun-reshyotka/" "Mozilla/5.0 (Windows NT 5.1) AppleWebKit/537.36 (KHTML, like Gecko) Chrome/47.5.2526.111 Amigo/47.5.2526.111 MRCHROME SOC Safari/537.36"
78.85.20.187 - - [08/Apr/2022:04:32:49 +0000] "GET /regions/getPopupContent/ HTTP/2.0" 200 1023 "https://justgrill.ru/mangaly/mangal/grillver/iskander/pech-gril-grillver-iskander-komfort-eyr-chugun-reshyotka/" "Mozilla/5.0 (Windows NT 5.1) AppleWebKit/537.36 (KHTML, like Gecko) Chrome/47.5.2526.111 Amigo/47.5.2526.111 MRCHROME SOC Safari/537.36"
77.88.5.229 - - [08/Apr/2022:04:32:51 +0000] "GET /wa-content/js/jquery-plugins/jquery.cookie.js HTTP/1.1" 200 1355 "https://justgrill.ru/grili/" "Mozilla/5.0 (compatible; YandexBot/3.0; +http://yandex.com/bots) AppleWebKit/537.36 (KHTML, like Gecko) Chrome/81.0.4044.268"
185.191.171.33 - - [08/Apr/2022:04:33:08 +0000] "GET /grili-i-oborudovanie-dlya-griley/grili/ugolnye/19202100-koptilnya-oklahoma-joes-drum-bronco-pro/ HTTP/1.1" 301 5 "-" "Mozilla/5.0 (compatible; SemrushBot/7~bl; +http://www.semrush.com/bot.html)"
185.191.171.8 - - [08/Apr/2022:04:33:10 +0000] "GET /mangaly/koptilni/koptilnya-char-broil-oklahoma-joes-drum-bronco-pro/ HTTP/1.1" 200 34100 "-" "Mozilla/5.0 (compatible; SemrushBot/7~bl; +http://www.semrush.com/bot.html)"
77.88.5.229 - - [08/Apr/2022:04:33:11 +0000] "GET /aksessuary/oborudovanie/termometry-gril/tsifrovoy-termometr-dlya-grilya-big-green-egg/ HTTP/1.1" 200 31159 "-" "Mozilla/5.0 (compatible; YandexBot/3.0; +http://yandex.com/bots) AppleWebKit/537.36 (KHTML, like Gecko) Chrome/81.0.4044.268"
77.88.5.229 - - [08/Apr/2022:04:33:16 +0000] "GET /?yclid=7710547526903176844 HTTP/1.1" 200 39840 "-" "Mozilla/5.0 (compatible; YandexMetrika/2.0; +http://yandex.com/bots yabs01)"
77.88.5.229 - - [08/Apr/2022:04:33:21 +0000] "GET /wa-content/js/jquery-plugins/jquery.cookie.js HTTP/1.1" 200 1355 "https://justgrill.ru/grili/" "Mozilla/5.0 (compatible; YandexBot/3.0; +http://yandex.com/bots) AppleWebKit/537.36 (KHTML, like Gecko) Chrome/81.0.4044.268"
77.88.5.70 - - [08/Apr/2022:04:33:30 +0000] "GET /wa-content/js/jquery-plugins/jquery.cookie.js HTTP/1.1" 200 1355 "https://saratov.justgrill.ru/aksessuary/oborudovanie/termometry-gril/tsifrovoy-termometr-dlya-grilya-big-green-egg/" "Mozilla/5.0 (compatible; YandexBot/3.0; +http://yandex.com/bots) AppleWebKit/537.36 (KHTML, like Gecko) Chrome/81.0.4044.268"
89.178.48.58 - - [08/Apr/2022:04:33:42 +0000] "GET /aksessuary/posuda/?price_min=&price_max=&vid_tovara%5B%5D=2929 HTTP/2.0" 200 30089 "https://krd.justgrill.ru/aksessuary/posuda/?price_min=&price_max=&vid_tovara%5B%5D=2708" "Mozilla/5.0 (Linux; Android 12; SM-G970F) AppleWebKit/537.36 (KHTML, like Gecko) Chrome/100.0.4896.79 Mobile Safari/537.36"
89.178.48.58 - - [08/Apr/2022:04:33:42 +0000] "GET /searchpro-plugin/config/?v1.9.0.1649392422?1690158109 HTTP/2.0" 200 560 "https://krd.justgrill.ru/aksessuary/posuda/?price_min=&price_max=&vid_tovara%5B%5D=2929" "Mozilla/5.0 (Linux; Android 12; SM-G970F) AppleWebKit/537.36 (KHTML, like Gecko) Chrome/100.0.4896.79 Mobile Safari/537.36"
89.178.48.58 - - [08/Apr/2022:04:33:42 +0000] "GET /searchpro-plugin/config/?v1.9.0.1649392422?1733185239 HTTP/2.0" 200 560 "https://krd.justgrill.ru/aksessuary/posuda/?price_min=&price_max=&vid_tovara%5B%5D=2929" "Mozilla/5.0 (Linux; Android 12; SM-G970F) AppleWebKit/537.36 (KHTML, like Gecko) Chrome/100.0.4896.79 Mobile Safari/537.36"
89.178.48.58 - - [08/Apr/2022:04:33:43 +0000] "GET /shop/captcha.php?rid=1649392422624fbb2624f7d HTTP/2.0" 200 13192 "https://krd.justgrill.ru/aksessuary/posuda/?price_min=&price_max=&vid_tovara%5B%5D=2929" "Mozilla/5.0 (Linux; Android 12; SM-G970F) AppleWebKit/537.36 (KHTML, like Gecko) Chrome/100.0.4896.79 Mobile Safari/537.36"
89.178.48.58 - - [08/Apr/2022:04:33:43 +0000] "GET /wa-content/js/signup/signup.js?v=8.21.0.1649392422 HTTP/2.0" 200 6675 "https://krd.justgrill.ru/aksessuary/posuda/?price_min=&price_max=&vid_tovara%5B%5D=2929" "Mozilla/5.0 (Linux; Android 12; SM-G970F) AppleWebKit/537.36 (KHTML, like Gecko) Chrome/100.0.4896.79 Mobile Safari/537.36"
89.178.48.58 - - [08/Apr/2022:04:33:43 +0000] "GET /wa-content/css/signup/signup.css?v=8.21.0.1649392422 HTTP/2.0" 200 1909 "https://krd.justgrill.ru/aksessuary/posuda/?price_min=&price_max=&vid_tovara%5B%5D=2929" "Mozilla/5.0 (Linux; Android 12; SM-G970F) AppleWebKit/537.36 (KHTML, like Gecko) Chrome/100.0.4896.79 Mobile Safari/537.36"
89.178.48.58 - - [08/Apr/2022:04:33:43 +0000] "GET /wa-content/js/login/login-frontend-form.min.js?v=8.21.0.1649392422 HTTP/2.0" 200 5488 "https://krd.justgrill.ru/aksessuary/posuda/?price_min=&price_max=&vid_tovara%5B%5D=2929" "Mozilla/5.0 (Linux; Android 12; SM-G970F) AppleWebKit/537.36 (KHTML, like Gecko) Chrome/100.0.4896.79 Mobile Safari/537.36"
89.178.48.58 - - [08/Apr/2022:04:33:43 +0000] "GET /wa-content/css/login/frontend/login.css?v=8.21.0.1649392422 HTTP/2.0" 200 1762 "https://krd.justgrill.ru/aksessuary/posuda/?price_min=&price_max=&vid_tovara%5B%5D=2929" "Mozilla/5.0 (Linux; Android 12; SM-G970F) AppleWebKit/537.36 (KHTML, like Gecko) Chrome/100.0.4896.79 Mobile Safari/537.36"
89.178.48.58 - - [08/Apr/2022:04:33:43 +0000] "GET /wa-content/js/login/forgotpassword-frontend-form.min.js?v=8.21.0.1649392422 HTTP/2.0" 200 4709 "https://krd.justgrill.ru/aksessuary/posuda/?price_min=&price_max=&vid_tovara%5B%5D=2929" "Mozilla/5.0 (Linux; Android 12; SM-G970F) AppleWebKit/537.36 (KHTML, like Gecko) Chrome/100.0.4896.79 Mobile Safari/537.36"
89.178.48.58 - - [08/Apr/2022:04:33:43 +0000] "GET /wa-content/css/login/frontend/forgot-password.css?v=8.21.0.1649392422 HTTP/2.0" 200 1560 "https://krd.justgrill.ru/aksessuary/posuda/?price_min=&price_max=&vid_tovara%5B%5D=2929" "Mozilla/5.0 (Linux; Android 12; SM-G970F) AppleWebKit/537.36 (KHTML, like Gecko) Chrome/100.0.4896.79 Mobile Safari/537.36"
89.178.48.58 - - [08/Apr/2022:04:33:43 +0000] "GET /ecommerce_prepare_data/products_list/?state_json=%7B%22sku_ids%22%3A%5B%2211719%22%2C%2211975%22%5D%2C%22list_name%22%3A%22%D0%90%D0%BA%D1%81%D0%B5%D1%81%D1%81%D1%83%D0%B0%D1%80%D1%8B%2F%D0%9F%D0%BE%D1%81%D1%83%D0%B4%D0%B0+%D0%B4%D0%BB%D1%8F+%D0%B3%D1%80%D0%B8%D0%BB%D1%8F%22%7D HTTP/2.0" 200 338 "https://krd.justgrill.ru/aksessuary/posuda/?price_min=&price_max=&vid_tovara%5B%5D=2929" "Mozilla/5.0 (Linux; Android 12; SM-G970F) AppleWebKit/537.36 (KHTML, like Gecko) Chrome/100.0.4896.79 Mobile Safari/537.36"
89.178.48.58 - - [08/Apr/2022:04:33:43 +0000] "GET /regions/getPopupContent/ HTTP/2.0" 200 1028 "https://krd.justgrill.ru/aksessuary/posuda/?price_min=&price_max=&vid_tovara%5B%5D=2929" "Mozilla/5.0 (Linux; Android 12; SM-G970F) AppleWebKit/537.36 (KHTML, like Gecko) Chrome/100.0.4896.79 Mobile Safari/537.36"
89.178.48.58 - - [08/Apr/2022:04:33:44 +0000] "GET /regions/getPopupContent/ HTTP/2.0" 200 1028 "https://krd.justgrill.ru/aksessuary/posuda/?price_min=&price_max=&vid_tovara%5B%5D=2929" "Mozilla/5.0 (Linux; Android 12; SM-G970F) AppleWebKit/537.36 (KHTML, like Gecko) Chrome/100.0.4896.79 Mobile Safari/537.36"
5.45.201.213 - - [08/Apr/2022:04:33:45 +0000] "POST /ym_api/1/?action=/cart HTTP/1.1" 200 110 "-" "Apache-HttpClient/4.5.6 (Java/11.0.8-shenandoah)"
89.178.48.58 - - [08/Apr/2022:04:33:49 +0000] "GET /aksessuary/posuda/ HTTP/2.0" 200 38095 "https://krd.justgrill.ru/aksessuary/posuda/?price_min=&price_max=&vid_tovara%5B%5D=2929" "Mozilla/5.0 (Linux; Android 12; SM-G970F) AppleWebKit/537.36 (KHTML, like Gecko) Chrome/100.0.4896.79 Mobile Safari/537.36"
89.178.48.58 - - [08/Apr/2022:04:33:50 +0000] "GET /searchpro-plugin/config/?v1.9.0.1649392429?1758228886 HTTP/2.0" 200 560 "https://krd.justgrill.ru/aksessuary/posuda/" "Mozilla/5.0 (Linux; Android 12; SM-G970F) AppleWebKit/537.36 (KHTML, like Gecko) Chrome/100.0.4896.79 Mobile Safari/537.36"
89.178.48.58 - - [08/Apr/2022:04:33:50 +0000] "GET /shop/captcha.php?rid=1649392429624fbb2d71c2b HTTP/2.0" 200 13268 "https://krd.justgrill.ru/aksessuary/posuda/" "Mozilla/5.0 (Linux; Android 12; SM-G970F) AppleWebKit/537.36 (KHTML, like Gecko) Chrome/100.0.4896.79 Mobile Safari/537.36"
89.178.48.58 - - [08/Apr/2022:04:33:50 +0000] "GET /searchpro-plugin/config/?v1.9.0.1649392429?806153441 HTTP/2.0" 200 560 "https://krd.justgrill.ru/aksessuary/posuda/" "Mozilla/5.0 (Linux; Android 12; SM-G970F) AppleWebKit/537.36 (KHTML, like Gecko) Chrome/100.0.4896.79 Mobile Safari/537.36"
89.178.48.58 - - [08/Apr/2022:04:33:51 +0000] "GET /wa-content/js/signup/signup.js?v=8.21.0.1649392429 HTTP/2.0" 200 6675 "https://krd.justgrill.ru/aksessuary/posuda/" "Mozilla/5.0 (Linux; Android 12; SM-G970F) AppleWebKit/537.36 (KHTML, like Gecko) Chrome/100.0.4896.79 Mobile Safari/537.36"
89.178.48.58 - - [08/Apr/2022:04:33:51 +0000] "GET /wa-content/css/signup/signup.css?v=8.21.0.1649392429 HTTP/2.0" 200 1909 "https://krd.justgrill.ru/aksessuary/posuda/" "Mozilla/5.0 (Linux; Android 12; SM-G970F) AppleWebKit/537.36 (KHTML, like Gecko) Chrome/100.0.4896.79 Mobile Safari/537.36"
89.178.48.58 - - [08/Apr/2022:04:33:51 +0000] "GET /wa-content/js/login/login-frontend-form.min.js?v=8.21.0.1649392429 HTTP/2.0" 200 5488 "https://krd.justgrill.ru/aksessuary/posuda/" "Mozilla/5.0 (Linux; Android 12; SM-G970F) AppleWebKit/537.36 (KHTML, like Gecko) Chrome/100.0.4896.79 Mobile Safari/537.36"
89.178.48.58 - - [08/Apr/2022:04:33:51 +0000] "GET /wa-content/css/login/frontend/login.css?v=8.21.0.1649392429 HTTP/2.0" 200 1762 "https://krd.justgrill.ru/aksessuary/posuda/" "Mozilla/5.0 (Linux; Android 12; SM-G970F) AppleWebKit/537.36 (KHTML, like Gecko) Chrome/100.0.4896.79 Mobile Safari/537.36"
89.178.48.58 - - [08/Apr/2022:04:33:51 +0000] "GET /wa-content/js/login/forgotpassword-frontend-form.min.js?v=8.21.0.1649392429 HTTP/2.0" 200 4709 "https://krd.justgrill.ru/aksessuary/posuda/" "Mozilla/5.0 (Linux; Android 12; SM-G970F) AppleWebKit/537.36 (KHTML, like Gecko) Chrome/100.0.4896.79 Mobile Safari/537.36"
89.178.48.58 - - [08/Apr/2022:04:33:51 +0000] "GET /wa-content/css/login/frontend/forgot-password.css?v=8.21.0.1649392429 HTTP/2.0" 200 1560 "https://krd.justgrill.ru/aksessuary/posuda/" "Mozilla/5.0 (Linux; Android 12; SM-G970F) AppleWebKit/537.36 (KHTML, like Gecko) Chrome/100.0.4896.79 Mobile Safari/537.36"
89.178.48.58 - - [08/Apr/2022:04:33:51 +0000] "GET /ecommerce_prepare_data/products_list/?state_json=%7B%22sku_ids%22%3A%5B%223603%22%2C%229012%22%2C%229160%22%2C%229299%22%2C%229390%22%2C%2210773%22%2C%229812%22%2C%2210974%22%2C%223604%22%2C%229231%22%2C%229298%22%2C%229806%22%2C%223605%22%2C%225687%22%2C%226461%22%2C%229656%22%2C%2210920%22%2C%229811%22%2C%2210800%22%2C%229292%22%2C%2211955%22%2C%229769%22%2C%229771%22%2C%229810%22%2C%229251%22%2C%229291%22%2C%229320%22%2C%229807%22%2C%2211347%22%2C%2211444%22%5D%2C%22list_name%22%3A%22%D0%90%D0%BA%D1%81%D0%B5%D1%81%D1%81%D1%83%D0%B0%D1%80%D1%8B%2F%D0%9F%D0%BE%D1%81%D1%83%D0%B4%D0%B0+%D0%B4%D0%BB%D1%8F+%D0%B3%D1%80%D0%B8%D0%BB%D1%8F%22%7D HTTP/2.0" 200 1732 "https://krd.justgrill.ru/aksessuary/posuda/" "Mozilla/5.0 (Linux; Android 12; SM-G970F) AppleWebKit/537.36 (KHTML, like Gecko) Chrome/100.0.4896.79 Mobile Safari/537.36"
89.178.48.58 - - [08/Apr/2022:04:33:51 +0000] "GET /regions/getPopupContent/ HTTP/2.0" 200 1028 "https://krd.justgrill.ru/aksessuary/posuda/" "Mozilla/5.0 (Linux; Android 12; SM-G970F) AppleWebKit/537.36 (KHTML, like Gecko) Chrome/100.0.4896.79 Mobile Safari/537.36"
89.178.48.58 - - [08/Apr/2022:04:33:52 +0000] "GET /regions/getPopupContent/ HTTP/2.0" 200 1028 "https://krd.justgrill.ru/aksessuary/posuda/" "Mozilla/5.0 (Linux; Android 12; SM-G970F) AppleWebKit/537.36 (KHTML, like Gecko) Chrome/100.0.4896.79 Mobile Safari/537.36"
216.244.66.234 - - [08/Apr/2022:04:33:56 +0000] "GET /robots.txt HTTP/1.1" 200 5 "-" "Mozilla/5.0 (compatible; DotBot/1.2; +https://opensiteexplorer.org/dotbot; help@moz.com)"
185.191.171.6 - - [08/Apr/2022:04:34:04 +0000] "GET /photos/bonusnaya-programma/ HTTP/1.1" 200 24893 "-" "Mozilla/5.0 (compatible; SemrushBot/7~bl; +http://www.semrush.com/bot.html)"
114.119.129.128 - - [08/Apr/2022:04:34:05 +0000] "GET /blog/kak-vybrat-ryebryshki-dlya-grilya-vidy-ryebyer HTTP/1.1" 301 5 "-" "Mozilla/5.0 (Linux; Android 7.0;) AppleWebKit/537.36 (KHTML, like Gecko) Mobile Safari/537.36 (compatible; PetalBot;+https://webmaster.petalsearch.com/site/petalbot)"
66.249.66.51 - - [08/Apr/2022:04:34:06 +0000] "GET /aksessuary/instrumenty/nozhi-samura/nozh-kukhonnyy-samura-harakiri-grand-shef-240-mm/ HTTP/1.1" 200 32028 "-" "Mozilla/5.0 (compatible; Googlebot/2.1; +http://www.google.com/bot.html)"
114.119.129.128 - - [08/Apr/2022:04:34:07 +0000] "GET /blog/kak-vybrat-ryebryshki-dlya-grilya-vidy-ryebyer/ HTTP/1.1" 500 15911 "-" "Mozilla/5.0 (Linux; Android 7.0;) AppleWebKit/537.36 (KHTML, like Gecko) Mobile Safari/537.36 (compatible; PetalBot;+https://webmaster.petalsearch.com/site/petalbot)"
78.85.20.187 - - [08/Apr/2022:04:34:09 +0000] "GET /cart/ HTTP/2.0" 302 0 "https://justgrill.ru/mangaly/mangal/grillver/iskander/pech-gril-grillver-iskander-komfort-eyr-chugun-reshyotka/" "Mozilla/5.0 (Windows NT 5.1) AppleWebKit/537.36 (KHTML, like Gecko) Chrome/47.5.2526.111 Amigo/47.5.2526.111 MRCHROME SOC Safari/537.36"
78.85.20.187 - - [08/Apr/2022:04:34:10 +0000] "GET /onestep/ HTTP/2.0" 200 32999 "https://justgrill.ru/mangaly/mangal/grillver/iskander/pech-gril-grillver-iskander-komfort-eyr-chugun-reshyotka/" "Mozilla/5.0 (Windows NT 5.1) AppleWebKit/537.36 (KHTML, like Gecko) Chrome/47.5.2526.111 Amigo/47.5.2526.111 MRCHROME SOC Safari/537.36"
78.85.20.187 - - [08/Apr/2022:04:34:11 +0000] "GET /searchpro-plugin/config/?v1.9.0.1649392450?1278690331 HTTP/2.0" 200 557 "https://justgrill.ru/onestep/" "Mozilla/5.0 (Windows NT 5.1) AppleWebKit/537.36 (KHTML, like Gecko) Chrome/47.5.2526.111 Amigo/47.5.2526.111 MRCHROME SOC Safari/537.36"
78.85.20.187 - - [08/Apr/2022:04:34:11 +0000] "GET /searchpro-plugin/config/?v1.9.0.1649392450?1093096904 HTTP/2.0" 200 557 "https://justgrill.ru/onestep/" "Mozilla/5.0 (Windows NT 5.1) AppleWebKit/537.36 (KHTML, like Gecko) Chrome/47.5.2526.111 Amigo/47.5.2526.111 MRCHROME SOC Safari/537.36"
78.85.20.187 - - [08/Apr/2022:04:34:13 +0000] "GET /wa-content/js/signup/signup.js?v=8.21.0.1649392450 HTTP/2.0" 200 6675 "https://justgrill.ru/onestep/" "Mozilla/5.0 (Windows NT 5.1) AppleWebKit/537.36 (KHTML, like Gecko) Chrome/47.5.2526.111 Amigo/47.5.2526.111 MRCHROME SOC Safari/537.36"
78.85.20.187 - - [08/Apr/2022:04:34:13 +0000] "GET /wa-content/css/signup/signup.css?v=8.21.0.1649392450 HTTP/2.0" 200 1909 "https://justgrill.ru/onestep/" "Mozilla/5.0 (Windows NT 5.1) AppleWebKit/537.36 (KHTML, like Gecko) Chrome/47.5.2526.111 Amigo/47.5.2526.111 MRCHROME SOC Safari/537.36"
78.85.20.187 - - [08/Apr/2022:04:34:13 +0000] "POST /onestep/ HTTP/2.0" 200 7134 "https://justgrill.ru/onestep/" "Mozilla/5.0 (Windows NT 5.1) AppleWebKit/537.36 (KHTML, like Gecko) Chrome/47.5.2526.111 Amigo/47.5.2526.111 MRCHROME SOC Safari/537.36"
78.85.20.187 - - [08/Apr/2022:04:34:13 +0000] "GET /wa-content/js/login/login-frontend-form.min.js?v=8.21.0.1649392450 HTTP/2.0" 200 5488 "https://justgrill.ru/onestep/" "Mozilla/5.0 (Windows NT 5.1) AppleWebKit/537.36 (KHTML, like Gecko) Chrome/47.5.2526.111 Amigo/47.5.2526.111 MRCHROME SOC Safari/537.36"
78.85.20.187 - - [08/Apr/2022:04:34:13 +0000] "GET /wa-content/css/login/frontend/login.css?v=8.21.0.1649392450 HTTP/2.0" 200 1762 "https://justgrill.ru/onestep/" "Mozilla/5.0 (Windows NT 5.1) AppleWebKit/537.36 (KHTML, like Gecko) Chrome/47.5.2526.111 Amigo/47.5.2526.111 MRCHROME SOC Safari/537.36"
78.85.20.187 - - [08/Apr/2022:04:34:13 +0000] "GET /wa-content/js/login/forgotpassword-frontend-form.min.js?v=8.21.0.1649392450 HTTP/2.0" 200 4709 "https://justgrill.ru/onestep/" "Mozilla/5.0 (Windows NT 5.1) AppleWebKit/537.36 (KHTML, like Gecko) Chrome/47.5.2526.111 Amigo/47.5.2526.111 MRCHROME SOC Safari/537.36"
78.85.20.187 - - [08/Apr/2022:04:34:13 +0000] "GET /wa-content/css/login/frontend/forgot-password.css?v=8.21.0.1649392450 HTTP/2.0" 200 1560 "https://justgrill.ru/onestep/" "Mozilla/5.0 (Windows NT 5.1) AppleWebKit/537.36 (KHTML, like Gecko) Chrome/47.5.2526.111 Amigo/47.5.2526.111 MRCHROME SOC Safari/537.36"
78.85.20.187 - - [08/Apr/2022:04:34:13 +0000] "GET /wa-content/js/jquery-ui/jquery-ui-1.7.2.custom.min.js?_=1649392461716 HTTP/2.0" 200 46953 "https://justgrill.ru/onestep/" "Mozilla/5.0 (Windows NT 5.1) AppleWebKit/537.36 (KHTML, like Gecko) Chrome/47.5.2526.111 Amigo/47.5.2526.111 MRCHROME SOC Safari/537.36"
78.85.20.187 - - [08/Apr/2022:04:34:13 +0000] "POST /gift-cart-list/ HTTP/2.0" 200 20 "https://justgrill.ru/onestep/" "Mozilla/5.0 (Windows NT 5.1) AppleWebKit/537.36 (KHTML, like Gecko) Chrome/47.5.2526.111 Amigo/47.5.2526.111 MRCHROME SOC Safari/537.36"
78.85.20.187 - - [08/Apr/2022:04:34:14 +0000] "POST /gift-cart-list/ HTTP/2.0" 200 20 "https://justgrill.ru/onestep/" "Mozilla/5.0 (Windows NT 5.1) AppleWebKit/537.36 (KHTML, like Gecko) Chrome/47.5.2526.111 Amigo/47.5.2526.111 MRCHROME SOC Safari/537.36"
78.85.20.187 - - [08/Apr/2022:04:34:14 +0000] "POST /gift-cart-list/ HTTP/2.0" 200 20 "https://justgrill.ru/onestep/" "Mozilla/5.0 (Windows NT 5.1) AppleWebKit/537.36 (KHTML, like Gecko) Chrome/47.5.2526.111 Amigo/47.5.2526.111 MRCHROME SOC Safari/537.36"
78.85.20.187 - - [08/Apr/2022:04:34:14 +0000] "POST /gift-cart-list/ HTTP/2.0" 200 20 "https://justgrill.ru/onestep/" "Mozilla/5.0 (Windows NT 5.1) AppleWebKit/537.36 (KHTML, like Gecko) Chrome/47.5.2526.111 Amigo/47.5.2526.111 MRCHROME SOC Safari/537.36"
78.85.20.187 - - [08/Apr/2022:04:34:15 +0000] "GET /regions/getPopupContent/ HTTP/2.0" 200 1023 "https://justgrill.ru/onestep/" "Mozilla/5.0 (Windows NT 5.1) AppleWebKit/537.36 (KHTML, like Gecko) Chrome/47.5.2526.111 Amigo/47.5.2526.111 MRCHROME SOC Safari/537.36"
78.85.20.187 - - [08/Apr/2022:04:34:15 +0000] "GET /regions/getPopupContent/ HTTP/2.0" 200 1023 "https://justgrill.ru/onestep/" "Mozilla/5.0 (Windows NT 5.1) AppleWebKit/537.36 (KHTML, like Gecko) Chrome/47.5.2526.111 Amigo/47.5.2526.111 MRCHROME SOC Safari/537.36"
77.88.5.70 - - [08/Apr/2022:04:34:18 +0000] "GET / HTTP/1.1" 301 162 "-" "Mozilla/5.0 (compatible; YandexMetrika/2.0; +http://yandex.com/bots yabs01)"
185.191.171.5 - - [08/Apr/2022:04:34:22 +0000] "GET /aksessuary/podstavki-i-rostery/roster-gril/roster-dlya-kuritsy-broil-king-s-poddonom/ HTTP/1.1" 200 32493 "-" "Mozilla/5.0 (compatible; SemrushBot/7~bl; +http://www.semrush.com/bot.html)"
89.178.48.58 - - [08/Apr/2022:04:34:34 +0000] "GET /aksessuary/posuda/vok-gril/vok-napoleon-iz-nerzhaveyushchey-stali/ HTTP/2.0" 200 33123 "https://krd.justgrill.ru/aksessuary/posuda/" "Mozilla/5.0 (Linux; Android 12; SM-G970F) AppleWebKit/537.36 (KHTML, like Gecko) Chrome/100.0.4896.79 Mobile Safari/537.36"
89.178.48.58 - - [08/Apr/2022:04:34:35 +0000] "GET /searchpro-plugin/config/?v1.9.0.1649392474?2051177707 HTTP/2.0" 200 561 "https://krd.justgrill.ru/aksessuary/posuda/vok-gril/vok-napoleon-iz-nerzhaveyushchey-stali/" "Mozilla/5.0 (Linux; Android 12; SM-G970F) AppleWebKit/537.36 (KHTML, like Gecko) Chrome/100.0.4896.79 Mobile Safari/537.36"
89.178.48.58 - - [08/Apr/2022:04:34:35 +0000] "GET /shop/captcha.php?rid=1649392474624fbb5a8459d HTTP/2.0" 200 13632 "https://krd.justgrill.ru/aksessuary/posuda/vok-gril/vok-napoleon-iz-nerzhaveyushchey-stali/" "Mozilla/5.0 (Linux; Android 12; SM-G970F) AppleWebKit/537.36 (KHTML, like Gecko) Chrome/100.0.4896.79 Mobile Safari/537.36"
89.178.48.58 - - [08/Apr/2022:04:34:35 +0000] "GET /searchpro-plugin/config/?v1.9.0.1649392474?1808571056 HTTP/2.0" 200 561 "https://krd.justgrill.ru/aksessuary/posuda/vok-gril/vok-napoleon-iz-nerzhaveyushchey-stali/" "Mozilla/5.0 (Linux; Android 12; SM-G970F) AppleWebKit/537.36 (KHTML, like Gecko) Chrome/100.0.4896.79 Mobile Safari/537.36"
89.178.48.58 - - [08/Apr/2022:04:34:36 +0000] "GET /wa-content/js/signup/signup.js?v=8.21.0.1649392474 HTTP/2.0" 200 6675 "https://krd.justgrill.ru/aksessuary/posuda/vok-gril/vok-napoleon-iz-nerzhaveyushchey-stali/" "Mozilla/5.0 (Linux; Android 12; SM-G970F) AppleWebKit/537.36 (KHTML, like Gecko) Chrome/100.0.4896.79 Mobile Safari/537.36"
89.178.48.58 - - [08/Apr/2022:04:34:36 +0000] "GET /wa-content/css/signup/signup.css?v=8.21.0.1649392474 HTTP/2.0" 200 1909 "https://krd.justgrill.ru/aksessuary/posuda/vok-gril/vok-napoleon-iz-nerzhaveyushchey-stali/" "Mozilla/5.0 (Linux; Android 12; SM-G970F) AppleWebKit/537.36 (KHTML, like Gecko) Chrome/100.0.4896.79 Mobile Safari/537.36"
89.178.48.58 - - [08/Apr/2022:04:34:36 +0000] "GET /wa-content/js/login/login-frontend-form.min.js?v=8.21.0.1649392474 HTTP/2.0" 200 5488 "https://krd.justgrill.ru/aksessuary/posuda/vok-gril/vok-napoleon-iz-nerzhaveyushchey-stali/" "Mozilla/5.0 (Linux; Android 12; SM-G970F) AppleWebKit/537.36 (KHTML, like Gecko) Chrome/100.0.4896.79 Mobile Safari/537.36"
89.178.48.58 - - [08/Apr/2022:04:34:36 +0000] "GET /wa-content/css/login/frontend/login.css?v=8.21.0.1649392474 HTTP/2.0" 200 1762 "https://krd.justgrill.ru/aksessuary/posuda/vok-gril/vok-napoleon-iz-nerzhaveyushchey-stali/" "Mozilla/5.0 (Linux; Android 12; SM-G970F) AppleWebKit/537.36 (KHTML, like Gecko) Chrome/100.0.4896.79 Mobile Safari/537.36"
89.178.48.58 - - [08/Apr/2022:04:34:36 +0000] "GET /wa-content/js/login/forgotpassword-frontend-form.min.js?v=8.21.0.1649392474 HTTP/2.0" 200 4709 "https://krd.justgrill.ru/aksessuary/posuda/vok-gril/vok-napoleon-iz-nerzhaveyushchey-stali/" "Mozilla/5.0 (Linux; Android 12; SM-G970F) AppleWebKit/537.36 (KHTML, like Gecko) Chrome/100.0.4896.79 Mobile Safari/537.36"
89.178.48.58 - - [08/Apr/2022:04:34:36 +0000] "GET /wa-content/css/login/frontend/forgot-password.css?v=8.21.0.1649392474 HTTP/2.0" 200 1560 "https://krd.justgrill.ru/aksessuary/posuda/vok-gril/vok-napoleon-iz-nerzhaveyushchey-stali/" "Mozilla/5.0 (Linux; Android 12; SM-G970F) AppleWebKit/537.36 (KHTML, like Gecko) Chrome/100.0.4896.79 Mobile Safari/537.36"
89.178.48.58 - - [08/Apr/2022:04:34:36 +0000] "GET /regions/getPopupContent/ HTTP/2.0" 200 1028 "https://krd.justgrill.ru/aksessuary/posuda/vok-gril/vok-napoleon-iz-nerzhaveyushchey-stali/" "Mozilla/5.0 (Linux; Android 12; SM-G970F) AppleWebKit/537.36 (KHTML, like Gecko) Chrome/100.0.4896.79 Mobile Safari/537.36"
89.178.48.58 - - [08/Apr/2022:04:34:36 +0000] "GET /regions/getPopupContent/ HTTP/2.0" 200 1028 "https://krd.justgrill.ru/aksessuary/posuda/vok-gril/vok-napoleon-iz-nerzhaveyushchey-stali/" "Mozilla/5.0 (Linux; Android 12; SM-G970F) AppleWebKit/537.36 (KHTML, like Gecko) Chrome/100.0.4896.79 Mobile Safari/537.36"
66.249.66.27 - - [08/Apr/2022:04:34:39 +0000] "GET /blog/gazovyy-gril-u-vas-doma-drug-i-pomoshchnik/ HTTP/1.1" 500 19329 "-" "Mozilla/5.0 (Linux; Android 6.0.1; Nexus 5X Build/MMB29P) AppleWebKit/537.36 (KHTML, like Gecko) Chrome/99.0.4844.84 Mobile Safari/537.36 (compatible; Googlebot/2.1; +http://www.google.com/bot.html)"
77.88.5.229 - - [08/Apr/2022:04:34:41 +0000] "GET /robots.txt HTTP/1.1" 200 614 "-" "Mozilla/5.0 (compatible; YandexBot/3.0; +http://yandex.com/bots)"
77.88.5.229 - - [08/Apr/2022:04:34:45 +0000] "GET /aksessuary/podstavki-i-rostery/podstavka-gril/keramicheskaya-podstavka-primo-dlya-kuritsy-dlya-xl-jr-ka/ HTTP/1.1" 404 26918 "-" "Mozilla/5.0 (compatible; YandexBot/3.0; +http://yandex.com/bots)"
89.178.48.58 - - [08/Apr/2022:04:34:56 +0000] "GET /aksessuary/posuda/?page=4 HTTP/2.0" 200 35781 "https://krd.justgrill.ru/aksessuary/posuda/" "Mozilla/5.0 (Linux; Android 12; SM-G970F) AppleWebKit/537.36 (KHTML, like Gecko) Chrome/100.0.4896.79 Mobile Safari/537.36"
89.178.48.58 - - [08/Apr/2022:04:34:56 +0000] "GET /searchpro-plugin/config/?v1.9.0.1649392496?651930831 HTTP/2.0" 200 560 "https://krd.justgrill.ru/aksessuary/posuda/?page=4" "Mozilla/5.0 (Linux; Android 12; SM-G970F) AppleWebKit/537.36 (KHTML, like Gecko) Chrome/100.0.4896.79 Mobile Safari/537.36"
