114.119.129.167 - - [08/Apr/2022:03:52:39 +0000] "GET /brendy/grillver/pech-gril-iskander-standart-eyr-s-nerzh-reshyotkoy-gril/reviews HTTP/1.1" 301 5 "-" "Mozilla/5.0 (Linux; Android 7.0;) AppleWebKit/537.36 (KHTML, like Gecko) Mobile Safari/537.36 (compatible; PetalBot;+https://webmaster.petalsearch.com/site/petalbot)"
114.119.128.67 - - [08/Apr/2022:03:52:41 +0000] "GET /aksessuary/chekhly-dlya-griley/chekhol-dlya-griley-weber-spirit-ii-300-y-serii/reviews/ HTTP/1.1" 200 31228 "-" "Mozilla/5.0 (Linux; Android 7.0;) AppleWebKit/537.36 (KHTML, like Gecko) Mobile Safari/537.36 (compatible; PetalBot;+https://webmaster.petalsearch.com/site/petalbot)"
114.119.129.167 - - [08/Apr/2022:03:52:47 +0000] "GET /brendy/grillver/pech-gril-iskander-standart-eyr-s-nerzh-reshyotkoy-gril/reviews/ HTTP/1.1" 301 5 "-" "Mozilla/5.0 (Linux; Android 7.0;) AppleWebKit/537.36 (KHTML, like Gecko) Mobile Safari/537.36 (compatible; PetalBot;+https://webmaster.petalsearch.com/site/petalbot)"
114.119.129.167 - - [08/Apr/2022:03:52:49 +0000] "GET /mangaly/mangal/grillver/iskander/pech-gril-grillver-iskander-standart-eyr-s-nerzh-reshyotka/reviews/ HTTP/1.1" 200 31271 "-" "Mozilla/5.0 (Linux; Android 7.0;) AppleWebKit/537.36 (KHTML, like Gecko) Mobile Safari/537.36 (compatible; PetalBot;+https://webmaster.petalsearch.com/site/petalbot)"
93.158.161.59 - - [08/Apr/2022:03:52:52 +0000] "GET / HTTP/1.1" 301 162 "-" "Mozilla/5.0 (compatible; YandexMetrika/2.0; +http://yandex.com/bots yabs01)"
45.155.53.70 - - [08/Apr/2022:03:53:04 +0000] "GET /obogrevateli-ulichnye/gazovye/nagrevatel-gazovy-ulichny-patio-minig3137mbars-pult-du-82kvt-stal/ HTTP/1.1" 200 35424 "-" "Mozilla/5.0 (X11; Linux x86_64) AppleWebKit/537.36 (KHTML, like Gecko) Chrome/83.0.2549.68 Safari/537.36"
66.249.66.55 - - [08/Apr/2022:03:53:12 +0000] "GET /aksessuary/oborudovanie/ HTTP/1.1" 200 36409 "-" "Mozilla/5.0 (compatible; Googlebot/2.1; +http://www.google.com/bot.html)"
114.119.129.167 - - [08/Apr/2022:03:53:14 +0000] "GET /obogrevateli-ulichnye/infrakrasnye/obogrevatel-elek-infrakras-hugett-gaea-aluminum-25-kvt-s-pu-chekhol HTTP/1.1" 301 5 "-" "Mozilla/5.0 (Linux; Android 7.0;) AppleWebKit/537.36 (KHTML, like Gecko) Mobile Safari/537.36 (compatible; PetalBot;+https://webmaster.petalsearch.com/site/petalbot)"
77.88.5.229 - - [08/Apr/2022:03:53:18 +0000] "GET /wa-content/js/jquery-plugins/jquery.cookie.js HTTP/1.1" 200 1355 "https://justgrill.ru/blog/faq-sekret-prigotovleniya-na-grile-ot-weber-1/" "Mozilla/5.0 (compatible; YandexBot/3.0; +http://yandex.com/bots) AppleWebKit/537.36 (KHTML, like Gecko) Chrome/81.0.4044.268"
114.119.129.167 - - [08/Apr/2022:03:53:19 +0000] "GET /obogrevateli-ulichnye/infrakrasnye/obogrevatel-elek-infrakras-hugett-gaea-aluminum-25-kvt-s-pu-chekhol HTTP/1.1" 301 162 "-" "Mozilla/5.0 (Linux; Android 7.0;) AppleWebKit/537.36 (KHTML, like Gecko) Mobile Safari/537.36 (compatible; PetalBot;+https://webmaster.petalsearch.com/site/petalbot)"
114.119.129.167 - - [08/Apr/2022:03:53:23 +0000] "GET /obogrevateli-ulichnye/infrakrasnye/obogrevatel-elek-infrakras-hugett-gaea-aluminum-25-kvt-s-pu-chekhol HTTP/1.1" 301 5 "-" "Mozilla/5.0 (Linux; Android 7.0;) AppleWebKit/537.36 (KHTML, like Gecko) Mobile Safari/537.36 (compatible; PetalBot;+https://webmaster.petalsearch.com/site/petalbot)"
114.119.129.167 - - [08/Apr/2022:03:53:28 +0000] "GET /obogrevateli-ulichnye/infrakrasnye/obogrevatel-elek-infrakras-hugett-gaea-aluminum-25-kvt-s-pu-chekhol/ HTTP/1.1" 200 33478 "-" "Mozilla/5.0 (Linux; Android 7.0;) AppleWebKit/537.36 (KHTML, like Gecko) Mobile Safari/537.36 (compatible; PetalBot;+https://webmaster.petalsearch.com/site/petalbot)"
114.119.128.6 - - [08/Apr/2022:03:53:48 +0000] "GET /mangaly/pech-mangal-iskander-komfort HTTP/1.1" 301 5 "-" "Mozilla/5.0 (Linux; Android 7.0;) AppleWebKit/537.36 (KHTML, like Gecko) Mobile Safari/537.36 (compatible; PetalBot;+https://webmaster.petalsearch.com/site/petalbot)"
45.155.52.135 - - [08/Apr/2022:03:53:49 +0000] "GET /photos/photo/author/1558/71idxgfpl9o/ HTTP/1.1" 200 30518 "-" "Mozilla/5.0 (X11; Linux x86_64) AppleWebKit/537.36 (KHTML, like Gecko) Chrome/80.0.3987.149 Safari/537.36"
114.119.128.6 - - [08/Apr/2022:03:53:50 +0000] "GET /mangaly/pech-mangal-iskander-komfort/ HTTP/1.1" 301 5 "-" "Mozilla/5.0 (Linux; Android 7.0;) AppleWebKit/537.36 (KHTML, like Gecko) Mobile Safari/537.36 (compatible; PetalBot;+https://webmaster.petalsearch.com/site/petalbot)"
77.88.5.246 - - [08/Apr/2022:03:53:51 +0000] "GET / HTTP/1.1" 301 162 "-" "Mozilla/5.0 (compatible; YandexMetrika/2.0; +http://yandex.com/bots yabs01)"
114.119.128.6 - - [08/Apr/2022:03:53:52 +0000] "GET /mangaly/mangal/pech-mangal-grillver-iskander-komfort/ HTTP/1.1" 301 5 "-" "Mozilla/5.0 (Linux; Android 7.0;) AppleWebKit/537.36 (KHTML, like Gecko) Mobile Safari/537.36 (compatible; PetalBot;+https://webmaster.petalsearch.com/site/petalbot)"
114.119.128.6 - - [08/Apr/2022:03:53:55 +0000] "GET /mangaly/mangal/grillver/iskander/pech-mangal-grillver-iskander-komfort/ HTTP/1.1" 200 35707 "-" "Mozilla/5.0 (Linux; Android 7.0;) AppleWebKit/537.36 (KHTML, like Gecko) Mobile Safari/537.36 (compatible; PetalBot;+https://webmaster.petalsearch.com/site/petalbot)"
54.36.148.108 - - [08/Apr/2022:03:54:04 +0000] "GET /mangaly/mangal/gratar/klassika/mangal-klassika-600k-mkl600k/ HTTP/2.0" 200 34266 "-" "Mozilla/5.0 (compatible; AhrefsBot/7.0; +http://ahrefs.com/robot/)"
95.37.85.97 - - [08/Apr/2022:03:54:09 +0000] "GET /?utm_source=yandex&utm_medium=cpc&utm_campaign=%D0%B3%D1%80%D0%B8%D0%BB%D0%B8/%D0%BF%D0%BE%D0%B8%D1%81%D0%BA/%D0%BA%D1%80%D0%B4&utm_content=JG&utm_term=%D0%B3%D1%80%D0%B8%D0%BB%D1%8C%20%D1%81%D1%82%D0%BE%D0%B8%D0%BC%D0%BE%D1%81%D1%82%D1%8C®ion=47®ion_name=%D0%9D%D0%B8%D0%B6%D0%BD%D0%B8%D0%B9%20%D0%9D%D0%BE%D0%B2%D0%B3%D0%BE%D1%80%D0%BE%D0%B4&block=premium&position=1&yclid=8444264513218805759 HTTP/2.0" 200 39913 "https://yandex.ru/" "Mozilla/5.0 (Linux; Android 4.2.2; ME302KL) AppleWebKit/537.36 (KHTML, like Gecko) Chrome/70.0.3538.102 YaBrowser/18.11.1.1011.01 Safari/537.36"
95.37.85.97 - - [08/Apr/2022:03:54:09 +0000] "GET /wa-content/font/ruble/arial/fontface.css HTTP/2.0" 200 371 "https://nn.justgrill.ru/?utm_source=yandex&utm_medium=cpc&utm_campaign=%D0%B3%D1%80%D0%B8%D0%BB%D0%B8/%D0%BF%D0%BE%D0%B8%D1%81%D0%BA/%D0%BA%D1%80%D0%B4&utm_content=JG&utm_term=%D0%B3%D1%80%D0%B8%D0%BB%D1%8C%20%D1%81%D1%82%D0%BE%D0%B8%D0%BC%D0%BE%D1%81%D1%82%D1%8C®ion=47®ion_name=%D0%9D%D0%B8%D0%B6%D0%BD%D0%B8%D0%B9%20%D0%9D%D0%BE%D0%B2%D0%B3%D0%BE%D1%80%D0%BE%D0%B4&block=premium&position=1&yclid=8444264513218805759" "Mozilla/5.0 (Linux; Android 4.2.2; ME302KL) AppleWebKit/537.36 (KHTML, like Gecko) Chrome/70.0.3538.102 YaBrowser/18.11.1.1011.01 Safari/537.36"
95.37.85.97 - - [08/Apr/2022:03:54:10 +0000] "GET /wa-content/js/jquery-plugins/jquery.cookie.js HTTP/2.0" 200 1343 "https://nn.justgrill.ru/?utm_source=yandex&utm_medium=cpc&utm_campaign=%D0%B3%D1%80%D0%B8%D0%BB%D0%B8/%D0%BF%D0%BE%D0%B8%D1%81%D0%BA/%D0%BA%D1%80%D0%B4&utm_content=JG&utm_term=%D0%B3%D1%80%D0%B8%D0%BB%D1%8C%20%D1%81%D1%82%D0%BE%D0%B8%D0%BC%D0%BE%D1%81%D1%82%D1%8C®ion=47®ion_name=%D0%9D%D0%B8%D0%B6%D0%BD%D0%B8%D0%B9%20%D0%9D%D0%BE%D0%B2%D0%B3%D0%BE%D1%80%D0%BE%D0%B4&block=premium&position=1&yclid=8444264513218805759" "Mozilla/5.0 (Linux; Android 4.2.2; ME302KL) AppleWebKit/537.36 (KHTML, like Gecko) Chrome/70.0.3538.102 YaBrowser/18.11.1.1011.01 Safari/537.36"
95.37.85.97 - - [08/Apr/2022:03:54:10 +0000] "GET /wa-content/js/jquery-plugins/jquery.cookie.js?v2.4.1 HTTP/2.0" 200 1343 "https://nn.justgrill.ru/?utm_source=yandex&utm_medium=cpc&utm_campaign=%D0%B3%D1%80%D0%B8%D0%BB%D0%B8/%D0%BF%D0%BE%D0%B8%D1%81%D0%BA/%D0%BA%D1%80%D0%B4&utm_content=JG&utm_term=%D0%B3%D1%80%D0%B8%D0%BB%D1%8C%20%D1%81%D1%82%D0%BE%D0%B8%D0%BC%D0%BE%D1%81%D1%82%D1%8C®ion=47®ion_name=%D0%9D%D0%B8%D0%B6%D0%BD%D0%B8%D0%B9%20%D0%9D%D0%BE%D0%B2%D0%B3%D0%BE%D1%80%D0%BE%D0%B4&block=premium&position=1&yclid=8444264513218805759" "Mozilla/5.0 (Linux; Android 4.2.2; ME302KL) AppleWebKit/537.36 (KHTML, like Gecko) Chrome/70.0.3538.102 YaBrowser/18.11.1.1011.01 Safari/537.36"
95.37.85.97 - - [08/Apr/2022:03:54:10 +0000] "GET /wa-content/js/jquery-plugins/jquery.retina.min.js?v2.4.1 HTTP/2.0" 200 900 "https://nn.justgrill.ru/?utm_source=yandex&utm_medium=cpc&utm_campaign=%D0%B3%D1%80%D0%B8%D0%BB%D0%B8/%D0%BF%D0%BE%D0%B8%D1%81%D0%BA/%D0%BA%D1%80%D0%B4&utm_content=JG&utm_term=%D0%B3%D1%80%D0%B8%D0%BB%D1%8C%20%D1%81%D1%82%D0%BE%D0%B8%D0%BC%D0%BE%D1%81%D1%82%D1%8C®ion=47®ion_name=%D0%9D%D0%B8%D0%B6%D0%BD%D0%B8%D0%B9%20%D0%9D%D0%BE%D0%B2%D0%B3%D0%BE%D1%80%D0%BE%D0%B4&block=premium&position=1&yclid=8444264513218805759" "Mozilla/5.0 (Linux; Android 4.2.2; ME302KL) AppleWebKit/537.36 (KHTML, like Gecko) Chrome/70.0.3538.102 YaBrowser/18.11.1.1011.01 Safari/537.36"
95.37.85.97 - - [08/Apr/2022:03:54:10 +0000] "GET /?utm_source=yandex&utm_medium=cpc&utm_campaign=%D0%B3%D1%80%D0%B8%D0%BB%D0%B8/%D0%BF%D0%BE%D0%B8%D1%81%D0%BA/%D0%BA%D1%80%D0%B4&utm_content=JG&utm_term=%D0%B3%D1%80%D0%B8%D0%BB%D1%8C%20%D1%81%D1%82%D0%BE%D0%B8%D0%BC%D0%BE%D1%81%D1%82%D1%8C®ion=47®ion_name=%D0%9D%D0%B8%D0%B6%D0%BD%D0%B8%D0%B9%20%D0%9D%D0%BE%D0%B2%D0%B3%D0%BE%D1%80%D0%BE%D0%B4&block=premium&position=1&yclid=8444264513218805759 HTTP/2.0" 200 39917 "https://yandex.ru/" "Mozilla/5.0 (Linux; Android 4.2.2; ME302KL) AppleWebKit/537.36 (KHTML, like Gecko) Chrome/70.0.3538.102 YaBrowser/18.11.1.1011.01 Safari/537.36"
95.37.85.97 - - [08/Apr/2022:03:54:10 +0000] "GET /searchpro-plugin/config/?v1.9.0.1649390049?370021556 HTTP/2.0" 200 559 "https://nn.justgrill.ru/?utm_source=yandex&utm_medium=cpc&utm_campaign=%D0%B3%D1%80%D0%B8%D0%BB%D0%B8/%D0%BF%D0%BE%D0%B8%D1%81%D0%BA/%D0%BA%D1%80%D0%B4&utm_content=JG&utm_term=%D0%B3%D1%80%D0%B8%D0%BB%D1%8C%20%D1%81%D1%82%D0%BE%D0%B8%D0%BC%D0%BE%D1%81%D1%82%D1%8C®ion=47®ion_name=%D0%9D%D0%B8%D0%B6%D0%BD%D0%B8%D0%B9%20%D0%9D%D0%BE%D0%B2%D0%B3%D0%BE%D1%80%D0%BE%D0%B4&block=premium&position=1&yclid=8444264513218805759" "Mozilla/5.0 (Linux; Android 4.2.2; ME302KL) AppleWebKit/537.36 (KHTML, like Gecko) Chrome/70.0.3538.102 YaBrowser/18.11.1.1011.01 Safari/537.36"
95.37.85.97 - - [08/Apr/2022:03:54:11 +0000] "GET /searchpro-plugin/config/?v1.9.0.1649390049?843715735 HTTP/2.0" 200 559 "https://nn.justgrill.ru/?utm_source=yandex&utm_medium=cpc&utm_campaign=%D0%B3%D1%80%D0%B8%D0%BB%D0%B8/%D0%BF%D0%BE%D0%B8%D1%81%D0%BA/%D0%BA%D1%80%D0%B4&utm_content=JG&utm_term=%D0%B3%D1%80%D0%B8%D0%BB%D1%8C%20%D1%81%D1%82%D0%BE%D0%B8%D0%BC%D0%BE%D1%81%D1%82%D1%8C®ion=47®ion_name=%D0%9D%D0%B8%D0%B6%D0%BD%D0%B8%D0%B9%20%D0%9D%D0%BE%D0%B2%D0%B3%D0%BE%D1%80%D0%BE%D0%B4&block=premium&position=1&yclid=8444264513218805759" "Mozilla/5.0 (Linux; Android 4.2.2; ME302KL) AppleWebKit/537.36 (KHTML, like Gecko) Chrome/70.0.3538.102 YaBrowser/18.11.1.1011.01 Safari/537.36"
95.37.85.97 - - [08/Apr/2022:03:54:12 +0000] "GET /searchpro-plugin/config/?v1.9.0.1649390050?332044175 HTTP/2.0" 200 559 "https://nn.justgrill.ru/?utm_source=yandex&utm_medium=cpc&utm_campaign=%D0%B3%D1%80%D0%B8%D0%BB%D0%B8/%D0%BF%D0%BE%D0%B8%D1%81%D0%BA/%D0%BA%D1%80%D0%B4&utm_content=JG&utm_term=%D0%B3%D1%80%D0%B8%D0%BB%D1%8C%20%D1%81%D1%82%D0%BE%D0%B8%D0%BC%D0%BE%D1%81%D1%82%D1%8C®ion=47®ion_name=%D0%9D%D0%B8%D0%B6%D0%BD%D0%B8%D0%B9%20%D0%9D%D0%BE%D0%B2%D0%B3%D0%BE%D1%80%D0%BE%D0%B4&block=premium&position=1&yclid=8444264513218805759" "Mozilla/5.0 (Linux; Android 4.2.2; ME302KL) AppleWebKit/537.36 (KHTML, like Gecko) Chrome/70.0.3538.102 YaBrowser/18.11.1.1011.01 Safari/537.36"
95.37.85.97 - - [08/Apr/2022:03:54:13 +0000] "GET /searchpro-plugin/config/?v1.9.0.1649390050?1152307579 HTTP/2.0" 200 559 "https://nn.justgrill.ru/?utm_source=yandex&utm_medium=cpc&utm_campaign=%D0%B3%D1%80%D0%B8%D0%BB%D0%B8/%D0%BF%D0%BE%D0%B8%D1%81%D0%BA/%D0%BA%D1%80%D0%B4&utm_content=JG&utm_term=%D0%B3%D1%80%D0%B8%D0%BB%D1%8C%20%D1%81%D1%82%D0%BE%D0%B8%D0%BC%D0%BE%D1%81%D1%82%D1%8C®ion=47®ion_name=%D0%9D%D0%B8%D0%B6%D0%BD%D0%B8%D0%B9%20%D0%9D%D0%BE%D0%B2%D0%B3%D0%BE%D1%80%D0%BE%D0%B4&block=premium&position=1&yclid=8444264513218805759" "Mozilla/5.0 (Linux; Android 4.2.2; ME302KL) AppleWebKit/537.36 (KHTML, like Gecko) Chrome/70.0.3538.102 YaBrowser/18.11.1.1011.01 Safari/537.36"
95.37.85.97 - - [08/Apr/2022:03:54:13 +0000] "GET /wa-data/public/site/themes/justgrill/fonts/Robotobold.woff2 HTTP/2.0" 200 28384 "https://nn.justgrill.ru/wa-data/public/site/themes/justgrill/css/fonts.css?v3.3.1.1649390049" "Mozilla/5.0 (Linux; Android 4.2.2; ME302KL) AppleWebKit/537.36 (KHTML, like Gecko) Chrome/70.0.3538.102 YaBrowser/18.11.1.1011.01 Safari/537.36"
95.37.85.97 - - [08/Apr/2022:03:54:13 +0000] "GET /wa-data/public/site/themes/justgrill/fonts/Robotolight.woff2 HTTP/2.0" 200 28296 "https://nn.justgrill.ru/wa-data/public/site/themes/justgrill/css/fonts.css?v3.3.1.1649390049" "Mozilla/5.0 (Linux; Android 4.2.2; ME302KL) AppleWebKit/537.36 (KHTML, like Gecko) Chrome/70.0.3538.102 YaBrowser/18.11.1.1011.01 Safari/537.36"
95.37.85.97 - - [08/Apr/2022:03:54:13 +0000] "GET /wa-data/public/site/themes/justgrill/fonts/Roboto.woff2 HTTP/2.0" 200 28036 "https://nn.justgrill.ru/wa-data/public/site/themes/justgrill/css/fonts.css?v3.3.1.1649390049" "Mozilla/5.0 (Linux; Android 4.2.2; ME302KL) AppleWebKit/537.36 (KHTML, like Gecko) Chrome/70.0.3538.102 YaBrowser/18.11.1.1011.01 Safari/537.36"
95.37.85.97 - - [08/Apr/2022:03:54:13 +0000] "GET /shop/captcha.php?rid=1649390049624fb1e17e13b HTTP/2.0" 200 13409 "https://nn.justgrill.ru/?utm_source=yandex&utm_medium=cpc&utm_campaign=%D0%B3%D1%80%D0%B8%D0%BB%D0%B8/%D0%BF%D0%BE%D0%B8%D1%81%D0%BA/%D0%BA%D1%80%D0%B4&utm_content=JG&utm_term=%D0%B3%D1%80%D0%B8%D0%BB%D1%8C%20%D1%81%D1%82%D0%BE%D0%B8%D0%BC%D0%BE%D1%81%D1%82%D1%8C®ion=47®ion_name=%D0%9D%D0%B8%D0%B6%D0%BD%D0%B8%D0%B9%20%D0%9D%D0%BE%D0%B2%D0%B3%D0%BE%D1%80%D0%BE%D0%B4&block=premium&position=1&yclid=8444264513218805759" "Mozilla/5.0 (Linux; Android 4.2.2; ME302KL) AppleWebKit/537.36 (KHTML, like Gecko) Chrome/70.0.3538.102 YaBrowser/18.11.1.1011.01 Safari/537.36"
95.37.85.97 - - [08/Apr/2022:03:54:13 +0000] "GET /shop/captcha.php?rid=1649390050624fb1e20eb3d HTTP/2.0" 200 13369 "https://nn.justgrill.ru/?utm_source=yandex&utm_medium=cpc&utm_campaign=%D0%B3%D1%80%D0%B8%D0%BB%D0%B8/%D0%BF%D0%BE%D0%B8%D1%81%D0%BA/%D0%BA%D1%80%D0%B4&utm_content=JG&utm_term=%D0%B3%D1%80%D0%B8%D0%BB%D1%8C%20%D1%81%D1%82%D0%BE%D0%B8%D0%BC%D0%BE%D1%81%D1%82%D1%8C®ion=47®ion_name=%D0%9D%D0%B8%D0%B6%D0%BD%D0%B8%D0%B9%20%D0%9D%D0%BE%D0%B2%D0%B3%D0%BE%D1%80%D0%BE%D0%B4&block=premium&position=1&yclid=8444264513218805759" "Mozilla/5.0 (Linux; Android 4.2.2; ME302KL) AppleWebKit/537.36 (KHTML, like Gecko) Chrome/70.0.3538.102 YaBrowser/18.11.1.1011.01 Safari/537.36"
95.37.85.97 - - [08/Apr/2022:03:54:13 +0000] "GET /wa-data/public/site/themes/justgrill/img/basket.svg HTTP/2.0" 200 3868 "https://nn.justgrill.ru/wa-data/public/site/themes/justgrill/css/main.css?v3.3.1.1649390049" "Mozilla/5.0 (Linux; Android 4.2.2; ME302KL) AppleWebKit/537.36 (KHTML, like Gecko) Chrome/70.0.3538.102 YaBrowser/18.11.1.1011.01 Safari/537.36"
95.37.85.97 - - [08/Apr/2022:03:54:13 +0000] "GET /wa-data/public/site/themes/justgrill/img/user.svg HTTP/2.0" 200 5703 "https://nn.justgrill.ru/wa-data/public/site/themes/justgrill/css/main.css?v3.3.1.1649390049" "Mozilla/5.0 (Linux; Android 4.2.2; ME302KL) AppleWebKit/537.36 (KHTML, like Gecko) Chrome/70.0.3538.102 YaBrowser/18.11.1.1011.01 Safari/537.36"
95.37.85.97 - - [08/Apr/2022:03:54:14 +0000] "GET /wa-data/public/site/themes/justgrill/img/adress.svg HTTP/2.0" 200 80968 "https://nn.justgrill.ru/wa-data/public/site/themes/justgrill/css/main.css?v3.3.1.1649390049" "Mozilla/5.0 (Linux; Android 4.2.2; ME302KL) AppleWebKit/537.36 (KHTML, like Gecko) Chrome/70.0.3538.102 YaBrowser/18.11.1.1011.01 Safari/537.36"
95.37.85.97 - - [08/Apr/2022:03:54:14 +0000] "GET /wa-data/public/site/themes/justgrill/img/email.svg HTTP/2.0" 200 354 "https://nn.justgrill.ru/wa-data/public/site/themes/justgrill/css/main.css?v3.3.1.1649390049" "Mozilla/5.0 (Linux; Android 4.2.2; ME302KL) AppleWebKit/537.36 (KHTML, like Gecko) Chrome/70.0.3538.102 YaBrowser/18.11.1.1011.01 Safari/537.36"
95.37.85.97 - - [08/Apr/2022:03:54:14 +0000] "GET /wa-data/public/site/themes/justgrill/img/phone.svg HTTP/2.0" 200 99750 "https://nn.justgrill.ru/wa-data/public/site/themes/justgrill/css/main.css?v3.3.1.1649390049" "Mozilla/5.0 (Linux; Android 4.2.2; ME302KL) AppleWebKit/537.36 (KHTML, like Gecko) Chrome/70.0.3538.102 YaBrowser/18.11.1.1011.01 Safari/537.36"
95.37.85.97 - - [08/Apr/2022:03:54:14 +0000] "GET /wa-data/public/site/themes/justgrill/fonts/Robotoblack.woff2 HTTP/2.0" 200 28452 "https://nn.justgrill.ru/wa-data/public/site/themes/justgrill/css/fonts.css?v3.3.1.1649390049" "Mozilla/5.0 (Linux; Android 4.2.2; ME302KL) AppleWebKit/537.36 (KHTML, like Gecko) Chrome/70.0.3538.102 YaBrowser/18.11.1.1011.01 Safari/537.36"
95.37.85.97 - - [08/Apr/2022:03:54:14 +0000] "GET /wa-data/public/site/themes/justgrill/fonts/Robotomedium.woff2 HTTP/2.0" 200 28312 "https://nn.justgrill.ru/wa-data/public/site/themes/justgrill/css/fonts.css?v3.3.1.1649390049" "Mozilla/5.0 (Linux; Android 4.2.2; ME302KL) AppleWebKit/537.36 (KHTML, like Gecko) Chrome/70.0.3538.102 YaBrowser/18.11.1.1011.01 Safari/537.36"
95.37.85.97 - - [08/Apr/2022:03:54:14 +0000] "GET /wa-content/font/ruble/arial/alsrubl-arial-regular.woff HTTP/2.0" 200 1788 "https://nn.justgrill.ru/wa-content/font/ruble/arial/fontface.css" "Mozilla/5.0 (Linux; Android 4.2.2; ME302KL) AppleWebKit/537.36 (KHTML, like Gecko) Chrome/70.0.3538.102 YaBrowser/18.11.1.1011.01 Safari/537.36"
95.37.85.97 - - [08/Apr/2022:03:54:17 +0000] "GET /wa-apps/shop/plugins/searchpro/fonts/Roboto/Roboto-Regular.woff2 HTTP/2.0" 200 66004 "https://nn.justgrill.ru/wa-apps/shop/plugins/searchpro/css/frontend.fonts.css?v1.9.0.1649390049" "Mozilla/5.0 (Linux; Android 4.2.2; ME302KL) AppleWebKit/537.36 (KHTML, like Gecko) Chrome/70.0.3538.102 YaBrowser/18.11.1.1011.01 Safari/537.36"
95.37.85.97 - - [08/Apr/2022:03:54:19 +0000] "GET /wa-content/js/signup/signup.js?v=8.21.0.1649390049 HTTP/2.0" 200 6675 "https://nn.justgrill.ru/?utm_source=yandex&utm_medium=cpc&utm_campaign=%D0%B3%D1%80%D0%B8%D0%BB%D0%B8/%D0%BF%D0%BE%D0%B8%D1%81%D0%BA/%D0%BA%D1%80%D0%B4&utm_content=JG&utm_term=%D0%B3%D1%80%D0%B8%D0%BB%D1%8C%20%D1%81%D1%82%D0%BE%D0%B8%D0%BC%D0%BE%D1%81%D1%82%D1%8C®ion=47®ion_name=%D0%9D%D0%B8%D0%B6%D0%BD%D0%B8%D0%B9%20%D0%9D%D0%BE%D0%B2%D0%B3%D0%BE%D1%80%D0%BE%D0%B4&block=premium&position=1&yclid=8444264513218805759" "Mozilla/5.0 (Linux; Android 4.2.2; ME302KL) AppleWebKit/537.36 (KHTML, like Gecko) Chrome/70.0.3538.102 YaBrowser/18.11.1.1011.01 Safari/537.36"
95.37.85.97 - - [08/Apr/2022:03:54:19 +0000] "GET /wa-content/css/signup/signup.css?v=8.21.0.1649390049 HTTP/2.0" 200 1909 "https://nn.justgrill.ru/?utm_source=yandex&utm_medium=cpc&utm_campaign=%D0%B3%D1%80%D0%B8%D0%BB%D0%B8/%D0%BF%D0%BE%D0%B8%D1%81%D0%BA/%D0%BA%D1%80%D0%B4&utm_content=JG&utm_term=%D0%B3%D1%80%D0%B8%D0%BB%D1%8C%20%D1%81%D1%82%D0%BE%D0%B8%D0%BC%D0%BE%D1%81%D1%82%D1%8C®ion=47®ion_name=%D0%9D%D0%B8%D0%B6%D0%BD%D0%B8%D0%B9%20%D0%9D%D0%BE%D0%B2%D0%B3%D0%BE%D1%80%D0%BE%D0%B4&block=premium&position=1&yclid=8444264513218805759" "Mozilla/5.0 (Linux; Android 4.2.2; ME302KL) AppleWebKit/537.36 (KHTML, like Gecko) Chrome/70.0.3538.102 YaBrowser/18.11.1.1011.01 Safari/537.36"
95.37.85.97 - - [08/Apr/2022:03:54:20 +0000] "GET /wa-content/js/login/login-frontend-form.min.js?v=8.21.0.1649390049 HTTP/2.0" 200 5488 "https://nn.justgrill.ru/?utm_source=yandex&utm_medium=cpc&utm_campaign=%D0%B3%D1%80%D0%B8%D0%BB%D0%B8/%D0%BF%D0%BE%D0%B8%D1%81%D0%BA/%D0%BA%D1%80%D0%B4&utm_content=JG&utm_term=%D0%B3%D1%80%D0%B8%D0%BB%D1%8C%20%D1%81%D1%82%D0%BE%D0%B8%D0%BC%D0%BE%D1%81%D1%82%D1%8C®ion=47®ion_name=%D0%9D%D0%B8%D0%B6%D0%BD%D0%B8%D0%B9%20%D0%9D%D0%BE%D0%B2%D0%B3%D0%BE%D1%80%D0%BE%D0%B4&block=premium&position=1&yclid=8444264513218805759" "Mozilla/5.0 (Linux; Android 4.2.2; ME302KL) AppleWebKit/537.36 (KHTML, like Gecko) Chrome/70.0.3538.102 YaBrowser/18.11.1.1011.01 Safari/537.36"
95.37.85.97 - - [08/Apr/2022:03:54:20 +0000] "GET /wa-content/css/login/frontend/login.css?v=8.21.0.1649390049 HTTP/2.0" 200 1762 "https://nn.justgrill.ru/?utm_source=yandex&utm_medium=cpc&utm_campaign=%D0%B3%D1%80%D0%B8%D0%BB%D0%B8/%D0%BF%D0%BE%D0%B8%D1%81%D0%BA/%D0%BA%D1%80%D0%B4&utm_content=JG&utm_term=%D0%B3%D1%80%D0%B8%D0%BB%D1%8C%20%D1%81%D1%82%D0%BE%D0%B8%D0%BC%D0%BE%D1%81%D1%82%D1%8C®ion=47®ion_name=%D0%9D%D0%B8%D0%B6%D0%BD%D0%B8%D0%B9%20%D0%9D%D0%BE%D0%B2%D0%B3%D0%BE%D1%80%D0%BE%D0%B4&block=premium&position=1&yclid=8444264513218805759" "Mozilla/5.0 (Linux; Android 4.2.2; ME302KL) AppleWebKit/537.36 (KHTML, like Gecko) Chrome/70.0.3538.102 YaBrowser/18.11.1.1011.01 Safari/537.36"
95.37.85.97 - - [08/Apr/2022:03:54:23 +0000] "GET /wa-content/js/login/forgotpassword-frontend-form.min.js?v=8.21.0.1649390049 HTTP/2.0" 200 4709 "https://nn.justgrill.ru/?utm_source=yandex&utm_medium=cpc&utm_campaign=%D0%B3%D1%80%D0%B8%D0%BB%D0%B8/%D0%BF%D0%BE%D0%B8%D1%81%D0%BA/%D0%BA%D1%80%D0%B4&utm_content=JG&utm_term=%D0%B3%D1%80%D0%B8%D0%BB%D1%8C%20%D1%81%D1%82%D0%BE%D0%B8%D0%BC%D0%BE%D1%81%D1%82%D1%8C®ion=47®ion_name=%D0%9D%D0%B8%D0%B6%D0%BD%D0%B8%D0%B9%20%D0%9D%D0%BE%D0%B2%D0%B3%D0%BE%D1%80%D0%BE%D0%B4&block=premium&position=1&yclid=8444264513218805759" "Mozilla/5.0 (Linux; Android 4.2.2; ME302KL) AppleWebKit/537.36 (KHTML, like Gecko) Chrome/70.0.3538.102 YaBrowser/18.11.1.1011.01 Safari/537.36"
95.37.85.97 - - [08/Apr/2022:03:54:23 +0000] "GET /wa-content/css/login/frontend/forgot-password.css?v=8.21.0.1649390049 HTTP/2.0" 200 1560 "https://nn.justgrill.ru/?utm_source=yandex&utm_medium=cpc&utm_campaign=%D0%B3%D1%80%D0%B8%D0%BB%D0%B8/%D0%BF%D0%BE%D0%B8%D1%81%D0%BA/%D0%BA%D1%80%D0%B4&utm_content=JG&utm_term=%D0%B3%D1%80%D0%B8%D0%BB%D1%8C%20%D1%81%D1%82%D0%BE%D0%B8%D0%BC%D0%BE%D1%81%D1%82%D1%8C®ion=47®ion_name=%D0%9D%D0%B8%D0%B6%D0%BD%D0%B8%D0%B9%20%D0%9D%D0%BE%D0%B2%D0%B3%D0%BE%D1%80%D0%BE%D0%B4&block=premium&position=1&yclid=8444264513218805759" "Mozilla/5.0 (Linux; Android 4.2.2; ME302KL) AppleWebKit/537.36 (KHTML, like Gecko) Chrome/70.0.3538.102 YaBrowser/18.11.1.1011.01 Safari/537.36"
66.249.66.57 - - [08/Apr/2022:03:54:23 +0000] "GET /aksessuary/weber/chekhly/chekhol-standart-iz-pvkhpoliestera-dlya-griley-signetsovereign90baron420440490/ HTTP/1.1" 301 5 "-" "Mozilla/5.0 (compatible; Googlebot/2.1; +http://www.google.com/bot.html)"
77.88.5.82 - - [08/Apr/2022:03:54:23 +0000] "GET /?yclid=7710547526903176844 HTTP/1.1" 200 39838 "-" "Mozilla/5.0 (compatible; YandexMetrika/2.0; +http://yandex.com/bots yabs01)"
77.88.5.229 - - [08/Apr/2022:03:54:24 +0000] "GET /blog/faq-sekret-prigotovleniya-na-grile-ot-weber-1/ HTTP/1.1" 200 31429 "-" "Mozilla/5.0 (compatible; YandexBot/3.0; +http://yandex.com/bots)"
66.249.66.55 - - [08/Apr/2022:03:54:25 +0000] "GET /aksessuary/chekhly-dlya-griley/chekhol-dlya-griley-broil-king-signet-sovereign90-baron420-440-490/ HTTP/1.1" 200 34508 "-" "Mozilla/5.0 (compatible; Googlebot/2.1; +http://www.google.com/bot.html)"
17.121.113.34 - - [08/Apr/2022:03:54:25 +0000] "GET /brendy/grillver/pech-gril-iskander-standart-eyr-s-nerzh-reshyotkoy-gril/ HTTP/1.1" 301 5 "-" "Mozilla/5.0 (Macintosh; Intel Mac OS X 10_15_5) AppleWebKit/605.1.15 (KHTML, like Gecko) Version/13.1.1 Safari/605.1.15 (Applebot/0.1; +http://www.apple.com/go/applebot)"
95.37.85.97 - - [08/Apr/2022:03:54:25 +0000] "GET /regions/getPopupContent/ HTTP/2.0" 200 1029 "https://nn.justgrill.ru/?utm_source=yandex&utm_medium=cpc&utm_campaign=%D0%B3%D1%80%D0%B8%D0%BB%D0%B8/%D0%BF%D0%BE%D0%B8%D1%81%D0%BA/%D0%BA%D1%80%D0%B4&utm_content=JG&utm_term=%D0%B3%D1%80%D0%B8%D0%BB%D1%8C%20%D1%81%D1%82%D0%BE%D0%B8%D0%BC%D0%BE%D1%81%D1%82%D1%8C®ion=47®ion_name=%D0%9D%D0%B8%D0%B6%D0%BD%D0%B8%D0%B9%20%D0%9D%D0%BE%D0%B2%D0%B3%D0%BE%D1%80%D0%BE%D0%B4&block=premium&position=1&yclid=8444264513218805759" "Mozilla/5.0 (Linux; Android 4.2.2; ME302KL) AppleWebKit/537.36 (KHTML, like Gecko) Chrome/70.0.3538.102 YaBrowser/18.11.1.1011.01 Safari/537.36"
17.121.113.34 - - [08/Apr/2022:03:54:25 +0000] "GET /mangaly/mangal/pech-gril-grillver-iskander-standart-eyr-s-nerzh-reshyotka/ HTTP/1.1" 301 5 "-" "Mozilla/5.0 (Macintosh; Intel Mac OS X 10_15_5) AppleWebKit/605.1.15 (KHTML, like Gecko) Version/13.1.1 Safari/605.1.15 (Applebot/0.1; +http://www.apple.com/go/applebot)"
95.37.85.97 - - [08/Apr/2022:03:54:25 +0000] "GET /regions/getPopupContent/ HTTP/2.0" 200 1029 "https://nn.justgrill.ru/?utm_source=yandex&utm_medium=cpc&utm_campaign=%D0%B3%D1%80%D0%B8%D0%BB%D0%B8/%D0%BF%D0%BE%D0%B8%D1%81%D0%BA/%D0%BA%D1%80%D0%B4&utm_content=JG&utm_term=%D0%B3%D1%80%D0%B8%D0%BB%D1%8C%20%D1%81%D1%82%D0%BE%D0%B8%D0%BC%D0%BE%D1%81%D1%82%D1%8C®ion=47®ion_name=%D0%9D%D0%B8%D0%B6%D0%BD%D0%B8%D0%B9%20%D0%9D%D0%BE%D0%B2%D0%B3%D0%BE%D1%80%D0%BE%D0%B4&block=premium&position=1&yclid=8444264513218805759" "Mozilla/5.0 (Linux; Android 4.2.2; ME302KL) AppleWebKit/537.36 (KHTML, like Gecko) Chrome/70.0.3538.102 YaBrowser/18.11.1.1011.01 Safari/537.36"
17.121.113.34 - - [08/Apr/2022:03:54:26 +0000] "GET /mangaly/mangal/grillver/iskander/pech-gril-grillver-iskander-standart-eyr-s-nerzh-reshyotka/ HTTP/1.1" 200 33707 "-" "Mozilla/5.0 (Macintosh; Intel Mac OS X 10_15_5) AppleWebKit/605.1.15 (KHTML, like Gecko) Version/13.1.1 Safari/605.1.15 (Applebot/0.1; +http://www.apple.com/go/applebot)"
114.119.150.166 - - [08/Apr/2022:03:54:30 +0000] "GET /grili/drovyanye/lappigrill-st HTTP/1.1" 301 5 "-" "Mozilla/5.0 (Linux; Android 7.0;) AppleWebKit/537.36 (KHTML, like Gecko) Mobile Safari/537.36 (compatible; PetalBot;+https://webmaster.petalsearch.com/site/petalbot)"
95.37.85.97 - - [08/Apr/2022:03:54:31 +0000] "GET /regions/getPopupContent/ HTTP/2.0" 200 1029 "https://nn.justgrill.ru/?utm_source=yandex&utm_medium=cpc&utm_campaign=%D0%B3%D1%80%D0%B8%D0%BB%D0%B8/%D0%BF%D0%BE%D0%B8%D1%81%D0%BA/%D0%BA%D1%80%D0%B4&utm_content=JG&utm_term=%D0%B3%D1%80%D0%B8%D0%BB%D1%8C%20%D1%81%D1%82%D0%BE%D0%B8%D0%BC%D0%BE%D1%81%D1%82%D1%8C®ion=47®ion_name=%D0%9D%D0%B8%D0%B6%D0%BD%D0%B8%D0%B9%20%D0%9D%D0%BE%D0%B2%D0%B3%D0%BE%D1%80%D0%BE%D0%B4&block=premium&position=1&yclid=8444264513218805759" "Mozilla/5.0 (Linux; Android 4.2.2; ME302KL) AppleWebKit/537.36 (KHTML, like Gecko) Chrome/70.0.3538.102 YaBrowser/18.11.1.1011.01 Safari/537.36"
95.37.85.97 - - [08/Apr/2022:03:54:31 +0000] "GET /regions/getPopupContent/ HTTP/2.0" 200 1029 "https://nn.justgrill.ru/?utm_source=yandex&utm_medium=cpc&utm_campaign=%D0%B3%D1%80%D0%B8%D0%BB%D0%B8/%D0%BF%D0%BE%D0%B8%D1%81%D0%BA/%D0%BA%D1%80%D0%B4&utm_content=JG&utm_term=%D0%B3%D1%80%D0%B8%D0%BB%D1%8C%20%D1%81%D1%82%D0%BE%D0%B8%D0%BC%D0%BE%D1%81%D1%82%D1%8C®ion=47®ion_name=%D0%9D%D0%B8%D0%B6%D0%BD%D0%B8%D0%B9%20%D0%9D%D0%BE%D0%B2%D0%B3%D0%BE%D1%80%D0%BE%D0%B4&block=premium&position=1&yclid=8444264513218805759" "Mozilla/5.0 (Linux; Android 4.2.2; ME302KL) AppleWebKit/537.36 (KHTML, like Gecko) Chrome/70.0.3538.102 YaBrowser/18.11.1.1011.01 Safari/537.36"
114.119.150.166 - - [08/Apr/2022:03:54:37 +0000] "GET /grili/drovyanye/lappigrill-st/ HTTP/1.1" 301 5 "-" "Mozilla/5.0 (Linux; Android 7.0;) AppleWebKit/537.36 (KHTML, like Gecko) Mobile Safari/537.36 (compatible; PetalBot;+https://webmaster.petalsearch.com/site/petalbot)"
114.119.128.55 - - [08/Apr/2022:03:54:39 +0000] "GET /brendy/big-green-egg/soteynik-chugunnyy-s-silikonovoy-kistochkoy/reviews HTTP/1.1" 301 5 "-" "Mozilla/5.0 (Linux; Android 7.0;) AppleWebKit/537.36 (KHTML, like Gecko) Mobile Safari/537.36 (compatible; PetalBot;+https://webmaster.petalsearch.com/site/petalbot)"
114.119.150.166 - - [08/Apr/2022:03:54:40 +0000] "GET /grili/drovyanye/drovyanoy-gril-lappigrill-st/ HTTP/1.1" 200 31625 "-" "Mozilla/5.0 (Linux; Android 7.0;) AppleWebKit/537.36 (KHTML, like Gecko) Mobile Safari/537.36 (compatible; PetalBot;+https://webmaster.petalsearch.com/site/petalbot)"
114.119.128.55 - - [08/Apr/2022:03:54:41 +0000] "GET /brendy/big-green-egg/soteynik-chugunnyy-s-silikonovoy-kistochkoy/reviews/ HTTP/1.1" 301 5 "-" "Mozilla/5.0 (Linux; Android 7.0;) AppleWebKit/537.36 (KHTML, like Gecko) Mobile Safari/537.36 (compatible; PetalBot;+https://webmaster.petalsearch.com/site/petalbot)"
95.37.85.97 - - [08/Apr/2022:03:54:44 +0000] "GET /favicon.ico HTTP/2.0" 200 54978 "https://nn.justgrill.ru/?utm_source=yandex&utm_medium=cpc&utm_campaign=%D0%B3%D1%80%D0%B8%D0%BB%D0%B8/%D0%BF%D0%BE%D0%B8%D1%81%D0%BA/%D0%BA%D1%80%D0%B4&utm_content=JG&utm_term=%D0%B3%D1%80%D0%B8%D0%BB%D1%8C%20%D1%81%D1%82%D0%BE%D0%B8%D0%BC%D0%BE%D1%81%D1%82%D1%8C®ion=47®ion_name=%D0%9D%D0%B8%D0%B6%D0%BD%D0%B8%D0%B9%20%D0%9D%D0%BE%D0%B2%D0%B3%D0%BE%D1%80%D0%BE%D0%B4&block=premium&position=1&yclid=8444264513218805759" "Mozilla/5.0 (Linux; Android 4.2.2; ME302KL) AppleWebKit/537.36 (KHTML, like Gecko) Chrome/70.0.3538.102 YaBrowser/18.11.1.1011.01 Safari/537.36"
114.119.128.55 - - [08/Apr/2022:03:54:44 +0000] "GET /aksessuary/posuda/soteynik-chugunnyy-big-green-egg-s-silikonovoy-kistochkoy/reviews/ HTTP/1.1" 200 31226 "-" "Mozilla/5.0 (Linux; Android 7.0;) AppleWebKit/537.36 (KHTML, like Gecko) Mobile Safari/537.36 (compatible; PetalBot;+https://webmaster.petalsearch.com/site/petalbot)"
185.210.142.51 - - [08/Apr/2022:03:54:52 +0000] "GET / HTTP/1.1" 200 39197 "-" "Mozilla/4.0 (compatible; MSIE 7.0; Windows NT 6.2; WOW64; Trident/7.0; .NET4.0C; .NET4.0E; .NET CLR 2.0.50727; .NET CLR 3.0.30729; .NET CLR 3.5.30729)"
185.210.142.51 - - [08/Apr/2022:03:54:53 +0000] "GET / HTTP/2.0" 200 38837 "-" "Mozilla/5.0 (Windows NT 10.0; Win64; x64) AppleWebKit/537.36 (KHTML, like Gecko) Chrome/99.0.4844.84 Safari/537.36 OPR/85.0.4341.47 (Edition Yx 05)"
185.210.142.51 - - [08/Apr/2022:03:54:53 +0000] "GET /wa-content/font/ruble/arial/fontface.css HTTP/2.0" 200 371 "https://justgrill.ru/" "Mozilla/5.0 (Windows NT 10.0; Win64; x64) AppleWebKit/537.36 (KHTML, like Gecko) Chrome/99.0.4844.84 Safari/537.36 OPR/85.0.4341.47 (Edition Yx 05)"
185.210.142.51 - - [08/Apr/2022:03:54:53 +0000] "GET /wa-content/js/jquery-plugins/jquery.cookie.js HTTP/2.0" 200 1343 "https://justgrill.ru/" "Mozilla/5.0 (Windows NT 10.0; Win64; x64) AppleWebKit/537.36 (KHTML, like Gecko) Chrome/99.0.4844.84 Safari/537.36 OPR/85.0.4341.47 (Edition Yx 05)"
185.210.142.51 - - [08/Apr/2022:03:54:53 +0000] "GET /wa-content/js/jquery-plugins/jquery.cookie.js?v2.4.1 HTTP/2.0" 200 1343 "https://justgrill.ru/" "Mozilla/5.0 (Windows NT 10.0; Win64; x64) AppleWebKit/537.36 (KHTML, like Gecko) Chrome/99.0.4844.84 Safari/537.36 OPR/85.0.4341.47 (Edition Yx 05)"
185.210.142.51 - - [08/Apr/2022:03:54:53 +0000] "GET /wa-content/js/jquery-plugins/jquery.retina.min.js?v2.4.1 HTTP/2.0" 200 900 "https://justgrill.ru/" "Mozilla/5.0 (Windows NT 10.0; Win64; x64) AppleWebKit/537.36 (KHTML, like Gecko) Chrome/99.0.4844.84 Safari/537.36 OPR/85.0.4341.47 (Edition Yx 05)"
185.210.142.51 - - [08/Apr/2022:03:54:54 +0000] "GET /searchpro-plugin/config/?v1.9.0.1649390093?1525923171 HTTP/2.0" 200 557 "https://justgrill.ru/" "Mozilla/5.0 (Windows NT 10.0; Win64; x64) AppleWebKit/537.36 (KHTML, like Gecko) Chrome/99.0.4844.84 Safari/537.36 OPR/85.0.4341.47 (Edition Yx 05)"
185.210.142.51 - - [08/Apr/2022:03:54:54 +0000] "GET /wa-data/public/site/themes/justgrill/fonts/Roboto.woff2 HTTP/2.0" 200 28036 "https://justgrill.ru/wa-data/public/site/themes/justgrill/css/fonts.css?v3.3.1.1649390093" "Mozilla/5.0 (Windows NT 10.0; Win64; x64) AppleWebKit/537.36 (KHTML, like Gecko) Chrome/99.0.4844.84 Safari/537.36 OPR/85.0.4341.47 (Edition Yx 05)"
185.210.142.51 - - [08/Apr/2022:03:54:54 +0000] "GET /wa-data/public/site/themes/justgrill/fonts/Robotobold.woff2 HTTP/2.0" 200 28384 "https://justgrill.ru/wa-data/public/site/themes/justgrill/css/fonts.css?v3.3.1.1649390093" "Mozilla/5.0 (Windows NT 10.0; Win64; x64) AppleWebKit/537.36 (KHTML, like Gecko) Chrome/99.0.4844.84 Safari/537.36 OPR/85.0.4341.47 (Edition Yx 05)"
185.210.142.51 - - [08/Apr/2022:03:54:54 +0000] "GET /wa-data/public/site/themes/justgrill/fonts/Robotolight.woff2 HTTP/2.0" 200 28296 "https://justgrill.ru/wa-data/public/site/themes/justgrill/css/fonts.css?v3.3.1.1649390093" "Mozilla/5.0 (Windows NT 10.0; Win64; x64) AppleWebKit/537.36 (KHTML, like Gecko) Chrome/99.0.4844.84 Safari/537.36 OPR/85.0.4341.47 (Edition Yx 05)"
185.210.142.51 - - [08/Apr/2022:03:54:54 +0000] "GET /searchpro-plugin/config/?v1.9.0.1649390093?221736928 HTTP/2.0" 200 557 "https://justgrill.ru/" "Mozilla/5.0 (Windows NT 10.0; Win64; x64) AppleWebKit/537.36 (KHTML, like Gecko) Chrome/99.0.4844.84 Safari/537.36 OPR/85.0.4341.47 (Edition Yx 05)"
185.210.142.51 - - [08/Apr/2022:03:54:54 +0000] "GET /wa-apps/shop/plugins/searchpro/fonts/Roboto/Roboto-Regular.woff2 HTTP/2.0" 200 66004 "https://justgrill.ru/wa-apps/shop/plugins/searchpro/css/frontend.fonts.css?v1.9.0.1649390093" "Mozilla/5.0 (Windows NT 10.0; Win64; x64) AppleWebKit/537.36 (KHTML, like Gecko) Chrome/99.0.4844.84 Safari/537.36 OPR/85.0.4341.47 (Edition Yx 05)"
185.210.142.51 - - [08/Apr/2022:03:54:55 +0000] "GET /wa-data/public/site/themes/justgrill/fonts/Robotoblack.woff2 HTTP/2.0" 200 28452 "https://justgrill.ru/wa-data/public/site/themes/justgrill/css/fonts.css?v3.3.1.1649390093" "Mozilla/5.0 (Windows NT 10.0; Win64; x64) AppleWebKit/537.36 (KHTML, like Gecko) Chrome/99.0.4844.84 Safari/537.36 OPR/85.0.4341.47 (Edition Yx 05)"
185.210.142.51 - - [08/Apr/2022:03:54:55 +0000] "GET /wa-data/public/site/themes/justgrill/fonts/Robotomedium.woff2 HTTP/2.0" 200 28312 "https://justgrill.ru/wa-data/public/site/themes/justgrill/css/fonts.css?v3.3.1.1649390093" "Mozilla/5.0 (Windows NT 10.0; Win64; x64) AppleWebKit/537.36 (KHTML, like Gecko) Chrome/99.0.4844.84 Safari/537.36 OPR/85.0.4341.47 (Edition Yx 05)"
185.210.142.51 - - [08/Apr/2022:03:54:55 +0000] "GET /wa-content/css/signup/signup.css?v=8.21.0.1649390093 HTTP/2.0" 200 1909 "https://justgrill.ru/" "Mozilla/5.0 (Windows NT 10.0; Win64; x64) AppleWebKit/537.36 (KHTML, like Gecko) Chrome/99.0.4844.84 Safari/537.36 OPR/85.0.4341.47 (Edition Yx 05)"
185.210.142.51 - - [08/Apr/2022:03:54:55 +0000] "GET /wa-content/css/login/frontend/login.css?v=8.21.0.1649390093 HTTP/2.0" 200 1762 "https://justgrill.ru/" "Mozilla/5.0 (Windows NT 10.0; Win64; x64) AppleWebKit/537.36 (KHTML, like Gecko) Chrome/99.0.4844.84 Safari/537.36 OPR/85.0.4341.47 (Edition Yx 05)"
185.210.142.51 - - [08/Apr/2022:03:54:55 +0000] "GET /wa-content/font/ruble/arial/alsrubl-arial-regular.woff HTTP/2.0" 200 1788 "https://justgrill.ru/wa-content/font/ruble/arial/fontface.css" "Mozilla/5.0 (Windows NT 10.0; Win64; x64) AppleWebKit/537.36 (KHTML, like Gecko) Chrome/99.0.4844.84 Safari/537.36 OPR/85.0.4341.47 (Edition Yx 05)"
185.210.142.51 - - [08/Apr/2022:03:54:55 +0000] "GET /wa-content/css/login/frontend/forgot-password.css?v=8.21.0.1649390093 HTTP/2.0" 200 1560 "https://justgrill.ru/" "Mozilla/5.0 (Windows NT 10.0; Win64; x64) AppleWebKit/537.36 (KHTML, like Gecko) Chrome/99.0.4844.84 Safari/537.36 OPR/85.0.4341.47 (Edition Yx 05)"
185.210.142.51 - - [08/Apr/2022:03:54:55 +0000] "GET /wa-data/public/site/themes/justgrill/img/basket.svg HTTP/2.0" 200 3868 "https://justgrill.ru/wa-data/public/site/themes/justgrill/css/main.css?v3.3.1.1649390093" "Mozilla/5.0 (Windows NT 10.0; Win64; x64) AppleWebKit/537.36 (KHTML, like Gecko) Chrome/99.0.4844.84 Safari/537.36 OPR/85.0.4341.47 (Edition Yx 05)"
185.210.142.51 - - [08/Apr/2022:03:54:55 +0000] "GET /wa-data/public/site/themes/justgrill/img/user.svg HTTP/2.0" 200 5703 "https://justgrill.ru/wa-data/public/site/themes/justgrill/css/main.css?v3.3.1.1649390093" "Mozilla/5.0 (Windows NT 10.0; Win64; x64) AppleWebKit/537.36 (KHTML, like Gecko) Chrome/99.0.4844.84 Safari/537.36 OPR/85.0.4341.47 (Edition Yx 05)"
185.210.142.51 - - [08/Apr/2022:03:54:56 +0000] "GET /regions/getPopupContent/ HTTP/2.0" 200 1023 "https://justgrill.ru/" "Mozilla/5.0 (Windows NT 10.0; Win64; x64) AppleWebKit/537.36 (KHTML, like Gecko) Chrome/99.0.4844.84 Safari/537.36 OPR/85.0.4341.47 (Edition Yx 05)"
185.210.142.51 - - [08/Apr/2022:03:54:56 +0000] "GET /regions/getPopupContent/ HTTP/2.0" 200 1023 "https://justgrill.ru/" "Mozilla/5.0 (Windows NT 10.0; Win64; x64) AppleWebKit/537.36 (KHTML, like Gecko) Chrome/99.0.4844.84 Safari/537.36 OPR/85.0.4341.47 (Edition Yx 05)"
185.210.142.51 - - [08/Apr/2022:03:54:57 +0000] "GET /wa-data/public/site/themes/justgrill/img/phone.svg HTTP/2.0" 200 99750 "https://justgrill.ru/wa-data/public/site/themes/justgrill/css/main.css?v3.3.1.1649390093" "Mozilla/5.0 (Windows NT 10.0; Win64; x64) AppleWebKit/537.36 (KHTML, like Gecko) Chrome/99.0.4844.84 Safari/537.36 OPR/85.0.4341.47 (Edition Yx 05)"
185.210.142.51 - - [08/Apr/2022:03:54:57 +0000] "GET /wa-data/public/site/themes/justgrill/img/email.svg HTTP/2.0" 200 354 "https://justgrill.ru/wa-data/public/site/themes/justgrill/css/main.css?v3.3.1.1649390093" "Mozilla/5.0 (Windows NT 10.0; Win64; x64) AppleWebKit/537.36 (KHTML, like Gecko) Chrome/99.0.4844.84 Safari/537.36 OPR/85.0.4341.47 (Edition Yx 05)"
185.210.142.51 - - [08/Apr/2022:03:54:57 +0000] "GET /wa-data/public/site/themes/justgrill/img/adress.svg HTTP/2.0" 200 80968 "https://justgrill.ru/wa-data/public/site/themes/justgrill/css/main.css?v3.3.1.1649390093" "Mozilla/5.0 (Windows NT 10.0; Win64; x64) AppleWebKit/537.36 (KHTML, like Gecko) Chrome/99.0.4844.84 Safari/537.36 OPR/85.0.4341.47 (Edition Yx 05)"
185.210.142.51 - - [08/Apr/2022:03:54:57 +0000] "GET /wa-content/js/signup/signup.js?v=8.21.0.1649390093 HTTP/2.0" 200 6675 "https://justgrill.ru/" "Mozilla/5.0 (Windows NT 10.0; Win64; x64) AppleWebKit/537.36 (KHTML, like Gecko) Chrome/99.0.4844.84 Safari/537.36 OPR/85.0.4341.47 (Edition Yx 05)"
185.210.142.51 - - [08/Apr/2022:03:54:57 +0000] "GET /wa-content/js/login/login-frontend-form.min.js?v=8.21.0.1649390093 HTTP/2.0" 200 5488 "https://justgrill.ru/" "Mozilla/5.0 (Windows NT 10.0; Win64; x64) AppleWebKit/537.36 (KHTML, like Gecko) Chrome/99.0.4844.84 Safari/537.36 OPR/85.0.4341.47 (Edition Yx 05)"
185.210.142.51 - - [08/Apr/2022:03:54:57 +0000] "GET /wa-content/js/login/forgotpassword-frontend-form.min.js?v=8.21.0.1649390093 HTTP/2.0" 200 4709 "https://justgrill.ru/" "Mozilla/5.0 (Windows NT 10.0; Win64; x64) AppleWebKit/537.36 (KHTML, like Gecko) Chrome/99.0.4844.84 Safari/537.36 OPR/85.0.4341.47 (Edition Yx 05)"
185.210.142.51 - - [08/Apr/2022:03:55:00 +0000] "GET /o-magazine/ HTTP/2.0" 200 33016 "https://justgrill.ru/" "Mozilla/5.0 (Windows NT 10.0; Win64; x64) AppleWebKit/537.36 (KHTML, like Gecko) Chrome/99.0.4844.84 Safari/537.36 OPR/85.0.4341.47 (Edition Yx 05)"
185.210.142.51 - - [08/Apr/2022:03:55:01 +0000] "GET /searchpro-plugin/config/?v1.9.0.1649390100?1514819548 HTTP/2.0" 200 556 "https://justgrill.ru/o-magazine/" "Mozilla/5.0 (Windows NT 10.0; Win64; x64) AppleWebKit/537.36 (KHTML, like Gecko) Chrome/99.0.4844.84 Safari/537.36 OPR/85.0.4341.47 (Edition Yx 05)"
185.210.142.51 - - [08/Apr/2022:03:55:01 +0000] "GET /searchpro-plugin/config/?v1.9.0.1649390100?888332556 HTTP/2.0" 200 556 "https://justgrill.ru/o-magazine/" "Mozilla/5.0 (Windows NT 10.0; Win64; x64) AppleWebKit/537.36 (KHTML, like Gecko) Chrome/99.0.4844.84 Safari/537.36 OPR/85.0.4341.47 (Edition Yx 05)"
185.210.142.51 - - [08/Apr/2022:03:55:01 +0000] "GET /wa-content/js/signup/signup.js?v=8.21.0.1649390100 HTTP/2.0" 200 6675 "https://justgrill.ru/o-magazine/" "Mozilla/5.0 (Windows NT 10.0; Win64; x64) AppleWebKit/537.36 (KHTML, like Gecko) Chrome/99.0.4844.84 Safari/537.36 OPR/85.0.4341.47 (Edition Yx 05)"
185.210.142.51 - - [08/Apr/2022:03:55:01 +0000] "GET /wa-content/css/signup/signup.css?v=8.21.0.1649390100 HTTP/2.0" 200 1909 "https://justgrill.ru/o-magazine/" "Mozilla/5.0 (Windows NT 10.0; Win64; x64) AppleWebKit/537.36 (KHTML, like Gecko) Chrome/99.0.4844.84 Safari/537.36 OPR/85.0.4341.47 (Edition Yx 05)"
185.210.142.51 - - [08/Apr/2022:03:55:01 +0000] "GET /wa-content/js/login/login-frontend-form.min.js?v=8.21.0.1649390100 HTTP/2.0" 200 5488 "https://justgrill.ru/o-magazine/" "Mozilla/5.0 (Windows NT 10.0; Win64; x64) AppleWebKit/537.36 (KHTML, like Gecko) Chrome/99.0.4844.84 Safari/537.36 OPR/85.0.4341.47 (Edition Yx 05)"
185.210.142.51 - - [08/Apr/2022:03:55:01 +0000] "GET /wa-content/css/login/frontend/login.css?v=8.21.0.1649390100 HTTP/2.0" 200 1762 "https://justgrill.ru/o-magazine/" "Mozilla/5.0 (Windows NT 10.0; Win64; x64) AppleWebKit/537.36 (KHTML, like Gecko) Chrome/99.0.4844.84 Safari/537.36 OPR/85.0.4341.47 (Edition Yx 05)"
185.210.142.51 - - [08/Apr/2022:03:55:01 +0000] "GET /wa-content/js/login/forgotpassword-frontend-form.min.js?v=8.21.0.1649390100 HTTP/2.0" 200 4709 "https://justgrill.ru/o-magazine/" "Mozilla/5.0 (Windows NT 10.0; Win64; x64) AppleWebKit/537.36 (KHTML, like Gecko) Chrome/99.0.4844.84 Safari/537.36 OPR/85.0.4341.47 (Edition Yx 05)"
185.210.142.51 - - [08/Apr/2022:03:55:01 +0000] "GET /wa-content/css/login/frontend/forgot-password.css?v=8.21.0.1649390100 HTTP/2.0" 200 1560 "https://justgrill.ru/o-magazine/" "Mozilla/5.0 (Windows NT 10.0; Win64; x64) AppleWebKit/537.36 (KHTML, like Gecko) Chrome/99.0.4844.84 Safari/537.36 OPR/85.0.4341.47 (Edition Yx 05)"
185.210.142.51 - - [08/Apr/2022:03:55:02 +0000] "GET /regions/getPopupContent/ HTTP/2.0" 200 1023 "https://justgrill.ru/o-magazine/" "Mozilla/5.0 (Windows NT 10.0; Win64; x64) AppleWebKit/537.36 (KHTML, like Gecko) Chrome/99.0.4844.84 Safari/537.36 OPR/85.0.4341.47 (Edition Yx 05)"
185.210.142.51 - - [08/Apr/2022:03:55:02 +0000] "GET /regions/getPopupContent/ HTTP/2.0" 200 1023 "https://justgrill.ru/o-magazine/" "Mozilla/5.0 (Windows NT 10.0; Win64; x64) AppleWebKit/537.36 (KHTML, like Gecko) Chrome/99.0.4844.84 Safari/537.36 OPR/85.0.4341.47 (Edition Yx 05)"
185.210.142.51 - - [08/Apr/2022:03:55:07 +0000] "GET /kontakty/ HTTP/2.0" 200 27013 "https://justgrill.ru/o-magazine/" "Mozilla/5.0 (Windows NT 10.0; Win64; x64) AppleWebKit/537.36 (KHTML, like Gecko) Chrome/99.0.4844.84 Safari/537.36 OPR/85.0.4341.47 (Edition Yx 05)"
185.210.142.51 - - [08/Apr/2022:03:55:08 +0000] "GET /searchpro-plugin/config/?v1.9.0.1649390107?2094551401 HTTP/2.0" 200 557 "https://justgrill.ru/kontakty/" "Mozilla/5.0 (Windows NT 10.0; Win64; x64) AppleWebKit/537.36 (KHTML, like Gecko) Chrome/99.0.4844.84 Safari/537.36 OPR/85.0.4341.47 (Edition Yx 05)"
185.210.142.51 - - [08/Apr/2022:03:55:08 +0000] "GET /searchpro-plugin/config/?v1.9.0.1649390107?405517153 HTTP/2.0" 200 557 "https://justgrill.ru/kontakty/" "Mozilla/5.0 (Windows NT 10.0; Win64; x64) AppleWebKit/537.36 (KHTML, like Gecko) Chrome/99.0.4844.84 Safari/537.36 OPR/85.0.4341.47 (Edition Yx 05)"
185.210.142.51 - - [08/Apr/2022:03:55:08 +0000] "GET /wa-content/js/signup/signup.js?v=8.21.0.1649390107 HTTP/2.0" 200 6675 "https://justgrill.ru/kontakty/" "Mozilla/5.0 (Windows NT 10.0; Win64; x64) AppleWebKit/537.36 (KHTML, like Gecko) Chrome/99.0.4844.84 Safari/537.36 OPR/85.0.4341.47 (Edition Yx 05)"
185.210.142.51 - - [08/Apr/2022:03:55:08 +0000] "GET /wa-content/css/signup/signup.css?v=8.21.0.1649390107 HTTP/2.0" 200 1909 "https://justgrill.ru/kontakty/" "Mozilla/5.0 (Windows NT 10.0; Win64; x64) AppleWebKit/537.36 (KHTML, like Gecko) Chrome/99.0.4844.84 Safari/537.36 OPR/85.0.4341.47 (Edition Yx 05)"
185.210.142.51 - - [08/Apr/2022:03:55:08 +0000] "GET /wa-content/js/login/login-frontend-form.min.js?v=8.21.0.1649390107 HTTP/2.0" 200 5488 "https://justgrill.ru/kontakty/" "Mozilla/5.0 (Windows NT 10.0; Win64; x64) AppleWebKit/537.36 (KHTML, like Gecko) Chrome/99.0.4844.84 Safari/537.36 OPR/85.0.4341.47 (Edition Yx 05)"
185.210.142.51 - - [08/Apr/2022:03:55:08 +0000] "GET /wa-content/css/login/frontend/login.css?v=8.21.0.1649390107 HTTP/2.0" 200 1762 "https://justgrill.ru/kontakty/" "Mozilla/5.0 (Windows NT 10.0; Win64; x64) AppleWebKit/537.36 (KHTML, like Gecko) Chrome/99.0.4844.84 Safari/537.36 OPR/85.0.4341.47 (Edition Yx 05)"
185.210.142.51 - - [08/Apr/2022:03:55:08 +0000] "GET /wa-content/js/login/forgotpassword-frontend-form.min.js?v=8.21.0.1649390107 HTTP/2.0" 200 4709 "https://justgrill.ru/kontakty/" "Mozilla/5.0 (Windows NT 10.0; Win64; x64) AppleWebKit/537.36 (KHTML, like Gecko) Chrome/99.0.4844.84 Safari/537.36 OPR/85.0.4341.47 (Edition Yx 05)"
185.210.142.51 - - [08/Apr/2022:03:55:08 +0000] "GET /wa-content/css/login/frontend/forgot-password.css?v=8.21.0.1649390107 HTTP/2.0" 200 1560 "https://justgrill.ru/kontakty/" "Mozilla/5.0 (Windows NT 10.0; Win64; x64) AppleWebKit/537.36 (KHTML, like Gecko) Chrome/99.0.4844.84 Safari/537.36 OPR/85.0.4341.47 (Edition Yx 05)"
185.210.142.51 - - [08/Apr/2022:03:55:09 +0000] "GET /regions/getPopupContent/ HTTP/2.0" 200 1023 "https://justgrill.ru/kontakty/" "Mozilla/5.0 (Windows NT 10.0; Win64; x64) AppleWebKit/537.36 (KHTML, like Gecko) Chrome/99.0.4844.84 Safari/537.36 OPR/85.0.4341.47 (Edition Yx 05)"
185.210.142.51 - - [08/Apr/2022:03:55:09 +0000] "GET /regions/getPopupContent/ HTTP/2.0" 200 1023 "https://justgrill.ru/kontakty/" "Mozilla/5.0 (Windows NT 10.0; Win64; x64) AppleWebKit/537.36 (KHTML, like Gecko) Chrome/99.0.4844.84 Safari/537.36 OPR/85.0.4341.47 (Edition Yx 05)"
212.119.202.70 - - [08/Apr/2022:03:55:13 +0000] "GET /grili/ugolnye/weber/master-touch/gril-ugolnyy-master-touch-weber-gbs-e-5750-chernyy/ HTTP/2.0" 200 37831 "https://www.google.com/" "Mozilla/5.0 (Windows NT 6.1; Win64; x64) AppleWebKit/537.36 (KHTML, like Gecko) Chrome/100.0.4896.75 Safari/537.36"
212.119.202.70 - - [08/Apr/2022:03:55:13 +0000] "GET /wa-content/font/ruble/arial/fontface.css HTTP/2.0" 200 371 "https://justgrill.ru/grili/ugolnye/weber/master-touch/gril-ugolnyy-master-touch-weber-gbs-e-5750-chernyy/" "Mozilla/5.0 (Windows NT 6.1; Win64; x64) AppleWebKit/537.36 (KHTML, like Gecko) Chrome/100.0.4896.75 Safari/537.36"
212.119.202.70 - - [08/Apr/2022:03:55:13 +0000] "GET /wa-content/js/jquery-plugins/jquery.cookie.js HTTP/2.0" 200 1343 "https://justgrill.ru/grili/ugolnye/weber/master-touch/gril-ugolnyy-master-touch-weber-gbs-e-5750-chernyy/" "Mozilla/5.0 (Windows NT 6.1; Win64; x64) AppleWebKit/537.36 (KHTML, like Gecko) Chrome/100.0.4896.75 Safari/537.36"
212.119.202.70 - - [08/Apr/2022:03:55:13 +0000] "GET /wa-content/js/jquery-plugins/jquery.cookie.js?v2.4.1 HTTP/2.0" 200 1343 "https://justgrill.ru/grili/ugolnye/weber/master-touch/gril-ugolnyy-master-touch-weber-gbs-e-5750-chernyy/" "Mozilla/5.0 (Windows NT 6.1; Win64; x64) AppleWebKit/537.36 (KHTML, like Gecko) Chrome/100.0.4896.75 Safari/537.36"
212.119.202.70 - - [08/Apr/2022:03:55:13 +0000] "GET /wa-content/js/jquery-plugins/jquery.retina.min.js?v2.4.1 HTTP/2.0" 200 900 "https://justgrill.ru/grili/ugolnye/weber/master-touch/gril-ugolnyy-master-touch-weber-gbs-e-5750-chernyy/" "Mozilla/5.0 (Windows NT 6.1; Win64; x64) AppleWebKit/537.36 (KHTML, like Gecko) Chrome/100.0.4896.75 Safari/537.36"
212.119.202.70 - - [08/Apr/2022:03:55:14 +0000] "GET /searchpro-plugin/config/?v1.9.0.1649390113?1009657222 HTTP/2.0" 200 557 "https://justgrill.ru/grili/ugolnye/weber/master-touch/gril-ugolnyy-master-touch-weber-gbs-e-5750-chernyy/" "Mozilla/5.0 (Windows NT 6.1; Win64; x64) AppleWebKit/537.36 (KHTML, like Gecko) Chrome/100.0.4896.75 Safari/537.36"
212.119.202.70 - - [08/Apr/2022:03:55:14 +0000] "GET /wa-data/public/site/themes/justgrill/img/arrow-f.svg HTTP/2.0" 200 223 "https://justgrill.ru/grili/ugolnye/weber/master-touch/gril-ugolnyy-master-touch-weber-gbs-e-5750-chernyy/" "Mozilla/5.0 (Windows NT 6.1; Win64; x64) AppleWebKit/537.36 (KHTML, like Gecko) Chrome/100.0.4896.75 Safari/537.36"
212.119.202.70 - - [08/Apr/2022:03:55:14 +0000] "GET /wa-data/public/site/themes/justgrill/img/spec.svg HTTP/2.0" 200 1307 "https://justgrill.ru/grili/ugolnye/weber/master-touch/gril-ugolnyy-master-touch-weber-gbs-e-5750-chernyy/" "Mozilla/5.0 (Windows NT 6.1; Win64; x64) AppleWebKit/537.36 (KHTML, like Gecko) Chrome/100.0.4896.75 Safari/537.36"
212.119.202.70 - - [08/Apr/2022:03:55:14 +0000] "GET /wa-data/public/site/themes/justgrill/img/deli.svg HTTP/2.0" 200 1527 "https://justgrill.ru/grili/ugolnye/weber/master-touch/gril-ugolnyy-master-touch-weber-gbs-e-5750-chernyy/" "Mozilla/5.0 (Windows NT 6.1; Win64; x64) AppleWebKit/537.36 (KHTML, like Gecko) Chrome/100.0.4896.75 Safari/537.36"
212.119.202.70 - - [08/Apr/2022:03:55:14 +0000] "GET /wa-data/public/site/themes/justgrill/img/stock.svg HTTP/2.0" 200 3342 "https://justgrill.ru/grili/ugolnye/weber/master-touch/gril-ugolnyy-master-touch-weber-gbs-e-5750-chernyy/" "Mozilla/5.0 (Windows NT 6.1; Win64; x64) AppleWebKit/537.36 (KHTML, like Gecko) Chrome/100.0.4896.75 Safari/537.36"
212.119.202.70 - - [08/Apr/2022:03:55:14 +0000] "GET /searchpro-plugin/config/?v1.9.0.1649390113?782487109 HTTP/2.0" 200 557 "https://justgrill.ru/grili/ugolnye/weber/master-touch/gril-ugolnyy-master-touch-weber-gbs-e-5750-chernyy/" "Mozilla/5.0 (Windows NT 6.1; Win64; x64) AppleWebKit/537.36 (KHTML, like Gecko) Chrome/100.0.4896.75 Safari/537.36"
212.119.202.70 - - [08/Apr/2022:03:55:14 +0000] "GET /wa-data/public/site/themes/justgrill/fonts/Roboto.woff2 HTTP/2.0" 200 28036 "https://justgrill.ru/wa-data/public/site/themes/justgrill/css/fonts.css?v3.3.1.1649390113" "Mozilla/5.0 (Windows NT 6.1; Win64; x64) AppleWebKit/537.36 (KHTML, like Gecko) Chrome/100.0.4896.75 Safari/537.36"
212.119.202.70 - - [08/Apr/2022:03:55:14 +0000] "GET /wa-data/public/site/themes/justgrill/fonts/Robotobold.woff2 HTTP/2.0" 200 28384 "https://justgrill.ru/wa-data/public/site/themes/justgrill/css/fonts.css?v3.3.1.1649390113" "Mozilla/5.0 (Windows NT 6.1; Win64; x64) AppleWebKit/537.36 (KHTML, like Gecko) Chrome/100.0.4896.75 Safari/537.36"
212.119.202.70 - - [08/Apr/2022:03:55:14 +0000] "GET /wa-data/public/site/themes/justgrill/fonts/Robotolight.woff2 HTTP/2.0" 200 28296 "https://justgrill.ru/wa-data/public/site/themes/justgrill/css/fonts.css?v3.3.1.1649390113" "Mozilla/5.0 (Windows NT 6.1; Win64; x64) AppleWebKit/537.36 (KHTML, like Gecko) Chrome/100.0.4896.75 Safari/537.36"
