89.178.48.58 - - [08/Apr/2022:04:21:51 +0000] "GET /wa-content/css/signup/signup.css?v=8.21.0.1649391709 HTTP/2.0" 200 1909 "https://krd.justgrill.ru/aksessuary/posuda/" "Mozilla/5.0 (Linux; Android 12; SM-G970F) AppleWebKit/537.36 (KHTML, like Gecko) Chrome/100.0.4896.79 Mobile Safari/537.36"
89.178.48.58 - - [08/Apr/2022:04:21:51 +0000] "GET /wa-content/js/login/login-frontend-form.min.js?v=8.21.0.1649391709 HTTP/2.0" 200 5488 "https://krd.justgrill.ru/aksessuary/posuda/" "Mozilla/5.0 (Linux; Android 12; SM-G970F) AppleWebKit/537.36 (KHTML, like Gecko) Chrome/100.0.4896.79 Mobile Safari/537.36"
89.178.48.58 - - [08/Apr/2022:04:21:51 +0000] "GET /wa-content/css/login/frontend/login.css?v=8.21.0.1649391709 HTTP/2.0" 200 1762 "https://krd.justgrill.ru/aksessuary/posuda/" "Mozilla/5.0 (Linux; Android 12; SM-G970F) AppleWebKit/537.36 (KHTML, like Gecko) Chrome/100.0.4896.79 Mobile Safari/537.36"
89.178.48.58 - - [08/Apr/2022:04:21:51 +0000] "GET /wa-content/js/login/forgotpassword-frontend-form.min.js?v=8.21.0.1649391709 HTTP/2.0" 200 4709 "https://krd.justgrill.ru/aksessuary/posuda/" "Mozilla/5.0 (Linux; Android 12; SM-G970F) AppleWebKit/537.36 (KHTML, like Gecko) Chrome/100.0.4896.79 Mobile Safari/537.36"
89.178.48.58 - - [08/Apr/2022:04:21:51 +0000] "GET /wa-content/css/login/frontend/forgot-password.css?v=8.21.0.1649391709 HTTP/2.0" 200 1560 "https://krd.justgrill.ru/aksessuary/posuda/" "Mozilla/5.0 (Linux; Android 12; SM-G970F) AppleWebKit/537.36 (KHTML, like Gecko) Chrome/100.0.4896.79 Mobile Safari/537.36"
89.178.48.58 - - [08/Apr/2022:04:21:51 +0000] "GET /regions/getPopupContent/ HTTP/2.0" 200 1028 "https://krd.justgrill.ru/aksessuary/posuda/" "Mozilla/5.0 (Linux; Android 12; SM-G970F) AppleWebKit/537.36 (KHTML, like Gecko) Chrome/100.0.4896.79 Mobile Safari/537.36"
89.178.48.58 - - [08/Apr/2022:04:21:51 +0000] "GET /ecommerce_prepare_data/products_list/?state_json=%7B%22sku_ids%22%3A%5B%223603%22%2C%229012%22%2C%229160%22%2C%229299%22%2C%229390%22%2C%2210773%22%2C%229812%22%2C%2210974%22%2C%223604%22%2C%229231%22%2C%229298%22%2C%229806%22%2C%223605%22%2C%225687%22%2C%226461%22%2C%229656%22%2C%2210920%22%2C%229811%22%2C%2210800%22%2C%229292%22%2C%2211955%22%2C%229769%22%2C%229771%22%2C%229810%22%2C%229251%22%2C%229291%22%2C%229320%22%2C%229807%22%2C%2211347%22%2C%2211444%22%5D%2C%22list_name%22%3A%22%D0%90%D0%BA%D1%81%D0%B5%D1%81%D1%81%D1%83%D0%B0%D1%80%D1%8B%2F%D0%9F%D0%BE%D1%81%D1%83%D0%B4%D0%B0+%D0%B4%D0%BB%D1%8F+%D0%B3%D1%80%D0%B8%D0%BB%D1%8F%22%7D HTTP/2.0" 200 1732 "https://krd.justgrill.ru/aksessuary/posuda/" "Mozilla/5.0 (Linux; Android 12; SM-G970F) AppleWebKit/537.36 (KHTML, like Gecko) Chrome/100.0.4896.79 Mobile Safari/537.36"
89.178.48.58 - - [08/Apr/2022:04:21:52 +0000] "GET /regions/getPopupContent/ HTTP/2.0" 200 1028 "https://krd.justgrill.ru/aksessuary/posuda/" "Mozilla/5.0 (Linux; Android 12; SM-G970F) AppleWebKit/537.36 (KHTML, like Gecko) Chrome/100.0.4896.79 Mobile Safari/537.36"
66.249.66.30 - - [08/Apr/2022:04:21:59 +0000] "GET /aksessuary/chekhly-dlya-griley/chekhol-dlya-griley-q-2000-3000-serii-na-telezhke/ HTTP/1.1" 301 5 "-" "Mozilla/5.0 (compatible; Googlebot/2.1; +http://www.google.com/bot.html)"
66.249.66.3 - - [08/Apr/2022:04:22:00 +0000] "GET /aksessuary/chekhly-dlya-griley/chekhol-gril-weber-q-2000-3000-serii-na-telezhke/ HTTP/1.1" 200 33472 "-" "Mozilla/5.0 (compatible; Googlebot/2.1; +http://www.google.com/bot.html)"
77.88.5.229 - - [08/Apr/2022:04:22:12 +0000] "GET /aksessuary/chekhly-dlya-griley/chekhol-na-gril-ripstop-char-broil-na-3-4-gor/ HTTP/1.1" 200 32768 "-" "Mozilla/5.0 (compatible; YandexBot/3.0; +http://yandex.com/bots) AppleWebKit/537.36 (KHTML, like Gecko) Chrome/81.0.4044.268"
66.249.66.56 - - [08/Apr/2022:04:22:20 +0000] "GET /mangaly/tandyry/tandyr-vostochnyy/ HTTP/1.1" 301 5 "-" "Mozilla/5.0 (compatible; Googlebot/2.1; +http://www.google.com/bot.html)"
66.249.66.50 - - [08/Apr/2022:04:22:21 +0000] "GET /mangaly/tandyry/tandyr-vostochnyy/ HTTP/1.1" 301 162 "-" "Mozilla/5.0 (compatible; Googlebot/2.1; +http://www.google.com/bot.html)"
66.249.66.55 - - [08/Apr/2022:04:22:22 +0000] "GET /mangaly/tandyry/tandyr-vostochnyy/ HTTP/1.1" 301 5 "-" "Mozilla/5.0 (compatible; Googlebot/2.1; +http://www.google.com/bot.html)"
66.249.66.59 - - [08/Apr/2022:04:22:23 +0000] "GET /mangaly/tandyry/tandyr-amfora-vostochnyy-36-sm/ HTTP/1.1" 200 32903 "-" "Mozilla/5.0 (compatible; Googlebot/2.1; +http://www.google.com/bot.html)"
194.55.166.53 - - [08/Apr/2022:04:22:25 +0000] "GET /search/Napoleon/?page=3 HTTP/1.1" 200 45892 "-" "Mozilla/5.0 (X11; Linux x86_64) AppleWebKit/537.36 (KHTML, like Gecko) Chrome/85.0.4183.83 Safari/537.36"
185.191.171.3 - - [08/Apr/2022:04:22:28 +0000] "GET /aksessuary/posuda/planche-gril/chugunnyy-gril-protiven-plancha-dlya-modeley-rogue-525/ HTTP/1.1" 200 32723 "-" "Mozilla/5.0 (compatible; SemrushBot/7~bl; +http://www.semrush.com/bot.html)"
185.191.171.22 - - [08/Apr/2022:04:22:40 +0000] "GET /robots.txt HTTP/1.1" 200 252 "-" "Mozilla/5.0 (compatible; SemrushBot/7~bl; +http://www.semrush.com/bot.html)"
185.191.171.9 - - [08/Apr/2022:04:22:41 +0000] "GET /grili/keramicheskie/monolith/classic-pro/keramicheskij-gril-monolith-classic-pro-chernyy/ HTTP/1.1" 301 5 "-" "Mozilla/5.0 (compatible; SemrushBot/7~bl; +http://www.semrush.com/bot.html)"
185.191.171.1 - - [08/Apr/2022:04:22:41 +0000] "GET /grili/keramicheskie/monolith/classic-pro/keramicheskij-gril-monolith-classic-pro-chernyy/ HTTP/1.1" 301 162 "-" "Mozilla/5.0 (compatible; SemrushBot/7~bl; +http://www.semrush.com/bot.html)"
185.191.171.24 - - [08/Apr/2022:04:22:45 +0000] "GET /grili/keramicheskie/monolith/classic-pro/keramicheskij-gril-monolith-classic-pro-chernyy/ HTTP/1.1" 200 37581 "-" "Mozilla/5.0 (compatible; SemrushBot/7~bl; +http://www.semrush.com/bot.html)"
77.88.5.229 - - [08/Apr/2022:04:22:48 +0000] "GET /grili/keramicheskie/big-green-egg/bge-mini/preconnect/ HTTP/1.1" 301 5 "-" "Mozilla/5.0 (compatible; YandexBot/3.0; +http://yandex.com/bots)"
77.88.5.229 - - [08/Apr/2022:04:22:49 +0000] "GET /ym_api/yml/1/ HTTP/1.1" 200 2599 "-" "Mozilla/5.0 (compatible; YandexMarket/2.0; +http://yandex.com/bots)"
77.88.5.70 - - [08/Apr/2022:04:22:49 +0000] "GET /grili/gazovye/napoleon/prestige-pro/gazovyy-gril-napoleon-prestige-pro-665/ HTTP/1.1" 200 37699 "-" "Mozilla/5.0 (compatible; YandexBot/3.0; +http://yandex.com/bots)"
77.88.5.229 - - [08/Apr/2022:04:22:51 +0000] "GET / HTTP/1.1" 200 40159 "-" "Mozilla/5.0 (compatible; YandexBot/3.0; +http://yandex.com/bots)"
37.9.71.212 - - [08/Apr/2022:04:23:04 +0000] "POST /ym_api/1/?action=/cart HTTP/1.1" 200 111 "-" "Apache-HttpClient/4.5.6 (Java/11.0.8-shenandoah)"
54.36.148.5 - - [08/Apr/2022:04:23:10 +0000] "GET /aksessuary/reshetki/reshetka-gril/reshyotka-gril-chugunnaya-grillver-480-k-gr-komplekt/ HTTP/2.0" 200 32747 "-" "Mozilla/5.0 (compatible; AhrefsBot/7.0; +http://ahrefs.com/robot/)"
66.249.66.56 - - [08/Apr/2022:04:23:11 +0000] "GET /aksessuary/protiveni/perforirovannyy-protiven-diametr-40-sm/ HTTP/1.1" 301 5 "-" "Mozilla/5.0 (compatible; Googlebot/2.1; +http://www.google.com/bot.html)"
66.249.66.46 - - [08/Apr/2022:04:23:11 +0000] "GET /aksessuary/protiveni/perforirovannyy-protiven-diametr-40-sm/ HTTP/1.1" 301 162 "-" "Mozilla/5.0 (compatible; Googlebot/2.1; +http://www.google.com/bot.html)"
66.249.66.57 - - [08/Apr/2022:04:23:12 +0000] "GET /aksessuary/protiveni/perforirovannyy-protiven-diametr-40-sm/ HTTP/1.1" 301 5 "-" "Mozilla/5.0 (compatible; Googlebot/2.1; +http://www.google.com/bot.html)"
89.178.48.58 - - [08/Apr/2022:04:23:13 +0000] "GET /aksessuary/posuda/?page=2 HTTP/2.0" 200 37548 "https://krd.justgrill.ru/aksessuary/posuda/" "Mozilla/5.0 (Linux; Android 12; SM-G970F) AppleWebKit/537.36 (KHTML, like Gecko) Chrome/100.0.4896.79 Mobile Safari/537.36"
89.178.48.58 - - [08/Apr/2022:04:23:13 +0000] "GET /searchpro-plugin/config/?v1.9.0.1649391792?282933412 HTTP/2.0" 200 560 "https://krd.justgrill.ru/aksessuary/posuda/?page=2" "Mozilla/5.0 (Linux; Android 12; SM-G970F) AppleWebKit/537.36 (KHTML, like Gecko) Chrome/100.0.4896.79 Mobile Safari/537.36"
89.178.48.58 - - [08/Apr/2022:04:23:14 +0000] "GET /searchpro-plugin/config/?v1.9.0.1649391792?578402007 HTTP/2.0" 200 560 "https://krd.justgrill.ru/aksessuary/posuda/?page=2" "Mozilla/5.0 (Linux; Android 12; SM-G970F) AppleWebKit/537.36 (KHTML, like Gecko) Chrome/100.0.4896.79 Mobile Safari/537.36"
66.249.66.55 - - [08/Apr/2022:04:23:14 +0000] "GET /aksessuary/posuda/protiveni-gril/protiven-big-green-egg-perforirovannyy-diametr-40-sm/ HTTP/1.1" 200 31785 "-" "Mozilla/5.0 (compatible; Googlebot/2.1; +http://www.google.com/bot.html)"
89.178.48.58 - - [08/Apr/2022:04:23:14 +0000] "GET /shop/captcha.php?rid=1649391792624fb8b0ea74d HTTP/2.0" 200 13195 "https://krd.justgrill.ru/aksessuary/posuda/?page=2" "Mozilla/5.0 (Linux; Android 12; SM-G970F) AppleWebKit/537.36 (KHTML, like Gecko) Chrome/100.0.4896.79 Mobile Safari/537.36"
89.178.48.58 - - [08/Apr/2022:04:23:14 +0000] "GET /wa-content/js/signup/signup.js?v=8.21.0.1649391792 HTTP/2.0" 200 6675 "https://krd.justgrill.ru/aksessuary/posuda/?page=2" "Mozilla/5.0 (Linux; Android 12; SM-G970F) AppleWebKit/537.36 (KHTML, like Gecko) Chrome/100.0.4896.79 Mobile Safari/537.36"
89.178.48.58 - - [08/Apr/2022:04:23:14 +0000] "GET /wa-content/css/signup/signup.css?v=8.21.0.1649391792 HTTP/2.0" 200 1909 "https://krd.justgrill.ru/aksessuary/posuda/?page=2" "Mozilla/5.0 (Linux; Android 12; SM-G970F) AppleWebKit/537.36 (KHTML, like Gecko) Chrome/100.0.4896.79 Mobile Safari/537.36"
89.178.48.58 - - [08/Apr/2022:04:23:14 +0000] "GET /wa-content/js/login/login-frontend-form.min.js?v=8.21.0.1649391792 HTTP/2.0" 200 5488 "https://krd.justgrill.ru/aksessuary/posuda/?page=2" "Mozilla/5.0 (Linux; Android 12; SM-G970F) AppleWebKit/537.36 (KHTML, like Gecko) Chrome/100.0.4896.79 Mobile Safari/537.36"
89.178.48.58 - - [08/Apr/2022:04:23:14 +0000] "GET /wa-content/css/login/frontend/login.css?v=8.21.0.1649391792 HTTP/2.0" 200 1762 "https://krd.justgrill.ru/aksessuary/posuda/?page=2" "Mozilla/5.0 (Linux; Android 12; SM-G970F) AppleWebKit/537.36 (KHTML, like Gecko) Chrome/100.0.4896.79 Mobile Safari/537.36"
89.178.48.58 - - [08/Apr/2022:04:23:14 +0000] "GET /wa-content/js/login/forgotpassword-frontend-form.min.js?v=8.21.0.1649391792 HTTP/2.0" 200 4709 "https://krd.justgrill.ru/aksessuary/posuda/?page=2" "Mozilla/5.0 (Linux; Android 12; SM-G970F) AppleWebKit/537.36 (KHTML, like Gecko) Chrome/100.0.4896.79 Mobile Safari/537.36"
89.178.48.58 - - [08/Apr/2022:04:23:14 +0000] "GET /wa-content/css/login/frontend/forgot-password.css?v=8.21.0.1649391792 HTTP/2.0" 200 1560 "https://krd.justgrill.ru/aksessuary/posuda/?page=2" "Mozilla/5.0 (Linux; Android 12; SM-G970F) AppleWebKit/537.36 (KHTML, like Gecko) Chrome/100.0.4896.79 Mobile Safari/537.36"
89.178.48.58 - - [08/Apr/2022:04:23:15 +0000] "GET /regions/getPopupContent/ HTTP/2.0" 200 1028 "https://krd.justgrill.ru/aksessuary/posuda/?page=2" "Mozilla/5.0 (Linux; Android 12; SM-G970F) AppleWebKit/537.36 (KHTML, like Gecko) Chrome/100.0.4896.79 Mobile Safari/537.36"
89.178.48.58 - - [08/Apr/2022:04:23:15 +0000] "GET /ecommerce_prepare_data/products_list/?state_json=%7B%22sku_ids%22%3A%5B%229249%22%2C%2210746%22%2C%229808%22%2C%229863%22%2C%223696%22%2C%2210938%22%2C%229809%22%2C%229864%22%2C%229235%22%2C%229814%22%2C%229865%22%2C%229874%22%2C%229234%22%2C%229654%22%2C%229866%22%2C%2210916%22%2C%229306%22%2C%229699%22%2C%229867%22%2C%229909%22%2C%229930%22%2C%2210846%22%2C%229162%22%2C%229307%22%2C%229868%22%2C%229175%22%2C%229836%22%2C%2211329%22%2C%229014%22%2C%229837%22%5D%2C%22list_name%22%3A%22%D0%90%D0%BA%D1%81%D0%B5%D1%81%D1%81%D1%83%D0%B0%D1%80%D1%8B%2F%D0%9F%D0%BE%D1%81%D1%83%D0%B4%D0%B0+%D0%B4%D0%BB%D1%8F+%D0%B3%D1%80%D0%B8%D0%BB%D1%8F%22%7D HTTP/2.0" 200 1687 "https://krd.justgrill.ru/aksessuary/posuda/?page=2" "Mozilla/5.0 (Linux; Android 12; SM-G970F) AppleWebKit/537.36 (KHTML, like Gecko) Chrome/100.0.4896.79 Mobile Safari/537.36"
89.178.48.58 - - [08/Apr/2022:04:23:15 +0000] "GET /regions/getPopupContent/ HTTP/2.0" 200 1028 "https://krd.justgrill.ru/aksessuary/posuda/?page=2" "Mozilla/5.0 (Linux; Android 12; SM-G970F) AppleWebKit/537.36 (KHTML, like Gecko) Chrome/100.0.4896.79 Mobile Safari/537.36"
66.249.66.23 - - [08/Apr/2022:04:23:50 +0000] "GET /brendy/weber/7011-reshetka-chugunnaya-dlya-smokefire-yekh4/ HTTP/1.1" 301 5 "-" "Mozilla/5.0 (Linux; Android 6.0.1; Nexus 5X Build/MMB29P) AppleWebKit/537.36 (KHTML, like Gecko) Chrome/99.0.4844.84 Mobile Safari/537.36 (compatible; Googlebot/2.1; +http://www.google.com/bot.html)"
185.191.171.8 - - [08/Apr/2022:04:23:50 +0000] "GET /aksessuary/instrumenty/nabory-gril/nabor-kukhonnyy-gril-napoleon-travelq-3-predmeta/ HTTP/1.1" 200 34542 "-" "Mozilla/5.0 (compatible; SemrushBot/7~bl; +http://www.semrush.com/bot.html)"
66.249.66.23 - - [08/Apr/2022:04:23:51 +0000] "GET /aksessuary/reshetki/reshetka-gril/reshetka-chugunnaya-weber-dlya-smokefire-yekh4/ HTTP/1.1" 200 32261 "-" "Mozilla/5.0 (Linux; Android 6.0.1; Nexus 5X Build/MMB29P) AppleWebKit/537.36 (KHTML, like Gecko) Chrome/99.0.4844.84 Mobile Safari/537.36 (compatible; Googlebot/2.1; +http://www.google.com/bot.html)"
114.119.131.46 - - [08/Apr/2022:04:24:02 +0000] "GET /blog/ovoshchi-v-gorshochkakh-na-grile HTTP/1.1" 301 5 "-" "Mozilla/5.0 (Linux; Android 7.0;) AppleWebKit/537.36 (KHTML, like Gecko) Mobile Safari/537.36 (compatible; PetalBot;+https://webmaster.petalsearch.com/site/petalbot)"
114.119.131.46 - - [08/Apr/2022:04:24:06 +0000] "GET /blog/ovoshchi-v-gorshochkakh-na-grile/ HTTP/1.1" 500 14848 "-" "Mozilla/5.0 (Linux; Android 7.0;) AppleWebKit/537.36 (KHTML, like Gecko) Mobile Safari/537.36 (compatible; PetalBot;+https://webmaster.petalsearch.com/site/petalbot)"
62.133.60.91 - - [08/Apr/2022:04:24:11 +0000] "GET /mangaly/kazany/chugunnaya-kryshka-skovorodka-na-kazan-10l/ HTTP/1.1" 200 31440 "-" "Mozilla/5.0 (X11; Linux x86_64) AppleWebKit/537.36 (KHTML, like Gecko) Chrome/83.0.2549.68 Safari/537.36"
84.53.198.72 - - [08/Apr/2022:04:24:22 +0000] "GET /?utm_source=yandex&utm_medium=cpc&utm_campaign=%D0%B3%D1%80%D0%B8%D0%BB%D0%B8/%D0%BF%D0%BE%D0%B8%D1%81%D0%BA/%D0%BA%D1%80%D0%B4&utm_content=JG&utm_term=%D0%B3%D1%80%D0%B8%D0%BB%D1%8C%20%D1%86%D0%B5%D0%BD%D0%B0%20%D0%BA%D1%83%D0%BF%D0%B8%D1%82%D1%8C®ion=10658®ion_name=%D0%92%D0%BB%D0%B0%D0%B4%D0%B8%D0%BC%D0%B8%D1%80%D1%81%D0%BA%D0%B0%D1%8F%20%D0%BE%D0%B1%D0%BB%D0%B0%D1%81%D1%82%D1%8C&block=premium&position=1&yclid=13444640902956711935 HTTP/2.0" 200 39942 "https://yandex.ru/" "Mozilla/5.0 (Linux; Android 11; Redmi Note 9S) AppleWebKit/537.36 (KHTML, like Gecko) Chrome/100.0.4896.79 Mobile Safari/537.36"
84.53.198.72 - - [08/Apr/2022:04:24:22 +0000] "GET /wa-content/font/ruble/arial/fontface.css HTTP/2.0" 200 371 "https://nn.justgrill.ru/?utm_source=yandex&utm_medium=cpc&utm_campaign=%D0%B3%D1%80%D0%B8%D0%BB%D0%B8/%D0%BF%D0%BE%D0%B8%D1%81%D0%BA/%D0%BA%D1%80%D0%B4&utm_content=JG&utm_term=%D0%B3%D1%80%D0%B8%D0%BB%D1%8C%20%D1%86%D0%B5%D0%BD%D0%B0%20%D0%BA%D1%83%D0%BF%D0%B8%D1%82%D1%8C®ion=10658®ion_name=%D0%92%D0%BB%D0%B0%D0%B4%D0%B8%D0%BC%D0%B8%D1%80%D1%81%D0%BA%D0%B0%D1%8F%20%D0%BE%D0%B1%D0%BB%D0%B0%D1%81%D1%82%D1%8C&block=premium&position=1&yclid=13444640902956711935" "Mozilla/5.0 (Linux; Android 11; Redmi Note 9S) AppleWebKit/537.36 (KHTML, like Gecko) Chrome/100.0.4896.79 Mobile Safari/537.36"
84.53.198.72 - - [08/Apr/2022:04:24:22 +0000] "GET /wa-content/js/jquery-plugins/jquery.cookie.js HTTP/2.0" 200 1343 "https://nn.justgrill.ru/?utm_source=yandex&utm_medium=cpc&utm_campaign=%D0%B3%D1%80%D0%B8%D0%BB%D0%B8/%D0%BF%D0%BE%D0%B8%D1%81%D0%BA/%D0%BA%D1%80%D0%B4&utm_content=JG&utm_term=%D0%B3%D1%80%D0%B8%D0%BB%D1%8C%20%D1%86%D0%B5%D0%BD%D0%B0%20%D0%BA%D1%83%D0%BF%D0%B8%D1%82%D1%8C®ion=10658®ion_name=%D0%92%D0%BB%D0%B0%D0%B4%D0%B8%D0%BC%D0%B8%D1%80%D1%81%D0%BA%D0%B0%D1%8F%20%D0%BE%D0%B1%D0%BB%D0%B0%D1%81%D1%82%D1%8C&block=premium&position=1&yclid=13444640902956711935" "Mozilla/5.0 (Linux; Android 11; Redmi Note 9S) AppleWebKit/537.36 (KHTML, like Gecko) Chrome/100.0.4896.79 Mobile Safari/537.36"
84.53.198.72 - - [08/Apr/2022:04:24:22 +0000] "GET /wa-content/js/jquery-plugins/jquery.cookie.js?v2.4.1 HTTP/2.0" 200 1343 "https://nn.justgrill.ru/?utm_source=yandex&utm_medium=cpc&utm_campaign=%D0%B3%D1%80%D0%B8%D0%BB%D0%B8/%D0%BF%D0%BE%D0%B8%D1%81%D0%BA/%D0%BA%D1%80%D0%B4&utm_content=JG&utm_term=%D0%B3%D1%80%D0%B8%D0%BB%D1%8C%20%D1%86%D0%B5%D0%BD%D0%B0%20%D0%BA%D1%83%D0%BF%D0%B8%D1%82%D1%8C®ion=10658®ion_name=%D0%92%D0%BB%D0%B0%D0%B4%D0%B8%D0%BC%D0%B8%D1%80%D1%81%D0%BA%D0%B0%D1%8F%20%D0%BE%D0%B1%D0%BB%D0%B0%D1%81%D1%82%D1%8C&block=premium&position=1&yclid=13444640902956711935" "Mozilla/5.0 (Linux; Android 11; Redmi Note 9S) AppleWebKit/537.36 (KHTML, like Gecko) Chrome/100.0.4896.79 Mobile Safari/537.36"
84.53.198.72 - - [08/Apr/2022:04:24:22 +0000] "GET /wa-content/js/jquery-plugins/jquery.retina.min.js?v2.4.1 HTTP/2.0" 200 900 "https://nn.justgrill.ru/?utm_source=yandex&utm_medium=cpc&utm_campaign=%D0%B3%D1%80%D0%B8%D0%BB%D0%B8/%D0%BF%D0%BE%D0%B8%D1%81%D0%BA/%D0%BA%D1%80%D0%B4&utm_content=JG&utm_term=%D0%B3%D1%80%D0%B8%D0%BB%D1%8C%20%D1%86%D0%B5%D0%BD%D0%B0%20%D0%BA%D1%83%D0%BF%D0%B8%D1%82%D1%8C®ion=10658®ion_name=%D0%92%D0%BB%D0%B0%D0%B4%D0%B8%D0%BC%D0%B8%D1%80%D1%81%D0%BA%D0%B0%D1%8F%20%D0%BE%D0%B1%D0%BB%D0%B0%D1%81%D1%82%D1%8C&block=premium&position=1&yclid=13444640902956711935" "Mozilla/5.0 (Linux; Android 11; Redmi Note 9S) AppleWebKit/537.36 (KHTML, like Gecko) Chrome/100.0.4896.79 Mobile Safari/537.36"
84.53.198.72 - - [08/Apr/2022:04:24:23 +0000] "GET /searchpro-plugin/config/?v1.9.0.1649391862?855221134 HTTP/2.0" 200 559 "https://nn.justgrill.ru/?utm_source=yandex&utm_medium=cpc&utm_campaign=%D0%B3%D1%80%D0%B8%D0%BB%D0%B8/%D0%BF%D0%BE%D0%B8%D1%81%D0%BA/%D0%BA%D1%80%D0%B4&utm_content=JG&utm_term=%D0%B3%D1%80%D0%B8%D0%BB%D1%8C%20%D1%86%D0%B5%D0%BD%D0%B0%20%D0%BA%D1%83%D0%BF%D0%B8%D1%82%D1%8C®ion=10658®ion_name=%D0%92%D0%BB%D0%B0%D0%B4%D0%B8%D0%BC%D0%B8%D1%80%D1%81%D0%BA%D0%B0%D1%8F%20%D0%BE%D0%B1%D0%BB%D0%B0%D1%81%D1%82%D1%8C&block=premium&position=1&yclid=13444640902956711935" "Mozilla/5.0 (Linux; Android 11; Redmi Note 9S) AppleWebKit/537.36 (KHTML, like Gecko) Chrome/100.0.4896.79 Mobile Safari/537.36"
66.249.66.52 - - [08/Apr/2022:04:24:23 +0000] "GET /aksessuary/kist-dlya-grilya/silikonovaya-kistochka/ HTTP/1.1" 301 5 "-" "Mozilla/5.0 (compatible; Googlebot/2.1; +http://www.google.com/bot.html)"
84.53.198.72 - - [08/Apr/2022:04:24:23 +0000] "GET /wa-data/public/site/themes/justgrill/fonts/Robotobold.woff2 HTTP/2.0" 200 28384 "https://nn.justgrill.ru/wa-data/public/site/themes/justgrill/css/fonts.css?v3.3.1.1649391862" "Mozilla/5.0 (Linux; Android 11; Redmi Note 9S) AppleWebKit/537.36 (KHTML, like Gecko) Chrome/100.0.4896.79 Mobile Safari/537.36"
84.53.198.72 - - [08/Apr/2022:04:24:23 +0000] "GET /wa-data/public/site/themes/justgrill/fonts/Robotolight.woff2 HTTP/2.0" 200 28296 "https://nn.justgrill.ru/wa-data/public/site/themes/justgrill/css/fonts.css?v3.3.1.1649391862" "Mozilla/5.0 (Linux; Android 11; Redmi Note 9S) AppleWebKit/537.36 (KHTML, like Gecko) Chrome/100.0.4896.79 Mobile Safari/537.36"
84.53.198.72 - - [08/Apr/2022:04:24:23 +0000] "GET /wa-data/public/site/themes/justgrill/fonts/Roboto.woff2 HTTP/2.0" 200 28036 "https://nn.justgrill.ru/wa-data/public/site/themes/justgrill/css/fonts.css?v3.3.1.1649391862" "Mozilla/5.0 (Linux; Android 11; Redmi Note 9S) AppleWebKit/537.36 (KHTML, like Gecko) Chrome/100.0.4896.79 Mobile Safari/537.36"
66.249.66.48 - - [08/Apr/2022:04:24:23 +0000] "GET /aksessuary/kist-dlya-grilya/silikonovaya-kistochka/ HTTP/1.1" 301 162 "-" "Mozilla/5.0 (compatible; Googlebot/2.1; +http://www.google.com/bot.html)"
84.53.198.72 - - [08/Apr/2022:04:24:24 +0000] "GET /wa-apps/shop/plugins/searchpro/fonts/Roboto/Roboto-Regular.woff2 HTTP/2.0" 200 66004 "https://nn.justgrill.ru/wa-apps/shop/plugins/searchpro/css/frontend.fonts.css?v1.9.0.1649391862" "Mozilla/5.0 (Linux; Android 11; Redmi Note 9S) AppleWebKit/537.36 (KHTML, like Gecko) Chrome/100.0.4896.79 Mobile Safari/537.36"
66.249.66.59 - - [08/Apr/2022:04:24:24 +0000] "GET /aksessuary/kist-dlya-grilya/silikonovaya-kistochka/ HTTP/1.1" 301 5 "-" "Mozilla/5.0 (compatible; Googlebot/2.1; +http://www.google.com/bot.html)"
84.53.198.72 - - [08/Apr/2022:04:24:25 +0000] "GET /wa-data/public/site/themes/justgrill/img/basket.svg HTTP/2.0" 200 3868 "https://nn.justgrill.ru/wa-data/public/site/themes/justgrill/css/main.css?v3.3.1.1649391862" "Mozilla/5.0 (Linux; Android 11; Redmi Note 9S) AppleWebKit/537.36 (KHTML, like Gecko) Chrome/100.0.4896.79 Mobile Safari/537.36"
84.53.198.72 - - [08/Apr/2022:04:24:25 +0000] "GET /wa-data/public/site/themes/justgrill/img/user.svg HTTP/2.0" 200 5703 "https://nn.justgrill.ru/wa-data/public/site/themes/justgrill/css/main.css?v3.3.1.1649391862" "Mozilla/5.0 (Linux; Android 11; Redmi Note 9S) AppleWebKit/537.36 (KHTML, like Gecko) Chrome/100.0.4896.79 Mobile Safari/537.36"
84.53.198.72 - - [08/Apr/2022:04:24:25 +0000] "GET /searchpro-plugin/config/?v1.9.0.1649391862?206581611 HTTP/2.0" 200 559 "https://nn.justgrill.ru/?utm_source=yandex&utm_medium=cpc&utm_campaign=%D0%B3%D1%80%D0%B8%D0%BB%D0%B8/%D0%BF%D0%BE%D0%B8%D1%81%D0%BA/%D0%BA%D1%80%D0%B4&utm_content=JG&utm_term=%D0%B3%D1%80%D0%B8%D0%BB%D1%8C%20%D1%86%D0%B5%D0%BD%D0%B0%20%D0%BA%D1%83%D0%BF%D0%B8%D1%82%D1%8C®ion=10658®ion_name=%D0%92%D0%BB%D0%B0%D0%B4%D0%B8%D0%BC%D0%B8%D1%80%D1%81%D0%BA%D0%B0%D1%8F%20%D0%BE%D0%B1%D0%BB%D0%B0%D1%81%D1%82%D1%8C&block=premium&position=1&yclid=13444640902956711935" "Mozilla/5.0 (Linux; Android 11; Redmi Note 9S) AppleWebKit/537.36 (KHTML, like Gecko) Chrome/100.0.4896.79 Mobile Safari/537.36"
84.53.198.72 - - [08/Apr/2022:04:24:25 +0000] "GET /shop/captcha.php?rid=1649391862624fb8f667e0e HTTP/2.0" 200 13279 "https://nn.justgrill.ru/?utm_source=yandex&utm_medium=cpc&utm_campaign=%D0%B3%D1%80%D0%B8%D0%BB%D0%B8/%D0%BF%D0%BE%D0%B8%D1%81%D0%BA/%D0%BA%D1%80%D0%B4&utm_content=JG&utm_term=%D0%B3%D1%80%D0%B8%D0%BB%D1%8C%20%D1%86%D0%B5%D0%BD%D0%B0%20%D0%BA%D1%83%D0%BF%D0%B8%D1%82%D1%8C®ion=10658®ion_name=%D0%92%D0%BB%D0%B0%D0%B4%D0%B8%D0%BC%D0%B8%D1%80%D1%81%D0%BA%D0%B0%D1%8F%20%D0%BE%D0%B1%D0%BB%D0%B0%D1%81%D1%82%D1%8C&block=premium&position=1&yclid=13444640902956711935" "Mozilla/5.0 (Linux; Android 11; Redmi Note 9S) AppleWebKit/537.36 (KHTML, like Gecko) Chrome/100.0.4896.79 Mobile Safari/537.36"
84.53.198.72 - - [08/Apr/2022:04:24:26 +0000] "GET /wa-data/public/site/themes/justgrill/img/menu-arrow-right.svg HTTP/2.0" 200 202 "https://nn.justgrill.ru/wa-data/public/site/themes/justgrill/css/main.css?v3.3.1.1649391862" "Mozilla/5.0 (Linux; Android 11; Redmi Note 9S) AppleWebKit/537.36 (KHTML, like Gecko) Chrome/100.0.4896.79 Mobile Safari/537.36"
84.53.198.72 - - [08/Apr/2022:04:24:26 +0000] "GET /wa-data/public/site/themes/justgrill/img/menu-arrow-left.svg HTTP/2.0" 200 201 "https://nn.justgrill.ru/wa-data/public/site/themes/justgrill/css/main.css?v3.3.1.1649391862" "Mozilla/5.0 (Linux; Android 11; Redmi Note 9S) AppleWebKit/537.36 (KHTML, like Gecko) Chrome/100.0.4896.79 Mobile Safari/537.36"
84.53.198.72 - - [08/Apr/2022:04:24:26 +0000] "GET /wa-data/public/site/themes/justgrill/fonts/Robotoblack.woff2 HTTP/2.0" 200 28452 "https://nn.justgrill.ru/wa-data/public/site/themes/justgrill/css/fonts.css?v3.3.1.1649391862" "Mozilla/5.0 (Linux; Android 11; Redmi Note 9S) AppleWebKit/537.36 (KHTML, like Gecko) Chrome/100.0.4896.79 Mobile Safari/537.36"
84.53.198.72 - - [08/Apr/2022:04:24:26 +0000] "GET /wa-data/public/site/themes/justgrill/fonts/Robotomedium.woff2 HTTP/2.0" 200 28312 "https://nn.justgrill.ru/wa-data/public/site/themes/justgrill/css/fonts.css?v3.3.1.1649391862" "Mozilla/5.0 (Linux; Android 11; Redmi Note 9S) AppleWebKit/537.36 (KHTML, like Gecko) Chrome/100.0.4896.79 Mobile Safari/537.36"
66.249.66.57 - - [08/Apr/2022:04:24:26 +0000] "GET /aksessuary/instrumenty/kisti-gril/kistochka-gril-broil-bing-silikonovaya/ HTTP/1.1" 200 34669 "-" "Mozilla/5.0 (compatible; Googlebot/2.1; +http://www.google.com/bot.html)"
84.53.198.72 - - [08/Apr/2022:04:24:26 +0000] "GET /wa-data/public/site/themes/justgrill/img/phone.svg HTTP/2.0" 200 99750 "https://nn.justgrill.ru/wa-data/public/site/themes/justgrill/css/main.css?v3.3.1.1649391862" "Mozilla/5.0 (Linux; Android 11; Redmi Note 9S) AppleWebKit/537.36 (KHTML, like Gecko) Chrome/100.0.4896.79 Mobile Safari/537.36"
84.53.198.72 - - [08/Apr/2022:04:24:26 +0000] "GET /wa-content/font/ruble/arial/alsrubl-arial-regular.woff HTTP/2.0" 200 1788 "https://nn.justgrill.ru/wa-content/font/ruble/arial/fontface.css" "Mozilla/5.0 (Linux; Android 11; Redmi Note 9S) AppleWebKit/537.36 (KHTML, like Gecko) Chrome/100.0.4896.79 Mobile Safari/537.36"
84.53.198.72 - - [08/Apr/2022:04:24:26 +0000] "GET /wa-data/public/site/themes/justgrill/img/email.svg HTTP/2.0" 200 354 "https://nn.justgrill.ru/wa-data/public/site/themes/justgrill/css/main.css?v3.3.1.1649391862" "Mozilla/5.0 (Linux; Android 11; Redmi Note 9S) AppleWebKit/537.36 (KHTML, like Gecko) Chrome/100.0.4896.79 Mobile Safari/537.36"
84.53.198.72 - - [08/Apr/2022:04:24:26 +0000] "GET /wa-data/public/site/themes/justgrill/img/adress.svg HTTP/2.0" 200 80968 "https://nn.justgrill.ru/wa-data/public/site/themes/justgrill/css/main.css?v3.3.1.1649391862" "Mozilla/5.0 (Linux; Android 11; Redmi Note 9S) AppleWebKit/537.36 (KHTML, like Gecko) Chrome/100.0.4896.79 Mobile Safari/537.36"
84.53.198.72 - - [08/Apr/2022:04:24:26 +0000] "GET /wa-content/js/signup/signup.js?v=8.21.0.1649391862 HTTP/2.0" 200 6675 "https://nn.justgrill.ru/?utm_source=yandex&utm_medium=cpc&utm_campaign=%D0%B3%D1%80%D0%B8%D0%BB%D0%B8/%D0%BF%D0%BE%D0%B8%D1%81%D0%BA/%D0%BA%D1%80%D0%B4&utm_content=JG&utm_term=%D0%B3%D1%80%D0%B8%D0%BB%D1%8C%20%D1%86%D0%B5%D0%BD%D0%B0%20%D0%BA%D1%83%D0%BF%D0%B8%D1%82%D1%8C®ion=10658®ion_name=%D0%92%D0%BB%D0%B0%D0%B4%D0%B8%D0%BC%D0%B8%D1%80%D1%81%D0%BA%D0%B0%D1%8F%20%D0%BE%D0%B1%D0%BB%D0%B0%D1%81%D1%82%D1%8C&block=premium&position=1&yclid=13444640902956711935" "Mozilla/5.0 (Linux; Android 11; Redmi Note 9S) AppleWebKit/537.36 (KHTML, like Gecko) Chrome/100.0.4896.79 Mobile Safari/537.36"
84.53.198.72 - - [08/Apr/2022:04:24:26 +0000] "GET /wa-content/css/signup/signup.css?v=8.21.0.1649391862 HTTP/2.0" 200 1909 "https://nn.justgrill.ru/?utm_source=yandex&utm_medium=cpc&utm_campaign=%D0%B3%D1%80%D0%B8%D0%BB%D0%B8/%D0%BF%D0%BE%D0%B8%D1%81%D0%BA/%D0%BA%D1%80%D0%B4&utm_content=JG&utm_term=%D0%B3%D1%80%D0%B8%D0%BB%D1%8C%20%D1%86%D0%B5%D0%BD%D0%B0%20%D0%BA%D1%83%D0%BF%D0%B8%D1%82%D1%8C®ion=10658®ion_name=%D0%92%D0%BB%D0%B0%D0%B4%D0%B8%D0%BC%D0%B8%D1%80%D1%81%D0%BA%D0%B0%D1%8F%20%D0%BE%D0%B1%D0%BB%D0%B0%D1%81%D1%82%D1%8C&block=premium&position=1&yclid=13444640902956711935" "Mozilla/5.0 (Linux; Android 11; Redmi Note 9S) AppleWebKit/537.36 (KHTML, like Gecko) Chrome/100.0.4896.79 Mobile Safari/537.36"
84.53.198.72 - - [08/Apr/2022:04:24:26 +0000] "GET /wa-content/js/login/login-frontend-form.min.js?v=8.21.0.1649391862 HTTP/2.0" 200 5488 "https://nn.justgrill.ru/?utm_source=yandex&utm_medium=cpc&utm_campaign=%D0%B3%D1%80%D0%B8%D0%BB%D0%B8/%D0%BF%D0%BE%D0%B8%D1%81%D0%BA/%D0%BA%D1%80%D0%B4&utm_content=JG&utm_term=%D0%B3%D1%80%D0%B8%D0%BB%D1%8C%20%D1%86%D0%B5%D0%BD%D0%B0%20%D0%BA%D1%83%D0%BF%D0%B8%D1%82%D1%8C®ion=10658®ion_name=%D0%92%D0%BB%D0%B0%D0%B4%D0%B8%D0%BC%D0%B8%D1%80%D1%81%D0%BA%D0%B0%D1%8F%20%D0%BE%D0%B1%D0%BB%D0%B0%D1%81%D1%82%D1%8C&block=premium&position=1&yclid=13444640902956711935" "Mozilla/5.0 (Linux; Android 11; Redmi Note 9S) AppleWebKit/537.36 (KHTML, like Gecko) Chrome/100.0.4896.79 Mobile Safari/537.36"
84.53.198.72 - - [08/Apr/2022:04:24:26 +0000] "GET /wa-content/css/login/frontend/login.css?v=8.21.0.1649391862 HTTP/2.0" 200 1762 "https://nn.justgrill.ru/?utm_source=yandex&utm_medium=cpc&utm_campaign=%D0%B3%D1%80%D0%B8%D0%BB%D0%B8/%D0%BF%D0%BE%D0%B8%D1%81%D0%BA/%D0%BA%D1%80%D0%B4&utm_content=JG&utm_term=%D0%B3%D1%80%D0%B8%D0%BB%D1%8C%20%D1%86%D0%B5%D0%BD%D0%B0%20%D0%BA%D1%83%D0%BF%D0%B8%D1%82%D1%8C®ion=10658®ion_name=%D0%92%D0%BB%D0%B0%D0%B4%D0%B8%D0%BC%D0%B8%D1%80%D1%81%D0%BA%D0%B0%D1%8F%20%D0%BE%D0%B1%D0%BB%D0%B0%D1%81%D1%82%D1%8C&block=premium&position=1&yclid=13444640902956711935" "Mozilla/5.0 (Linux; Android 11; Redmi Note 9S) AppleWebKit/537.36 (KHTML, like Gecko) Chrome/100.0.4896.79 Mobile Safari/537.36"
84.53.198.72 - - [08/Apr/2022:04:24:26 +0000] "GET /wa-content/js/login/forgotpassword-frontend-form.min.js?v=8.21.0.1649391862 HTTP/2.0" 200 4709 "https://nn.justgrill.ru/?utm_source=yandex&utm_medium=cpc&utm_campaign=%D0%B3%D1%80%D0%B8%D0%BB%D0%B8/%D0%BF%D0%BE%D0%B8%D1%81%D0%BA/%D0%BA%D1%80%D0%B4&utm_content=JG&utm_term=%D0%B3%D1%80%D0%B8%D0%BB%D1%8C%20%D1%86%D0%B5%D0%BD%D0%B0%20%D0%BA%D1%83%D0%BF%D0%B8%D1%82%D1%8C®ion=10658®ion_name=%D0%92%D0%BB%D0%B0%D0%B4%D0%B8%D0%BC%D0%B8%D1%80%D1%81%D0%BA%D0%B0%D1%8F%20%D0%BE%D0%B1%D0%BB%D0%B0%D1%81%D1%82%D1%8C&block=premium&position=1&yclid=13444640902956711935" "Mozilla/5.0 (Linux; Android 11; Redmi Note 9S) AppleWebKit/537.36 (KHTML, like Gecko) Chrome/100.0.4896.79 Mobile Safari/537.36"
84.53.198.72 - - [08/Apr/2022:04:24:26 +0000] "GET /wa-content/css/login/frontend/forgot-password.css?v=8.21.0.1649391862 HTTP/2.0" 200 1560 "https://nn.justgrill.ru/?utm_source=yandex&utm_medium=cpc&utm_campaign=%D0%B3%D1%80%D0%B8%D0%BB%D0%B8/%D0%BF%D0%BE%D0%B8%D1%81%D0%BA/%D0%BA%D1%80%D0%B4&utm_content=JG&utm_term=%D0%B3%D1%80%D0%B8%D0%BB%D1%8C%20%D1%86%D0%B5%D0%BD%D0%B0%20%D0%BA%D1%83%D0%BF%D0%B8%D1%82%D1%8C®ion=10658®ion_name=%D0%92%D0%BB%D0%B0%D0%B4%D0%B8%D0%BC%D0%B8%D1%80%D1%81%D0%BA%D0%B0%D1%8F%20%D0%BE%D0%B1%D0%BB%D0%B0%D1%81%D1%82%D1%8C&block=premium&position=1&yclid=13444640902956711935" "Mozilla/5.0 (Linux; Android 11; Redmi Note 9S) AppleWebKit/537.36 (KHTML, like Gecko) Chrome/100.0.4896.79 Mobile Safari/537.36"
84.53.198.72 - - [08/Apr/2022:04:24:26 +0000] "GET /regions/getPopupContent/ HTTP/2.0" 200 1029 "https://nn.justgrill.ru/?utm_source=yandex&utm_medium=cpc&utm_campaign=%D0%B3%D1%80%D0%B8%D0%BB%D0%B8/%D0%BF%D0%BE%D0%B8%D1%81%D0%BA/%D0%BA%D1%80%D0%B4&utm_content=JG&utm_term=%D0%B3%D1%80%D0%B8%D0%BB%D1%8C%20%D1%86%D0%B5%D0%BD%D0%B0%20%D0%BA%D1%83%D0%BF%D0%B8%D1%82%D1%8C®ion=10658®ion_name=%D0%92%D0%BB%D0%B0%D0%B4%D0%B8%D0%BC%D0%B8%D1%80%D1%81%D0%BA%D0%B0%D1%8F%20%D0%BE%D0%B1%D0%BB%D0%B0%D1%81%D1%82%D1%8C&block=premium&position=1&yclid=13444640902956711935" "Mozilla/5.0 (Linux; Android 11; Redmi Note 9S) AppleWebKit/537.36 (KHTML, like Gecko) Chrome/100.0.4896.79 Mobile Safari/537.36"
84.53.198.72 - - [08/Apr/2022:04:24:27 +0000] "GET /regions/getPopupContent/ HTTP/2.0" 200 1029 "https://nn.justgrill.ru/?utm_source=yandex&utm_medium=cpc&utm_campaign=%D0%B3%D1%80%D0%B8%D0%BB%D0%B8/%D0%BF%D0%BE%D0%B8%D1%81%D0%BA/%D0%BA%D1%80%D0%B4&utm_content=JG&utm_term=%D0%B3%D1%80%D0%B8%D0%BB%D1%8C%20%D1%86%D0%B5%D0%BD%D0%B0%20%D0%BA%D1%83%D0%BF%D0%B8%D1%82%D1%8C®ion=10658®ion_name=%D0%92%D0%BB%D0%B0%D0%B4%D0%B8%D0%BC%D0%B8%D1%80%D1%81%D0%BA%D0%B0%D1%8F%20%D0%BE%D0%B1%D0%BB%D0%B0%D1%81%D1%82%D1%8C&block=premium&position=1&yclid=13444640902956711935" "Mozilla/5.0 (Linux; Android 11; Redmi Note 9S) AppleWebKit/537.36 (KHTML, like Gecko) Chrome/100.0.4896.79 Mobile Safari/537.36"
84.53.198.72 - - [08/Apr/2022:04:24:29 +0000] "GET /favicon.ico HTTP/2.0" 200 54978 "https://nn.justgrill.ru/?utm_source=yandex&utm_medium=cpc&utm_campaign=%D0%B3%D1%80%D0%B8%D0%BB%D0%B8/%D0%BF%D0%BE%D0%B8%D1%81%D0%BA/%D0%BA%D1%80%D0%B4&utm_content=JG&utm_term=%D0%B3%D1%80%D0%B8%D0%BB%D1%8C%20%D1%86%D0%B5%D0%BD%D0%B0%20%D0%BA%D1%83%D0%BF%D0%B8%D1%82%D1%8C®ion=10658®ion_name=%D0%92%D0%BB%D0%B0%D0%B4%D0%B8%D0%BC%D0%B8%D1%80%D1%81%D0%BA%D0%B0%D1%8F%20%D0%BE%D0%B1%D0%BB%D0%B0%D1%81%D1%82%D1%8C&block=premium&position=1&yclid=13444640902956711935" "Mozilla/5.0 (Linux; Android 11; Redmi Note 9S) AppleWebKit/537.36 (KHTML, like Gecko) Chrome/100.0.4896.79 Mobile Safari/537.36"
84.53.198.72 - - [08/Apr/2022:04:24:33 +0000] "GET /grili/keramicheskie/ HTTP/2.0" 200 36561 "https://nn.justgrill.ru/?utm_source=yandex&utm_medium=cpc&utm_campaign=%D0%B3%D1%80%D0%B8%D0%BB%D0%B8/%D0%BF%D0%BE%D0%B8%D1%81%D0%BA/%D0%BA%D1%80%D0%B4&utm_content=JG&utm_term=%D0%B3%D1%80%D0%B8%D0%BB%D1%8C%20%D1%86%D0%B5%D0%BD%D0%B0%20%D0%BA%D1%83%D0%BF%D0%B8%D1%82%D1%8C®ion=10658®ion_name=%D0%92%D0%BB%D0%B0%D0%B4%D0%B8%D0%BC%D0%B8%D1%80%D1%81%D0%BA%D0%B0%D1%8F%20%D0%BE%D0%B1%D0%BB%D0%B0%D1%81%D1%82%D1%8C&block=premium&position=1&yclid=13444640902956711935" "Mozilla/5.0 (Linux; Android 11; Redmi Note 9S) AppleWebKit/537.36 (KHTML, like Gecko) Chrome/100.0.4896.79 Mobile Safari/537.36"
84.53.198.72 - - [08/Apr/2022:04:24:34 +0000] "GET /wa-content/css/jquery-ui/base/jquery.ui.slider.css HTTP/2.0" 200 331 "https://nn.justgrill.ru/grili/keramicheskie/" "Mozilla/5.0 (Linux; Android 11; Redmi Note 9S) AppleWebKit/537.36 (KHTML, like Gecko) Chrome/100.0.4896.79 Mobile Safari/537.36"
84.53.198.72 - - [08/Apr/2022:04:24:34 +0000] "GET /wa-content/js/jquery-ui/jquery.ui.core.min.js?v2.4.1 HTTP/2.0" 200 2032 "https://nn.justgrill.ru/grili/keramicheskie/" "Mozilla/5.0 (Linux; Android 11; Redmi Note 9S) AppleWebKit/537.36 (KHTML, like Gecko) Chrome/100.0.4896.79 Mobile Safari/537.36"
84.53.198.72 - - [08/Apr/2022:04:24:34 +0000] "GET /wa-content/js/jquery-ui/jquery.ui.widget.min.js?v2.4.1 HTTP/2.0" 200 1301 "https://nn.justgrill.ru/grili/keramicheskie/" "Mozilla/5.0 (Linux; Android 11; Redmi Note 9S) AppleWebKit/537.36 (KHTML, like Gecko) Chrome/100.0.4896.79 Mobile Safari/537.36"
84.53.198.72 - - [08/Apr/2022:04:24:34 +0000] "GET /wa-content/js/jquery-ui/jquery.ui.mouse.min.js?v2.4.1 HTTP/2.0" 200 932 "https://nn.justgrill.ru/grili/keramicheskie/" "Mozilla/5.0 (Linux; Android 11; Redmi Note 9S) AppleWebKit/537.36 (KHTML, like Gecko) Chrome/100.0.4896.79 Mobile Safari/537.36"
84.53.198.72 - - [08/Apr/2022:04:24:34 +0000] "GET /wa-content/js/jquery-ui/jquery.ui.slider.min.js?v2.4.1 HTTP/2.0" 200 2846 "https://nn.justgrill.ru/grili/keramicheskie/" "Mozilla/5.0 (Linux; Android 11; Redmi Note 9S) AppleWebKit/537.36 (KHTML, like Gecko) Chrome/100.0.4896.79 Mobile Safari/537.36"
84.53.198.72 - - [08/Apr/2022:04:24:34 +0000] "GET /searchpro-plugin/config/?v1.9.0.1649391873?1403963599 HTTP/2.0" 200 559 "https://nn.justgrill.ru/grili/keramicheskie/" "Mozilla/5.0 (Linux; Android 11; Redmi Note 9S) AppleWebKit/537.36 (KHTML, like Gecko) Chrome/100.0.4896.79 Mobile Safari/537.36"
84.53.198.72 - - [08/Apr/2022:04:24:35 +0000] "GET /searchpro-plugin/config/?v1.9.0.1649391873?259681442 HTTP/2.0" 200 559 "https://nn.justgrill.ru/grili/keramicheskie/" "Mozilla/5.0 (Linux; Android 11; Redmi Note 9S) AppleWebKit/537.36 (KHTML, like Gecko) Chrome/100.0.4896.79 Mobile Safari/537.36"
84.53.198.72 - - [08/Apr/2022:04:24:35 +0000] "GET /shop/captcha.php?rid=1649391873624fb9019fa63 HTTP/2.0" 200 13323 "https://nn.justgrill.ru/grili/keramicheskie/" "Mozilla/5.0 (Linux; Android 11; Redmi Note 9S) AppleWebKit/537.36 (KHTML, like Gecko) Chrome/100.0.4896.79 Mobile Safari/537.36"
84.53.198.72 - - [08/Apr/2022:04:24:35 +0000] "GET /wa-data/public/site/themes/justgrill/img/arrow-f.svg HTTP/2.0" 200 223 "https://nn.justgrill.ru/wa-data/public/site/themes/justgrill/css/main.css?v3.3.1.1649391873" "Mozilla/5.0 (Linux; Android 11; Redmi Note 9S) AppleWebKit/537.36 (KHTML, like Gecko) Chrome/100.0.4896.79 Mobile Safari/537.36"
84.53.198.72 - - [08/Apr/2022:04:24:36 +0000] "GET /wa-content/js/signup/signup.js?v=8.21.0.1649391873 HTTP/2.0" 200 6675 "https://nn.justgrill.ru/grili/keramicheskie/" "Mozilla/5.0 (Linux; Android 11; Redmi Note 9S) AppleWebKit/537.36 (KHTML, like Gecko) Chrome/100.0.4896.79 Mobile Safari/537.36"
84.53.198.72 - - [08/Apr/2022:04:24:36 +0000] "GET /wa-content/css/signup/signup.css?v=8.21.0.1649391873 HTTP/2.0" 200 1909 "https://nn.justgrill.ru/grili/keramicheskie/" "Mozilla/5.0 (Linux; Android 11; Redmi Note 9S) AppleWebKit/537.36 (KHTML, like Gecko) Chrome/100.0.4896.79 Mobile Safari/537.36"
84.53.198.72 - - [08/Apr/2022:04:24:36 +0000] "GET /wa-content/js/login/login-frontend-form.min.js?v=8.21.0.1649391873 HTTP/2.0" 200 5488 "https://nn.justgrill.ru/grili/keramicheskie/" "Mozilla/5.0 (Linux; Android 11; Redmi Note 9S) AppleWebKit/537.36 (KHTML, like Gecko) Chrome/100.0.4896.79 Mobile Safari/537.36"
84.53.198.72 - - [08/Apr/2022:04:24:36 +0000] "GET /wa-content/css/login/frontend/login.css?v=8.21.0.1649391873 HTTP/2.0" 200 1762 "https://nn.justgrill.ru/grili/keramicheskie/" "Mozilla/5.0 (Linux; Android 11; Redmi Note 9S) AppleWebKit/537.36 (KHTML, like Gecko) Chrome/100.0.4896.79 Mobile Safari/537.36"
84.53.198.72 - - [08/Apr/2022:04:24:36 +0000] "GET /wa-content/js/login/forgotpassword-frontend-form.min.js?v=8.21.0.1649391873 HTTP/2.0" 200 4709 "https://nn.justgrill.ru/grili/keramicheskie/" "Mozilla/5.0 (Linux; Android 11; Redmi Note 9S) AppleWebKit/537.36 (KHTML, like Gecko) Chrome/100.0.4896.79 Mobile Safari/537.36"
84.53.198.72 - - [08/Apr/2022:04:24:36 +0000] "GET /wa-content/css/login/frontend/forgot-password.css?v=8.21.0.1649391873 HTTP/2.0" 200 1560 "https://nn.justgrill.ru/grili/keramicheskie/" "Mozilla/5.0 (Linux; Android 11; Redmi Note 9S) AppleWebKit/537.36 (KHTML, like Gecko) Chrome/100.0.4896.79 Mobile Safari/537.36"
84.53.198.72 - - [08/Apr/2022:04:24:36 +0000] "GET /ecommerce_prepare_data/products_list/?state_json=%7B%22sku_ids%22%3A%5B%229061%22%2C%229063%22%2C%228992%22%2C%229054%22%2C%229058%22%2C%224880%22%2C%2211157%22%2C%2210441%22%2C%224879%22%2C%228949%22%2C%2210632%22%2C%2210634%22%2C%228548%22%2C%2210631%22%2C%2210633%22%2C%229650%22%2C%224878%22%2C%229649%22%2C%224877%22%2C%2210636%22%2C%2210638%22%2C%2210635%22%2C%2210637%22%2C%229458%22%2C%229648%22%2C%2210621%22%2C%224876%22%2C%2211055%22%2C%224875%22%5D%2C%22list_name%22%3A%22%D0%93%D1%80%D0%B8%D0%BB%D0%B8%2F%D0%9A%D0%B5%D1%80%D0%B0%D0%BC%D0%B8%D1%87%D0%B5%D1%81%D0%BA%D0%B8%D0%B5+%D0%B3%D1%80%D0%B8%D0%BB%D0%B8%22%7D HTTP/2.0" 200 1090 "https://nn.justgrill.ru/grili/keramicheskie/" "Mozilla/5.0 (Linux; Android 11; Redmi Note 9S) AppleWebKit/537.36 (KHTML, like Gecko) Chrome/100.0.4896.79 Mobile Safari/537.36"
84.53.198.72 - - [08/Apr/2022:04:24:36 +0000] "GET /regions/getPopupContent/ HTTP/2.0" 200 1029 "https://nn.justgrill.ru/grili/keramicheskie/" "Mozilla/5.0 (Linux; Android 11; Redmi Note 9S) AppleWebKit/537.36 (KHTML, like Gecko) Chrome/100.0.4896.79 Mobile Safari/537.36"
84.53.198.72 - - [08/Apr/2022:04:24:37 +0000] "GET /regions/getPopupContent/ HTTP/2.0" 200 1029 "https://nn.justgrill.ru/grili/keramicheskie/" "Mozilla/5.0 (Linux; Android 11; Redmi Note 9S) AppleWebKit/537.36 (KHTML, like Gecko) Chrome/100.0.4896.79 Mobile Safari/537.36"
185.191.171.6 - - [08/Apr/2022:04:24:38 +0000] "GET /aksessuary/dlya-pitstsy/kamni-pitstsa/kruglyy-kamen/ HTTP/1.1" 200 30957 "-" "Mozilla/5.0 (compatible; SemrushBot/7~bl; +http://www.semrush.com/bot.html)"
77.88.5.70 - - [08/Apr/2022:04:24:43 +0000] "GET /grili/ugolnye/weber/gril-61-sm/ HTTP/1.1" 301 162 "-" "Mozilla/5.0 (compatible; YandexBot/3.0; +http://yandex.com/bots) AppleWebKit/537.36 (KHTML, like Gecko) Chrome/81.0.4044.268"
185.191.171.38 - - [08/Apr/2022:04:24:43 +0000] "GET /aksessuary/ugli-i-rozzhigi/ HTTP/1.1" 200 36239 "-" "Mozilla/5.0 (compatible; SemrushBot/7~bl; +http://www.semrush.com/bot.html)"
77.88.5.70 - - [08/Apr/2022:04:24:44 +0000] "GET /grili/keramicheskie/ HTTP/1.1" 200 36565 "-" "Mozilla/5.0 (compatible; YandexBot/3.0; +http://yandex.com/bots)"
77.88.5.234 - - [08/Apr/2022:04:24:49 +0000] "GET /grili/ugolnye/weber/gril-61-sm/ HTTP/1.1" 301 162 "-" "Mozilla/5.0 (compatible; YandexBot/3.0; +http://yandex.com/bots) AppleWebKit/537.36 (KHTML, like Gecko) Chrome/81.0.4044.268"
77.88.5.70 - - [08/Apr/2022:04:24:50 +0000] "GET /grili/ugolnye/weber/gril-61-sm/ HTTP/1.1" 200 29318 "-" "Mozilla/5.0 (compatible; YandexBot/3.0; +http://yandex.com/bots) AppleWebKit/537.36 (KHTML, like Gecko) Chrome/81.0.4044.268"
77.88.5.70 - - [08/Apr/2022:04:24:53 +0000] "GET /wa-content/js/jquery-plugins/jquery.cookie.js HTTP/1.1" 200 1355 "https://justgrill.ru/grili/ugolnye/weber/gril-61-sm/" "Mozilla/5.0 (compatible; YandexBot/3.0; +http://yandex.com/bots) AppleWebKit/537.36 (KHTML, like Gecko) Chrome/81.0.4044.268"
185.191.171.36 - - [08/Apr/2022:04:24:54 +0000] "GET /mangaly/mangal/grillver-mangal-kraftiks-silver/ HTTP/1.1" 301 5 "-" "Mozilla/5.0 (compatible; SemrushBot/7~bl; +http://www.semrush.com/bot.html)"
185.191.171.10 - - [08/Apr/2022:04:24:57 +0000] "GET /mangaly/mangal/grillver/kraftiks/grillver-mangal-kraftiks-silver/ HTTP/1.1" 200 33951 "-" "Mozilla/5.0 (compatible; SemrushBot/7~bl; +http://www.semrush.com/bot.html)"
34.77.162.6 - - [08/Apr/2022:04:25:14 +0000] "GET / HTTP/1.1" 200 225694 "-" "Expanse, a Palo Alto Networks company, searches across the global IPv4 space multiple times per day to identify customers' presences on the Internet. If you would like to be excluded from our scans, please send IP addresses/domains to: scaninfo@paloaltonetworks.com"
77.88.5.19 - - [08/Apr/2022:04:25:14 +0000] "GET /?yclid=7710547526903176844 HTTP/1.1" 200 39760 "-" "Mozilla/5.0 (compatible; YandexMetrika/2.0; +http://yandex.com/bots yabs01)"
77.88.5.2 - - [08/Apr/2022:04:25:15 +0000] "GET / HTTP/1.1" 301 162 "-" "Mozilla/5.0 (compatible; YandexMetrika/2.0; +http://yandex.com/bots yabs01)"
66.249.66.9 - - [08/Apr/2022:04:25:33 +0000] "GET /aksessuary/reshetki/ HTTP/1.1" 200 35686 "-" "Mozilla/5.0 (Linux; Android 6.0.1; Nexus 5X Build/MMB29P) AppleWebKit/537.36 (KHTML, like Gecko) Chrome/99.0.4844.84 Mobile Safari/537.36 (compatible; Googlebot/2.1; +http://www.google.com/bot.html)"
31.131.80.193 - - [08/Apr/2022:04:25:35 +0000] "GET /searchpro-plugin/config/?v1.9.0.1649298809?111945160 HTTP/2.0" 200 557 "https://justgrill.ru/aksessuary/chistka-i-ukhod/shchetka-gril/6277-shchetka-dlya-grilya-t-obraznaya-30-sm/" "Mozilla/5.0 (iPhone; CPU iPhone OS 15_1 like Mac OS X) AppleWebKit/605.1.15 (KHTML, like Gecko) Version/15.1 Mobile/15E148 Safari/604.1"
31.131.80.193 - - [08/Apr/2022:04:25:35 +0000] "GET /searchpro-plugin/config/?v1.9.0.1649298809?292845885 HTTP/2.0" 200 557 "https://justgrill.ru/aksessuary/chistka-i-ukhod/shchetka-gril/6277-shchetka-dlya-grilya-t-obraznaya-30-sm/" "Mozilla/5.0 (iPhone; CPU iPhone OS 15_1 like Mac OS X) AppleWebKit/605.1.15 (KHTML, like Gecko) Version/15.1 Mobile/15E148 Safari/604.1"
66.249.66.52 - - [08/Apr/2022:04:25:35 +0000] "GET /aksessuary/nabor-dlya-barbekyu/shtipts-i-lopatka-nabor-weber/ HTTP/1.1" 301 5 "-" "Mozilla/5.0 (compatible; Googlebot/2.1; +http://www.google.com/bot.html)"
31.131.80.193 - - [08/Apr/2022:04:25:35 +0000] "GET /regions/getPopupContent/ HTTP/2.0" 200 1023 "https://justgrill.ru/aksessuary/chistka-i-ukhod/shchetka-gril/6277-shchetka-dlya-grilya-t-obraznaya-30-sm/" "Mozilla/5.0 (iPhone; CPU iPhone OS 15_1 like Mac OS X) AppleWebKit/605.1.15 (KHTML, like Gecko) Version/15.1 Mobile/15E148 Safari/604.1"
66.249.66.48 - - [08/Apr/2022:04:25:35 +0000] "GET /aksessuary/nabor-dlya-barbekyu/shtipts-i-lopatka-nabor-weber/ HTTP/1.1" 301 162 "-" "Mozilla/5.0 (compatible; Googlebot/2.1; +http://www.google.com/bot.html)"
66.249.66.59 - - [08/Apr/2022:04:25:37 +0000] "GET /aksessuary/nabor-dlya-barbekyu/shtipts-i-lopatka-nabor-weber/ HTTP/1.1" 301 5 "-" "Mozilla/5.0 (compatible; Googlebot/2.1; +http://www.google.com/bot.html)"
62.133.62.77 - - [08/Apr/2022:04:25:38 +0000] "GET /aksessuary/oborudovanie/mebel-gril/nastennaya-otkidnaya-polka-napoleon-ptss165p/ HTTP/1.1" 200 32073 "-" "Mozilla/5.0 (X11; Linux x86_64) AppleWebKit/537.36 (KHTML, like Gecko) Chrome/85.0.4183.83 Safari/537.36"
66.249.66.55 - - [08/Apr/2022:04:25:38 +0000] "GET /aksessuary/instrumenty/nabory-gril/nabor-gril-weber-ruchki-plastik-2-sht/ HTTP/1.1" 200 34110 "-" "Mozilla/5.0 (compatible; Googlebot/2.1; +http://www.google.com/bot.html)"
66.249.66.57 - - [08/Apr/2022:04:25:39 +0000] "GET /brendy/broil-king/chekhol-dlya-grilya-sverkhprochn-imperial--regal-400-vstroyka/ HTTP/1.1" 301 5 "-" "Mozilla/5.0 (compatible; Googlebot/2.1; +http://www.google.com/bot.html)"
66.249.66.55 - - [08/Apr/2022:04:25:41 +0000] "GET /aksessuary/chekhly-dlya-griley/chekhol-dlya-grilya-broil-king-imperial-regal-400-vstroyka/ HTTP/1.1" 200 31700 "-" "Mozilla/5.0 (compatible; Googlebot/2.1; +http://www.google.com/bot.html)"
77.88.5.171 - - [08/Apr/2022:04:25:41 +0000] "GET / HTTP/1.1" 301 162 "-" "Mozilla/5.0 (compatible; YandexMetrika/2.0; +http://yandex.com/bots yabs01)"
185.191.171.24 - - [08/Apr/2022:04:25:44 +0000] "GET /blog/kak-zastavit-myaso-byt-myagkim/ HTTP/1.1" 200 29788 "-" "Mozilla/5.0 (compatible; SemrushBot/7~bl; +http://www.semrush.com/bot.html)"
66.249.66.23 - - [08/Apr/2022:04:25:48 +0000] "GET /aksessuary/dlya-pitstsy/nabory-pitstsa/nabor-dlya-pitstsy-napoleon-iz-2-kh-predmetov/ HTTP/1.1" 200 32703 "-" "Mozilla/5.0 (Linux; Android 6.0.1; Nexus 5X Build/MMB29P) AppleWebKit/537.36 (KHTML, like Gecko) Chrome/100.0.4896.75 Mobile Safari/537.36 (compatible; Googlebot/2.1; +http://www.google.com/bot.html)"
77.88.5.232 - - [08/Apr/2022:04:26:03 +0000] "GET / HTTP/1.1" 301 162 "-" "Mozilla/5.0 (compatible; YandexMetrika/2.0; +http://yandex.com/bots yabs01)"
45.159.248.33 - - [08/Apr/2022:04:26:05 +0000] "GET /mangaly/mangal/gratar/professional/mangal-professional-standart-ps-3000/ HTTP/1.1" 200 33224 "-" "Mozilla/5.0 (X11; Linux x86_64) AppleWebKit/537.36 (KHTML, like Gecko) Chrome/83.0.2549.68 Safari/537.36"
93.158.161.2 - - [08/Apr/2022:04:26:12 +0000] "GET /?yclid=7710547526903176844 HTTP/1.1" 200 39217 "-" "Mozilla/5.0 (compatible; YandexMetrika/2.0; +http://yandex.com/bots yabs01)"
165.225.90.164 - - [08/Apr/2022:04:26:13 +0000] "GET /mangaly/mangal/?utm_source=yandex&utm_medium=cpc&utm_campaign=65980958&utm_content=mangal&utm_term=%D0%BC%D0%B0%D0%BD%D0%B3%D0%B0%D0%BB%20%D0%BA%D0%BE%D0%BF%D1%82%D0%B8%D0%BB%D1%8C%D0%BD%D1%8F&yclid=1770827856382327986 HTTP/1.1" 200 36805 "https://yandex.ru/news?msid=1649391152149124-5758809402708277433-sas2-0547-sas-l7-balancer-8080-BAL-6628&mlid=1649390552.glob_225&utm_medium=topnews_news&utm_source=morda_desktop" "Mozilla/5.0 (Windows NT 10.0; Win64; x64) AppleWebKit/537.36 (KHTML, like Gecko) Chrome/100.0.4896.60 Safari/537.36 Edg/100.0.1185.29"
165.225.90.164 - - [08/Apr/2022:04:26:14 +0000] "GET /searchpro-plugin/config/?v1.9.0.1649391973?323195587 HTTP/1.1" 200 571 "https://nn.justgrill.ru/mangaly/mangal/?utm_source=yandex&utm_medium=cpc&utm_campaign=65980958&utm_content=mangal&utm_term=%D0%BC%D0%B0%D0%BD%D0%B3%D0%B0%D0%BB%20%D0%BA%D0%BE%D0%BF%D1%82%D0%B8%D0%BB%D1%8C%D0%BD%D1%8F&yclid=1770827856382327986" "Mozilla/5.0 (Windows NT 10.0; Win64; x64) AppleWebKit/537.36 (KHTML, like Gecko) Chrome/100.0.4896.60 Safari/537.36 Edg/100.0.1185.29"
165.225.90.164 - - [08/Apr/2022:04:26:14 +0000] "GET /searchpro-plugin/config/?v1.9.0.1649391973?1011580787 HTTP/1.1" 200 571 "https://nn.justgrill.ru/mangaly/mangal/?utm_source=yandex&utm_medium=cpc&utm_campaign=65980958&utm_content=mangal&utm_term=%D0%BC%D0%B0%D0%BD%D0%B3%D0%B0%D0%BB%20%D0%BA%D0%BE%D0%BF%D1%82%D0%B8%D0%BB%D1%8C%D0%BD%D1%8F&yclid=1770827856382327986" "Mozilla/5.0 (Windows NT 10.0; Win64; x64) AppleWebKit/537.36 (KHTML, like Gecko) Chrome/100.0.4896.60 Safari/537.36 Edg/100.0.1185.29"
165.225.90.164 - - [08/Apr/2022:04:26:14 +0000] "GET /wa-content/css/signup/signup.css?v=8.21.0.1649391973 HTTP/1.1" 200 1921 "https://nn.justgrill.ru/mangaly/mangal/?utm_source=yandex&utm_medium=cpc&utm_campaign=65980958&utm_content=mangal&utm_term=%D0%BC%D0%B0%D0%BD%D0%B3%D0%B0%D0%BB%20%D0%BA%D0%BE%D0%BF%D1%82%D0%B8%D0%BB%D1%8C%D0%BD%D1%8F&yclid=1770827856382327986" "Mozilla/5.0 (Windows NT 10.0; Win64; x64) AppleWebKit/537.36 (KHTML, like Gecko) Chrome/100.0.4896.60 Safari/537.36 Edg/100.0.1185.29"
165.225.90.164 - - [08/Apr/2022:04:26:14 +0000] "GET /wa-content/css/login/frontend/login.css?v=8.21.0.1649391973 HTTP/1.1" 200 1774 "https://nn.justgrill.ru/mangaly/mangal/?utm_source=yandex&utm_medium=cpc&utm_campaign=65980958&utm_content=mangal&utm_term=%D0%BC%D0%B0%D0%BD%D0%B3%D0%B0%D0%BB%20%D0%BA%D0%BE%D0%BF%D1%82%D0%B8%D0%BB%D1%8C%D0%BD%D1%8F&yclid=1770827856382327986" "Mozilla/5.0 (Windows NT 10.0; Win64; x64) AppleWebKit/537.36 (KHTML, like Gecko) Chrome/100.0.4896.60 Safari/537.36 Edg/100.0.1185.29"
165.225.90.164 - - [08/Apr/2022:04:26:14 +0000] "GET /wa-content/js/signup/signup.js?v=8.21.0.1649391973 HTTP/1.1" 200 6688 "https://nn.justgrill.ru/mangaly/mangal/?utm_source=yandex&utm_medium=cpc&utm_campaign=65980958&utm_content=mangal&utm_term=%D0%BC%D0%B0%D0%BD%D0%B3%D0%B0%D0%BB%20%D0%BA%D0%BE%D0%BF%D1%82%D0%B8%D0%BB%D1%8C%D0%BD%D1%8F&yclid=1770827856382327986" "Mozilla/5.0 (Windows NT 10.0; Win64; x64) AppleWebKit/537.36 (KHTML, like Gecko) Chrome/100.0.4896.60 Safari/537.36 Edg/100.0.1185.29"
165.225.90.164 - - [08/Apr/2022:04:26:14 +0000] "GET /wa-content/js/login/login-frontend-form.min.js?v=8.21.0.1649391973 HTTP/1.1" 200 5501 "https://nn.justgrill.ru/mangaly/mangal/?utm_source=yandex&utm_medium=cpc&utm_campaign=65980958&utm_content=mangal&utm_term=%D0%BC%D0%B0%D0%BD%D0%B3%D0%B0%D0%BB%20%D0%BA%D0%BE%D0%BF%D1%82%D0%B8%D0%BB%D1%8C%D0%BD%D1%8F&yclid=1770827856382327986" "Mozilla/5.0 (Windows NT 10.0; Win64; x64) AppleWebKit/537.36 (KHTML, like Gecko) Chrome/100.0.4896.60 Safari/537.36 Edg/100.0.1185.29"
165.225.90.164 - - [08/Apr/2022:04:26:14 +0000] "GET /shop/captcha.php?rid=1649391973624fb965283d9 HTTP/1.1" 200 13609 "https://nn.justgrill.ru/mangaly/mangal/?utm_source=yandex&utm_medium=cpc&utm_campaign=65980958&utm_content=mangal&utm_term=%D0%BC%D0%B0%D0%BD%D0%B3%D0%B0%D0%BB%20%D0%BA%D0%BE%D0%BF%D1%82%D0%B8%D0%BB%D1%8C%D0%BD%D1%8F&yclid=1770827856382327986" "Mozilla/5.0 (Windows NT 10.0; Win64; x64) AppleWebKit/537.36 (KHTML, like Gecko) Chrome/100.0.4896.60 Safari/537.36 Edg/100.0.1185.29"
