5.188.113.194 - admin [07/Apr/2022:07:04:52 +0000] "POST /cml1c/adfc9ee9-8d33-4958-a478-3f8659809409/?type=catalog&mode=file&filename=v8_Kllkhv_19.zip&sessid= HTTP/1.1" 200 50 "-" "1C+Enterprise/8.3"
5.188.113.194 - admin [07/Apr/2022:07:05:09 +0000] "POST /cml1c/adfc9ee9-8d33-4958-a478-3f8659809409/?type=catalog&mode=file&filename=v8_Kllkhv_1a.zip&sessid= HTTP/1.1" 200 50 "-" "1C+Enterprise/8.3"
95.153.168.251 - - [07/Apr/2022:07:06:46 +0000] "POST /webasyst/shop/?plugin=beruru&module=backend&action=orderListData HTTP/2.0" 200 76 "https://justgrill.ru/webasyst/shop/?action=orders" "Mozilla/5.0 (Windows NT 10.0; WOW64) AppleWebKit/537.36 (KHTML, like Gecko) Chrome/98.0.4758.119 YaBrowser/22.3.0.2434 Yowser/2.5 Safari/537.36"
95.153.168.251 - - [07/Apr/2022:07:06:46 +0000] "POST /webasyst/shop/?plugin=ym&module=backend&action=orderListData HTTP/2.0" 200 120 "https://justgrill.ru/webasyst/shop/?action=orders" "Mozilla/5.0 (Windows NT 10.0; WOW64) AppleWebKit/537.36 (KHTML, like Gecko) Chrome/98.0.4758.119 YaBrowser/22.3.0.2434 Yowser/2.5 Safari/537.36"
95.153.168.251 - - [07/Apr/2022:07:06:46 +0000] "POST /webasyst/shop/?plugin=beruru&module=backend&action=orderListData HTTP/2.0" 200 76 "https://justgrill.ru/webasyst/shop/?action=orders" "Mozilla/5.0 (Windows NT 10.0; WOW64) AppleWebKit/537.36 (KHTML, like Gecko) Chrome/98.0.4758.119 YaBrowser/22.3.0.2434 Yowser/2.5 Safari/537.36"
95.153.168.251 - - [07/Apr/2022:07:06:46 +0000] "POST /webasyst/shop/?plugin=ym&module=backend&action=orderListData HTTP/2.0" 200 120 "https://justgrill.ru/webasyst/shop/?action=orders" "Mozilla/5.0 (Windows NT 10.0; WOW64) AppleWebKit/537.36 (KHTML, like Gecko) Chrome/98.0.4758.119 YaBrowser/22.3.0.2434 Yowser/2.5 Safari/537.36"
178.154.154.251 - - [07/Apr/2022:07:06:55 +0000] "POST /ym_api/1/?action=/cart HTTP/1.1" 200 110 "-" "Apache-HttpClient/4.5.6 (Java/11.0.8-shenandoah)"
37.9.71.212 - - [07/Apr/2022:07:09:33 +0000] "POST /ym_api/1/?action=/cart HTTP/1.1" 200 110 "-" "Apache-HttpClient/4.5.6 (Java/11.0.8-shenandoah)"
94.25.177.234 - - [07/Apr/2022:07:13:08 +0000] "POST /webasyst/shop/?plugin=beruru&module=backend&action=orderListData HTTP/2.0" 200 76 "https://justgrill.ru/webasyst/shop/" "Mozilla/5.0 (Windows NT 10.0; Win64; x64) AppleWebKit/537.36 (KHTML, like Gecko) Chrome/99.0.4844.84 Safari/537.36"
94.25.177.234 - - [07/Apr/2022:07:13:08 +0000] "POST /webasyst/shop/?plugin=ym&module=backend&action=orderListData HTTP/2.0" 200 120 "https://justgrill.ru/webasyst/shop/" "Mozilla/5.0 (Windows NT 10.0; Win64; x64) AppleWebKit/537.36 (KHTML, like Gecko) Chrome/99.0.4844.84 Safari/537.36"
94.25.177.234 - - [07/Apr/2022:07:13:23 +0000] "POST /webasyst/shop/?plugin=beruru&module=backend&action=orderListData HTTP/2.0" 200 76 "https://justgrill.ru/webasyst/shop/" "Mozilla/5.0 (Windows NT 10.0; Win64; x64) AppleWebKit/537.36 (KHTML, like Gecko) Chrome/99.0.4844.84 Safari/537.36"
94.25.177.234 - - [07/Apr/2022:07:13:23 +0000] "POST /webasyst/shop/?plugin=ym&module=backend&action=orderListData HTTP/2.0" 200 120 "https://justgrill.ru/webasyst/shop/" "Mozilla/5.0 (Windows NT 10.0; Win64; x64) AppleWebKit/537.36 (KHTML, like Gecko) Chrome/99.0.4844.84 Safari/537.36"
94.25.177.234 - - [07/Apr/2022:07:13:23 +0000] "POST /webasyst/shop/?plugin=beruru&module=backend&action=orderListData HTTP/2.0" 200 76 "https://justgrill.ru/webasyst/shop/" "Mozilla/5.0 (Windows NT 10.0; Win64; x64) AppleWebKit/537.36 (KHTML, like Gecko) Chrome/99.0.4844.84 Safari/537.36"
94.25.177.234 - - [07/Apr/2022:07:13:23 +0000] "POST /webasyst/shop/?plugin=ym&module=backend&action=orderListData HTTP/2.0" 200 120 "https://justgrill.ru/webasyst/shop/" "Mozilla/5.0 (Windows NT 10.0; Win64; x64) AppleWebKit/537.36 (KHTML, like Gecko) Chrome/99.0.4844.84 Safari/537.36"
94.25.177.234 - - [07/Apr/2022:07:13:27 +0000] "POST /webasyst/shop/?plugin=beruru&module=backend&action=orderListData HTTP/2.0" 200 76 "https://justgrill.ru/webasyst/shop/" "Mozilla/5.0 (Windows NT 10.0; Win64; x64) AppleWebKit/537.36 (KHTML, like Gecko) Chrome/99.0.4844.84 Safari/537.36"
94.25.177.234 - - [07/Apr/2022:07:13:27 +0000] "POST /webasyst/shop/?plugin=ym&module=backend&action=orderListData HTTP/2.0" 200 120 "https://justgrill.ru/webasyst/shop/" "Mozilla/5.0 (Windows NT 10.0; Win64; x64) AppleWebKit/537.36 (KHTML, like Gecko) Chrome/99.0.4844.84 Safari/537.36"
94.25.177.234 - - [07/Apr/2022:07:13:34 +0000] "POST /webasyst/shop/?plugin=beruru&module=backend&action=orderListData HTTP/2.0" 200 76 "https://justgrill.ru/webasyst/shop/" "Mozilla/5.0 (Windows NT 10.0; Win64; x64) AppleWebKit/537.36 (KHTML, like Gecko) Chrome/99.0.4844.84 Safari/537.36"
94.25.177.234 - - [07/Apr/2022:07:13:34 +0000] "POST /webasyst/shop/?plugin=ym&module=backend&action=orderListData HTTP/2.0" 200 120 "https://justgrill.ru/webasyst/shop/" "Mozilla/5.0 (Windows NT 10.0; Win64; x64) AppleWebKit/537.36 (KHTML, like Gecko) Chrome/99.0.4844.84 Safari/537.36"
94.25.177.234 - - [07/Apr/2022:07:13:39 +0000] "POST /webasyst/shop/?plugin=beruru&module=backend&action=orderListData HTTP/2.0" 200 76 "https://justgrill.ru/webasyst/shop/" "Mozilla/5.0 (Windows NT 10.0; Win64; x64) AppleWebKit/537.36 (KHTML, like Gecko) Chrome/99.0.4844.84 Safari/537.36"
94.25.177.234 - - [07/Apr/2022:07:13:39 +0000] "POST /webasyst/shop/?plugin=ym&module=backend&action=orderListData HTTP/2.0" 200 120 "https://justgrill.ru/webasyst/shop/" "Mozilla/5.0 (Windows NT 10.0; Win64; x64) AppleWebKit/537.36 (KHTML, like Gecko) Chrome/99.0.4844.84 Safari/537.36"
94.25.177.234 - - [07/Apr/2022:07:13:42 +0000] "POST /webasyst/shop/?plugin=beruru&module=backend&action=orderListData HTTP/2.0" 200 76 "https://justgrill.ru/webasyst/shop/" "Mozilla/5.0 (Windows NT 10.0; Win64; x64) AppleWebKit/537.36 (KHTML, like Gecko) Chrome/99.0.4844.84 Safari/537.36"
94.25.177.234 - - [07/Apr/2022:07:13:43 +0000] "POST /webasyst/shop/?plugin=ym&module=backend&action=orderListData HTTP/2.0" 200 120 "https://justgrill.ru/webasyst/shop/" "Mozilla/5.0 (Windows NT 10.0; Win64; x64) AppleWebKit/537.36 (KHTML, like Gecko) Chrome/99.0.4844.84 Safari/537.36"
94.25.177.234 - - [07/Apr/2022:07:13:49 +0000] "POST /webasyst/shop/?plugin=ym&module=backend&action=orderListData HTTP/2.0" 200 120 "https://justgrill.ru/webasyst/shop/" "Mozilla/5.0 (Windows NT 10.0; Win64; x64) AppleWebKit/537.36 (KHTML, like Gecko) Chrome/99.0.4844.84 Safari/537.36"
94.25.177.234 - - [07/Apr/2022:07:13:49 +0000] "POST /webasyst/shop/?plugin=beruru&module=backend&action=orderListData HTTP/2.0" 200 76 "https://justgrill.ru/webasyst/shop/" "Mozilla/5.0 (Windows NT 10.0; Win64; x64) AppleWebKit/537.36 (KHTML, like Gecko) Chrome/99.0.4844.84 Safari/537.36"
94.25.177.234 - - [07/Apr/2022:07:13:59 +0000] "POST /webasyst/shop/?plugin=beruru&module=backend&action=orderListData HTTP/2.0" 200 76 "https://justgrill.ru/webasyst/shop/" "Mozilla/5.0 (Windows NT 10.0; Win64; x64) AppleWebKit/537.36 (KHTML, like Gecko) Chrome/99.0.4844.84 Safari/537.36"
94.25.177.234 - - [07/Apr/2022:07:13:59 +0000] "POST /webasyst/shop/?plugin=ym&module=backend&action=orderListData HTTP/2.0" 200 120 "https://justgrill.ru/webasyst/shop/" "Mozilla/5.0 (Windows NT 10.0; Win64; x64) AppleWebKit/537.36 (KHTML, like Gecko) Chrome/99.0.4844.84 Safari/537.36"
94.25.177.234 - - [07/Apr/2022:07:14:17 +0000] "POST /webasyst/shop/?plugin=ym&module=backend&action=orderListData HTTP/2.0" 200 120 "https://justgrill.ru/webasyst/shop/" "Mozilla/5.0 (Windows NT 10.0; Win64; x64) AppleWebKit/537.36 (KHTML, like Gecko) Chrome/99.0.4844.84 Safari/537.36"
94.25.177.234 - - [07/Apr/2022:07:14:17 +0000] "POST /webasyst/shop/?plugin=beruru&module=backend&action=orderListData HTTP/2.0" 200 76 "https://justgrill.ru/webasyst/shop/" "Mozilla/5.0 (Windows NT 10.0; Win64; x64) AppleWebKit/537.36 (KHTML, like Gecko) Chrome/99.0.4844.84 Safari/537.36"
94.25.177.234 - - [07/Apr/2022:07:14:17 +0000] "POST /webasyst/shop/?plugin=ym&module=backend&action=getOrderInfo HTTP/2.0" 200 651 "https://justgrill.ru/webasyst/shop/" "Mozilla/5.0 (Windows NT 10.0; Win64; x64) AppleWebKit/537.36 (KHTML, like Gecko) Chrome/99.0.4844.84 Safari/537.36"
94.25.177.234 - - [07/Apr/2022:07:14:42 +0000] "POST /webasyst/shop/?plugin=ym&module=backend&action=orderListData HTTP/2.0" 200 120 "https://justgrill.ru/webasyst/shop/" "Mozilla/5.0 (Windows NT 10.0; Win64; x64) AppleWebKit/537.36 (KHTML, like Gecko) Chrome/99.0.4844.84 Safari/537.36"
94.25.177.234 - - [07/Apr/2022:07:14:42 +0000] "POST /webasyst/shop/?plugin=beruru&module=backend&action=orderListData HTTP/2.0" 200 76 "https://justgrill.ru/webasyst/shop/" "Mozilla/5.0 (Windows NT 10.0; Win64; x64) AppleWebKit/537.36 (KHTML, like Gecko) Chrome/99.0.4844.84 Safari/537.36"
37.9.71.121 - - [07/Apr/2022:07:14:52 +0000] "POST /ym_api/1/?action=/cart HTTP/1.1" 200 110 "-" "Apache-HttpClient/4.5.6 (Java/11.0.8-shenandoah)"
89.109.45.12 - - [07/Apr/2022:07:16:04 +0000] "POST /regions/getRedirectUrl/ HTTP/2.0" 200 193 "https://justgrill.ru/mangaly/kazany/afganskiy-kazan-12l-dvukhtsvetnyy-s-ruchkami-rashko-baba/?utm_source=yafeed&utm_campaign=kazany&yclid=1750821470211724176" "Mozilla/5.0 (Windows NT 10.0; Win64; x64; rv:99.0) Gecko/20100101 Firefox/99.0"
89.109.45.12 - - [07/Apr/2022:07:16:04 +0000] "POST /regions/getRedirectUrl/ HTTP/2.0" 200 193 "https://justgrill.ru/mangaly/kazany/afganskiy-kazan-12l-dvukhtsvetnyy-s-ruchkami-rashko-baba/?utm_source=yafeed&utm_campaign=kazany&yclid=1750821470211724176" "Mozilla/5.0 (Windows NT 10.0; Win64; x64; rv:99.0) Gecko/20100101 Firefox/99.0"
95.153.168.251 - - [07/Apr/2022:07:18:19 +0000] "POST /webasyst/shop/?plugin=beruru&module=backend&action=orderListData HTTP/2.0" 200 76 "https://justgrill.ru/webasyst/shop/?action=orders" "Mozilla/5.0 (Windows NT 10.0; WOW64) AppleWebKit/537.36 (KHTML, like Gecko) Chrome/98.0.4758.119 YaBrowser/22.3.0.2434 Yowser/2.5 Safari/537.36"
95.153.168.251 - - [07/Apr/2022:07:18:19 +0000] "POST /webasyst/shop/?plugin=ym&module=backend&action=orderListData HTTP/2.0" 200 120 "https://justgrill.ru/webasyst/shop/?action=orders" "Mozilla/5.0 (Windows NT 10.0; WOW64) AppleWebKit/537.36 (KHTML, like Gecko) Chrome/98.0.4758.119 YaBrowser/22.3.0.2434 Yowser/2.5 Safari/537.36"
95.153.168.251 - - [07/Apr/2022:07:18:20 +0000] "POST /webasyst/shop/?plugin=beruru&module=backend&action=orderListData HTTP/2.0" 200 76 "https://justgrill.ru/webasyst/shop/?action=orders" "Mozilla/5.0 (Windows NT 10.0; WOW64) AppleWebKit/537.36 (KHTML, like Gecko) Chrome/98.0.4758.119 YaBrowser/22.3.0.2434 Yowser/2.5 Safari/537.36"
95.153.168.251 - - [07/Apr/2022:07:18:20 +0000] "POST /webasyst/shop/?plugin=ym&module=backend&action=orderListData HTTP/2.0" 200 120 "https://justgrill.ru/webasyst/shop/?action=orders" "Mozilla/5.0 (Windows NT 10.0; WOW64) AppleWebKit/537.36 (KHTML, like Gecko) Chrome/98.0.4758.119 YaBrowser/22.3.0.2434 Yowser/2.5 Safari/537.36"
95.153.168.251 - - [07/Apr/2022:07:18:20 +0000] "POST /webasyst/shop/?plugin=ym&module=backend&action=orderListData HTTP/2.0" 200 120 "https://justgrill.ru/webasyst/shop/?action=orders" "Mozilla/5.0 (Windows NT 10.0; WOW64) AppleWebKit/537.36 (KHTML, like Gecko) Chrome/98.0.4758.119 YaBrowser/22.3.0.2434 Yowser/2.5 Safari/537.36"
95.153.168.251 - - [07/Apr/2022:07:18:21 +0000] "POST /webasyst/shop/?plugin=beruru&module=backend&action=orderListData HTTP/2.0" 200 76 "https://justgrill.ru/webasyst/shop/?action=orders" "Mozilla/5.0 (Windows NT 10.0; WOW64) AppleWebKit/537.36 (KHTML, like Gecko) Chrome/98.0.4758.119 YaBrowser/22.3.0.2434 Yowser/2.5 Safari/537.36"
95.153.168.251 - - [07/Apr/2022:07:18:29 +0000] "POST /webasyst/shop/?plugin=beruru&module=backend&action=orderListData HTTP/2.0" 200 76 "https://justgrill.ru/webasyst/shop/?action=orders" "Mozilla/5.0 (Windows NT 10.0; WOW64) AppleWebKit/537.36 (KHTML, like Gecko) Chrome/98.0.4758.119 YaBrowser/22.3.0.2434 Yowser/2.5 Safari/537.36"
95.153.168.251 - - [07/Apr/2022:07:18:29 +0000] "POST /webasyst/shop/?plugin=ym&module=backend&action=orderListData HTTP/2.0" 200 120 "https://justgrill.ru/webasyst/shop/?action=orders" "Mozilla/5.0 (Windows NT 10.0; WOW64) AppleWebKit/537.36 (KHTML, like Gecko) Chrome/98.0.4758.119 YaBrowser/22.3.0.2434 Yowser/2.5 Safari/537.36"
95.153.168.251 - - [07/Apr/2022:07:18:30 +0000] "POST /webasyst/shop/?plugin=beruru&module=backend&action=orderListData HTTP/2.0" 200 76 "https://justgrill.ru/webasyst/shop/?action=orders" "Mozilla/5.0 (Windows NT 10.0; WOW64) AppleWebKit/537.36 (KHTML, like Gecko) Chrome/98.0.4758.119 YaBrowser/22.3.0.2434 Yowser/2.5 Safari/537.36"
95.153.168.251 - - [07/Apr/2022:07:18:30 +0000] "POST /webasyst/shop/?plugin=ym&module=backend&action=orderListData HTTP/2.0" 200 120 "https://justgrill.ru/webasyst/shop/?action=orders" "Mozilla/5.0 (Windows NT 10.0; WOW64) AppleWebKit/537.36 (KHTML, like Gecko) Chrome/98.0.4758.119 YaBrowser/22.3.0.2434 Yowser/2.5 Safari/537.36"
178.154.154.182 - - [07/Apr/2022:07:18:44 +0000] "POST /ym_api/1/?action=/stocks HTTP/1.1" 200 1415 "-" "Apache-HttpClient/4.5.6 (Java/11.0.8-shenandoah)"
95.153.168.251 - - [07/Apr/2022:07:20:34 +0000] "POST /webasyst/shop/?plugin=beruru&module=backend&action=orderListData HTTP/2.0" 200 76 "https://justgrill.ru/webasyst/shop/?action=orders" "Mozilla/5.0 (Windows NT 10.0; WOW64) AppleWebKit/537.36 (KHTML, like Gecko) Chrome/98.0.4758.119 YaBrowser/22.3.0.2434 Yowser/2.5 Safari/537.36"
95.153.168.251 - - [07/Apr/2022:07:20:34 +0000] "POST /webasyst/shop/?plugin=ym&module=backend&action=orderListData HTTP/2.0" 200 120 "https://justgrill.ru/webasyst/shop/?action=orders" "Mozilla/5.0 (Windows NT 10.0; WOW64) AppleWebKit/537.36 (KHTML, like Gecko) Chrome/98.0.4758.119 YaBrowser/22.3.0.2434 Yowser/2.5 Safari/537.36"
95.153.168.251 - - [07/Apr/2022:07:20:35 +0000] "POST /webasyst/shop/?plugin=beruru&module=backend&action=orderListData HTTP/2.0" 200 76 "https://justgrill.ru/webasyst/shop/?action=orders" "Mozilla/5.0 (Windows NT 10.0; WOW64) AppleWebKit/537.36 (KHTML, like Gecko) Chrome/98.0.4758.119 YaBrowser/22.3.0.2434 Yowser/2.5 Safari/537.36"
95.153.168.251 - - [07/Apr/2022:07:20:35 +0000] "POST /webasyst/shop/?plugin=ym&module=backend&action=orderListData HTTP/2.0" 200 120 "https://justgrill.ru/webasyst/shop/?action=orders" "Mozilla/5.0 (Windows NT 10.0; WOW64) AppleWebKit/537.36 (KHTML, like Gecko) Chrome/98.0.4758.119 YaBrowser/22.3.0.2434 Yowser/2.5 Safari/537.36"
94.25.177.234 - - [07/Apr/2022:07:24:25 +0000] "POST /webasyst/shop/?plugin=beruru&module=backend&action=orderListData HTTP/2.0" 200 76 "https://justgrill.ru/webasyst/shop/" "Mozilla/5.0 (Windows NT 10.0; Win64; x64) AppleWebKit/537.36 (KHTML, like Gecko) Chrome/99.0.4844.84 Safari/537.36"
94.25.177.234 - - [07/Apr/2022:07:24:25 +0000] "POST /webasyst/shop/?plugin=ym&module=backend&action=orderListData HTTP/2.0" 200 120 "https://justgrill.ru/webasyst/shop/" "Mozilla/5.0 (Windows NT 10.0; Win64; x64) AppleWebKit/537.36 (KHTML, like Gecko) Chrome/99.0.4844.84 Safari/537.36"
94.25.177.234 - - [07/Apr/2022:07:24:26 +0000] "POST /webasyst/shop/?plugin=beruru&module=backend&action=orderListData HTTP/2.0" 200 76 "https://justgrill.ru/webasyst/shop/" "Mozilla/5.0 (Windows NT 10.0; Win64; x64) AppleWebKit/537.36 (KHTML, like Gecko) Chrome/99.0.4844.84 Safari/537.36"
94.25.177.234 - - [07/Apr/2022:07:24:26 +0000] "POST /webasyst/shop/?plugin=ym&module=backend&action=orderListData HTTP/2.0" 200 120 "https://justgrill.ru/webasyst/shop/" "Mozilla/5.0 (Windows NT 10.0; Win64; x64) AppleWebKit/537.36 (KHTML, like Gecko) Chrome/99.0.4844.84 Safari/537.36"
178.154.154.184 - - [07/Apr/2022:07:25:38 +0000] "POST /ym_api/1/?action=/cart HTTP/1.1" 200 111 "-" "Apache-HttpClient/4.5.6 (Java/11.0.8-shenandoah)"
95.153.168.251 - - [07/Apr/2022:07:26:47 +0000] "POST /webasyst/shop/?plugin=beruru&module=backend&action=orderListData HTTP/2.0" 200 76 "https://justgrill.ru/webasyst/shop/?action=orders" "Mozilla/5.0 (Windows NT 10.0; WOW64) AppleWebKit/537.36 (KHTML, like Gecko) Chrome/98.0.4758.119 YaBrowser/22.3.0.2434 Yowser/2.5 Safari/537.36"
95.153.168.251 - - [07/Apr/2022:07:26:47 +0000] "POST /webasyst/shop/?plugin=ym&module=backend&action=orderListData HTTP/2.0" 200 120 "https://justgrill.ru/webasyst/shop/?action=orders" "Mozilla/5.0 (Windows NT 10.0; WOW64) AppleWebKit/537.36 (KHTML, like Gecko) Chrome/98.0.4758.119 YaBrowser/22.3.0.2434 Yowser/2.5 Safari/537.36"
5.188.113.194 - admin [07/Apr/2022:07:30:03 +0000] "POST /cml1c/adfc9ee9-8d33-4958-a478-3f8659809409/?type=catalog&mode=file&filename=v8_Kllkhv_23.zip&sessid= HTTP/1.1" 200 50 "-" "1C+Enterprise/8.3"
5.188.113.194 - admin [07/Apr/2022:07:30:03 +0000] "POST /cml1c/adfc9ee9-8d33-4958-a478-3f8659809409/?type=catalog&mode=file&filename=v8_Kllkhv_26.zip&sessid= HTTP/1.1" 200 50 "-" "1C+Enterprise/8.3"
5.188.113.194 - admin [07/Apr/2022:07:30:03 +0000] "POST /cml1c/adfc9ee9-8d33-4958-a478-3f8659809409/?type=catalog&mode=file&filename=v8_Kllkhv_27.zip&sessid= HTTP/1.1" 200 50 "-" "1C+Enterprise/8.3"
5.188.113.194 - admin [07/Apr/2022:07:30:04 +0000] "POST /cml1c/adfc9ee9-8d33-4958-a478-3f8659809409/?type=catalog&mode=file&filename=v8_Kllkhv_28.zip&sessid= HTTP/1.1" 200 50 "-" "1C+Enterprise/8.3"
5.188.113.194 - admin [07/Apr/2022:07:30:04 +0000] "POST /cml1c/adfc9ee9-8d33-4958-a478-3f8659809409/?type=catalog&mode=file&filename=v8_Kllkhv_29.zip&sessid= HTTP/1.1" 200 50 "-" "1C+Enterprise/8.3"
5.188.113.194 - admin [07/Apr/2022:07:30:05 +0000] "POST /cml1c/adfc9ee9-8d33-4958-a478-3f8659809409/?type=catalog&mode=file&filename=v8_Kllkhv_2a.zip&sessid= HTTP/1.1" 200 50 "-" "1C+Enterprise/8.3"
5.188.113.194 - admin [07/Apr/2022:07:30:05 +0000] "POST /cml1c/adfc9ee9-8d33-4958-a478-3f8659809409/?type=catalog&mode=file&filename=v8_Kllkhv_2b.zip&sessid= HTTP/1.1" 200 50 "-" "1C+Enterprise/8.3"
5.188.113.194 - admin [07/Apr/2022:07:30:06 +0000] "POST /cml1c/adfc9ee9-8d33-4958-a478-3f8659809409/?type=catalog&mode=file&filename=v8_Kllkhv_2f.zip&sessid= HTTP/1.1" 200 50 "-" "1C+Enterprise/8.3"
5.188.113.194 - admin [07/Apr/2022:07:30:12 +0000] "POST /cml1c/adfc9ee9-8d33-4958-a478-3f8659809409/?type=catalog&mode=file&filename=v8_Kllkhv_39.zip&sessid= HTTP/1.1" 200 50 "-" "1C+Enterprise/8.3"
5.188.113.194 - admin [07/Apr/2022:07:30:14 +0000] "POST /cml1c/adfc9ee9-8d33-4958-a478-3f8659809409/?type=catalog&mode=file&filename=v8_Kllkhv_3a.zip&sessid= HTTP/1.1" 200 50 "-" "1C+Enterprise/8.3"
94.25.177.234 - - [07/Apr/2022:07:30:29 +0000] "POST /webasyst/shop/?plugin=beruru&module=backend&action=orderListData HTTP/2.0" 200 76 "https://justgrill.ru/webasyst/shop/" "Mozilla/5.0 (Windows NT 10.0; Win64; x64) AppleWebKit/537.36 (KHTML, like Gecko) Chrome/99.0.4844.84 Safari/537.36"
94.25.177.234 - - [07/Apr/2022:07:30:29 +0000] "POST /webasyst/shop/?plugin=ym&module=backend&action=orderListData HTTP/2.0" 200 120 "https://justgrill.ru/webasyst/shop/" "Mozilla/5.0 (Windows NT 10.0; Win64; x64) AppleWebKit/537.36 (KHTML, like Gecko) Chrome/99.0.4844.84 Safari/537.36"
94.25.177.234 - - [07/Apr/2022:07:30:29 +0000] "POST /webasyst/shop/?plugin=ym&module=backend&action=orderListData HTTP/2.0" 200 120 "https://justgrill.ru/webasyst/shop/" "Mozilla/5.0 (Windows NT 10.0; Win64; x64) AppleWebKit/537.36 (KHTML, like Gecko) Chrome/99.0.4844.84 Safari/537.36"
94.25.177.234 - - [07/Apr/2022:07:30:29 +0000] "POST /webasyst/shop/?plugin=beruru&module=backend&action=orderListData HTTP/2.0" 200 76 "https://justgrill.ru/webasyst/shop/" "Mozilla/5.0 (Windows NT 10.0; Win64; x64) AppleWebKit/537.36 (KHTML, like Gecko) Chrome/99.0.4844.84 Safari/537.36"
94.25.177.234 - - [07/Apr/2022:07:30:36 +0000] "POST /webasyst/shop/?plugin=beruru&module=backend&action=orderListData HTTP/2.0" 200 76 "https://justgrill.ru/webasyst/shop/" "Mozilla/5.0 (Windows NT 10.0; Win64; x64) AppleWebKit/537.36 (KHTML, like Gecko) Chrome/99.0.4844.84 Safari/537.36"
94.25.177.234 - - [07/Apr/2022:07:30:36 +0000] "POST /webasyst/shop/?plugin=ym&module=backend&action=orderListData HTTP/2.0" 200 120 "https://justgrill.ru/webasyst/shop/" "Mozilla/5.0 (Windows NT 10.0; Win64; x64) AppleWebKit/537.36 (KHTML, like Gecko) Chrome/99.0.4844.84 Safari/537.36"
178.154.168.231 - - [07/Apr/2022:07:31:39 +0000] "POST /ym_api/1/?action=/cart HTTP/1.1" 200 110 "-" "Apache-HttpClient/4.5.6 (Java/11.0.8-shenandoah)"
5.188.113.194 - admin [07/Apr/2022:07:33:07 +0000] "POST /cml1c/adfc9ee9-8d33-4958-a478-3f8659809409/?type=catalog&mode=file&filename=v8_Kllkhv_3b.zip&sessid= HTTP/1.1" 200 50 "-" "1C+Enterprise/8.3"
77.95.94.229 - - [07/Apr/2022:07:35:25 +0000] "POST /webasyst HTTP/2.0" 200 99 "https://justgrill.ru/webasyst" "Mozilla/5.0 (Windows NT 10.0; Win64; x64) AppleWebKit/537.36 (KHTML, like Gecko) Chrome/98.0.4758.119 YaBrowser/22.3.0.2430 Yowser/2.5 Safari/537.36"
77.95.94.229 - - [07/Apr/2022:07:35:29 +0000] "POST /webasyst/shop/?plugin=beruru&module=backend&action=orderListData HTTP/2.0" 200 76 "https://justgrill.ru/webasyst/shop/" "Mozilla/5.0 (Windows NT 10.0; Win64; x64) AppleWebKit/537.36 (KHTML, like Gecko) Chrome/98.0.4758.119 YaBrowser/22.3.0.2430 Yowser/2.5 Safari/537.36"
77.95.94.229 - - [07/Apr/2022:07:35:29 +0000] "POST /webasyst/shop/?plugin=ym&module=backend&action=orderListData HTTP/2.0" 200 120 "https://justgrill.ru/webasyst/shop/" "Mozilla/5.0 (Windows NT 10.0; Win64; x64) AppleWebKit/537.36 (KHTML, like Gecko) Chrome/98.0.4758.119 YaBrowser/22.3.0.2430 Yowser/2.5 Safari/537.36"
77.95.94.229 - - [07/Apr/2022:07:35:29 +0000] "POST /webasyst/shop/?plugin=beruru&module=backend&action=orderListData HTTP/2.0" 200 76 "https://justgrill.ru/webasyst/shop/" "Mozilla/5.0 (Windows NT 10.0; Win64; x64) AppleWebKit/537.36 (KHTML, like Gecko) Chrome/98.0.4758.119 YaBrowser/22.3.0.2430 Yowser/2.5 Safari/537.36"
77.95.94.229 - - [07/Apr/2022:07:35:29 +0000] "POST /webasyst/shop/?plugin=ym&module=backend&action=orderListData HTTP/2.0" 200 120 "https://justgrill.ru/webasyst/shop/" "Mozilla/5.0 (Windows NT 10.0; Win64; x64) AppleWebKit/537.36 (KHTML, like Gecko) Chrome/98.0.4758.119 YaBrowser/22.3.0.2430 Yowser/2.5 Safari/537.36"
77.95.94.229 - - [07/Apr/2022:07:35:32 +0000] "POST /webasyst/shop/?plugin=beruru&module=backend&action=orderListData HTTP/2.0" 200 76 "https://justgrill.ru/webasyst/shop/" "Mozilla/5.0 (Windows NT 10.0; Win64; x64) AppleWebKit/537.36 (KHTML, like Gecko) Chrome/98.0.4758.119 YaBrowser/22.3.0.2430 Yowser/2.5 Safari/537.36"
77.95.94.229 - - [07/Apr/2022:07:35:32 +0000] "POST /webasyst/shop/?plugin=ym&module=backend&action=orderListData HTTP/2.0" 200 120 "https://justgrill.ru/webasyst/shop/" "Mozilla/5.0 (Windows NT 10.0; Win64; x64) AppleWebKit/537.36 (KHTML, like Gecko) Chrome/98.0.4758.119 YaBrowser/22.3.0.2430 Yowser/2.5 Safari/537.36"
77.95.94.229 - - [07/Apr/2022:07:35:37 +0000] "POST /webasyst/shop/?plugin=beruru&module=backend&action=orderListData HTTP/2.0" 200 76 "https://justgrill.ru/webasyst/shop/" "Mozilla/5.0 (Windows NT 10.0; Win64; x64) AppleWebKit/537.36 (KHTML, like Gecko) Chrome/98.0.4758.119 YaBrowser/22.3.0.2430 Yowser/2.5 Safari/537.36"
77.95.94.229 - - [07/Apr/2022:07:35:37 +0000] "POST /webasyst/shop/?plugin=ym&module=backend&action=orderListData HTTP/2.0" 200 120 "https://justgrill.ru/webasyst/shop/" "Mozilla/5.0 (Windows NT 10.0; Win64; x64) AppleWebKit/537.36 (KHTML, like Gecko) Chrome/98.0.4758.119 YaBrowser/22.3.0.2430 Yowser/2.5 Safari/537.36"
77.95.94.229 - - [07/Apr/2022:07:35:37 +0000] "POST /webasyst/shop/?plugin=beruru&module=backend&action=orderListData HTTP/2.0" 200 76 "https://justgrill.ru/webasyst/shop/" "Mozilla/5.0 (Windows NT 10.0; Win64; x64) AppleWebKit/537.36 (KHTML, like Gecko) Chrome/98.0.4758.119 YaBrowser/22.3.0.2430 Yowser/2.5 Safari/537.36"
77.95.94.229 - - [07/Apr/2022:07:35:38 +0000] "POST /webasyst/shop/?plugin=ym&module=backend&action=orderListData HTTP/2.0" 200 120 "https://justgrill.ru/webasyst/shop/" "Mozilla/5.0 (Windows NT 10.0; Win64; x64) AppleWebKit/537.36 (KHTML, like Gecko) Chrome/98.0.4758.119 YaBrowser/22.3.0.2430 Yowser/2.5 Safari/537.36"
77.95.94.229 - - [07/Apr/2022:07:35:39 +0000] "POST /webasyst/shop/?plugin=beruru&module=backend&action=orderListData HTTP/2.0" 200 76 "https://justgrill.ru/webasyst/shop/" "Mozilla/5.0 (Windows NT 10.0; Win64; x64) AppleWebKit/537.36 (KHTML, like Gecko) Chrome/98.0.4758.119 YaBrowser/22.3.0.2430 Yowser/2.5 Safari/537.36"
77.95.94.229 - - [07/Apr/2022:07:35:39 +0000] "POST /webasyst/shop/?plugin=ym&module=backend&action=orderListData HTTP/2.0" 200 120 "https://justgrill.ru/webasyst/shop/" "Mozilla/5.0 (Windows NT 10.0; Win64; x64) AppleWebKit/537.36 (KHTML, like Gecko) Chrome/98.0.4758.119 YaBrowser/22.3.0.2430 Yowser/2.5 Safari/537.36"
77.95.94.229 - - [07/Apr/2022:07:35:40 +0000] "POST /webasyst/shop/?plugin=ym&module=backend&action=getOrderInfo HTTP/2.0" 200 651 "https://justgrill.ru/webasyst/shop/" "Mozilla/5.0 (Windows NT 10.0; Win64; x64) AppleWebKit/537.36 (KHTML, like Gecko) Chrome/98.0.4758.119 YaBrowser/22.3.0.2430 Yowser/2.5 Safari/537.36"
178.154.154.235 - - [07/Apr/2022:07:36:26 +0000] "POST /ym_api/1/?action=/stocks HTTP/1.1" 200 1415 "-" "Apache-HttpClient/4.5.6 (Java/11.0.8-shenandoah)"
178.154.154.235 - - [07/Apr/2022:07:37:17 +0000] "POST /ym_api/1/?action=/cart HTTP/1.1" 200 110 "-" "Apache-HttpClient/4.5.6 (Java/11.0.8-shenandoah)"
94.25.177.234 - - [07/Apr/2022:07:37:19 +0000] "POST /webasyst/shop/?plugin=ym&module=backend&action=orderListData HTTP/2.0" 200 120 "https://justgrill.ru/webasyst/shop/" "Mozilla/5.0 (Windows NT 10.0; Win64; x64) AppleWebKit/537.36 (KHTML, like Gecko) Chrome/99.0.4844.84 Safari/537.36"
94.25.177.234 - - [07/Apr/2022:07:37:19 +0000] "POST /webasyst/shop/?plugin=beruru&module=backend&action=orderListData HTTP/2.0" 200 76 "https://justgrill.ru/webasyst/shop/" "Mozilla/5.0 (Windows NT 10.0; Win64; x64) AppleWebKit/537.36 (KHTML, like Gecko) Chrome/99.0.4844.84 Safari/537.36"
94.25.177.234 - - [07/Apr/2022:07:39:39 +0000] "POST /webasyst/shop/?plugin=ym&module=backend&action=orderListData HTTP/2.0" 200 120 "https://justgrill.ru/webasyst/shop/" "Mozilla/5.0 (Windows NT 10.0; Win64; x64) AppleWebKit/537.36 (KHTML, like Gecko) Chrome/99.0.4844.84 Safari/537.36"
94.25.177.234 - - [07/Apr/2022:07:39:39 +0000] "POST /webasyst/shop/?plugin=beruru&module=backend&action=orderListData HTTP/2.0" 200 76 "https://justgrill.ru/webasyst/shop/" "Mozilla/5.0 (Windows NT 10.0; Win64; x64) AppleWebKit/537.36 (KHTML, like Gecko) Chrome/99.0.4844.84 Safari/537.36"
79.126.36.77 - - [07/Apr/2022:07:39:58 +0000] "POST /regions/getRedirectUrl/ HTTP/2.0" 200 154 "https://justgrill.ru/mangaly/kazany/?etext=2202.cVoSBdwTSmr7eaRdaY5vGIpgCkD6Ru356ZHtl0NuDalFgfLoxONgaCaGj09API_bYXJkcHdoZWlueHhzcHh4YQ.cb33b976b0df503713e40b75ecb0f30ce5b9bc9d&yclid=1751221441423266783" "Mozilla/5.0 (Windows NT 10.0; Win64; x64) AppleWebKit/537.36 (KHTML, like Gecko) Chrome/98.0.4758.119 YaBrowser/22.3.0.2430 Yowser/2.5 Safari/537.36"
79.126.36.77 - - [07/Apr/2022:07:39:58 +0000] "POST /regions/getRedirectUrl/ HTTP/2.0" 200 154 "https://justgrill.ru/mangaly/kazany/?etext=2202.cVoSBdwTSmr7eaRdaY5vGIpgCkD6Ru356ZHtl0NuDalFgfLoxONgaCaGj09API_bYXJkcHdoZWlueHhzcHh4YQ.cb33b976b0df503713e40b75ecb0f30ce5b9bc9d&yclid=1751221441423266783" "Mozilla/5.0 (Windows NT 10.0; Win64; x64) AppleWebKit/537.36 (KHTML, like Gecko) Chrome/98.0.4758.119 YaBrowser/22.3.0.2430 Yowser/2.5 Safari/537.36"
94.25.170.158 - - [07/Apr/2022:07:40:16 +0000] "POST /webasyst/shop/?plugin=ym&module=backend&action=orderListData HTTP/2.0" 200 120 "https://justgrill.ru/webasyst/shop/?action=orders" "Mozilla/5.0 (Windows NT 10.0; Win64; x64) AppleWebKit/537.36 (KHTML, like Gecko) Chrome/99.0.4844.84 Safari/537.36"
94.25.170.158 - - [07/Apr/2022:07:40:16 +0000] "POST /webasyst/shop/?plugin=beruru&module=backend&action=orderListData HTTP/2.0" 200 76 "https://justgrill.ru/webasyst/shop/?action=orders" "Mozilla/5.0 (Windows NT 10.0; Win64; x64) AppleWebKit/537.36 (KHTML, like Gecko) Chrome/99.0.4844.84 Safari/537.36"
94.25.170.158 - - [07/Apr/2022:07:40:21 +0000] "POST /webasyst/shop/?plugin=ym&module=backend&action=getOrderInfo HTTP/2.0" 200 651 "https://justgrill.ru/webasyst/shop/?action=orders" "Mozilla/5.0 (Windows NT 10.0; Win64; x64) AppleWebKit/537.36 (KHTML, like Gecko) Chrome/99.0.4844.84 Safari/537.36"
94.25.170.158 - - [07/Apr/2022:07:40:30 +0000] "POST /webasyst/shop/?plugin=beruru&module=backend&action=orderListData HTTP/2.0" 200 76 "https://justgrill.ru/webasyst/shop/?action=orders" "Mozilla/5.0 (Windows NT 10.0; Win64; x64) AppleWebKit/537.36 (KHTML, like Gecko) Chrome/99.0.4844.84 Safari/537.36"
94.25.170.158 - - [07/Apr/2022:07:40:30 +0000] "POST /webasyst/shop/?plugin=ym&module=backend&action=orderListData HTTP/2.0" 200 120 "https://justgrill.ru/webasyst/shop/?action=orders" "Mozilla/5.0 (Windows NT 10.0; Win64; x64) AppleWebKit/537.36 (KHTML, like Gecko) Chrome/99.0.4844.84 Safari/537.36"
94.25.170.158 - - [07/Apr/2022:07:40:58 +0000] "POST /webasyst/shop/?plugin=beruru&module=backend&action=orderListData HTTP/2.0" 200 76 "https://justgrill.ru/webasyst/shop/?action=orders" "Mozilla/5.0 (Windows NT 10.0; Win64; x64) AppleWebKit/537.36 (KHTML, like Gecko) Chrome/99.0.4844.84 Safari/537.36"
94.25.170.158 - - [07/Apr/2022:07:40:58 +0000] "POST /webasyst/shop/?plugin=ym&module=backend&action=orderListData HTTP/2.0" 200 120 "https://justgrill.ru/webasyst/shop/?action=orders" "Mozilla/5.0 (Windows NT 10.0; Win64; x64) AppleWebKit/537.36 (KHTML, like Gecko) Chrome/99.0.4844.84 Safari/537.36"
94.25.170.158 - - [07/Apr/2022:07:41:00 +0000] "POST /webasyst/shop/?plugin=beruru&module=backend&action=orderListData HTTP/2.0" 200 76 "https://justgrill.ru/webasyst/shop/?action=orders" "Mozilla/5.0 (Windows NT 10.0; Win64; x64) AppleWebKit/537.36 (KHTML, like Gecko) Chrome/99.0.4844.84 Safari/537.36"
94.25.170.158 - - [07/Apr/2022:07:41:01 +0000] "POST /webasyst/shop/?plugin=ym&module=backend&action=orderListData HTTP/2.0" 200 120 "https://justgrill.ru/webasyst/shop/?action=orders" "Mozilla/5.0 (Windows NT 10.0; Win64; x64) AppleWebKit/537.36 (KHTML, like Gecko) Chrome/99.0.4844.84 Safari/537.36"
94.25.170.158 - - [07/Apr/2022:07:41:47 +0000] "POST /webasyst/shop/?plugin=ym&module=backend&action=orderListData HTTP/2.0" 200 120 "https://justgrill.ru/webasyst/shop/?action=orders" "Mozilla/5.0 (Windows NT 10.0; Win64; x64) AppleWebKit/537.36 (KHTML, like Gecko) Chrome/99.0.4844.84 Safari/537.36"
94.25.170.158 - - [07/Apr/2022:07:41:47 +0000] "POST /webasyst/shop/?plugin=beruru&module=backend&action=orderListData HTTP/2.0" 200 76 "https://justgrill.ru/webasyst/shop/?action=orders" "Mozilla/5.0 (Windows NT 10.0; Win64; x64) AppleWebKit/537.36 (KHTML, like Gecko) Chrome/99.0.4844.84 Safari/537.36"
94.25.170.158 - - [07/Apr/2022:07:41:48 +0000] "POST /webasyst/shop/?plugin=beruru&module=backend&action=orderListData HTTP/2.0" 200 76 "https://justgrill.ru/webasyst/shop/?action=orders" "Mozilla/5.0 (Windows NT 10.0; Win64; x64) AppleWebKit/537.36 (KHTML, like Gecko) Chrome/99.0.4844.84 Safari/537.36"
94.25.170.158 - - [07/Apr/2022:07:41:48 +0000] "POST /webasyst/shop/?plugin=ym&module=backend&action=orderListData HTTP/2.0" 200 120 "https://justgrill.ru/webasyst/shop/?action=orders" "Mozilla/5.0 (Windows NT 10.0; Win64; x64) AppleWebKit/537.36 (KHTML, like Gecko) Chrome/99.0.4844.84 Safari/537.36"
94.25.170.158 - - [07/Apr/2022:07:42:19 +0000] "POST /webasyst/shop/?plugin=beruru&module=backend&action=orderListData HTTP/2.0" 200 76 "https://justgrill.ru/webasyst/shop/?action=orders" "Mozilla/5.0 (Windows NT 10.0; Win64; x64) AppleWebKit/537.36 (KHTML, like Gecko) Chrome/99.0.4844.84 Safari/537.36"
94.25.170.158 - - [07/Apr/2022:07:42:19 +0000] "POST /webasyst/shop/?plugin=ym&module=backend&action=orderListData HTTP/2.0" 200 120 "https://justgrill.ru/webasyst/shop/?action=orders" "Mozilla/5.0 (Windows NT 10.0; Win64; x64) AppleWebKit/537.36 (KHTML, like Gecko) Chrome/99.0.4844.84 Safari/537.36"
94.25.170.158 - - [07/Apr/2022:07:42:22 +0000] "POST /webasyst/shop/?plugin=beruru&module=backend&action=orderListData HTTP/2.0" 200 76 "https://justgrill.ru/webasyst/shop/?action=orders" "Mozilla/5.0 (Windows NT 10.0; Win64; x64) AppleWebKit/537.36 (KHTML, like Gecko) Chrome/99.0.4844.84 Safari/537.36"
94.25.170.158 - - [07/Apr/2022:07:42:22 +0000] "POST /webasyst/shop/?plugin=ym&module=backend&action=orderListData HTTP/2.0" 200 120 "https://justgrill.ru/webasyst/shop/?action=orders" "Mozilla/5.0 (Windows NT 10.0; Win64; x64) AppleWebKit/537.36 (KHTML, like Gecko) Chrome/99.0.4844.84 Safari/537.36"
5.45.201.213 - - [07/Apr/2022:07:42:52 +0000] "POST /ym_api/1/?action=/cart HTTP/1.1" 200 109 "-" "Apache-HttpClient/4.5.6 (Java/11.0.8-shenandoah)"
88.212.240.28 - - [07/Apr/2022:07:43:17 +0000] "POST /syncamocrm/lead/ HTTP/1.1" 200 62 "-" "amoCRM-Webhooks/3.0"
104.200.151.119 - - [07/Apr/2022:07:45:04 +0000] "POST /blog/ananas-na-grile-pod-sousom/comment/ HTTP/1.0" 200 177 "https://justgrill.ru/blog/ananas-na-grile-pod-sousom/" "Mozilla/5.0 (Windows NT 6.2; Win64; x64) AppleWebKit/537.36 (KHTML, like Gecko) Chrome/90.0.4430.93 Safari/537.36"
195.26.188.4 - - [07/Apr/2022:07:45:37 +0000] "POST /regions/getRedirectUrl/ HTTP/2.0" 200 187 "https://krd.justgrill.ru/aksessuary/instrumenty/nabory-gril/nabor-instrumentov-broil-king-imperial-4-sht/" "Mozilla/5.0 (Windows NT 6.1; Win64; x64) AppleWebKit/537.36 (KHTML, like Gecko) Chrome/100.0.4896.75 Safari/537.36"
195.26.188.4 - - [07/Apr/2022:07:45:37 +0000] "POST /regions/getRedirectUrl/ HTTP/2.0" 200 187 "https://krd.justgrill.ru/aksessuary/instrumenty/nabory-gril/nabor-instrumentov-broil-king-imperial-4-sht/" "Mozilla/5.0 (Windows NT 6.1; Win64; x64) AppleWebKit/537.36 (KHTML, like Gecko) Chrome/100.0.4896.75 Safari/537.36"
94.25.170.158 - - [07/Apr/2022:07:46:03 +0000] "POST /webasyst/shop/?module=workflow&action=prepare HTTP/2.0" 200 190 "https://justgrill.ru/webasyst/shop/?action=orders" "Mozilla/5.0 (Windows NT 10.0; Win64; x64) AppleWebKit/537.36 (KHTML, like Gecko) Chrome/99.0.4844.84 Safari/537.36"
94.25.170.158 - - [07/Apr/2022:07:46:04 +0000] "POST /webasyst/shop/?plugin=beruru&module=backend&action=orderListData HTTP/2.0" 200 76 "https://justgrill.ru/webasyst/shop/?action=orders" "Mozilla/5.0 (Windows NT 10.0; Win64; x64) AppleWebKit/537.36 (KHTML, like Gecko) Chrome/99.0.4844.84 Safari/537.36"
94.25.170.158 - - [07/Apr/2022:07:46:04 +0000] "POST /webasyst/shop/?plugin=ym&module=backend&action=orderListData HTTP/2.0" 200 120 "https://justgrill.ru/webasyst/shop/?action=orders" "Mozilla/5.0 (Windows NT 10.0; Win64; x64) AppleWebKit/537.36 (KHTML, like Gecko) Chrome/99.0.4844.84 Safari/537.36"
94.25.170.158 - - [07/Apr/2022:07:46:05 +0000] "POST /webasyst/shop/?module=workflow&action=prepare HTTP/2.0" 200 652 "https://justgrill.ru/webasyst/shop/?action=orders" "Mozilla/5.0 (Windows NT 10.0; Win64; x64) AppleWebKit/537.36 (KHTML, like Gecko) Chrome/99.0.4844.84 Safari/537.36"
94.25.170.158 - - [07/Apr/2022:07:46:14 +0000] "POST /webasyst/shop/?module=workflow&action=perform HTTP/2.0" 200 227 "https://justgrill.ru/webasyst/shop/?action=orders" "Mozilla/5.0 (Windows NT 10.0; Win64; x64) AppleWebKit/537.36 (KHTML, like Gecko) Chrome/99.0.4844.84 Safari/537.36"
94.25.170.158 - - [07/Apr/2022:07:46:14 +0000] "POST /webasyst/shop/?plugin=beruru&module=backend&action=orderListData HTTP/2.0" 200 76 "https://justgrill.ru/webasyst/shop/?action=orders" "Mozilla/5.0 (Windows NT 10.0; Win64; x64) AppleWebKit/537.36 (KHTML, like Gecko) Chrome/99.0.4844.84 Safari/537.36"
94.25.170.158 - - [07/Apr/2022:07:46:14 +0000] "POST /webasyst/shop/?plugin=ym&module=backend&action=orderListData HTTP/2.0" 200 120 "https://justgrill.ru/webasyst/shop/?action=orders" "Mozilla/5.0 (Windows NT 10.0; Win64; x64) AppleWebKit/537.36 (KHTML, like Gecko) Chrome/99.0.4844.84 Safari/537.36"
94.25.170.158 - - [07/Apr/2022:07:46:18 +0000] "POST /webasyst/shop/?plugin=beruru&module=backend&action=orderListData HTTP/2.0" 200 76 "https://justgrill.ru/webasyst/shop/?action=orders" "Mozilla/5.0 (Windows NT 10.0; Win64; x64) AppleWebKit/537.36 (KHTML, like Gecko) Chrome/99.0.4844.84 Safari/537.36"
94.25.170.158 - - [07/Apr/2022:07:46:18 +0000] "POST /webasyst/shop/?plugin=ym&module=backend&action=orderListData HTTP/2.0" 200 120 "https://justgrill.ru/webasyst/shop/?action=orders" "Mozilla/5.0 (Windows NT 10.0; Win64; x64) AppleWebKit/537.36 (KHTML, like Gecko) Chrome/99.0.4844.84 Safari/537.36"
94.25.170.158 - - [07/Apr/2022:07:46:26 +0000] "POST /webasyst/shop/?plugin=beruru&module=backend&action=orderListData HTTP/2.0" 200 76 "https://justgrill.ru/webasyst/shop/?action=orders" "Mozilla/5.0 (Windows NT 10.0; Win64; x64) AppleWebKit/537.36 (KHTML, like Gecko) Chrome/99.0.4844.84 Safari/537.36"
94.25.170.158 - - [07/Apr/2022:07:46:26 +0000] "POST /webasyst/shop/?plugin=ym&module=backend&action=orderListData HTTP/2.0" 200 120 "https://justgrill.ru/webasyst/shop/?action=orders" "Mozilla/5.0 (Windows NT 10.0; Win64; x64) AppleWebKit/537.36 (KHTML, like Gecko) Chrome/99.0.4844.84 Safari/537.36"
94.25.170.158 - - [07/Apr/2022:07:46:29 +0000] "POST /webasyst/shop/?plugin=beruru&module=backend&action=orderListData HTTP/2.0" 200 76 "https://justgrill.ru/webasyst/shop/?action=orders" "Mozilla/5.0 (Windows NT 10.0; Win64; x64) AppleWebKit/537.36 (KHTML, like Gecko) Chrome/99.0.4844.84 Safari/537.36"
94.25.170.158 - - [07/Apr/2022:07:46:29 +0000] "POST /webasyst/shop/?plugin=ym&module=backend&action=orderListData HTTP/2.0" 200 120 "https://justgrill.ru/webasyst/shop/?action=orders" "Mozilla/5.0 (Windows NT 10.0; Win64; x64) AppleWebKit/537.36 (KHTML, like Gecko) Chrome/99.0.4844.84 Safari/537.36"
88.212.240.28 - - [07/Apr/2022:07:47:04 +0000] "POST /syncamocrm/lead/ HTTP/1.1" 200 62 "-" "amoCRM-Webhooks/3.0"
178.154.154.184 - - [07/Apr/2022:07:47:40 +0000] "POST /ym_api/1/?action=/stocks HTTP/1.1" 200 1412 "-" "Apache-HttpClient/4.5.6 (Java/11.0.8-shenandoah)"
178.154.154.182 - - [07/Apr/2022:07:47:46 +0000] "POST /ym_api/1/?action=/cart HTTP/1.1" 200 109 "-" "Apache-HttpClient/4.5.6 (Java/11.0.8-shenandoah)"
195.68.158.158 - - [07/Apr/2022:07:51:08 +0000] "POST /webasyst/shop/?plugin=beruru&module=backend&action=orderListData HTTP/2.0" 200 76 "https://justgrill.ru/webasyst/shop/?action=orders" "Mozilla/5.0 (Windows NT 10.0; Win64; x64) AppleWebKit/537.36 (KHTML, like Gecko) Chrome/99.0.4844.84 Safari/537.36"
195.68.158.158 - - [07/Apr/2022:07:51:08 +0000] "POST /webasyst/shop/?plugin=ym&module=backend&action=orderListData HTTP/2.0" 200 120 "https://justgrill.ru/webasyst/shop/?action=orders" "Mozilla/5.0 (Windows NT 10.0; Win64; x64) AppleWebKit/537.36 (KHTML, like Gecko) Chrome/99.0.4844.84 Safari/537.36"
195.68.158.158 - - [07/Apr/2022:07:51:09 +0000] "POST /webasyst/shop/?plugin=beruru&module=backend&action=orderListData HTTP/2.0" 200 76 "https://justgrill.ru/webasyst/shop/?action=orders" "Mozilla/5.0 (Windows NT 10.0; Win64; x64) AppleWebKit/537.36 (KHTML, like Gecko) Chrome/99.0.4844.84 Safari/537.36"
195.68.158.158 - - [07/Apr/2022:07:51:09 +0000] "POST /webasyst/shop/?plugin=ym&module=backend&action=orderListData HTTP/2.0" 200 120 "https://justgrill.ru/webasyst/shop/?action=orders" "Mozilla/5.0 (Windows NT 10.0; Win64; x64) AppleWebKit/537.36 (KHTML, like Gecko) Chrome/99.0.4844.84 Safari/537.36"
95.108.153.226 - - [07/Apr/2022:07:53:17 +0000] "POST /ym_api/1/?action=/cart HTTP/1.1" 200 110 "-" "Apache-HttpClient/4.5.6 (Java/11.0.8-shenandoah)"
88.212.240.28 - - [07/Apr/2022:07:53:51 +0000] "POST /syncamocrm/lead/ HTTP/1.1" 200 62 "-" "amoCRM-Webhooks/3.0"
37.9.71.121 - - [07/Apr/2022:07:58:36 +0000] "POST /ym_api/1/?action=/cart HTTP/1.1" 200 109 "-" "Apache-HttpClient/4.5.6 (Java/11.0.8-shenandoah)"
188.162.141.64 - - [07/Apr/2022:07:59:33 +0000] "POST /webasyst/shop/?action=orders HTTP/2.0" 200 117 "https://justgrill.ru/webasyst/shop/?action=orders" "Mozilla/5.0 (Macintosh; Intel Mac OS X 10_14_6) AppleWebKit/605.1.15 (KHTML, like Gecko) Version/14.1.2 Safari/605.1.15"
188.162.141.64 - - [07/Apr/2022:07:59:36 +0000] "POST /webasyst/shop/?plugin=beruru&module=backend&action=orderListData HTTP/2.0" 200 76 "https://justgrill.ru/webasyst/shop/?action=orders" "Mozilla/5.0 (Macintosh; Intel Mac OS X 10_14_6) AppleWebKit/605.1.15 (KHTML, like Gecko) Version/14.1.2 Safari/605.1.15"
188.162.141.64 - - [07/Apr/2022:07:59:36 +0000] "POST /webasyst/shop/?plugin=ym&module=backend&action=orderListData HTTP/2.0" 200 120 "https://justgrill.ru/webasyst/shop/?action=orders" "Mozilla/5.0 (Macintosh; Intel Mac OS X 10_14_6) AppleWebKit/605.1.15 (KHTML, like Gecko) Version/14.1.2 Safari/605.1.15"
188.162.141.64 - - [07/Apr/2022:07:59:37 +0000] "POST /webasyst/shop/?plugin=beruru&module=backend&action=orderListData HTTP/2.0" 200 76 "https://justgrill.ru/webasyst/shop/?action=orders" "Mozilla/5.0 (Macintosh; Intel Mac OS X 10_14_6) AppleWebKit/605.1.15 (KHTML, like Gecko) Version/14.1.2 Safari/605.1.15"
188.162.141.64 - - [07/Apr/2022:07:59:37 +0000] "POST /webasyst/shop/?plugin=ym&module=backend&action=orderListData HTTP/2.0" 200 120 "https://justgrill.ru/webasyst/shop/?action=orders" "Mozilla/5.0 (Macintosh; Intel Mac OS X 10_14_6) AppleWebKit/605.1.15 (KHTML, like Gecko) Version/14.1.2 Safari/605.1.15"
188.162.141.64 - - [07/Apr/2022:07:59:44 +0000] "POST /webasyst/?module=settings&action=save HTTP/2.0" 200 53 "https://justgrill.ru/webasyst/shop/?action=orders" "Mozilla/5.0 (Macintosh; Intel Mac OS X 10_14_6) AppleWebKit/605.1.15 (KHTML, like Gecko) Version/14.1.2 Safari/605.1.15"
188.162.141.64 - - [07/Apr/2022:07:59:44 +0000] "POST /webasyst/installer/?module=announcement&action=hide HTTP/2.0" 200 22 "https://justgrill.ru/webasyst/shop/?action=orders" "Mozilla/5.0 (Macintosh; Intel Mac OS X 10_14_6) AppleWebKit/605.1.15 (KHTML, like Gecko) Version/14.1.2 Safari/605.1.15"
188.162.141.64 - - [07/Apr/2022:07:59:48 +0000] "POST /webasyst/shop/?plugin=beruru&module=backend&action=orderListData HTTP/2.0" 200 76 "https://justgrill.ru/webasyst/shop/?action=orders" "Mozilla/5.0 (Macintosh; Intel Mac OS X 10_14_6) AppleWebKit/605.1.15 (KHTML, like Gecko) Version/14.1.2 Safari/605.1.15"
188.162.141.64 - - [07/Apr/2022:07:59:48 +0000] "POST /webasyst/shop/?plugin=ym&module=backend&action=orderListData HTTP/2.0" 200 120 "https://justgrill.ru/webasyst/shop/?action=orders" "Mozilla/5.0 (Macintosh; Intel Mac OS X 10_14_6) AppleWebKit/605.1.15 (KHTML, like Gecko) Version/14.1.2 Safari/605.1.15"
188.162.141.64 - - [07/Apr/2022:07:59:56 +0000] "POST /webasyst/shop/?plugin=beruru&module=backend&action=orderListData HTTP/2.0" 200 76 "https://justgrill.ru/webasyst/shop/?action=orders" "Mozilla/5.0 (Macintosh; Intel Mac OS X 10_14_6) AppleWebKit/605.1.15 (KHTML, like Gecko) Version/14.1.2 Safari/605.1.15"
188.162.141.64 - - [07/Apr/2022:07:59:56 +0000] "POST /webasyst/shop/?plugin=ym&module=backend&action=orderListData HTTP/2.0" 200 120 "https://justgrill.ru/webasyst/shop/?action=orders" "Mozilla/5.0 (Macintosh; Intel Mac OS X 10_14_6) AppleWebKit/605.1.15 (KHTML, like Gecko) Version/14.1.2 Safari/605.1.15"
5.188.113.194 - admin [07/Apr/2022:08:00:02 +0000] "POST /cml1c/adfc9ee9-8d33-4958-a478-3f8659809409/?type=catalog&mode=file&filename=v8_Kllkhv_42.zip&sessid= HTTP/1.1" 200 50 "-" "1C+Enterprise/8.3"
5.188.113.194 - admin [07/Apr/2022:08:00:02 +0000] "POST /cml1c/adfc9ee9-8d33-4958-a478-3f8659809409/?type=catalog&mode=file&filename=v8_Kllkhv_43.zip&sessid= HTTP/1.1" 200 50 "-" "1C+Enterprise/8.3"
5.188.113.194 - admin [07/Apr/2022:08:00:03 +0000] "POST /cml1c/adfc9ee9-8d33-4958-a478-3f8659809409/?type=catalog&mode=file&filename=v8_Kllkhv_44.zip&sessid= HTTP/1.1" 200 50 "-" "1C+Enterprise/8.3"
5.188.113.194 - admin [07/Apr/2022:08:00:03 +0000] "POST /cml1c/adfc9ee9-8d33-4958-a478-3f8659809409/?type=catalog&mode=file&filename=v8_Kllkhv_46.zip&sessid= HTTP/1.1" 200 50 "-" "1C+Enterprise/8.3"
5.188.113.194 - admin [07/Apr/2022:08:00:03 +0000] "POST /cml1c/adfc9ee9-8d33-4958-a478-3f8659809409/?type=catalog&mode=file&filename=v8_Kllkhv_45.zip&sessid= HTTP/1.1" 200 50 "-" "1C+Enterprise/8.3"
5.188.113.194 - admin [07/Apr/2022:08:00:05 +0000] "POST /cml1c/adfc9ee9-8d33-4958-a478-3f8659809409/?type=catalog&mode=file&filename=v8_Kllkhv_47.zip&sessid= HTTP/1.1" 200 50 "-" "1C+Enterprise/8.3"
94.25.170.158 - - [07/Apr/2022:08:00:07 +0000] "POST /webasyst/shop/?plugin=beruru&module=backend&action=orderListData HTTP/2.0" 200 76 "https://justgrill.ru/webasyst/shop/?action=orders" "Mozilla/5.0 (Windows NT 10.0; Win64; x64) AppleWebKit/537.36 (KHTML, like Gecko) Chrome/99.0.4844.84 Safari/537.36"
94.25.170.158 - - [07/Apr/2022:08:00:07 +0000] "POST /webasyst/shop/?plugin=ym&module=backend&action=orderListData HTTP/2.0" 200 120 "https://justgrill.ru/webasyst/shop/?action=orders" "Mozilla/5.0 (Windows NT 10.0; Win64; x64) AppleWebKit/537.36 (KHTML, like Gecko) Chrome/99.0.4844.84 Safari/537.36"
5.188.113.194 - admin [07/Apr/2022:08:00:09 +0000] "POST /cml1c/adfc9ee9-8d33-4958-a478-3f8659809409/?type=catalog&mode=file&filename=v8_Kllkhv_48.zip&sessid= HTTP/1.1" 200 50 "-" "1C+Enterprise/8.3"
5.188.113.194 - admin [07/Apr/2022:08:00:11 +0000] "POST /cml1c/adfc9ee9-8d33-4958-a478-3f8659809409/?type=catalog&mode=file&filename=v8_Kllkhv_49.zip&sessid= HTTP/1.1" 200 50 "-" "1C+Enterprise/8.3"
5.188.113.194 - admin [07/Apr/2022:08:00:11 +0000] "POST /cml1c/adfc9ee9-8d33-4958-a478-3f8659809409/?type=catalog&mode=file&filename=v8_Kllkhv_4a.zip&sessid= HTTP/1.1" 200 50 "-" "1C+Enterprise/8.3"
188.162.141.64 - - [07/Apr/2022:08:00:24 +0000] "POST /webasyst/shop/?plugin=beruru&module=backend&action=orderListData HTTP/2.0" 200 76 "https://justgrill.ru/webasyst/shop/?action=orders" "Mozilla/5.0 (Macintosh; Intel Mac OS X 10_14_6) AppleWebKit/605.1.15 (KHTML, like Gecko) Version/14.1.2 Safari/605.1.15"
188.162.141.64 - - [07/Apr/2022:08:00:24 +0000] "POST /webasyst/shop/?plugin=ym&module=backend&action=orderListData HTTP/2.0" 200 120 "https://justgrill.ru/webasyst/shop/?action=orders" "Mozilla/5.0 (Macintosh; Intel Mac OS X 10_14_6) AppleWebKit/605.1.15 (KHTML, like Gecko) Version/14.1.2 Safari/605.1.15"
188.162.141.64 - - [07/Apr/2022:08:00:32 +0000] "POST /webasyst/shop/?plugin=ym&module=backend&action=orderListData HTTP/2.0" 200 120 "https://justgrill.ru/webasyst/shop/?action=orders" "Mozilla/5.0 (Macintosh; Intel Mac OS X 10_14_6) AppleWebKit/605.1.15 (KHTML, like Gecko) Version/14.1.2 Safari/605.1.15"
188.162.141.64 - - [07/Apr/2022:08:00:32 +0000] "POST /webasyst/shop/?plugin=beruru&module=backend&action=orderListData HTTP/2.0" 200 76 "https://justgrill.ru/webasyst/shop/?action=orders" "Mozilla/5.0 (Macintosh; Intel Mac OS X 10_14_6) AppleWebKit/605.1.15 (KHTML, like Gecko) Version/14.1.2 Safari/605.1.15"
188.162.141.64 - - [07/Apr/2022:08:00:40 +0000] "POST /webasyst/shop/?plugin=beruru&module=backend&action=orderListData HTTP/2.0" 200 76 "https://justgrill.ru/webasyst/shop/?action=orders" "Mozilla/5.0 (Macintosh; Intel Mac OS X 10_14_6) AppleWebKit/605.1.15 (KHTML, like Gecko) Version/14.1.2 Safari/605.1.15"
188.162.141.64 - - [07/Apr/2022:08:00:41 +0000] "POST /webasyst/shop/?plugin=ym&module=backend&action=orderListData HTTP/2.0" 200 120 "https://justgrill.ru/webasyst/shop/?action=orders" "Mozilla/5.0 (Macintosh; Intel Mac OS X 10_14_6) AppleWebKit/605.1.15 (KHTML, like Gecko) Version/14.1.2 Safari/605.1.15"
188.162.141.64 - - [07/Apr/2022:08:01:13 +0000] "POST /webasyst/shop/?plugin=beruru&module=backend&action=orderListData HTTP/2.0" 200 76 "https://justgrill.ru/webasyst/shop/" "Mozilla/5.0 (Macintosh; Intel Mac OS X 10_14_6) AppleWebKit/605.1.15 (KHTML, like Gecko) Version/14.1.2 Safari/605.1.15"
188.162.141.64 - - [07/Apr/2022:08:01:13 +0000] "POST /webasyst/shop/?plugin=ym&module=backend&action=orderListData HTTP/2.0" 200 120 "https://justgrill.ru/webasyst/shop/" "Mozilla/5.0 (Macintosh; Intel Mac OS X 10_14_6) AppleWebKit/605.1.15 (KHTML, like Gecko) Version/14.1.2 Safari/605.1.15"
188.162.141.64 - - [07/Apr/2022:08:01:14 +0000] "POST /webasyst/shop/?plugin=beruru&module=backend&action=orderListData HTTP/2.0" 200 76 "https://justgrill.ru/webasyst/shop/" "Mozilla/5.0 (Macintosh; Intel Mac OS X 10_14_6) AppleWebKit/605.1.15 (KHTML, like Gecko) Version/14.1.2 Safari/605.1.15"
188.162.141.64 - - [07/Apr/2022:08:01:14 +0000] "POST /webasyst/shop/?plugin=ym&module=backend&action=orderListData HTTP/2.0" 200 120 "https://justgrill.ru/webasyst/shop/" "Mozilla/5.0 (Macintosh; Intel Mac OS X 10_14_6) AppleWebKit/605.1.15 (KHTML, like Gecko) Version/14.1.2 Safari/605.1.15"
5.188.113.194 - admin [07/Apr/2022:08:01:29 +0000] "POST /cml1c/adfc9ee9-8d33-4958-a478-3f8659809409/?type=catalog&mode=file&filename=v8_Kllkhv_4c.zip&sessid= HTTP/1.1" 200 50 "-" "1C+Enterprise/8.3"
5.188.113.194 - admin [07/Apr/2022:08:01:54 +0000] "POST /cml1c/adfc9ee9-8d33-4958-a478-3f8659809409/?type=catalog&mode=file&filename=v8_Kllkhv_4d.zip&sessid= HTTP/1.1" 200 50 "-" "1C+Enterprise/8.3"
5.188.113.194 - admin [07/Apr/2022:08:03:06 +0000] "POST /cml1c/adfc9ee9-8d33-4958-a478-3f8659809409/?type=catalog&mode=file&filename=v8_Kllkhv_4e.zip&sessid= HTTP/1.1" 200 50 "-" "1C+Enterprise/8.3"
5.188.113.194 - admin [07/Apr/2022:08:03:11 +0000] "POST /cml1c/adfc9ee9-8d33-4958-a478-3f8659809409/?type=catalog&mode=file&filename=v8_Kllkhv_4f.zip&sessid= HTTP/1.1" 200 50 "-" "1C+Enterprise/8.3"
5.188.113.194 - admin [07/Apr/2022:08:03:11 +0000] "POST /cml1c/adfc9ee9-8d33-4958-a478-3f8659809409/?type=catalog&mode=file&filename=v8_Kllkhv_50.zip&sessid= HTTP/1.1" 200 50 "-" "1C+Enterprise/8.3"
5.188.113.194 - admin [07/Apr/2022:08:03:28 +0000] "POST /cml1c/adfc9ee9-8d33-4958-a478-3f8659809409/?type=catalog&mode=file&filename=v8_Kllkhv_51.zip&sessid= HTTP/1.1" 200 50 "-" "1C+Enterprise/8.3"
5.188.113.194 - admin [07/Apr/2022:08:03:43 +0000] "POST /cml1c/adfc9ee9-8d33-4958-a478-3f8659809409/?type=catalog&mode=file&filename=v8_Kllkhv_52.zip&sessid= HTTP/1.1" 200 50 "-" "1C+Enterprise/8.3"
37.9.71.212 - - [07/Apr/2022:08:03:56 +0000] "POST /ym_api/1/?action=/cart HTTP/1.1" 200 110 "-" "Apache-HttpClient/4.5.6 (Java/11.0.8-shenandoah)"
