188.162.141.59 - - [07/Apr/2022:19:55:00 +0000] "POST /webasyst/shop/?plugin=kmsuppliers&module=sku&action=bind HTTP/2.0" 200 203 "https://justgrill.ru/webasyst/shop/?plugin=kmsuppliers" "Mozilla/5.0 (Macintosh; Intel Mac OS X 10_15_7) AppleWebKit/605.1.15 (KHTML, like Gecko) Version/15.2 Safari/605.1.15"
188.162.141.59 - - [07/Apr/2022:19:55:10 +0000] "POST /webasyst/shop/?plugin=kmsuppliers&module=sku&action=select HTTP/2.0" 200 567 "https://justgrill.ru/webasyst/shop/?plugin=kmsuppliers" "Mozilla/5.0 (Macintosh; Intel Mac OS X 10_15_7) AppleWebKit/605.1.15 (KHTML, like Gecko) Version/15.2 Safari/605.1.15"
188.162.141.59 - - [07/Apr/2022:19:55:12 +0000] "POST /webasyst/shop/?plugin=kmsuppliers&module=sku&action=bind HTTP/2.0" 200 184 "https://justgrill.ru/webasyst/shop/?plugin=kmsuppliers" "Mozilla/5.0 (Macintosh; Intel Mac OS X 10_15_7) AppleWebKit/605.1.15 (KHTML, like Gecko) Version/15.2 Safari/605.1.15"
188.162.141.59 - - [07/Apr/2022:19:55:20 +0000] "POST /webasyst/shop/?plugin=kmsuppliers&module=sku&action=select HTTP/2.0" 200 566 "https://justgrill.ru/webasyst/shop/?plugin=kmsuppliers" "Mozilla/5.0 (Macintosh; Intel Mac OS X 10_15_7) AppleWebKit/605.1.15 (KHTML, like Gecko) Version/15.2 Safari/605.1.15"
188.162.141.59 - - [07/Apr/2022:19:55:27 +0000] "POST /webasyst/shop/?plugin=kmsuppliers&module=sku&action=select HTTP/2.0" 200 566 "https://justgrill.ru/webasyst/shop/?plugin=kmsuppliers" "Mozilla/5.0 (Macintosh; Intel Mac OS X 10_15_7) AppleWebKit/605.1.15 (KHTML, like Gecko) Version/15.2 Safari/605.1.15"
188.162.141.59 - - [07/Apr/2022:19:55:42 +0000] "POST /webasyst/shop/?plugin=kmsuppliers&module=sku&action=bind HTTP/2.0" 200 193 "https://justgrill.ru/webasyst/shop/?plugin=kmsuppliers" "Mozilla/5.0 (Macintosh; Intel Mac OS X 10_15_7) AppleWebKit/605.1.15 (KHTML, like Gecko) Version/15.2 Safari/605.1.15"
188.162.141.59 - - [07/Apr/2022:19:55:44 +0000] "POST /webasyst/shop/?plugin=kmsuppliers&module=sku&action=bind HTTP/2.0" 200 194 "https://justgrill.ru/webasyst/shop/?plugin=kmsuppliers" "Mozilla/5.0 (Macintosh; Intel Mac OS X 10_15_7) AppleWebKit/605.1.15 (KHTML, like Gecko) Version/15.2 Safari/605.1.15"
188.162.141.59 - - [07/Apr/2022:19:55:58 +0000] "POST /webasyst/shop/?plugin=kmsuppliers&module=sku&action=select HTTP/2.0" 200 565 "https://justgrill.ru/webasyst/shop/?plugin=kmsuppliers" "Mozilla/5.0 (Macintosh; Intel Mac OS X 10_15_7) AppleWebKit/605.1.15 (KHTML, like Gecko) Version/15.2 Safari/605.1.15"
188.162.141.59 - - [07/Apr/2022:19:56:00 +0000] "POST /webasyst/shop/?plugin=kmsuppliers&module=sku&action=bind HTTP/2.0" 200 190 "https://justgrill.ru/webasyst/shop/?plugin=kmsuppliers" "Mozilla/5.0 (Macintosh; Intel Mac OS X 10_15_7) AppleWebKit/605.1.15 (KHTML, like Gecko) Version/15.2 Safari/605.1.15"
188.162.141.59 - - [07/Apr/2022:19:56:08 +0000] "POST /webasyst/shop/?plugin=kmsuppliers&module=sku&action=select HTTP/2.0" 200 564 "https://justgrill.ru/webasyst/shop/?plugin=kmsuppliers" "Mozilla/5.0 (Macintosh; Intel Mac OS X 10_15_7) AppleWebKit/605.1.15 (KHTML, like Gecko) Version/15.2 Safari/605.1.15"
188.162.141.59 - - [07/Apr/2022:19:56:10 +0000] "POST /webasyst/shop/?plugin=kmsuppliers&module=sku&action=bind HTTP/2.0" 200 192 "https://justgrill.ru/webasyst/shop/?plugin=kmsuppliers" "Mozilla/5.0 (Macintosh; Intel Mac OS X 10_15_7) AppleWebKit/605.1.15 (KHTML, like Gecko) Version/15.2 Safari/605.1.15"
188.162.141.59 - - [07/Apr/2022:19:56:18 +0000] "POST /webasyst/shop/?plugin=kmsuppliers&module=sku&action=select HTTP/2.0" 200 549 "https://justgrill.ru/webasyst/shop/?plugin=kmsuppliers" "Mozilla/5.0 (Macintosh; Intel Mac OS X 10_15_7) AppleWebKit/605.1.15 (KHTML, like Gecko) Version/15.2 Safari/605.1.15"
188.162.141.59 - - [07/Apr/2022:19:56:21 +0000] "POST /webasyst/shop/?plugin=kmsuppliers&module=sku&action=bind HTTP/2.0" 200 180 "https://justgrill.ru/webasyst/shop/?plugin=kmsuppliers" "Mozilla/5.0 (Macintosh; Intel Mac OS X 10_15_7) AppleWebKit/605.1.15 (KHTML, like Gecko) Version/15.2 Safari/605.1.15"
188.162.141.59 - - [07/Apr/2022:19:56:31 +0000] "POST /webasyst/shop/?plugin=kmsuppliers&module=sku&action=select HTTP/2.0" 200 545 "https://justgrill.ru/webasyst/shop/?plugin=kmsuppliers" "Mozilla/5.0 (Macintosh; Intel Mac OS X 10_15_7) AppleWebKit/605.1.15 (KHTML, like Gecko) Version/15.2 Safari/605.1.15"
188.162.141.59 - - [07/Apr/2022:19:56:33 +0000] "POST /webasyst/shop/?plugin=kmsuppliers&module=sku&action=bind HTTP/2.0" 200 176 "https://justgrill.ru/webasyst/shop/?plugin=kmsuppliers" "Mozilla/5.0 (Macintosh; Intel Mac OS X 10_15_7) AppleWebKit/605.1.15 (KHTML, like Gecko) Version/15.2 Safari/605.1.15"
188.162.141.59 - - [07/Apr/2022:19:56:42 +0000] "POST /webasyst/shop/?plugin=kmsuppliers&module=sku&action=select HTTP/2.0" 200 544 "https://justgrill.ru/webasyst/shop/?plugin=kmsuppliers" "Mozilla/5.0 (Macintosh; Intel Mac OS X 10_15_7) AppleWebKit/605.1.15 (KHTML, like Gecko) Version/15.2 Safari/605.1.15"
188.162.141.59 - - [07/Apr/2022:19:56:44 +0000] "POST /webasyst/shop/?plugin=kmsuppliers&module=sku&action=bind HTTP/2.0" 200 176 "https://justgrill.ru/webasyst/shop/?plugin=kmsuppliers" "Mozilla/5.0 (Macintosh; Intel Mac OS X 10_15_7) AppleWebKit/605.1.15 (KHTML, like Gecko) Version/15.2 Safari/605.1.15"
188.162.141.59 - - [07/Apr/2022:19:57:00 +0000] "POST /webasyst/shop/?plugin=kmsuppliers&module=sku&action=delete HTTP/2.0" 200 51 "https://justgrill.ru/webasyst/shop/?plugin=kmsuppliers" "Mozilla/5.0 (Macintosh; Intel Mac OS X 10_15_7) AppleWebKit/605.1.15 (KHTML, like Gecko) Version/15.2 Safari/605.1.15"
188.162.141.59 - - [07/Apr/2022:19:57:08 +0000] "POST /webasyst/shop/?plugin=kmsuppliers&module=sku&action=select HTTP/2.0" 200 536 "https://justgrill.ru/webasyst/shop/?plugin=kmsuppliers" "Mozilla/5.0 (Macintosh; Intel Mac OS X 10_15_7) AppleWebKit/605.1.15 (KHTML, like Gecko) Version/15.2 Safari/605.1.15"
188.162.141.59 - - [07/Apr/2022:19:57:09 +0000] "POST /webasyst/shop/?plugin=kmsuppliers&module=sku&action=bind HTTP/2.0" 200 166 "https://justgrill.ru/webasyst/shop/?plugin=kmsuppliers" "Mozilla/5.0 (Macintosh; Intel Mac OS X 10_15_7) AppleWebKit/605.1.15 (KHTML, like Gecko) Version/15.2 Safari/605.1.15"
188.162.141.59 - - [07/Apr/2022:19:57:17 +0000] "POST /webasyst/shop/?plugin=kmsuppliers&module=sku&action=select HTTP/2.0" 200 540 "https://justgrill.ru/webasyst/shop/?plugin=kmsuppliers" "Mozilla/5.0 (Macintosh; Intel Mac OS X 10_15_7) AppleWebKit/605.1.15 (KHTML, like Gecko) Version/15.2 Safari/605.1.15"
188.162.141.59 - - [07/Apr/2022:19:57:19 +0000] "POST /webasyst/shop/?plugin=kmsuppliers&module=sku&action=bind HTTP/2.0" 200 164 "https://justgrill.ru/webasyst/shop/?plugin=kmsuppliers" "Mozilla/5.0 (Macintosh; Intel Mac OS X 10_15_7) AppleWebKit/605.1.15 (KHTML, like Gecko) Version/15.2 Safari/605.1.15"
188.162.141.59 - - [07/Apr/2022:19:57:29 +0000] "POST /webasyst/shop/?plugin=kmsuppliers&module=sku&action=select HTTP/2.0" 200 550 "https://justgrill.ru/webasyst/shop/?plugin=kmsuppliers" "Mozilla/5.0 (Macintosh; Intel Mac OS X 10_15_7) AppleWebKit/605.1.15 (KHTML, like Gecko) Version/15.2 Safari/605.1.15"
188.162.141.59 - - [07/Apr/2022:19:57:30 +0000] "POST /webasyst/shop/?plugin=kmsuppliers&module=sku&action=bind HTTP/2.0" 200 168 "https://justgrill.ru/webasyst/shop/?plugin=kmsuppliers" "Mozilla/5.0 (Macintosh; Intel Mac OS X 10_15_7) AppleWebKit/605.1.15 (KHTML, like Gecko) Version/15.2 Safari/605.1.15"
188.162.141.59 - - [07/Apr/2022:19:57:41 +0000] "POST /webasyst/shop/?plugin=kmsuppliers&module=sku&action=select HTTP/2.0" 200 552 "https://justgrill.ru/webasyst/shop/?plugin=kmsuppliers" "Mozilla/5.0 (Macintosh; Intel Mac OS X 10_15_7) AppleWebKit/605.1.15 (KHTML, like Gecko) Version/15.2 Safari/605.1.15"
188.162.141.59 - - [07/Apr/2022:19:57:43 +0000] "POST /webasyst/shop/?plugin=kmsuppliers&module=sku&action=bind HTTP/2.0" 200 167 "https://justgrill.ru/webasyst/shop/?plugin=kmsuppliers" "Mozilla/5.0 (Macintosh; Intel Mac OS X 10_15_7) AppleWebKit/605.1.15 (KHTML, like Gecko) Version/15.2 Safari/605.1.15"
188.162.141.59 - - [07/Apr/2022:19:57:51 +0000] "POST /webasyst/shop/?plugin=kmsuppliers&module=sku&action=select HTTP/2.0" 200 537 "https://justgrill.ru/webasyst/shop/?plugin=kmsuppliers" "Mozilla/5.0 (Macintosh; Intel Mac OS X 10_15_7) AppleWebKit/605.1.15 (KHTML, like Gecko) Version/15.2 Safari/605.1.15"
188.162.141.59 - - [07/Apr/2022:19:57:52 +0000] "POST /webasyst/shop/?plugin=kmsuppliers&module=sku&action=bind HTTP/2.0" 200 160 "https://justgrill.ru/webasyst/shop/?plugin=kmsuppliers" "Mozilla/5.0 (Macintosh; Intel Mac OS X 10_15_7) AppleWebKit/605.1.15 (KHTML, like Gecko) Version/15.2 Safari/605.1.15"
188.162.141.59 - - [07/Apr/2022:19:57:59 +0000] "POST /webasyst/shop/?plugin=kmsuppliers&module=sku&action=select HTTP/2.0" 200 528 "https://justgrill.ru/webasyst/shop/?plugin=kmsuppliers" "Mozilla/5.0 (Macintosh; Intel Mac OS X 10_15_7) AppleWebKit/605.1.15 (KHTML, like Gecko) Version/15.2 Safari/605.1.15"
188.162.141.59 - - [07/Apr/2022:19:58:00 +0000] "POST /webasyst/shop/?plugin=kmsuppliers&module=sku&action=bind HTTP/2.0" 200 167 "https://justgrill.ru/webasyst/shop/?plugin=kmsuppliers" "Mozilla/5.0 (Macintosh; Intel Mac OS X 10_15_7) AppleWebKit/605.1.15 (KHTML, like Gecko) Version/15.2 Safari/605.1.15"
188.162.141.59 - - [07/Apr/2022:19:58:07 +0000] "POST /webasyst/shop/?plugin=kmsuppliers&module=sku&action=select HTTP/2.0" 200 537 "https://justgrill.ru/webasyst/shop/?plugin=kmsuppliers" "Mozilla/5.0 (Macintosh; Intel Mac OS X 10_15_7) AppleWebKit/605.1.15 (KHTML, like Gecko) Version/15.2 Safari/605.1.15"
188.162.141.59 - - [07/Apr/2022:19:58:09 +0000] "POST /webasyst/shop/?plugin=kmsuppliers&module=sku&action=bind HTTP/2.0" 200 167 "https://justgrill.ru/webasyst/shop/?plugin=kmsuppliers" "Mozilla/5.0 (Macintosh; Intel Mac OS X 10_15_7) AppleWebKit/605.1.15 (KHTML, like Gecko) Version/15.2 Safari/605.1.15"
188.162.141.59 - - [07/Apr/2022:19:58:16 +0000] "POST /webasyst/shop/?plugin=kmsuppliers&module=sku&action=select HTTP/2.0" 200 537 "https://justgrill.ru/webasyst/shop/?plugin=kmsuppliers" "Mozilla/5.0 (Macintosh; Intel Mac OS X 10_15_7) AppleWebKit/605.1.15 (KHTML, like Gecko) Version/15.2 Safari/605.1.15"
188.162.141.59 - - [07/Apr/2022:19:58:18 +0000] "POST /webasyst/shop/?plugin=kmsuppliers&module=sku&action=bind HTTP/2.0" 200 174 "https://justgrill.ru/webasyst/shop/?plugin=kmsuppliers" "Mozilla/5.0 (Macintosh; Intel Mac OS X 10_15_7) AppleWebKit/605.1.15 (KHTML, like Gecko) Version/15.2 Safari/605.1.15"
188.162.141.59 - - [07/Apr/2022:19:58:25 +0000] "POST /webasyst/shop/?plugin=kmsuppliers&module=sku&action=select HTTP/2.0" 200 553 "https://justgrill.ru/webasyst/shop/?plugin=kmsuppliers" "Mozilla/5.0 (Macintosh; Intel Mac OS X 10_15_7) AppleWebKit/605.1.15 (KHTML, like Gecko) Version/15.2 Safari/605.1.15"
188.162.141.59 - - [07/Apr/2022:19:58:27 +0000] "POST /webasyst/shop/?plugin=kmsuppliers&module=sku&action=bind HTTP/2.0" 200 190 "https://justgrill.ru/webasyst/shop/?plugin=kmsuppliers" "Mozilla/5.0 (Macintosh; Intel Mac OS X 10_15_7) AppleWebKit/605.1.15 (KHTML, like Gecko) Version/15.2 Safari/605.1.15"
188.162.141.59 - - [07/Apr/2022:19:58:34 +0000] "POST /webasyst/shop/?plugin=kmsuppliers&module=sku&action=select HTTP/2.0" 200 537 "https://justgrill.ru/webasyst/shop/?plugin=kmsuppliers" "Mozilla/5.0 (Macintosh; Intel Mac OS X 10_15_7) AppleWebKit/605.1.15 (KHTML, like Gecko) Version/15.2 Safari/605.1.15"
178.154.154.235 - - [07/Apr/2022:19:58:35 +0000] "POST /ym_api/1/?action=/cart HTTP/1.1" 200 111 "-" "Apache-HttpClient/4.5.6 (Java/11.0.8-shenandoah)"
188.162.141.59 - - [07/Apr/2022:19:58:35 +0000] "POST /webasyst/shop/?plugin=kmsuppliers&module=sku&action=bind HTTP/2.0" 200 170 "https://justgrill.ru/webasyst/shop/?plugin=kmsuppliers" "Mozilla/5.0 (Macintosh; Intel Mac OS X 10_15_7) AppleWebKit/605.1.15 (KHTML, like Gecko) Version/15.2 Safari/605.1.15"
188.162.141.59 - - [07/Apr/2022:19:58:44 +0000] "POST /webasyst/shop/?plugin=kmsuppliers&module=sku&action=select HTTP/2.0" 200 637 "https://justgrill.ru/webasyst/shop/?plugin=kmsuppliers" "Mozilla/5.0 (Macintosh; Intel Mac OS X 10_15_7) AppleWebKit/605.1.15 (KHTML, like Gecko) Version/15.2 Safari/605.1.15"
188.162.141.59 - - [07/Apr/2022:19:58:46 +0000] "POST /webasyst/shop/?plugin=kmsuppliers&module=sku&action=bind HTTP/2.0" 200 170 "https://justgrill.ru/webasyst/shop/?plugin=kmsuppliers" "Mozilla/5.0 (Macintosh; Intel Mac OS X 10_15_7) AppleWebKit/605.1.15 (KHTML, like Gecko) Version/15.2 Safari/605.1.15"
188.162.141.59 - - [07/Apr/2022:19:58:52 +0000] "POST /webasyst/shop/?plugin=kmsuppliers&module=sku&action=select HTTP/2.0" 200 539 "https://justgrill.ru/webasyst/shop/?plugin=kmsuppliers" "Mozilla/5.0 (Macintosh; Intel Mac OS X 10_15_7) AppleWebKit/605.1.15 (KHTML, like Gecko) Version/15.2 Safari/605.1.15"
188.162.141.59 - - [07/Apr/2022:19:58:54 +0000] "POST /webasyst/shop/?plugin=kmsuppliers&module=sku&action=bind HTTP/2.0" 200 172 "https://justgrill.ru/webasyst/shop/?plugin=kmsuppliers" "Mozilla/5.0 (Macintosh; Intel Mac OS X 10_15_7) AppleWebKit/605.1.15 (KHTML, like Gecko) Version/15.2 Safari/605.1.15"
188.162.141.59 - - [07/Apr/2022:19:59:01 +0000] "POST /webasyst/shop/?plugin=kmsuppliers&module=sku&action=select HTTP/2.0" 200 537 "https://justgrill.ru/webasyst/shop/?plugin=kmsuppliers" "Mozilla/5.0 (Macintosh; Intel Mac OS X 10_15_7) AppleWebKit/605.1.15 (KHTML, like Gecko) Version/15.2 Safari/605.1.15"
188.162.141.59 - - [07/Apr/2022:19:59:02 +0000] "POST /webasyst/shop/?plugin=kmsuppliers&module=sku&action=bind HTTP/2.0" 200 174 "https://justgrill.ru/webasyst/shop/?plugin=kmsuppliers" "Mozilla/5.0 (Macintosh; Intel Mac OS X 10_15_7) AppleWebKit/605.1.15 (KHTML, like Gecko) Version/15.2 Safari/605.1.15"
188.162.141.59 - - [07/Apr/2022:19:59:17 +0000] "POST /webasyst/shop/?plugin=kmsuppliers&module=sku&action=select HTTP/2.0" 200 534 "https://justgrill.ru/webasyst/shop/?plugin=kmsuppliers" "Mozilla/5.0 (Macintosh; Intel Mac OS X 10_15_7) AppleWebKit/605.1.15 (KHTML, like Gecko) Version/15.2 Safari/605.1.15"
188.162.141.59 - - [07/Apr/2022:19:59:18 +0000] "POST /webasyst/shop/?plugin=kmsuppliers&module=sku&action=bind HTTP/2.0" 200 166 "https://justgrill.ru/webasyst/shop/?plugin=kmsuppliers" "Mozilla/5.0 (Macintosh; Intel Mac OS X 10_15_7) AppleWebKit/605.1.15 (KHTML, like Gecko) Version/15.2 Safari/605.1.15"
188.162.141.59 - - [07/Apr/2022:19:59:26 +0000] "POST /webasyst/shop/?plugin=kmsuppliers&module=sku&action=select HTTP/2.0" 200 539 "https://justgrill.ru/webasyst/shop/?plugin=kmsuppliers" "Mozilla/5.0 (Macintosh; Intel Mac OS X 10_15_7) AppleWebKit/605.1.15 (KHTML, like Gecko) Version/15.2 Safari/605.1.15"
188.162.141.59 - - [07/Apr/2022:19:59:28 +0000] "POST /webasyst/shop/?plugin=kmsuppliers&module=sku&action=bind HTTP/2.0" 200 171 "https://justgrill.ru/webasyst/shop/?plugin=kmsuppliers" "Mozilla/5.0 (Macintosh; Intel Mac OS X 10_15_7) AppleWebKit/605.1.15 (KHTML, like Gecko) Version/15.2 Safari/605.1.15"
188.162.141.59 - - [07/Apr/2022:19:59:35 +0000] "POST /webasyst/shop/?plugin=kmsuppliers&module=sku&action=select HTTP/2.0" 200 552 "https://justgrill.ru/webasyst/shop/?plugin=kmsuppliers" "Mozilla/5.0 (Macintosh; Intel Mac OS X 10_15_7) AppleWebKit/605.1.15 (KHTML, like Gecko) Version/15.2 Safari/605.1.15"
188.162.141.59 - - [07/Apr/2022:19:59:37 +0000] "POST /webasyst/shop/?plugin=kmsuppliers&module=sku&action=bind HTTP/2.0" 200 180 "https://justgrill.ru/webasyst/shop/?plugin=kmsuppliers" "Mozilla/5.0 (Macintosh; Intel Mac OS X 10_15_7) AppleWebKit/605.1.15 (KHTML, like Gecko) Version/15.2 Safari/605.1.15"
188.162.141.59 - - [07/Apr/2022:19:59:44 +0000] "POST /webasyst/shop/?plugin=kmsuppliers&module=sku&action=select HTTP/2.0" 200 536 "https://justgrill.ru/webasyst/shop/?plugin=kmsuppliers" "Mozilla/5.0 (Macintosh; Intel Mac OS X 10_15_7) AppleWebKit/605.1.15 (KHTML, like Gecko) Version/15.2 Safari/605.1.15"
188.162.141.59 - - [07/Apr/2022:19:59:45 +0000] "POST /webasyst/shop/?plugin=kmsuppliers&module=sku&action=bind HTTP/2.0" 200 167 "https://justgrill.ru/webasyst/shop/?plugin=kmsuppliers" "Mozilla/5.0 (Macintosh; Intel Mac OS X 10_15_7) AppleWebKit/605.1.15 (KHTML, like Gecko) Version/15.2 Safari/605.1.15"
188.162.141.59 - - [07/Apr/2022:19:59:52 +0000] "POST /webasyst/shop/?plugin=kmsuppliers&module=sku&action=select HTTP/2.0" 200 535 "https://justgrill.ru/webasyst/shop/?plugin=kmsuppliers" "Mozilla/5.0 (Macintosh; Intel Mac OS X 10_15_7) AppleWebKit/605.1.15 (KHTML, like Gecko) Version/15.2 Safari/605.1.15"
188.162.141.59 - - [07/Apr/2022:19:59:53 +0000] "POST /webasyst/shop/?plugin=kmsuppliers&module=sku&action=bind HTTP/2.0" 200 167 "https://justgrill.ru/webasyst/shop/?plugin=kmsuppliers" "Mozilla/5.0 (Macintosh; Intel Mac OS X 10_15_7) AppleWebKit/605.1.15 (KHTML, like Gecko) Version/15.2 Safari/605.1.15"
188.162.141.59 - - [07/Apr/2022:20:00:02 +0000] "POST /webasyst/shop/?plugin=kmsuppliers&module=sku&action=select HTTP/2.0" 200 538 "https://justgrill.ru/webasyst/shop/?plugin=kmsuppliers" "Mozilla/5.0 (Macintosh; Intel Mac OS X 10_15_7) AppleWebKit/605.1.15 (KHTML, like Gecko) Version/15.2 Safari/605.1.15"
5.188.113.194 - admin [07/Apr/2022:20:00:03 +0000] "POST /cml1c/adfc9ee9-8d33-4958-a478-3f8659809409/?type=catalog&mode=file&filename=v8_JFBGM3_bb.zip&sessid= HTTP/1.1" 200 50 "-" "1C+Enterprise/8.3"
5.188.113.194 - admin [07/Apr/2022:20:00:03 +0000] "POST /cml1c/adfc9ee9-8d33-4958-a478-3f8659809409/?type=catalog&mode=file&filename=v8_JFBGM3_bd.zip&sessid= HTTP/1.1" 200 50 "-" "1C+Enterprise/8.3"
5.188.113.194 - admin [07/Apr/2022:20:00:04 +0000] "POST /cml1c/adfc9ee9-8d33-4958-a478-3f8659809409/?type=catalog&mode=file&filename=v8_JFBGM3_bc.zip&sessid= HTTP/1.1" 200 50 "-" "1C+Enterprise/8.3"
5.188.113.194 - admin [07/Apr/2022:20:00:04 +0000] "POST /cml1c/adfc9ee9-8d33-4958-a478-3f8659809409/?type=catalog&mode=file&filename=v8_JFBGM3_be.zip&sessid= HTTP/1.1" 200 50 "-" "1C+Enterprise/8.3"
188.162.141.59 - - [07/Apr/2022:20:00:04 +0000] "POST /webasyst/shop/?plugin=kmsuppliers&module=sku&action=bind HTTP/2.0" 200 173 "https://justgrill.ru/webasyst/shop/?plugin=kmsuppliers" "Mozilla/5.0 (Macintosh; Intel Mac OS X 10_15_7) AppleWebKit/605.1.15 (KHTML, like Gecko) Version/15.2 Safari/605.1.15"
5.188.113.194 - admin [07/Apr/2022:20:00:04 +0000] "POST /cml1c/adfc9ee9-8d33-4958-a478-3f8659809409/?type=catalog&mode=file&filename=v8_JFBGM3_bf.zip&sessid= HTTP/1.1" 200 50 "-" "1C+Enterprise/8.3"
5.188.113.194 - admin [07/Apr/2022:20:00:05 +0000] "POST /cml1c/adfc9ee9-8d33-4958-a478-3f8659809409/?type=catalog&mode=file&filename=v8_JFBGM3_c1.zip&sessid= HTTP/1.1" 200 50 "-" "1C+Enterprise/8.3"
5.188.113.194 - admin [07/Apr/2022:20:00:05 +0000] "POST /cml1c/adfc9ee9-8d33-4958-a478-3f8659809409/?type=catalog&mode=file&filename=v8_JFBGM3_c0.zip&sessid= HTTP/1.1" 200 50 "-" "1C+Enterprise/8.3"
5.188.113.194 - admin [07/Apr/2022:20:00:06 +0000] "POST /cml1c/adfc9ee9-8d33-4958-a478-3f8659809409/?type=catalog&mode=file&filename=v8_JFBGM3_c2.zip&sessid= HTTP/1.1" 200 50 "-" "1C+Enterprise/8.3"
5.188.113.194 - admin [07/Apr/2022:20:00:12 +0000] "POST /cml1c/adfc9ee9-8d33-4958-a478-3f8659809409/?type=catalog&mode=file&filename=v8_JFBGM3_c3.zip&sessid= HTTP/1.1" 200 50 "-" "1C+Enterprise/8.3"
5.188.113.194 - admin [07/Apr/2022:20:00:14 +0000] "POST /cml1c/adfc9ee9-8d33-4958-a478-3f8659809409/?type=catalog&mode=file&filename=v8_JFBGM3_c4.zip&sessid= HTTP/1.1" 200 50 "-" "1C+Enterprise/8.3"
188.162.141.59 - - [07/Apr/2022:20:00:16 +0000] "POST /webasyst/shop/?plugin=kmsuppliers&module=sku&action=select HTTP/2.0" 200 543 "https://justgrill.ru/webasyst/shop/?plugin=kmsuppliers" "Mozilla/5.0 (Macintosh; Intel Mac OS X 10_15_7) AppleWebKit/605.1.15 (KHTML, like Gecko) Version/15.2 Safari/605.1.15"
5.188.113.194 - admin [07/Apr/2022:20:00:16 +0000] "POST /cml1c/adfc9ee9-8d33-4958-a478-3f8659809409/?type=catalog&mode=file&filename=v8_JFBGM3_c5.zip&sessid= HTTP/1.1" 200 50 "-" "1C+Enterprise/8.3"
188.162.141.59 - - [07/Apr/2022:20:00:18 +0000] "POST /webasyst/shop/?plugin=kmsuppliers&module=sku&action=bind HTTP/2.0" 200 166 "https://justgrill.ru/webasyst/shop/?plugin=kmsuppliers" "Mozilla/5.0 (Macintosh; Intel Mac OS X 10_15_7) AppleWebKit/605.1.15 (KHTML, like Gecko) Version/15.2 Safari/605.1.15"
5.188.113.194 - admin [07/Apr/2022:20:00:19 +0000] "POST /cml1c/adfc9ee9-8d33-4958-a478-3f8659809409/?type=catalog&mode=file&filename=v8_JFBGM3_c6.zip&sessid= HTTP/1.1" 200 50 "-" "1C+Enterprise/8.3"
5.188.113.194 - admin [07/Apr/2022:20:00:23 +0000] "POST /cml1c/adfc9ee9-8d33-4958-a478-3f8659809409/?type=catalog&mode=file&filename=v8_JFBGM3_c7.zip&sessid= HTTP/1.1" 200 50 "-" "1C+Enterprise/8.3"
5.188.113.194 - admin [07/Apr/2022:20:00:24 +0000] "POST /cml1c/adfc9ee9-8d33-4958-a478-3f8659809409/?type=catalog&mode=file&filename=v8_JFBGM3_c8.zip&sessid= HTTP/1.1" 200 50 "-" "1C+Enterprise/8.3"
5.188.113.194 - admin [07/Apr/2022:20:00:27 +0000] "POST /cml1c/adfc9ee9-8d33-4958-a478-3f8659809409/?type=catalog&mode=file&filename=v8_JFBGM3_c9.zip&sessid= HTTP/1.1" 200 50 "-" "1C+Enterprise/8.3"
188.162.141.59 - - [07/Apr/2022:20:00:29 +0000] "POST /webasyst/shop/?plugin=kmsuppliers&module=sku&action=select HTTP/2.0" 200 540 "https://justgrill.ru/webasyst/shop/?plugin=kmsuppliers" "Mozilla/5.0 (Macintosh; Intel Mac OS X 10_15_7) AppleWebKit/605.1.15 (KHTML, like Gecko) Version/15.2 Safari/605.1.15"
188.162.141.59 - - [07/Apr/2022:20:00:30 +0000] "POST /webasyst/shop/?plugin=kmsuppliers&module=sku&action=bind HTTP/2.0" 200 171 "https://justgrill.ru/webasyst/shop/?plugin=kmsuppliers" "Mozilla/5.0 (Macintosh; Intel Mac OS X 10_15_7) AppleWebKit/605.1.15 (KHTML, like Gecko) Version/15.2 Safari/605.1.15"
5.188.113.194 - admin [07/Apr/2022:20:00:31 +0000] "POST /cml1c/adfc9ee9-8d33-4958-a478-3f8659809409/?type=catalog&mode=file&filename=v8_JFBGM3_ca.zip&sessid= HTTP/1.1" 200 50 "-" "1C+Enterprise/8.3"
5.188.113.194 - admin [07/Apr/2022:20:00:31 +0000] "POST /cml1c/adfc9ee9-8d33-4958-a478-3f8659809409/?type=catalog&mode=file&filename=v8_JFBGM3_cb.zip&sessid= HTTP/1.1" 200 50 "-" "1C+Enterprise/8.3"
5.188.113.194 - admin [07/Apr/2022:20:00:34 +0000] "POST /cml1c/adfc9ee9-8d33-4958-a478-3f8659809409/?type=catalog&mode=file&filename=v8_JFBGM3_cc.zip&sessid= HTTP/1.1" 200 50 "-" "1C+Enterprise/8.3"
188.162.141.59 - - [07/Apr/2022:20:00:40 +0000] "POST /webasyst/shop/?plugin=kmsuppliers&module=sku&action=select HTTP/2.0" 200 540 "https://justgrill.ru/webasyst/shop/?plugin=kmsuppliers" "Mozilla/5.0 (Macintosh; Intel Mac OS X 10_15_7) AppleWebKit/605.1.15 (KHTML, like Gecko) Version/15.2 Safari/605.1.15"
188.162.141.59 - - [07/Apr/2022:20:00:41 +0000] "POST /webasyst/shop/?plugin=kmsuppliers&module=sku&action=bind HTTP/2.0" 200 174 "https://justgrill.ru/webasyst/shop/?plugin=kmsuppliers" "Mozilla/5.0 (Macintosh; Intel Mac OS X 10_15_7) AppleWebKit/605.1.15 (KHTML, like Gecko) Version/15.2 Safari/605.1.15"
188.162.141.59 - - [07/Apr/2022:20:00:50 +0000] "POST /webasyst/shop/?plugin=kmsuppliers&module=sku&action=select HTTP/2.0" 200 545 "https://justgrill.ru/webasyst/shop/?plugin=kmsuppliers" "Mozilla/5.0 (Macintosh; Intel Mac OS X 10_15_7) AppleWebKit/605.1.15 (KHTML, like Gecko) Version/15.2 Safari/605.1.15"
188.162.141.59 - - [07/Apr/2022:20:00:51 +0000] "POST /webasyst/shop/?plugin=kmsuppliers&module=sku&action=bind HTTP/2.0" 200 174 "https://justgrill.ru/webasyst/shop/?plugin=kmsuppliers" "Mozilla/5.0 (Macintosh; Intel Mac OS X 10_15_7) AppleWebKit/605.1.15 (KHTML, like Gecko) Version/15.2 Safari/605.1.15"
188.162.141.59 - - [07/Apr/2022:20:01:14 +0000] "POST /webasyst/shop/?plugin=kmsuppliers&module=sku&action=select HTTP/2.0" 200 559 "https://justgrill.ru/webasyst/shop/?plugin=kmsuppliers" "Mozilla/5.0 (Macintosh; Intel Mac OS X 10_15_7) AppleWebKit/605.1.15 (KHTML, like Gecko) Version/15.2 Safari/605.1.15"
188.162.141.59 - - [07/Apr/2022:20:01:16 +0000] "POST /webasyst/shop/?plugin=kmsuppliers&module=sku&action=bind HTTP/2.0" 200 182 "https://justgrill.ru/webasyst/shop/?plugin=kmsuppliers" "Mozilla/5.0 (Macintosh; Intel Mac OS X 10_15_7) AppleWebKit/605.1.15 (KHTML, like Gecko) Version/15.2 Safari/605.1.15"
186.201.131.46 - - [07/Apr/2022:20:01:18 +0000] "POST /signup/ HTTP/1.1" 302 5 "-" "Mozilla/5.0 (Windows NT 10.0; Win64; x64) AppleWebKit/537.36 (KHTML, like Gecko) Chrome/85.0.4183.121 Safari/537.36"
186.201.131.46 - - [07/Apr/2022:20:01:21 +0000] "POST /signup/ HTTP/1.1" 302 5 "-" "Mozilla/5.0 (Windows NT 10.0; Win64; x64) AppleWebKit/537.36 (KHTML, like Gecko) Chrome/85.0.4183.121 Safari/537.36"
188.162.141.59 - - [07/Apr/2022:20:01:23 +0000] "POST /webasyst/shop/?plugin=kmsuppliers&module=sku&action=select HTTP/2.0" 200 539 "https://justgrill.ru/webasyst/shop/?plugin=kmsuppliers" "Mozilla/5.0 (Macintosh; Intel Mac OS X 10_15_7) AppleWebKit/605.1.15 (KHTML, like Gecko) Version/15.2 Safari/605.1.15"
188.162.141.59 - - [07/Apr/2022:20:01:24 +0000] "POST /webasyst/shop/?plugin=kmsuppliers&module=sku&action=bind HTTP/2.0" 200 169 "https://justgrill.ru/webasyst/shop/?plugin=kmsuppliers" "Mozilla/5.0 (Macintosh; Intel Mac OS X 10_15_7) AppleWebKit/605.1.15 (KHTML, like Gecko) Version/15.2 Safari/605.1.15"
186.201.131.46 - - [07/Apr/2022:20:01:25 +0000] "POST /forgotpassword/ HTTP/1.1" 200 27705 "-" "Mozilla/5.0 (Windows NT 10.0; Win64; x64) AppleWebKit/537.36 (KHTML, like Gecko) Chrome/85.0.4183.121 Safari/537.36"
186.201.131.46 - - [07/Apr/2022:20:01:26 +0000] "POST /forgotpassword/ HTTP/1.1" 200 27696 "-" "Mozilla/5.0 (Windows NT 10.0; Win64; x64) AppleWebKit/537.36 (KHTML, like Gecko) Chrome/85.0.4183.121 Safari/537.36"
188.162.141.59 - - [07/Apr/2022:20:01:32 +0000] "POST /webasyst/shop/?plugin=kmsuppliers&module=sku&action=select HTTP/2.0" 200 527 "https://justgrill.ru/webasyst/shop/?plugin=kmsuppliers" "Mozilla/5.0 (Macintosh; Intel Mac OS X 10_15_7) AppleWebKit/605.1.15 (KHTML, like Gecko) Version/15.2 Safari/605.1.15"
188.162.141.59 - - [07/Apr/2022:20:01:33 +0000] "POST /webasyst/shop/?plugin=kmsuppliers&module=sku&action=bind HTTP/2.0" 200 158 "https://justgrill.ru/webasyst/shop/?plugin=kmsuppliers" "Mozilla/5.0 (Macintosh; Intel Mac OS X 10_15_7) AppleWebKit/605.1.15 (KHTML, like Gecko) Version/15.2 Safari/605.1.15"
188.162.141.59 - - [07/Apr/2022:20:01:41 +0000] "POST /webasyst/shop/?plugin=kmsuppliers&module=sku&action=select HTTP/2.0" 200 586 "https://justgrill.ru/webasyst/shop/?plugin=kmsuppliers" "Mozilla/5.0 (Macintosh; Intel Mac OS X 10_15_7) AppleWebKit/605.1.15 (KHTML, like Gecko) Version/15.2 Safari/605.1.15"
188.162.141.59 - - [07/Apr/2022:20:01:43 +0000] "POST /webasyst/shop/?plugin=kmsuppliers&module=sku&action=bind HTTP/2.0" 200 221 "https://justgrill.ru/webasyst/shop/?plugin=kmsuppliers" "Mozilla/5.0 (Macintosh; Intel Mac OS X 10_15_7) AppleWebKit/605.1.15 (KHTML, like Gecko) Version/15.2 Safari/605.1.15"
188.162.141.59 - - [07/Apr/2022:20:01:51 +0000] "POST /webasyst/shop/?plugin=kmsuppliers&module=sku&action=select HTTP/2.0" 200 565 "https://justgrill.ru/webasyst/shop/?plugin=kmsuppliers" "Mozilla/5.0 (Macintosh; Intel Mac OS X 10_15_7) AppleWebKit/605.1.15 (KHTML, like Gecko) Version/15.2 Safari/605.1.15"
188.162.141.59 - - [07/Apr/2022:20:01:53 +0000] "POST /webasyst/shop/?plugin=kmsuppliers&module=sku&action=bind HTTP/2.0" 200 200 "https://justgrill.ru/webasyst/shop/?plugin=kmsuppliers" "Mozilla/5.0 (Macintosh; Intel Mac OS X 10_15_7) AppleWebKit/605.1.15 (KHTML, like Gecko) Version/15.2 Safari/605.1.15"
188.162.141.59 - - [07/Apr/2022:20:02:00 +0000] "POST /webasyst/shop/?plugin=kmsuppliers&module=sku&action=select HTTP/2.0" 200 566 "https://justgrill.ru/webasyst/shop/?plugin=kmsuppliers" "Mozilla/5.0 (Macintosh; Intel Mac OS X 10_15_7) AppleWebKit/605.1.15 (KHTML, like Gecko) Version/15.2 Safari/605.1.15"
188.162.141.59 - - [07/Apr/2022:20:02:02 +0000] "POST /webasyst/shop/?plugin=kmsuppliers&module=sku&action=bind HTTP/2.0" 200 206 "https://justgrill.ru/webasyst/shop/?plugin=kmsuppliers" "Mozilla/5.0 (Macintosh; Intel Mac OS X 10_15_7) AppleWebKit/605.1.15 (KHTML, like Gecko) Version/15.2 Safari/605.1.15"
188.162.141.59 - - [07/Apr/2022:20:02:09 +0000] "POST /webasyst/shop/?plugin=kmsuppliers&module=sku&action=select HTTP/2.0" 200 563 "https://justgrill.ru/webasyst/shop/?plugin=kmsuppliers" "Mozilla/5.0 (Macintosh; Intel Mac OS X 10_15_7) AppleWebKit/605.1.15 (KHTML, like Gecko) Version/15.2 Safari/605.1.15"
188.162.141.59 - - [07/Apr/2022:20:02:11 +0000] "POST /webasyst/shop/?plugin=kmsuppliers&module=sku&action=bind HTTP/2.0" 200 206 "https://justgrill.ru/webasyst/shop/?plugin=kmsuppliers" "Mozilla/5.0 (Macintosh; Intel Mac OS X 10_15_7) AppleWebKit/605.1.15 (KHTML, like Gecko) Version/15.2 Safari/605.1.15"
188.162.141.59 - - [07/Apr/2022:20:02:29 +0000] "POST /webasyst/shop/?plugin=kmsuppliers&module=sku&action=select HTTP/2.0" 200 668 "https://justgrill.ru/webasyst/shop/?plugin=kmsuppliers" "Mozilla/5.0 (Macintosh; Intel Mac OS X 10_15_7) AppleWebKit/605.1.15 (KHTML, like Gecko) Version/15.2 Safari/605.1.15"
188.162.141.59 - - [07/Apr/2022:20:02:31 +0000] "POST /webasyst/shop/?plugin=kmsuppliers&module=sku&action=bind HTTP/2.0" 200 201 "https://justgrill.ru/webasyst/shop/?plugin=kmsuppliers" "Mozilla/5.0 (Macintosh; Intel Mac OS X 10_15_7) AppleWebKit/605.1.15 (KHTML, like Gecko) Version/15.2 Safari/605.1.15"
188.162.141.59 - - [07/Apr/2022:20:02:38 +0000] "POST /webasyst/shop/?plugin=kmsuppliers&module=sku&action=select HTTP/2.0" 200 667 "https://justgrill.ru/webasyst/shop/?plugin=kmsuppliers" "Mozilla/5.0 (Macintosh; Intel Mac OS X 10_15_7) AppleWebKit/605.1.15 (KHTML, like Gecko) Version/15.2 Safari/605.1.15"
188.162.141.59 - - [07/Apr/2022:20:02:40 +0000] "POST /webasyst/shop/?plugin=kmsuppliers&module=sku&action=bind HTTP/2.0" 200 200 "https://justgrill.ru/webasyst/shop/?plugin=kmsuppliers" "Mozilla/5.0 (Macintosh; Intel Mac OS X 10_15_7) AppleWebKit/605.1.15 (KHTML, like Gecko) Version/15.2 Safari/605.1.15"
188.162.141.59 - - [07/Apr/2022:20:02:48 +0000] "POST /webasyst/shop/?plugin=kmsuppliers&module=sku&action=select HTTP/2.0" 200 555 "https://justgrill.ru/webasyst/shop/?plugin=kmsuppliers" "Mozilla/5.0 (Macintosh; Intel Mac OS X 10_15_7) AppleWebKit/605.1.15 (KHTML, like Gecko) Version/15.2 Safari/605.1.15"
188.162.141.59 - - [07/Apr/2022:20:02:49 +0000] "POST /webasyst/shop/?plugin=kmsuppliers&module=sku&action=bind HTTP/2.0" 200 192 "https://justgrill.ru/webasyst/shop/?plugin=kmsuppliers" "Mozilla/5.0 (Macintosh; Intel Mac OS X 10_15_7) AppleWebKit/605.1.15 (KHTML, like Gecko) Version/15.2 Safari/605.1.15"
188.162.141.59 - - [07/Apr/2022:20:02:59 +0000] "POST /webasyst/shop/?plugin=kmsuppliers&module=sku&action=select HTTP/2.0" 200 558 "https://justgrill.ru/webasyst/shop/?plugin=kmsuppliers" "Mozilla/5.0 (Macintosh; Intel Mac OS X 10_15_7) AppleWebKit/605.1.15 (KHTML, like Gecko) Version/15.2 Safari/605.1.15"
188.162.141.59 - - [07/Apr/2022:20:03:00 +0000] "POST /webasyst/shop/?plugin=kmsuppliers&module=sku&action=bind HTTP/2.0" 200 192 "https://justgrill.ru/webasyst/shop/?plugin=kmsuppliers" "Mozilla/5.0 (Macintosh; Intel Mac OS X 10_15_7) AppleWebKit/605.1.15 (KHTML, like Gecko) Version/15.2 Safari/605.1.15"
5.188.113.194 - admin [07/Apr/2022:20:03:07 +0000] "POST /cml1c/adfc9ee9-8d33-4958-a478-3f8659809409/?type=catalog&mode=file&filename=v8_JFBGM3_cd.zip&sessid= HTTP/1.1" 200 50 "-" "1C+Enterprise/8.3"
188.162.141.59 - - [07/Apr/2022:20:03:08 +0000] "POST /webasyst/shop/?plugin=kmsuppliers&module=sku&action=select HTTP/2.0" 200 575 "https://justgrill.ru/webasyst/shop/?plugin=kmsuppliers" "Mozilla/5.0 (Macintosh; Intel Mac OS X 10_15_7) AppleWebKit/605.1.15 (KHTML, like Gecko) Version/15.2 Safari/605.1.15"
188.162.141.59 - - [07/Apr/2022:20:03:10 +0000] "POST /webasyst/shop/?plugin=kmsuppliers&module=sku&action=bind HTTP/2.0" 200 211 "https://justgrill.ru/webasyst/shop/?plugin=kmsuppliers" "Mozilla/5.0 (Macintosh; Intel Mac OS X 10_15_7) AppleWebKit/605.1.15 (KHTML, like Gecko) Version/15.2 Safari/605.1.15"
5.188.113.194 - admin [07/Apr/2022:20:03:17 +0000] "POST /cml1c/adfc9ee9-8d33-4958-a478-3f8659809409/?type=catalog&mode=file&filename=v8_JFBGM3_ce.zip&sessid= HTTP/1.1" 200 50 "-" "1C+Enterprise/8.3"
188.162.141.59 - - [07/Apr/2022:20:03:17 +0000] "POST /webasyst/shop/?plugin=kmsuppliers&module=sku&action=select HTTP/2.0" 200 646 "https://justgrill.ru/webasyst/shop/?plugin=kmsuppliers" "Mozilla/5.0 (Macintosh; Intel Mac OS X 10_15_7) AppleWebKit/605.1.15 (KHTML, like Gecko) Version/15.2 Safari/605.1.15"
188.162.141.59 - - [07/Apr/2022:20:03:19 +0000] "POST /webasyst/shop/?plugin=kmsuppliers&module=sku&action=bind HTTP/2.0" 200 173 "https://justgrill.ru/webasyst/shop/?plugin=kmsuppliers" "Mozilla/5.0 (Macintosh; Intel Mac OS X 10_15_7) AppleWebKit/605.1.15 (KHTML, like Gecko) Version/15.2 Safari/605.1.15"
178.154.154.182 - - [07/Apr/2022:20:03:22 +0000] "POST /ym_api/1/?action=/cart HTTP/1.1" 200 111 "-" "Apache-HttpClient/4.5.6 (Java/11.0.8-shenandoah)"
5.188.113.194 - admin [07/Apr/2022:20:03:26 +0000] "POST /cml1c/adfc9ee9-8d33-4958-a478-3f8659809409/?type=catalog&mode=file&filename=v8_JFBGM3_cf.zip&sessid= HTTP/1.1" 200 50 "-" "1C+Enterprise/8.3"
5.188.113.194 - admin [07/Apr/2022:20:03:35 +0000] "POST /cml1c/adfc9ee9-8d33-4958-a478-3f8659809409/?type=catalog&mode=file&filename=v8_JFBGM3_d0.zip&sessid= HTTP/1.1" 200 50 "-" "1C+Enterprise/8.3"
188.162.141.59 - - [07/Apr/2022:20:03:36 +0000] "POST /webasyst/shop/?plugin=kmsuppliers&module=sku&action=select HTTP/2.0" 200 577 "https://justgrill.ru/webasyst/shop/?plugin=kmsuppliers" "Mozilla/5.0 (Macintosh; Intel Mac OS X 10_15_7) AppleWebKit/605.1.15 (KHTML, like Gecko) Version/15.2 Safari/605.1.15"
188.162.141.59 - - [07/Apr/2022:20:03:37 +0000] "POST /webasyst/shop/?plugin=kmsuppliers&module=sku&action=bind HTTP/2.0" 200 212 "https://justgrill.ru/webasyst/shop/?plugin=kmsuppliers" "Mozilla/5.0 (Macintosh; Intel Mac OS X 10_15_7) AppleWebKit/605.1.15 (KHTML, like Gecko) Version/15.2 Safari/605.1.15"
188.162.141.59 - - [07/Apr/2022:20:03:44 +0000] "POST /webasyst/shop/?plugin=kmsuppliers&module=sku&action=select HTTP/2.0" 200 583 "https://justgrill.ru/webasyst/shop/?plugin=kmsuppliers" "Mozilla/5.0 (Macintosh; Intel Mac OS X 10_15_7) AppleWebKit/605.1.15 (KHTML, like Gecko) Version/15.2 Safari/605.1.15"
188.162.141.59 - - [07/Apr/2022:20:03:46 +0000] "POST /webasyst/shop/?plugin=kmsuppliers&module=sku&action=bind HTTP/2.0" 200 215 "https://justgrill.ru/webasyst/shop/?plugin=kmsuppliers" "Mozilla/5.0 (Macintosh; Intel Mac OS X 10_15_7) AppleWebKit/605.1.15 (KHTML, like Gecko) Version/15.2 Safari/605.1.15"
188.162.141.59 - - [07/Apr/2022:20:03:53 +0000] "POST /webasyst/shop/?plugin=kmsuppliers&module=sku&action=select HTTP/2.0" 200 587 "https://justgrill.ru/webasyst/shop/?plugin=kmsuppliers" "Mozilla/5.0 (Macintosh; Intel Mac OS X 10_15_7) AppleWebKit/605.1.15 (KHTML, like Gecko) Version/15.2 Safari/605.1.15"
188.162.141.59 - - [07/Apr/2022:20:03:55 +0000] "POST /webasyst/shop/?plugin=kmsuppliers&module=sku&action=bind HTTP/2.0" 200 219 "https://justgrill.ru/webasyst/shop/?plugin=kmsuppliers" "Mozilla/5.0 (Macintosh; Intel Mac OS X 10_15_7) AppleWebKit/605.1.15 (KHTML, like Gecko) Version/15.2 Safari/605.1.15"
178.154.154.183 - - [07/Apr/2022:20:08:18 +0000] "POST /ym_api/1/?action=/cart HTTP/1.1" 200 110 "-" "Apache-HttpClient/4.5.6 (Java/11.0.8-shenandoah)"
178.154.168.236 - - [07/Apr/2022:20:09:22 +0000] "POST /ym_api/1/?action=/stocks HTTP/1.1" 200 1422 "-" "Apache-HttpClient/4.5.6 (Java/11.0.8-shenandoah)"
195.246.120.152 - - [07/Apr/2022:20:12:52 +0000] "POST /blog/ananas-na-grile-pod-sousom/comment/ HTTP/1.0" 200 177 "https://justgrill.ru/blog/ananas-na-grile-pod-sousom/" "Mozilla/5.0 (Windows NT 6.1; ) AppleWebKit/537.36 (KHTML, like Gecko) Chrome/90.0.4430.72 Safari/537.36"
95.108.153.226 - - [07/Apr/2022:20:14:49 +0000] "POST /ym_api/1/?action=/cart HTTP/1.1" 200 111 "-" "Apache-HttpClient/4.5.6 (Java/11.0.8-shenandoah)"
5.139.150.248 - - [07/Apr/2022:20:15:53 +0000] "POST /regions/getRedirectUrl/ HTTP/2.0" 200 176 "https://justgrill.ru/mangaly/tandyry/tandyr-amfora-okhotnik-25-sm/?yclid=16032003185118806015" "Mozilla/5.0 (Linux; arm; Android 10; M2006C3LG) AppleWebKit/537.36 (KHTML, like Gecko) Chrome/87.0.4280.141 YaBrowser/20.12.5.126.00 SA/3 Mobile Safari/537.36"
5.139.150.248 - - [07/Apr/2022:20:15:53 +0000] "POST /regions/getRedirectUrl/ HTTP/2.0" 200 176 "https://justgrill.ru/mangaly/tandyry/tandyr-amfora-okhotnik-25-sm/?yclid=16032003185118806015" "Mozilla/5.0 (Linux; arm; Android 10; M2006C3LG) AppleWebKit/537.36 (KHTML, like Gecko) Chrome/87.0.4280.141 YaBrowser/20.12.5.126.00 SA/3 Mobile Safari/537.36"
178.154.154.184 - - [07/Apr/2022:20:17:39 +0000] "POST /ym_api/1/?action=/stocks HTTP/1.1" 200 1422 "-" "Apache-HttpClient/4.5.6 (Java/11.0.8-shenandoah)"
188.162.141.59 - - [07/Apr/2022:20:19:36 +0000] "POST /webasyst/shop/?plugin=kmsuppliers&module=sku&action=select HTTP/2.0" 200 576 "https://justgrill.ru/webasyst/shop/?plugin=kmsuppliers" "Mozilla/5.0 (Macintosh; Intel Mac OS X 10_15_7) AppleWebKit/605.1.15 (KHTML, like Gecko) Version/15.2 Safari/605.1.15"
188.162.141.59 - - [07/Apr/2022:20:19:38 +0000] "POST /webasyst/shop/?plugin=kmsuppliers&module=sku&action=bind HTTP/2.0" 200 206 "https://justgrill.ru/webasyst/shop/?plugin=kmsuppliers" "Mozilla/5.0 (Macintosh; Intel Mac OS X 10_15_7) AppleWebKit/605.1.15 (KHTML, like Gecko) Version/15.2 Safari/605.1.15"
188.162.141.59 - - [07/Apr/2022:20:19:44 +0000] "POST /webasyst/shop/?plugin=kmsuppliers&module=sku&action=select HTTP/2.0" 200 562 "https://justgrill.ru/webasyst/shop/?plugin=kmsuppliers" "Mozilla/5.0 (Macintosh; Intel Mac OS X 10_15_7) AppleWebKit/605.1.15 (KHTML, like Gecko) Version/15.2 Safari/605.1.15"
188.162.141.59 - - [07/Apr/2022:20:19:46 +0000] "POST /webasyst/shop/?plugin=kmsuppliers&module=sku&action=bind HTTP/2.0" 200 182 "https://justgrill.ru/webasyst/shop/?plugin=kmsuppliers" "Mozilla/5.0 (Macintosh; Intel Mac OS X 10_15_7) AppleWebKit/605.1.15 (KHTML, like Gecko) Version/15.2 Safari/605.1.15"
188.162.141.59 - - [07/Apr/2022:20:19:53 +0000] "POST /webasyst/shop/?plugin=kmsuppliers&module=sku&action=select HTTP/2.0" 200 576 "https://justgrill.ru/webasyst/shop/?plugin=kmsuppliers" "Mozilla/5.0 (Macintosh; Intel Mac OS X 10_15_7) AppleWebKit/605.1.15 (KHTML, like Gecko) Version/15.2 Safari/605.1.15"
188.162.141.59 - - [07/Apr/2022:20:19:55 +0000] "POST /webasyst/shop/?plugin=kmsuppliers&module=sku&action=bind HTTP/2.0" 200 195 "https://justgrill.ru/webasyst/shop/?plugin=kmsuppliers" "Mozilla/5.0 (Macintosh; Intel Mac OS X 10_15_7) AppleWebKit/605.1.15 (KHTML, like Gecko) Version/15.2 Safari/605.1.15"
188.162.141.59 - - [07/Apr/2022:20:20:05 +0000] "POST /webasyst/shop/?plugin=kmsuppliers&module=sku&action=select HTTP/2.0" 200 585 "https://justgrill.ru/webasyst/shop/?plugin=kmsuppliers" "Mozilla/5.0 (Macintosh; Intel Mac OS X 10_15_7) AppleWebKit/605.1.15 (KHTML, like Gecko) Version/15.2 Safari/605.1.15"
188.162.141.59 - - [07/Apr/2022:20:20:07 +0000] "POST /webasyst/shop/?plugin=kmsuppliers&module=sku&action=bind HTTP/2.0" 200 217 "https://justgrill.ru/webasyst/shop/?plugin=kmsuppliers" "Mozilla/5.0 (Macintosh; Intel Mac OS X 10_15_7) AppleWebKit/605.1.15 (KHTML, like Gecko) Version/15.2 Safari/605.1.15"
188.162.141.59 - - [07/Apr/2022:20:20:14 +0000] "POST /webasyst/shop/?plugin=kmsuppliers&module=sku&action=select HTTP/2.0" 200 578 "https://justgrill.ru/webasyst/shop/?plugin=kmsuppliers" "Mozilla/5.0 (Macintosh; Intel Mac OS X 10_15_7) AppleWebKit/605.1.15 (KHTML, like Gecko) Version/15.2 Safari/605.1.15"
188.162.141.59 - - [07/Apr/2022:20:20:16 +0000] "POST /webasyst/shop/?plugin=kmsuppliers&module=sku&action=bind HTTP/2.0" 200 199 "https://justgrill.ru/webasyst/shop/?plugin=kmsuppliers" "Mozilla/5.0 (Macintosh; Intel Mac OS X 10_15_7) AppleWebKit/605.1.15 (KHTML, like Gecko) Version/15.2 Safari/605.1.15"
188.162.141.59 - - [07/Apr/2022:20:20:23 +0000] "POST /webasyst/shop/?plugin=kmsuppliers&module=sku&action=select HTTP/2.0" 200 575 "https://justgrill.ru/webasyst/shop/?plugin=kmsuppliers" "Mozilla/5.0 (Macintosh; Intel Mac OS X 10_15_7) AppleWebKit/605.1.15 (KHTML, like Gecko) Version/15.2 Safari/605.1.15"
188.162.141.59 - - [07/Apr/2022:20:20:25 +0000] "POST /webasyst/shop/?plugin=kmsuppliers&module=sku&action=bind HTTP/2.0" 200 209 "https://justgrill.ru/webasyst/shop/?plugin=kmsuppliers" "Mozilla/5.0 (Macintosh; Intel Mac OS X 10_15_7) AppleWebKit/605.1.15 (KHTML, like Gecko) Version/15.2 Safari/605.1.15"
188.162.141.59 - - [07/Apr/2022:20:20:33 +0000] "POST /webasyst/shop/?plugin=kmsuppliers&module=sku&action=select HTTP/2.0" 200 592 "https://justgrill.ru/webasyst/shop/?plugin=kmsuppliers" "Mozilla/5.0 (Macintosh; Intel Mac OS X 10_15_7) AppleWebKit/605.1.15 (KHTML, like Gecko) Version/15.2 Safari/605.1.15"
188.162.141.59 - - [07/Apr/2022:20:20:34 +0000] "POST /webasyst/shop/?plugin=kmsuppliers&module=sku&action=bind HTTP/2.0" 200 221 "https://justgrill.ru/webasyst/shop/?plugin=kmsuppliers" "Mozilla/5.0 (Macintosh; Intel Mac OS X 10_15_7) AppleWebKit/605.1.15 (KHTML, like Gecko) Version/15.2 Safari/605.1.15"
188.162.141.59 - - [07/Apr/2022:20:20:42 +0000] "POST /webasyst/shop/?plugin=kmsuppliers&module=sku&action=select HTTP/2.0" 200 573 "https://justgrill.ru/webasyst/shop/?plugin=kmsuppliers" "Mozilla/5.0 (Macintosh; Intel Mac OS X 10_15_7) AppleWebKit/605.1.15 (KHTML, like Gecko) Version/15.2 Safari/605.1.15"
188.162.141.59 - - [07/Apr/2022:20:20:43 +0000] "POST /webasyst/shop/?plugin=kmsuppliers&module=sku&action=bind HTTP/2.0" 200 203 "https://justgrill.ru/webasyst/shop/?plugin=kmsuppliers" "Mozilla/5.0 (Macintosh; Intel Mac OS X 10_15_7) AppleWebKit/605.1.15 (KHTML, like Gecko) Version/15.2 Safari/605.1.15"
188.162.141.59 - - [07/Apr/2022:20:20:51 +0000] "POST /webasyst/shop/?plugin=kmsuppliers&module=sku&action=select HTTP/2.0" 200 572 "https://justgrill.ru/webasyst/shop/?plugin=kmsuppliers" "Mozilla/5.0 (Macintosh; Intel Mac OS X 10_15_7) AppleWebKit/605.1.15 (KHTML, like Gecko) Version/15.2 Safari/605.1.15"
188.162.141.59 - - [07/Apr/2022:20:20:53 +0000] "POST /webasyst/shop/?plugin=kmsuppliers&module=sku&action=bind HTTP/2.0" 200 208 "https://justgrill.ru/webasyst/shop/?plugin=kmsuppliers" "Mozilla/5.0 (Macintosh; Intel Mac OS X 10_15_7) AppleWebKit/605.1.15 (KHTML, like Gecko) Version/15.2 Safari/605.1.15"
188.162.141.59 - - [07/Apr/2022:20:21:01 +0000] "POST /webasyst/shop/?plugin=kmsuppliers&module=sku&action=select HTTP/2.0" 200 581 "https://justgrill.ru/webasyst/shop/?plugin=kmsuppliers" "Mozilla/5.0 (Macintosh; Intel Mac OS X 10_15_7) AppleWebKit/605.1.15 (KHTML, like Gecko) Version/15.2 Safari/605.1.15"
188.162.141.59 - - [07/Apr/2022:20:21:03 +0000] "POST /webasyst/shop/?plugin=kmsuppliers&module=sku&action=bind HTTP/2.0" 200 211 "https://justgrill.ru/webasyst/shop/?plugin=kmsuppliers" "Mozilla/5.0 (Macintosh; Intel Mac OS X 10_15_7) AppleWebKit/605.1.15 (KHTML, like Gecko) Version/15.2 Safari/605.1.15"
188.162.141.59 - - [07/Apr/2022:20:21:10 +0000] "POST /webasyst/shop/?plugin=kmsuppliers&module=sku&action=select HTTP/2.0" 200 577 "https://justgrill.ru/webasyst/shop/?plugin=kmsuppliers" "Mozilla/5.0 (Macintosh; Intel Mac OS X 10_15_7) AppleWebKit/605.1.15 (KHTML, like Gecko) Version/15.2 Safari/605.1.15"
188.162.141.59 - - [07/Apr/2022:20:21:12 +0000] "POST /webasyst/shop/?plugin=kmsuppliers&module=sku&action=bind HTTP/2.0" 200 209 "https://justgrill.ru/webasyst/shop/?plugin=kmsuppliers" "Mozilla/5.0 (Macintosh; Intel Mac OS X 10_15_7) AppleWebKit/605.1.15 (KHTML, like Gecko) Version/15.2 Safari/605.1.15"
188.162.141.59 - - [07/Apr/2022:20:21:19 +0000] "POST /webasyst/shop/?plugin=kmsuppliers&module=sku&action=select HTTP/2.0" 200 578 "https://justgrill.ru/webasyst/shop/?plugin=kmsuppliers" "Mozilla/5.0 (Macintosh; Intel Mac OS X 10_15_7) AppleWebKit/605.1.15 (KHTML, like Gecko) Version/15.2 Safari/605.1.15"
188.162.141.59 - - [07/Apr/2022:20:21:21 +0000] "POST /webasyst/shop/?plugin=kmsuppliers&module=sku&action=bind HTTP/2.0" 200 211 "https://justgrill.ru/webasyst/shop/?plugin=kmsuppliers" "Mozilla/5.0 (Macintosh; Intel Mac OS X 10_15_7) AppleWebKit/605.1.15 (KHTML, like Gecko) Version/15.2 Safari/605.1.15"
188.162.141.59 - - [07/Apr/2022:20:21:32 +0000] "POST /webasyst/shop/?plugin=kmsuppliers&module=sku&action=select HTTP/2.0" 200 569 "https://justgrill.ru/webasyst/shop/?plugin=kmsuppliers" "Mozilla/5.0 (Macintosh; Intel Mac OS X 10_15_7) AppleWebKit/605.1.15 (KHTML, like Gecko) Version/15.2 Safari/605.1.15"
188.162.141.59 - - [07/Apr/2022:20:21:34 +0000] "POST /webasyst/shop/?plugin=kmsuppliers&module=sku&action=bind HTTP/2.0" 200 203 "https://justgrill.ru/webasyst/shop/?plugin=kmsuppliers" "Mozilla/5.0 (Macintosh; Intel Mac OS X 10_15_7) AppleWebKit/605.1.15 (KHTML, like Gecko) Version/15.2 Safari/605.1.15"
188.162.141.59 - - [07/Apr/2022:20:21:49 +0000] "POST /webasyst/shop/?plugin=kmsuppliers&module=sku&action=select HTTP/2.0" 200 567 "https://justgrill.ru/webasyst/shop/?plugin=kmsuppliers" "Mozilla/5.0 (Macintosh; Intel Mac OS X 10_15_7) AppleWebKit/605.1.15 (KHTML, like Gecko) Version/15.2 Safari/605.1.15"
188.162.141.59 - - [07/Apr/2022:20:21:50 +0000] "POST /webasyst/shop/?plugin=kmsuppliers&module=sku&action=bind HTTP/2.0" 200 189 "https://justgrill.ru/webasyst/shop/?plugin=kmsuppliers" "Mozilla/5.0 (Macintosh; Intel Mac OS X 10_15_7) AppleWebKit/605.1.15 (KHTML, like Gecko) Version/15.2 Safari/605.1.15"
188.162.141.59 - - [07/Apr/2022:20:21:58 +0000] "POST /webasyst/shop/?plugin=kmsuppliers&module=sku&action=select HTTP/2.0" 200 573 "https://justgrill.ru/webasyst/shop/?plugin=kmsuppliers" "Mozilla/5.0 (Macintosh; Intel Mac OS X 10_15_7) AppleWebKit/605.1.15 (KHTML, like Gecko) Version/15.2 Safari/605.1.15"
188.162.141.59 - - [07/Apr/2022:20:22:00 +0000] "POST /webasyst/shop/?plugin=kmsuppliers&module=sku&action=bind HTTP/2.0" 200 203 "https://justgrill.ru/webasyst/shop/?plugin=kmsuppliers" "Mozilla/5.0 (Macintosh; Intel Mac OS X 10_15_7) AppleWebKit/605.1.15 (KHTML, like Gecko) Version/15.2 Safari/605.1.15"
178.155.5.84 - - [07/Apr/2022:20:22:07 +0000] "POST /onestep/ HTTP/2.0" 200 7116 "https://rostov.justgrill.ru/onestep/" "Mozilla/5.0 (iPhone; CPU iPhone OS 14_8_1 like Mac OS X) AppleWebKit/605.1.15 (KHTML, like Gecko) Version/14.1.2 Mobile/15E148 Safari/604.1"
178.155.5.84 - - [07/Apr/2022:20:22:07 +0000] "POST /gift-cart-list/ HTTP/2.0" 200 20 "https://rostov.justgrill.ru/onestep/" "Mozilla/5.0 (iPhone; CPU iPhone OS 14_8_1 like Mac OS X) AppleWebKit/605.1.15 (KHTML, like Gecko) Version/14.1.2 Mobile/15E148 Safari/604.1"
188.162.141.59 - - [07/Apr/2022:20:22:24 +0000] "POST /webasyst/shop/?plugin=kmsuppliers&module=sku&action=exclude HTTP/2.0" 200 62 "https://justgrill.ru/webasyst/shop/?plugin=kmsuppliers" "Mozilla/5.0 (Macintosh; Intel Mac OS X 10_15_7) AppleWebKit/605.1.15 (KHTML, like Gecko) Version/15.2 Safari/605.1.15"
178.155.5.84 - - [07/Apr/2022:20:22:54 +0000] "POST /onestep/ HTTP/2.0" 200 7116 "https://rostov.justgrill.ru/onestep/" "Mozilla/5.0 (iPhone; CPU iPhone OS 14_8_1 like Mac OS X) AppleWebKit/605.1.15 (KHTML, like Gecko) Version/14.1.2 Mobile/15E148 Safari/604.1"
188.162.141.59 - - [07/Apr/2022:20:22:57 +0000] "POST /webasyst/shop/?plugin=kmsuppliers&module=sku&action=select HTTP/2.0" 200 577 "https://justgrill.ru/webasyst/shop/?plugin=kmsuppliers" "Mozilla/5.0 (Macintosh; Intel Mac OS X 10_15_7) AppleWebKit/605.1.15 (KHTML, like Gecko) Version/15.2 Safari/605.1.15"
188.162.141.59 - - [07/Apr/2022:20:22:59 +0000] "POST /webasyst/shop/?plugin=kmsuppliers&module=sku&action=bind HTTP/2.0" 200 207 "https://justgrill.ru/webasyst/shop/?plugin=kmsuppliers" "Mozilla/5.0 (Macintosh; Intel Mac OS X 10_15_7) AppleWebKit/605.1.15 (KHTML, like Gecko) Version/15.2 Safari/605.1.15"
188.162.141.59 - - [07/Apr/2022:20:23:08 +0000] "POST /webasyst/shop/?plugin=kmsuppliers&module=sku&action=select HTTP/2.0" 200 581 "https://justgrill.ru/webasyst/shop/?plugin=kmsuppliers" "Mozilla/5.0 (Macintosh; Intel Mac OS X 10_15_7) AppleWebKit/605.1.15 (KHTML, like Gecko) Version/15.2 Safari/605.1.15"
188.162.141.59 - - [07/Apr/2022:20:23:10 +0000] "POST /webasyst/shop/?plugin=kmsuppliers&module=sku&action=bind HTTP/2.0" 200 214 "https://justgrill.ru/webasyst/shop/?plugin=kmsuppliers" "Mozilla/5.0 (Macintosh; Intel Mac OS X 10_15_7) AppleWebKit/605.1.15 (KHTML, like Gecko) Version/15.2 Safari/605.1.15"
188.162.141.59 - - [07/Apr/2022:20:23:28 +0000] "POST /webasyst/shop/?plugin=kmsuppliers&module=sku&action=exclude HTTP/2.0" 200 62 "https://justgrill.ru/webasyst/shop/?plugin=kmsuppliers" "Mozilla/5.0 (Macintosh; Intel Mac OS X 10_15_7) AppleWebKit/605.1.15 (KHTML, like Gecko) Version/15.2 Safari/605.1.15"
188.162.141.59 - - [07/Apr/2022:20:23:37 +0000] "POST /webasyst/shop/?plugin=kmsuppliers&module=sku&action=select HTTP/2.0" 200 617 "https://justgrill.ru/webasyst/shop/?plugin=kmsuppliers" "Mozilla/5.0 (Macintosh; Intel Mac OS X 10_15_7) AppleWebKit/605.1.15 (KHTML, like Gecko) Version/15.2 Safari/605.1.15"
188.162.141.59 - - [07/Apr/2022:20:23:38 +0000] "POST /webasyst/shop/?plugin=kmsuppliers&module=sku&action=bind HTTP/2.0" 200 147 "https://justgrill.ru/webasyst/shop/?plugin=kmsuppliers" "Mozilla/5.0 (Macintosh; Intel Mac OS X 10_15_7) AppleWebKit/605.1.15 (KHTML, like Gecko) Version/15.2 Safari/605.1.15"
188.162.141.59 - - [07/Apr/2022:20:23:45 +0000] "POST /webasyst/shop/?plugin=kmsuppliers&module=sku&action=select HTTP/2.0" 200 566 "https://justgrill.ru/webasyst/shop/?plugin=kmsuppliers" "Mozilla/5.0 (Macintosh; Intel Mac OS X 10_15_7) AppleWebKit/605.1.15 (KHTML, like Gecko) Version/15.2 Safari/605.1.15"
188.162.141.59 - - [07/Apr/2022:20:23:47 +0000] "POST /webasyst/shop/?plugin=kmsuppliers&module=sku&action=bind HTTP/2.0" 200 189 "https://justgrill.ru/webasyst/shop/?plugin=kmsuppliers" "Mozilla/5.0 (Macintosh; Intel Mac OS X 10_15_7) AppleWebKit/605.1.15 (KHTML, like Gecko) Version/15.2 Safari/605.1.15"
