5.188.113.194 - admin [07/Apr/2022:08:03:56 +0000] "POST /cml1c/adfc9ee9-8d33-4958-a478-3f8659809409/?type=catalog&mode=file&filename=v8_Kllkhv_53.zip&sessid= HTTP/1.1" 200 50 "-" "1C+Enterprise/8.3"
5.188.113.194 - admin [07/Apr/2022:08:04:10 +0000] "POST /cml1c/adfc9ee9-8d33-4958-a478-3f8659809409/?type=catalog&mode=file&filename=v8_Kllkhv_54.zip&sessid= HTTP/1.1" 200 50 "-" "1C+Enterprise/8.3"
77.95.94.229 - - [07/Apr/2022:08:04:27 +0000] "POST /webasyst/?module=settings&action=save HTTP/2.0" 200 53 "https://justgrill.ru/webasyst" "Mozilla/5.0 (Windows NT 10.0; Win64; x64) AppleWebKit/537.36 (KHTML, like Gecko) Chrome/98.0.4758.119 YaBrowser/22.3.0.2430 Yowser/2.5 Safari/537.36"
5.188.113.194 - admin [07/Apr/2022:08:04:28 +0000] "POST /cml1c/adfc9ee9-8d33-4958-a478-3f8659809409/?type=catalog&mode=file&filename=v8_Kllkhv_55.zip&sessid= HTTP/1.1" 200 50 "-" "1C+Enterprise/8.3"
77.95.94.229 - - [07/Apr/2022:08:04:40 +0000] "POST /webasyst/shop/?plugin=beruru&module=backend&action=orderListData HTTP/2.0" 200 76 "https://justgrill.ru/webasyst/shop/" "Mozilla/5.0 (Windows NT 10.0; Win64; x64) AppleWebKit/537.36 (KHTML, like Gecko) Chrome/98.0.4758.119 YaBrowser/22.3.0.2430 Yowser/2.5 Safari/537.36"
77.95.94.229 - - [07/Apr/2022:08:04:40 +0000] "POST /webasyst/shop/?plugin=ym&module=backend&action=orderListData HTTP/2.0" 200 120 "https://justgrill.ru/webasyst/shop/" "Mozilla/5.0 (Windows NT 10.0; Win64; x64) AppleWebKit/537.36 (KHTML, like Gecko) Chrome/98.0.4758.119 YaBrowser/22.3.0.2430 Yowser/2.5 Safari/537.36"
77.95.94.229 - - [07/Apr/2022:08:04:41 +0000] "POST /webasyst/shop/?plugin=beruru&module=backend&action=orderListData HTTP/2.0" 200 76 "https://justgrill.ru/webasyst/shop/" "Mozilla/5.0 (Windows NT 10.0; Win64; x64) AppleWebKit/537.36 (KHTML, like Gecko) Chrome/98.0.4758.119 YaBrowser/22.3.0.2430 Yowser/2.5 Safari/537.36"
77.95.94.229 - - [07/Apr/2022:08:04:41 +0000] "POST /webasyst/shop/?plugin=ym&module=backend&action=orderListData HTTP/2.0" 200 120 "https://justgrill.ru/webasyst/shop/" "Mozilla/5.0 (Windows NT 10.0; Win64; x64) AppleWebKit/537.36 (KHTML, like Gecko) Chrome/98.0.4758.119 YaBrowser/22.3.0.2430 Yowser/2.5 Safari/537.36"
77.95.94.229 - - [07/Apr/2022:08:04:43 +0000] "POST /webasyst/shop/?plugin=apiopt&module=products&action=status HTTP/2.0" 200 51 "https://justgrill.ru/webasyst/shop/?action=products" "Mozilla/5.0 (Windows NT 10.0; Win64; x64) AppleWebKit/537.36 (KHTML, like Gecko) Chrome/98.0.4758.119 YaBrowser/22.3.0.2430 Yowser/2.5 Safari/537.36"
77.95.94.229 - - [07/Apr/2022:08:04:44 +0000] "POST /webasyst/shop/?plugin=apiopt&module=products&action=status HTTP/2.0" 200 51 "https://justgrill.ru/webasyst/shop/?action=products" "Mozilla/5.0 (Windows NT 10.0; Win64; x64) AppleWebKit/537.36 (KHTML, like Gecko) Chrome/98.0.4758.119 YaBrowser/22.3.0.2430 Yowser/2.5 Safari/537.36"
77.95.94.229 - - [07/Apr/2022:08:04:44 +0000] "POST /webasyst/shop/?plugin=apiopt&module=products&action=status HTTP/2.0" 200 51 "https://justgrill.ru/webasyst/shop/?action=products" "Mozilla/5.0 (Windows NT 10.0; Win64; x64) AppleWebKit/537.36 (KHTML, like Gecko) Chrome/98.0.4758.119 YaBrowser/22.3.0.2430 Yowser/2.5 Safari/537.36"
77.95.94.229 - - [07/Apr/2022:08:05:06 +0000] "POST /webasyst/shop/?plugin=apiopt&module=products&action=status HTTP/2.0" 200 51 "https://justgrill.ru/webasyst/shop/?action=products" "Mozilla/5.0 (Windows NT 10.0; Win64; x64) AppleWebKit/537.36 (KHTML, like Gecko) Chrome/98.0.4758.119 YaBrowser/22.3.0.2430 Yowser/2.5 Safari/537.36"
77.95.94.229 - - [07/Apr/2022:08:05:22 +0000] "POST /webasyst/shop/?plugin=apiopt&module=products&action=status HTTP/2.0" 200 51 "https://justgrill.ru/webasyst/shop/?action=products" "Mozilla/5.0 (Windows NT 10.0; Win64; x64) AppleWebKit/537.36 (KHTML, like Gecko) Chrome/98.0.4758.119 YaBrowser/22.3.0.2430 Yowser/2.5 Safari/537.36"
77.95.94.229 - - [07/Apr/2022:08:05:50 +0000] "POST /webasyst/shop/?plugin=apiopt&module=products&action=status HTTP/2.0" 200 51 "https://justgrill.ru/webasyst/shop/?action=products" "Mozilla/5.0 (Windows NT 10.0; Win64; x64) AppleWebKit/537.36 (KHTML, like Gecko) Chrome/98.0.4758.119 YaBrowser/22.3.0.2430 Yowser/2.5 Safari/537.36"
77.95.94.229 - - [07/Apr/2022:08:05:52 +0000] "POST /webasyst/shop/?plugin=apiopt&module=products&action=status HTTP/2.0" 200 51 "https://justgrill.ru/webasyst/shop/?action=products" "Mozilla/5.0 (Windows NT 10.0; Win64; x64) AppleWebKit/537.36 (KHTML, like Gecko) Chrome/98.0.4758.119 YaBrowser/22.3.0.2430 Yowser/2.5 Safari/537.36"
77.95.94.229 - - [07/Apr/2022:08:05:56 +0000] "POST /webasyst/shop/?plugin=apiopt&module=products&action=status HTTP/2.0" 200 51 "https://justgrill.ru/webasyst/shop/?action=products" "Mozilla/5.0 (Windows NT 10.0; Win64; x64) AppleWebKit/537.36 (KHTML, like Gecko) Chrome/98.0.4758.119 YaBrowser/22.3.0.2430 Yowser/2.5 Safari/537.36"
77.95.94.229 - - [07/Apr/2022:08:06:04 +0000] "POST /webasyst/shop/?plugin=apiopt&module=products&action=status HTTP/2.0" 200 51 "https://justgrill.ru/webasyst/shop/?action=products" "Mozilla/5.0 (Windows NT 10.0; Win64; x64) AppleWebKit/537.36 (KHTML, like Gecko) Chrome/98.0.4758.119 YaBrowser/22.3.0.2430 Yowser/2.5 Safari/537.36"
178.154.154.184 - - [07/Apr/2022:08:09:39 +0000] "POST /ym_api/1/?action=/cart HTTP/1.1" 200 110 "-" "Apache-HttpClient/4.5.6 (Java/11.0.8-shenandoah)"
195.68.158.158 - - [07/Apr/2022:08:10:04 +0000] "POST /webasyst/shop/?plugin=beruru&module=backend&action=orderListData HTTP/2.0" 200 76 "https://justgrill.ru/webasyst/shop/?action=orders" "Mozilla/5.0 (Windows NT 10.0; Win64; x64) AppleWebKit/537.36 (KHTML, like Gecko) Chrome/99.0.4844.84 Safari/537.36"
195.68.158.158 - - [07/Apr/2022:08:10:04 +0000] "POST /webasyst/shop/?plugin=ym&module=backend&action=orderListData HTTP/2.0" 200 120 "https://justgrill.ru/webasyst/shop/?action=orders" "Mozilla/5.0 (Windows NT 10.0; Win64; x64) AppleWebKit/537.36 (KHTML, like Gecko) Chrome/99.0.4844.84 Safari/537.36"
195.68.158.158 - - [07/Apr/2022:08:10:05 +0000] "POST /webasyst/shop/?plugin=beruru&module=backend&action=orderListData HTTP/2.0" 200 76 "https://justgrill.ru/webasyst/shop/?action=orders" "Mozilla/5.0 (Windows NT 10.0; Win64; x64) AppleWebKit/537.36 (KHTML, like Gecko) Chrome/99.0.4844.84 Safari/537.36"
195.68.158.158 - - [07/Apr/2022:08:10:05 +0000] "POST /webasyst/shop/?plugin=ym&module=backend&action=orderListData HTTP/2.0" 200 120 "https://justgrill.ru/webasyst/shop/?action=orders" "Mozilla/5.0 (Windows NT 10.0; Win64; x64) AppleWebKit/537.36 (KHTML, like Gecko) Chrome/99.0.4844.84 Safari/537.36"
195.68.158.158 - - [07/Apr/2022:08:10:05 +0000] "POST /webasyst/shop/?plugin=beruru&module=backend&action=orderListData HTTP/2.0" 200 76 "https://justgrill.ru/webasyst/shop/?action=orders" "Mozilla/5.0 (Windows NT 10.0; Win64; x64) AppleWebKit/537.36 (KHTML, like Gecko) Chrome/99.0.4844.84 Safari/537.36"
195.68.158.158 - - [07/Apr/2022:08:10:05 +0000] "POST /webasyst/shop/?plugin=ym&module=backend&action=orderListData HTTP/2.0" 200 120 "https://justgrill.ru/webasyst/shop/?action=orders" "Mozilla/5.0 (Windows NT 10.0; Win64; x64) AppleWebKit/537.36 (KHTML, like Gecko) Chrome/99.0.4844.84 Safari/537.36"
194.53.177.131 - - [07/Apr/2022:08:12:22 +0000] "POST /signup/ HTTP/1.1" 302 5 "-" "Mozilla/5.0 (Windows NT 10.0; Win64; x64) AppleWebKit/537.36 (KHTML, like Gecko) Chrome/85.0.4183.121 Safari/537.36"
194.53.177.131 - - [07/Apr/2022:08:12:24 +0000] "POST /signup/ HTTP/1.1" 302 5 "-" "Mozilla/5.0 (Windows NT 10.0; Win64; x64) AppleWebKit/537.36 (KHTML, like Gecko) Chrome/85.0.4183.121 Safari/537.36"
194.53.177.131 - - [07/Apr/2022:08:12:26 +0000] "POST /forgotpassword/ HTTP/1.1" 200 27700 "-" "Mozilla/5.0 (Windows NT 10.0; Win64; x64) AppleWebKit/537.36 (KHTML, like Gecko) Chrome/85.0.4183.121 Safari/537.36"
194.53.177.131 - - [07/Apr/2022:08:12:27 +0000] "POST /forgotpassword/ HTTP/1.1" 200 27702 "-" "Mozilla/5.0 (Windows NT 10.0; Win64; x64) AppleWebKit/537.36 (KHTML, like Gecko) Chrome/85.0.4183.121 Safari/537.36"
37.9.71.121 - - [07/Apr/2022:08:14:02 +0000] "POST /ym_api/1/?action=/cart HTTP/1.1" 200 110 "-" "Apache-HttpClient/4.5.6 (Java/11.0.8-shenandoah)"
195.68.158.158 - - [07/Apr/2022:08:16:18 +0000] "POST /webasyst/shop/?plugin=beruru&module=backend&action=orderListData HTTP/2.0" 200 76 "https://justgrill.ru/webasyst/shop/?action=orders" "Mozilla/5.0 (Windows NT 10.0; Win64; x64) AppleWebKit/537.36 (KHTML, like Gecko) Chrome/99.0.4844.84 Safari/537.36"
195.68.158.158 - - [07/Apr/2022:08:16:18 +0000] "POST /webasyst/shop/?plugin=ym&module=backend&action=orderListData HTTP/2.0" 200 120 "https://justgrill.ru/webasyst/shop/?action=orders" "Mozilla/5.0 (Windows NT 10.0; Win64; x64) AppleWebKit/537.36 (KHTML, like Gecko) Chrome/99.0.4844.84 Safari/537.36"
195.68.158.158 - - [07/Apr/2022:08:16:19 +0000] "POST /webasyst/shop/?plugin=beruru&module=backend&action=orderListData HTTP/2.0" 200 76 "https://justgrill.ru/webasyst/shop/?action=orders" "Mozilla/5.0 (Windows NT 10.0; Win64; x64) AppleWebKit/537.36 (KHTML, like Gecko) Chrome/99.0.4844.84 Safari/537.36"
195.68.158.158 - - [07/Apr/2022:08:16:19 +0000] "POST /webasyst/shop/?plugin=ym&module=backend&action=orderListData HTTP/2.0" 200 120 "https://justgrill.ru/webasyst/shop/?action=orders" "Mozilla/5.0 (Windows NT 10.0; Win64; x64) AppleWebKit/537.36 (KHTML, like Gecko) Chrome/99.0.4844.84 Safari/537.36"
178.154.154.251 - - [07/Apr/2022:08:17:11 +0000] "POST /ym_api/1/?action=/stocks HTTP/1.1" 200 1414 "-" "Apache-HttpClient/4.5.6 (Java/11.0.8-shenandoah)"
95.153.168.251 - - [07/Apr/2022:08:19:27 +0000] "POST /webasyst/shop/?plugin=beruru&module=backend&action=orderListData HTTP/2.0" 200 76 "https://justgrill.ru/webasyst/shop/?action=orders" "Mozilla/5.0 (Windows NT 10.0; WOW64) AppleWebKit/537.36 (KHTML, like Gecko) Chrome/98.0.4758.119 YaBrowser/22.3.0.2434 Yowser/2.5 Safari/537.36"
95.153.168.251 - - [07/Apr/2022:08:19:27 +0000] "POST /webasyst/shop/?plugin=ym&module=backend&action=orderListData HTTP/2.0" 200 120 "https://justgrill.ru/webasyst/shop/?action=orders" "Mozilla/5.0 (Windows NT 10.0; WOW64) AppleWebKit/537.36 (KHTML, like Gecko) Chrome/98.0.4758.119 YaBrowser/22.3.0.2434 Yowser/2.5 Safari/537.36"
95.153.168.251 - - [07/Apr/2022:08:19:27 +0000] "POST /webasyst/shop/?plugin=beruru&module=backend&action=orderListData HTTP/2.0" 200 76 "https://justgrill.ru/webasyst/shop/?action=orders" "Mozilla/5.0 (Windows NT 10.0; WOW64) AppleWebKit/537.36 (KHTML, like Gecko) Chrome/98.0.4758.119 YaBrowser/22.3.0.2434 Yowser/2.5 Safari/537.36"
95.153.168.251 - - [07/Apr/2022:08:19:27 +0000] "POST /webasyst/shop/?plugin=ym&module=backend&action=orderListData HTTP/2.0" 200 120 "https://justgrill.ru/webasyst/shop/?action=orders" "Mozilla/5.0 (Windows NT 10.0; WOW64) AppleWebKit/537.36 (KHTML, like Gecko) Chrome/98.0.4758.119 YaBrowser/22.3.0.2434 Yowser/2.5 Safari/537.36"
95.153.168.251 - - [07/Apr/2022:08:19:29 +0000] "POST /webasyst/shop/?plugin=beruru&module=backend&action=orderListData HTTP/2.0" 200 76 "https://justgrill.ru/webasyst/shop/?action=orders" "Mozilla/5.0 (Windows NT 10.0; WOW64) AppleWebKit/537.36 (KHTML, like Gecko) Chrome/98.0.4758.119 YaBrowser/22.3.0.2434 Yowser/2.5 Safari/537.36"
95.153.168.251 - - [07/Apr/2022:08:19:29 +0000] "POST /webasyst/shop/?plugin=ym&module=backend&action=orderListData HTTP/2.0" 200 120 "https://justgrill.ru/webasyst/shop/?action=orders" "Mozilla/5.0 (Windows NT 10.0; WOW64) AppleWebKit/537.36 (KHTML, like Gecko) Chrome/98.0.4758.119 YaBrowser/22.3.0.2434 Yowser/2.5 Safari/537.36"
95.153.168.251 - - [07/Apr/2022:08:19:32 +0000] "POST /webasyst/shop/?plugin=beruru&module=backend&action=orderListData HTTP/2.0" 200 76 "https://justgrill.ru/webasyst/shop/?action=orders" "Mozilla/5.0 (Windows NT 10.0; WOW64) AppleWebKit/537.36 (KHTML, like Gecko) Chrome/98.0.4758.119 YaBrowser/22.3.0.2434 Yowser/2.5 Safari/537.36"
95.153.168.251 - - [07/Apr/2022:08:19:32 +0000] "POST /webasyst/shop/?plugin=ym&module=backend&action=orderListData HTTP/2.0" 200 120 "https://justgrill.ru/webasyst/shop/?action=orders" "Mozilla/5.0 (Windows NT 10.0; WOW64) AppleWebKit/537.36 (KHTML, like Gecko) Chrome/98.0.4758.119 YaBrowser/22.3.0.2434 Yowser/2.5 Safari/537.36"
5.45.201.213 - - [07/Apr/2022:08:25:05 +0000] "POST /ym_api/1/?action=/cart HTTP/1.1" 200 110 "-" "Apache-HttpClient/4.5.6 (Java/11.0.8-shenandoah)"
46.61.56.88 - - [07/Apr/2022:08:26:25 +0000] "POST /blog/ananas-na-grile-pod-sousom/comment/ HTTP/1.0" 200 177 "https://justgrill.ru/blog/ananas-na-grile-pod-sousom/" "Mozilla/5.0 (Windows NT 10.0) AppleWebKit/537.36 (KHTML, like Gecko) Chrome/90.0.4430.72 Safari/537.36"
5.188.113.194 - admin [07/Apr/2022:08:30:02 +0000] "POST /cml1c/adfc9ee9-8d33-4958-a478-3f8659809409/?type=catalog&mode=file&filename=v8_Kllkhv_5c.zip&sessid= HTTP/1.1" 200 50 "-" "1C+Enterprise/8.3"
5.188.113.194 - admin [07/Apr/2022:08:30:02 +0000] "POST /cml1c/adfc9ee9-8d33-4958-a478-3f8659809409/?type=catalog&mode=file&filename=v8_Kllkhv_5b.zip&sessid= HTTP/1.1" 200 50 "-" "1C+Enterprise/8.3"
5.188.113.194 - admin [07/Apr/2022:08:30:03 +0000] "POST /cml1c/adfc9ee9-8d33-4958-a478-3f8659809409/?type=catalog&mode=file&filename=v8_Kllkhv_5d.zip&sessid= HTTP/1.1" 200 50 "-" "1C+Enterprise/8.3"
5.188.113.194 - admin [07/Apr/2022:08:30:09 +0000] "POST /cml1c/adfc9ee9-8d33-4958-a478-3f8659809409/?type=catalog&mode=file&filename=v8_Kllkhv_5e.zip&sessid= HTTP/1.1" 200 50 "-" "1C+Enterprise/8.3"
5.188.113.194 - admin [07/Apr/2022:08:30:11 +0000] "POST /cml1c/adfc9ee9-8d33-4958-a478-3f8659809409/?type=catalog&mode=file&filename=v8_Kllkhv_5f.zip&sessid= HTTP/1.1" 200 50 "-" "1C+Enterprise/8.3"
5.188.113.194 - admin [07/Apr/2022:08:30:18 +0000] "POST /cml1c/adfc9ee9-8d33-4958-a478-3f8659809409/?type=catalog&mode=file&filename=v8_Kllkhv_60.zip&sessid= HTTP/1.1" 200 50 "-" "1C+Enterprise/8.3"
5.188.113.194 - admin [07/Apr/2022:08:30:18 +0000] "POST /cml1c/adfc9ee9-8d33-4958-a478-3f8659809409/?type=catalog&mode=file&filename=v8_Kllkhv_61.zip&sessid= HTTP/1.1" 200 50 "-" "1C+Enterprise/8.3"
178.154.154.251 - - [07/Apr/2022:08:31:27 +0000] "POST /ym_api/1/?action=/cart HTTP/1.1" 200 111 "-" "Apache-HttpClient/4.5.6 (Java/11.0.8-shenandoah)"
195.68.158.158 - - [07/Apr/2022:08:33:17 +0000] "POST /webasyst/shop/?plugin=beruru&module=backend&action=orderListData HTTP/2.0" 200 76 "https://justgrill.ru/webasyst/shop/?action=orders" "Mozilla/5.0 (Windows NT 10.0; Win64; x64) AppleWebKit/537.36 (KHTML, like Gecko) Chrome/99.0.4844.84 Safari/537.36"
195.68.158.158 - - [07/Apr/2022:08:33:17 +0000] "POST /webasyst/shop/?plugin=ym&module=backend&action=orderListData HTTP/2.0" 200 120 "https://justgrill.ru/webasyst/shop/?action=orders" "Mozilla/5.0 (Windows NT 10.0; Win64; x64) AppleWebKit/537.36 (KHTML, like Gecko) Chrome/99.0.4844.84 Safari/537.36"
195.68.158.158 - - [07/Apr/2022:08:33:18 +0000] "POST /webasyst/shop/?plugin=beruru&module=backend&action=orderListData HTTP/2.0" 200 76 "https://justgrill.ru/webasyst/shop/?action=orders" "Mozilla/5.0 (Windows NT 10.0; Win64; x64) AppleWebKit/537.36 (KHTML, like Gecko) Chrome/99.0.4844.84 Safari/537.36"
195.68.158.158 - - [07/Apr/2022:08:33:18 +0000] "POST /webasyst/shop/?plugin=ym&module=backend&action=orderListData HTTP/2.0" 200 120 "https://justgrill.ru/webasyst/shop/?action=orders" "Mozilla/5.0 (Windows NT 10.0; Win64; x64) AppleWebKit/537.36 (KHTML, like Gecko) Chrome/99.0.4844.84 Safari/537.36"
37.9.71.213 - - [07/Apr/2022:08:34:58 +0000] "POST /ym_api/1/?action=/cart HTTP/1.1" 200 110 "-" "Apache-HttpClient/4.5.6 (Java/11.0.8-shenandoah)"
95.153.168.251 - - [07/Apr/2022:08:37:23 +0000] "POST /webasyst/shop/?plugin=beruru&module=backend&action=orderListData HTTP/2.0" 200 76 "https://justgrill.ru/webasyst/shop/?action=orders" "Mozilla/5.0 (Windows NT 10.0; WOW64) AppleWebKit/537.36 (KHTML, like Gecko) Chrome/98.0.4758.119 YaBrowser/22.3.0.2434 Yowser/2.5 Safari/537.36"
95.153.168.251 - - [07/Apr/2022:08:37:23 +0000] "POST /webasyst/shop/?plugin=ym&module=backend&action=orderListData HTTP/2.0" 200 120 "https://justgrill.ru/webasyst/shop/?action=orders" "Mozilla/5.0 (Windows NT 10.0; WOW64) AppleWebKit/537.36 (KHTML, like Gecko) Chrome/98.0.4758.119 YaBrowser/22.3.0.2434 Yowser/2.5 Safari/537.36"
95.153.168.251 - - [07/Apr/2022:08:37:23 +0000] "POST /webasyst/shop/?plugin=beruru&module=backend&action=orderListData HTTP/2.0" 200 76 "https://justgrill.ru/webasyst/shop/?action=orders" "Mozilla/5.0 (Windows NT 10.0; WOW64) AppleWebKit/537.36 (KHTML, like Gecko) Chrome/98.0.4758.119 YaBrowser/22.3.0.2434 Yowser/2.5 Safari/537.36"
95.153.168.251 - - [07/Apr/2022:08:37:23 +0000] "POST /webasyst/shop/?plugin=ym&module=backend&action=orderListData HTTP/2.0" 200 120 "https://justgrill.ru/webasyst/shop/?action=orders" "Mozilla/5.0 (Windows NT 10.0; WOW64) AppleWebKit/537.36 (KHTML, like Gecko) Chrome/98.0.4758.119 YaBrowser/22.3.0.2434 Yowser/2.5 Safari/537.36"
178.154.154.251 - - [07/Apr/2022:08:38:11 +0000] "POST /ym_api/1/?action=/stocks HTTP/1.1" 200 1414 "-" "Apache-HttpClient/4.5.6 (Java/11.0.8-shenandoah)"
95.108.153.226 - - [07/Apr/2022:08:44:00 +0000] "POST /ym_api/1/?action=/cart HTTP/1.1" 200 110 "-" "Apache-HttpClient/4.5.6 (Java/11.0.8-shenandoah)"
94.25.177.234 - - [07/Apr/2022:08:44:24 +0000] "POST /webasyst/shop/?plugin=ym&module=backend&action=orderListData HTTP/2.0" 200 120 "https://justgrill.ru/webasyst/shop/?action=orders" "Mozilla/5.0 (Windows NT 10.0; Win64; x64) AppleWebKit/537.36 (KHTML, like Gecko) Chrome/99.0.4844.84 Safari/537.36"
94.25.177.234 - - [07/Apr/2022:08:44:24 +0000] "POST /webasyst/shop/?plugin=beruru&module=backend&action=orderListData HTTP/2.0" 200 76 "https://justgrill.ru/webasyst/shop/?action=orders" "Mozilla/5.0 (Windows NT 10.0; Win64; x64) AppleWebKit/537.36 (KHTML, like Gecko) Chrome/99.0.4844.84 Safari/537.36"
94.25.177.234 - - [07/Apr/2022:08:44:25 +0000] "POST /webasyst/shop/?plugin=beruru&module=backend&action=orderListData HTTP/2.0" 200 76 "https://justgrill.ru/webasyst/shop/?action=orders" "Mozilla/5.0 (Windows NT 10.0; Win64; x64) AppleWebKit/537.36 (KHTML, like Gecko) Chrome/99.0.4844.84 Safari/537.36"
94.25.177.234 - - [07/Apr/2022:08:44:25 +0000] "POST /webasyst/shop/?plugin=ym&module=backend&action=orderListData HTTP/2.0" 200 120 "https://justgrill.ru/webasyst/shop/?action=orders" "Mozilla/5.0 (Windows NT 10.0; Win64; x64) AppleWebKit/537.36 (KHTML, like Gecko) Chrome/99.0.4844.84 Safari/537.36"
94.25.177.234 - - [07/Apr/2022:08:44:32 +0000] "POST /webasyst/shop/?plugin=beruru&module=backend&action=orderListData HTTP/2.0" 200 76 "https://justgrill.ru/webasyst/shop/?action=orders" "Mozilla/5.0 (Windows NT 10.0; Win64; x64) AppleWebKit/537.36 (KHTML, like Gecko) Chrome/99.0.4844.84 Safari/537.36"
94.25.177.234 - - [07/Apr/2022:08:44:32 +0000] "POST /webasyst/shop/?plugin=ym&module=backend&action=orderListData HTTP/2.0" 200 120 "https://justgrill.ru/webasyst/shop/?action=orders" "Mozilla/5.0 (Windows NT 10.0; Win64; x64) AppleWebKit/537.36 (KHTML, like Gecko) Chrome/99.0.4844.84 Safari/537.36"
188.162.141.64 - - [07/Apr/2022:08:45:24 +0000] "POST /webasyst/shop/?plugin=ym&module=backend&action=orderListData HTTP/2.0" 200 120 "https://webasyst.justgrill.ru/webasyst/shop/?action=orders" "Mozilla/5.0 (Windows NT 10.0; Win64; x64) AppleWebKit/537.36 (KHTML, like Gecko) Chrome/100.0.4896.75 Safari/537.36"
188.162.141.64 - - [07/Apr/2022:08:45:24 +0000] "POST /webasyst/shop/?plugin=beruru&module=backend&action=orderListData HTTP/2.0" 200 76 "https://webasyst.justgrill.ru/webasyst/shop/?action=orders" "Mozilla/5.0 (Windows NT 10.0; Win64; x64) AppleWebKit/537.36 (KHTML, like Gecko) Chrome/100.0.4896.75 Safari/537.36"
188.162.141.64 - - [07/Apr/2022:08:45:25 +0000] "POST /webasyst/shop/?plugin=beruru&module=backend&action=orderListData HTTP/2.0" 200 76 "https://webasyst.justgrill.ru/webasyst/shop/?action=orders" "Mozilla/5.0 (Windows NT 10.0; Win64; x64) AppleWebKit/537.36 (KHTML, like Gecko) Chrome/100.0.4896.75 Safari/537.36"
188.162.141.64 - - [07/Apr/2022:08:45:25 +0000] "POST /webasyst/shop/?plugin=ym&module=backend&action=orderListData HTTP/2.0" 200 120 "https://webasyst.justgrill.ru/webasyst/shop/?action=orders" "Mozilla/5.0 (Windows NT 10.0; Win64; x64) AppleWebKit/537.36 (KHTML, like Gecko) Chrome/100.0.4896.75 Safari/537.36"
188.162.141.64 - - [07/Apr/2022:08:45:27 +0000] "POST /webasyst/shop/?plugin=ym&module=backend&action=orderListData HTTP/2.0" 200 120 "https://webasyst.justgrill.ru/webasyst/shop/?action=orders" "Mozilla/5.0 (Windows NT 10.0; Win64; x64) AppleWebKit/537.36 (KHTML, like Gecko) Chrome/100.0.4896.75 Safari/537.36"
188.162.141.64 - - [07/Apr/2022:08:45:27 +0000] "POST /webasyst/shop/?plugin=beruru&module=backend&action=orderListData HTTP/2.0" 200 76 "https://webasyst.justgrill.ru/webasyst/shop/?action=orders" "Mozilla/5.0 (Windows NT 10.0; Win64; x64) AppleWebKit/537.36 (KHTML, like Gecko) Chrome/100.0.4896.75 Safari/537.36"
188.162.141.64 - - [07/Apr/2022:08:45:40 +0000] "POST /webasyst/shop/?plugin=beruru&module=backend&action=orderListData HTTP/2.0" 200 76 "https://webasyst.justgrill.ru/webasyst/shop/?action=orders" "Mozilla/5.0 (Windows NT 10.0; Win64; x64) AppleWebKit/537.36 (KHTML, like Gecko) Chrome/100.0.4896.75 Safari/537.36"
188.162.141.64 - - [07/Apr/2022:08:45:40 +0000] "POST /webasyst/shop/?plugin=ym&module=backend&action=orderListData HTTP/2.0" 200 120 "https://webasyst.justgrill.ru/webasyst/shop/?action=orders" "Mozilla/5.0 (Windows NT 10.0; Win64; x64) AppleWebKit/537.36 (KHTML, like Gecko) Chrome/100.0.4896.75 Safari/537.36"
5.45.201.213 - - [07/Apr/2022:08:48:35 +0000] "POST /ym_api/1/?action=/cart HTTP/1.1" 200 109 "-" "Apache-HttpClient/4.5.6 (Java/11.0.8-shenandoah)"
77.95.94.229 - - [07/Apr/2022:08:48:50 +0000] "POST /webasyst/shop/?plugin=apiopt&module=products&action=status HTTP/2.0" 200 51 "https://justgrill.ru/webasyst/shop/?action=products" "Mozilla/5.0 (Windows NT 10.0; Win64; x64) AppleWebKit/537.36 (KHTML, like Gecko) Chrome/98.0.4758.119 YaBrowser/22.3.0.2430 Yowser/2.5 Safari/537.36"
95.153.168.251 - - [07/Apr/2022:08:53:39 +0000] "POST /webasyst/shop/?plugin=ym&module=backend&action=orderListData HTTP/2.0" 200 120 "https://justgrill.ru/webasyst/shop/?action=orders" "Mozilla/5.0 (Windows NT 10.0; WOW64) AppleWebKit/537.36 (KHTML, like Gecko) Chrome/98.0.4758.119 YaBrowser/22.3.0.2434 Yowser/2.5 Safari/537.36"
95.153.168.251 - - [07/Apr/2022:08:53:39 +0000] "POST /webasyst/shop/?plugin=beruru&module=backend&action=orderListData HTTP/2.0" 200 76 "https://justgrill.ru/webasyst/shop/?action=orders" "Mozilla/5.0 (Windows NT 10.0; WOW64) AppleWebKit/537.36 (KHTML, like Gecko) Chrome/98.0.4758.119 YaBrowser/22.3.0.2434 Yowser/2.5 Safari/537.36"
95.153.168.251 - - [07/Apr/2022:08:53:39 +0000] "POST /webasyst/shop/?plugin=beruru&module=backend&action=orderListData HTTP/2.0" 200 76 "https://justgrill.ru/webasyst/shop/?action=orders" "Mozilla/5.0 (Windows NT 10.0; WOW64) AppleWebKit/537.36 (KHTML, like Gecko) Chrome/98.0.4758.119 YaBrowser/22.3.0.2434 Yowser/2.5 Safari/537.36"
95.153.168.251 - - [07/Apr/2022:08:53:39 +0000] "POST /webasyst/shop/?plugin=ym&module=backend&action=orderListData HTTP/2.0" 200 120 "https://justgrill.ru/webasyst/shop/?action=orders" "Mozilla/5.0 (Windows NT 10.0; WOW64) AppleWebKit/537.36 (KHTML, like Gecko) Chrome/98.0.4758.119 YaBrowser/22.3.0.2434 Yowser/2.5 Safari/537.36"
178.154.154.183 - - [07/Apr/2022:08:53:41 +0000] "POST /ym_api/1/?action=/cart HTTP/1.1" 200 110 "-" "Apache-HttpClient/4.5.6 (Java/11.0.8-shenandoah)"
94.25.170.158 - - [07/Apr/2022:08:55:37 +0000] "POST /webasyst/shop/?plugin=beruru&module=backend&action=orderListData HTTP/2.0" 200 76 "https://justgrill.ru/webasyst/shop/?action=orders" "Mozilla/5.0 (Windows NT 10.0; Win64; x64) AppleWebKit/537.36 (KHTML, like Gecko) Chrome/99.0.4844.84 Safari/537.36"
94.25.170.158 - - [07/Apr/2022:08:55:38 +0000] "POST /webasyst/shop/?plugin=ym&module=backend&action=orderListData HTTP/2.0" 200 120 "https://justgrill.ru/webasyst/shop/?action=orders" "Mozilla/5.0 (Windows NT 10.0; Win64; x64) AppleWebKit/537.36 (KHTML, like Gecko) Chrome/99.0.4844.84 Safari/537.36"
94.25.170.158 - - [07/Apr/2022:08:55:38 +0000] "POST /webasyst/shop/?plugin=beruru&module=backend&action=orderListData HTTP/2.0" 200 76 "https://justgrill.ru/webasyst/shop/?action=orders" "Mozilla/5.0 (Windows NT 10.0; Win64; x64) AppleWebKit/537.36 (KHTML, like Gecko) Chrome/99.0.4844.84 Safari/537.36"
94.25.170.158 - - [07/Apr/2022:08:55:38 +0000] "POST /webasyst/shop/?plugin=ym&module=backend&action=orderListData HTTP/2.0" 200 120 "https://justgrill.ru/webasyst/shop/?action=orders" "Mozilla/5.0 (Windows NT 10.0; Win64; x64) AppleWebKit/537.36 (KHTML, like Gecko) Chrome/99.0.4844.84 Safari/537.36"
94.25.170.158 - - [07/Apr/2022:08:55:41 +0000] "POST /webasyst/shop/?plugin=beruru&module=backend&action=orderListData HTTP/2.0" 200 76 "https://justgrill.ru/webasyst/shop/?action=orders" "Mozilla/5.0 (Windows NT 10.0; Win64; x64) AppleWebKit/537.36 (KHTML, like Gecko) Chrome/99.0.4844.84 Safari/537.36"
94.25.170.158 - - [07/Apr/2022:08:55:42 +0000] "POST /webasyst/shop/?plugin=ym&module=backend&action=orderListData HTTP/2.0" 200 120 "https://justgrill.ru/webasyst/shop/?action=orders" "Mozilla/5.0 (Windows NT 10.0; Win64; x64) AppleWebKit/537.36 (KHTML, like Gecko) Chrome/99.0.4844.84 Safari/537.36"
88.212.240.28 - - [07/Apr/2022:08:56:03 +0000] "POST /syncamocrm/lead/ HTTP/1.1" 200 62 "-" "amoCRM-Webhooks/3.0"
95.108.153.226 - - [07/Apr/2022:08:58:33 +0000] "POST /ym_api/1/?action=/cart HTTP/1.1" 200 111 "-" "Apache-HttpClient/4.5.6 (Java/11.0.8-shenandoah)"
178.154.168.202 - - [07/Apr/2022:08:59:35 +0000] "POST /ym_api/1/?action=/stocks HTTP/1.1" 200 1415 "-" "Apache-HttpClient/4.5.6 (Java/11.0.8-shenandoah)"
5.188.113.194 - admin [07/Apr/2022:09:00:04 +0000] "POST /cml1c/adfc9ee9-8d33-4958-a478-3f8659809409/?type=catalog&mode=file&filename=v8_Kllkhv_67.zip&sessid= HTTP/1.1" 200 50 "-" "1C+Enterprise/8.3"
5.188.113.194 - admin [07/Apr/2022:09:00:05 +0000] "POST /cml1c/adfc9ee9-8d33-4958-a478-3f8659809409/?type=catalog&mode=file&filename=v8_Kllkhv_69.zip&sessid= HTTP/1.1" 200 50 "-" "1C+Enterprise/8.3"
5.188.113.194 - admin [07/Apr/2022:09:00:05 +0000] "POST /cml1c/adfc9ee9-8d33-4958-a478-3f8659809409/?type=catalog&mode=file&filename=v8_Kllkhv_68.zip&sessid= HTTP/1.1" 200 50 "-" "1C+Enterprise/8.3"
5.188.113.194 - admin [07/Apr/2022:09:00:05 +0000] "POST /cml1c/adfc9ee9-8d33-4958-a478-3f8659809409/?type=catalog&mode=file&filename=v8_Kllkhv_6a.zip&sessid= HTTP/1.1" 200 50 "-" "1C+Enterprise/8.3"
5.188.113.194 - admin [07/Apr/2022:09:00:05 +0000] "POST /cml1c/adfc9ee9-8d33-4958-a478-3f8659809409/?type=catalog&mode=file&filename=v8_Kllkhv_6b.zip&sessid= HTTP/1.1" 200 50 "-" "1C+Enterprise/8.3"
5.188.113.194 - admin [07/Apr/2022:09:00:06 +0000] "POST /cml1c/adfc9ee9-8d33-4958-a478-3f8659809409/?type=catalog&mode=file&filename=v8_Kllkhv_6c.zip&sessid= HTTP/1.1" 200 50 "-" "1C+Enterprise/8.3"
5.188.113.194 - admin [07/Apr/2022:09:00:13 +0000] "POST /cml1c/adfc9ee9-8d33-4958-a478-3f8659809409/?type=catalog&mode=file&filename=v8_Kllkhv_6d.zip&sessid= HTTP/1.1" 200 50 "-" "1C+Enterprise/8.3"
5.188.113.194 - admin [07/Apr/2022:09:00:14 +0000] "POST /cml1c/adfc9ee9-8d33-4958-a478-3f8659809409/?type=catalog&mode=file&filename=v8_Kllkhv_6e.zip&sessid= HTTP/1.1" 200 50 "-" "1C+Enterprise/8.3"
5.188.113.194 - admin [07/Apr/2022:09:00:17 +0000] "POST /cml1c/adfc9ee9-8d33-4958-a478-3f8659809409/?type=catalog&mode=file&filename=v8_Kllkhv_6f.zip&sessid= HTTP/1.1" 200 50 "-" "1C+Enterprise/8.3"
5.188.113.194 - admin [07/Apr/2022:09:00:22 +0000] "POST /cml1c/adfc9ee9-8d33-4958-a478-3f8659809409/?type=catalog&mode=file&filename=v8_Kllkhv_70.zip&sessid= HTTP/1.1" 200 50 "-" "1C+Enterprise/8.3"
5.188.113.194 - admin [07/Apr/2022:09:00:23 +0000] "POST /cml1c/adfc9ee9-8d33-4958-a478-3f8659809409/?type=catalog&mode=file&filename=v8_Kllkhv_71.zip&sessid= HTTP/1.1" 200 50 "-" "1C+Enterprise/8.3"
5.188.113.194 - admin [07/Apr/2022:09:00:25 +0000] "POST /cml1c/adfc9ee9-8d33-4958-a478-3f8659809409/?type=catalog&mode=file&filename=v8_Kllkhv_72.zip&sessid= HTTP/1.1" 200 50 "-" "1C+Enterprise/8.3"
5.188.113.194 - admin [07/Apr/2022:09:00:32 +0000] "POST /cml1c/adfc9ee9-8d33-4958-a478-3f8659809409/?type=catalog&mode=file&filename=v8_Kllkhv_73.zip&sessid= HTTP/1.1" 200 50 "-" "1C+Enterprise/8.3"
5.188.113.194 - admin [07/Apr/2022:09:00:35 +0000] "POST /cml1c/adfc9ee9-8d33-4958-a478-3f8659809409/?type=catalog&mode=file&filename=v8_Kllkhv_74.zip&sessid= HTTP/1.1" 200 50 "-" "1C+Enterprise/8.3"
5.188.113.194 - admin [07/Apr/2022:09:00:44 +0000] "POST /cml1c/adfc9ee9-8d33-4958-a478-3f8659809409/?type=catalog&mode=file&filename=v8_Kllkhv_75.zip&sessid= HTTP/1.1" 200 50 "-" "1C+Enterprise/8.3"
5.188.113.194 - admin [07/Apr/2022:09:00:45 +0000] "POST /cml1c/adfc9ee9-8d33-4958-a478-3f8659809409/?type=catalog&mode=file&filename=v8_Kllkhv_76.zip&sessid= HTTP/1.1" 200 50 "-" "1C+Enterprise/8.3"
5.188.113.194 - admin [07/Apr/2022:09:00:46 +0000] "POST /cml1c/adfc9ee9-8d33-4958-a478-3f8659809409/?type=catalog&mode=file&filename=v8_Kllkhv_77.zip&sessid= HTTP/1.1" 200 50 "-" "1C+Enterprise/8.3"
5.188.113.194 - admin [07/Apr/2022:09:01:29 +0000] "POST /cml1c/adfc9ee9-8d33-4958-a478-3f8659809409/?type=catalog&mode=file&filename=v8_Kllkhv_79.zip&sessid= HTTP/1.1" 200 50 "-" "1C+Enterprise/8.3"
5.188.113.194 - admin [07/Apr/2022:09:01:56 +0000] "POST /cml1c/adfc9ee9-8d33-4958-a478-3f8659809409/?type=catalog&mode=file&filename=v8_Kllkhv_7a.zip&sessid= HTTP/1.1" 200 50 "-" "1C+Enterprise/8.3"
88.212.240.28 - - [07/Apr/2022:09:02:37 +0000] "POST /syncamocrm/lead/ HTTP/1.1" 200 62 "-" "amoCRM-Webhooks/3.0"
195.68.158.158 - - [07/Apr/2022:09:02:41 +0000] "POST /webasyst/shop/?plugin=ym&module=backend&action=orderListData HTTP/2.0" 200 120 "https://justgrill.ru/webasyst/shop/?action=orders" "Mozilla/5.0 (Windows NT 10.0; Win64; x64) AppleWebKit/537.36 (KHTML, like Gecko) Chrome/99.0.4844.84 Safari/537.36"
195.68.158.158 - - [07/Apr/2022:09:02:41 +0000] "POST /webasyst/shop/?plugin=beruru&module=backend&action=orderListData HTTP/2.0" 200 76 "https://justgrill.ru/webasyst/shop/?action=orders" "Mozilla/5.0 (Windows NT 10.0; Win64; x64) AppleWebKit/537.36 (KHTML, like Gecko) Chrome/99.0.4844.84 Safari/537.36"
195.68.158.158 - - [07/Apr/2022:09:02:43 +0000] "POST /webasyst/shop/?plugin=beruru&module=backend&action=orderListData HTTP/2.0" 200 76 "https://justgrill.ru/webasyst/shop/?action=orders" "Mozilla/5.0 (Windows NT 10.0; Win64; x64) AppleWebKit/537.36 (KHTML, like Gecko) Chrome/99.0.4844.84 Safari/537.36"
195.68.158.158 - - [07/Apr/2022:09:02:43 +0000] "POST /webasyst/shop/?plugin=ym&module=backend&action=orderListData HTTP/2.0" 200 120 "https://justgrill.ru/webasyst/shop/?action=orders" "Mozilla/5.0 (Windows NT 10.0; Win64; x64) AppleWebKit/537.36 (KHTML, like Gecko) Chrome/99.0.4844.84 Safari/537.36"
5.188.113.194 - admin [07/Apr/2022:09:03:07 +0000] "POST /cml1c/adfc9ee9-8d33-4958-a478-3f8659809409/?type=catalog&mode=file&filename=v8_Kllkhv_7b.zip&sessid= HTTP/1.1" 200 50 "-" "1C+Enterprise/8.3"
5.188.113.194 - admin [07/Apr/2022:09:03:09 +0000] "POST /cml1c/adfc9ee9-8d33-4958-a478-3f8659809409/?type=catalog&mode=file&filename=v8_Kllkhv_7c.zip&sessid= HTTP/1.1" 200 50 "-" "1C+Enterprise/8.3"
5.188.113.194 - admin [07/Apr/2022:09:03:10 +0000] "POST /cml1c/adfc9ee9-8d33-4958-a478-3f8659809409/?type=catalog&mode=file&filename=v8_Kllkhv_7d.zip&sessid= HTTP/1.1" 200 50 "-" "1C+Enterprise/8.3"
5.188.113.194 - admin [07/Apr/2022:09:03:16 +0000] "POST /cml1c/adfc9ee9-8d33-4958-a478-3f8659809409/?type=catalog&mode=file&filename=v8_Kllkhv_7e.zip&sessid= HTTP/1.1" 200 50 "-" "1C+Enterprise/8.3"
5.188.113.194 - admin [07/Apr/2022:09:03:20 +0000] "POST /cml1c/adfc9ee9-8d33-4958-a478-3f8659809409/?type=catalog&mode=file&filename=v8_Kllkhv_7f.zip&sessid= HTTP/1.1" 200 50 "-" "1C+Enterprise/8.3"
5.188.113.194 - admin [07/Apr/2022:09:03:23 +0000] "POST /cml1c/adfc9ee9-8d33-4958-a478-3f8659809409/?type=catalog&mode=file&filename=v8_Kllkhv_80.zip&sessid= HTTP/1.1" 200 50 "-" "1C+Enterprise/8.3"
5.188.113.194 - admin [07/Apr/2022:09:03:29 +0000] "POST /cml1c/adfc9ee9-8d33-4958-a478-3f8659809409/?type=catalog&mode=file&filename=v8_Kllkhv_81.zip&sessid= HTTP/1.1" 200 50 "-" "1C+Enterprise/8.3"
5.188.113.194 - admin [07/Apr/2022:09:03:42 +0000] "POST /cml1c/adfc9ee9-8d33-4958-a478-3f8659809409/?type=catalog&mode=file&filename=v8_Kllkhv_82.zip&sessid= HTTP/1.1" 200 50 "-" "1C+Enterprise/8.3"
5.188.113.194 - admin [07/Apr/2022:09:03:47 +0000] "POST /cml1c/adfc9ee9-8d33-4958-a478-3f8659809409/?type=catalog&mode=file&filename=v8_Kllkhv_83.zip&sessid= HTTP/1.1" 200 50 "-" "1C+Enterprise/8.3"
5.188.113.194 - admin [07/Apr/2022:09:03:51 +0000] "POST /cml1c/adfc9ee9-8d33-4958-a478-3f8659809409/?type=catalog&mode=file&filename=v8_Kllkhv_84.zip&sessid= HTTP/1.1" 200 50 "-" "1C+Enterprise/8.3"
5.188.113.194 - admin [07/Apr/2022:09:04:09 +0000] "POST /cml1c/adfc9ee9-8d33-4958-a478-3f8659809409/?type=catalog&mode=file&filename=v8_Kllkhv_89.zip&sessid= HTTP/1.1" 200 50 "-" "1C+Enterprise/8.3"
5.45.201.213 - - [07/Apr/2022:09:04:24 +0000] "POST /ym_api/1/?action=/cart HTTP/1.1" 200 110 "-" "Apache-HttpClient/4.5.6 (Java/11.0.8-shenandoah)"
37.9.71.213 - - [07/Apr/2022:09:09:46 +0000] "POST /ym_api/1/?action=/cart HTTP/1.1" 200 109 "-" "Apache-HttpClient/4.5.6 (Java/11.0.8-shenandoah)"
94.25.170.158 - - [07/Apr/2022:09:12:51 +0000] "POST /webasyst/shop/?plugin=beruru&module=backend&action=orderListData HTTP/2.0" 200 76 "https://justgrill.ru/webasyst/shop/?action=orders" "Mozilla/5.0 (Windows NT 10.0; Win64; x64) AppleWebKit/537.36 (KHTML, like Gecko) Chrome/99.0.4844.84 Safari/537.36"
94.25.170.158 - - [07/Apr/2022:09:12:51 +0000] "POST /webasyst/shop/?plugin=ym&module=backend&action=orderListData HTTP/2.0" 200 120 "https://justgrill.ru/webasyst/shop/?action=orders" "Mozilla/5.0 (Windows NT 10.0; Win64; x64) AppleWebKit/537.36 (KHTML, like Gecko) Chrome/99.0.4844.84 Safari/537.36"
94.25.170.158 - - [07/Apr/2022:09:12:52 +0000] "POST /webasyst/shop/?plugin=beruru&module=backend&action=orderListData HTTP/2.0" 200 76 "https://justgrill.ru/webasyst/shop/?action=orders" "Mozilla/5.0 (Windows NT 10.0; Win64; x64) AppleWebKit/537.36 (KHTML, like Gecko) Chrome/99.0.4844.84 Safari/537.36"
94.25.170.158 - - [07/Apr/2022:09:12:52 +0000] "POST /webasyst/shop/?plugin=ym&module=backend&action=orderListData HTTP/2.0" 200 120 "https://justgrill.ru/webasyst/shop/?action=orders" "Mozilla/5.0 (Windows NT 10.0; Win64; x64) AppleWebKit/537.36 (KHTML, like Gecko) Chrome/99.0.4844.84 Safari/537.36"
178.154.154.251 - - [07/Apr/2022:09:14:31 +0000] "POST /ym_api/1/?action=/cart HTTP/1.1" 200 110 "-" "Apache-HttpClient/4.5.6 (Java/11.0.8-shenandoah)"
178.154.154.184 - - [07/Apr/2022:09:15:42 +0000] "POST /ym_api/1/?action=/stocks HTTP/1.1" 200 1415 "-" "Apache-HttpClient/4.5.6 (Java/11.0.8-shenandoah)"
94.25.177.234 - - [07/Apr/2022:09:22:42 +0000] "POST /webasyst/shop/?plugin=beruru&module=backend&action=orderListData HTTP/2.0" 200 76 "https://justgrill.ru/webasyst/shop/?action=orders" "Mozilla/5.0 (Windows NT 10.0; Win64; x64) AppleWebKit/537.36 (KHTML, like Gecko) Chrome/99.0.4844.84 Safari/537.36"
94.25.177.234 - - [07/Apr/2022:09:22:42 +0000] "POST /webasyst/shop/?plugin=ym&module=backend&action=orderListData HTTP/2.0" 200 120 "https://justgrill.ru/webasyst/shop/?action=orders" "Mozilla/5.0 (Windows NT 10.0; Win64; x64) AppleWebKit/537.36 (KHTML, like Gecko) Chrome/99.0.4844.84 Safari/537.36"
94.25.177.234 - - [07/Apr/2022:09:22:42 +0000] "POST /webasyst/shop/?plugin=ym&module=backend&action=orderListData HTTP/2.0" 200 120 "https://justgrill.ru/webasyst/shop/?action=orders" "Mozilla/5.0 (Windows NT 10.0; Win64; x64) AppleWebKit/537.36 (KHTML, like Gecko) Chrome/99.0.4844.84 Safari/537.36"
79.104.42.205 - - [07/Apr/2022:09:22:43 +0000] "POST /webasyst/shop/?plugin=beruru&module=backend&action=orderListData HTTP/2.0" 200 76 "https://justgrill.ru/webasyst/shop/?action=orders" "Mozilla/5.0 (Windows NT 10.0; Win64; x64) AppleWebKit/537.36 (KHTML, like Gecko) Chrome/99.0.4844.84 Safari/537.36"
94.25.177.234 - - [07/Apr/2022:09:22:43 +0000] "POST /webasyst/shop/?plugin=beruru&module=backend&action=orderListData HTTP/2.0" 200 76 "https://justgrill.ru/webasyst/shop/?action=orders" "Mozilla/5.0 (Windows NT 10.0; Win64; x64) AppleWebKit/537.36 (KHTML, like Gecko) Chrome/99.0.4844.84 Safari/537.36"
79.104.42.205 - - [07/Apr/2022:09:22:43 +0000] "POST /webasyst/shop/?plugin=ym&module=backend&action=orderListData HTTP/2.0" 200 120 "https://justgrill.ru/webasyst/shop/?action=orders" "Mozilla/5.0 (Windows NT 10.0; Win64; x64) AppleWebKit/537.36 (KHTML, like Gecko) Chrome/99.0.4844.84 Safari/537.36"
79.104.42.205 - - [07/Apr/2022:09:22:43 +0000] "POST /webasyst/shop/?plugin=beruru&module=backend&action=orderListData HTTP/2.0" 200 76 "https://justgrill.ru/webasyst/shop/?action=orders" "Mozilla/5.0 (Windows NT 10.0; Win64; x64) AppleWebKit/537.36 (KHTML, like Gecko) Chrome/99.0.4844.84 Safari/537.36"
79.104.42.205 - - [07/Apr/2022:09:22:44 +0000] "POST /webasyst/shop/?plugin=ym&module=backend&action=orderListData HTTP/2.0" 200 120 "https://justgrill.ru/webasyst/shop/?action=orders" "Mozilla/5.0 (Windows NT 10.0; Win64; x64) AppleWebKit/537.36 (KHTML, like Gecko) Chrome/99.0.4844.84 Safari/537.36"
94.25.177.234 - - [07/Apr/2022:09:22:45 +0000] "POST /webasyst/shop/?plugin=ym&module=backend&action=orderListData HTTP/2.0" 200 120 "https://justgrill.ru/webasyst/shop/?action=orders" "Mozilla/5.0 (Windows NT 10.0; Win64; x64) AppleWebKit/537.36 (KHTML, like Gecko) Chrome/99.0.4844.84 Safari/537.36"
94.25.177.234 - - [07/Apr/2022:09:22:45 +0000] "POST /webasyst/shop/?plugin=beruru&module=backend&action=orderListData HTTP/2.0" 200 76 "https://justgrill.ru/webasyst/shop/?action=orders" "Mozilla/5.0 (Windows NT 10.0; Win64; x64) AppleWebKit/537.36 (KHTML, like Gecko) Chrome/99.0.4844.84 Safari/537.36"
94.25.177.234 - - [07/Apr/2022:09:22:47 +0000] "POST /webasyst/shop/?plugin=beruru&module=backend&action=orderListData HTTP/2.0" 200 76 "https://justgrill.ru/webasyst/shop/?action=orders" "Mozilla/5.0 (Windows NT 10.0; Win64; x64) AppleWebKit/537.36 (KHTML, like Gecko) Chrome/99.0.4844.84 Safari/537.36"
94.25.177.234 - - [07/Apr/2022:09:22:47 +0000] "POST /webasyst/shop/?plugin=ym&module=backend&action=orderListData HTTP/2.0" 200 120 "https://justgrill.ru/webasyst/shop/?action=orders" "Mozilla/5.0 (Windows NT 10.0; Win64; x64) AppleWebKit/537.36 (KHTML, like Gecko) Chrome/99.0.4844.84 Safari/537.36"
94.25.177.234 - - [07/Apr/2022:09:22:52 +0000] "POST /webasyst/shop/?plugin=ym&module=backend&action=orderListData HTTP/2.0" 200 120 "https://justgrill.ru/webasyst/shop/?action=orders" "Mozilla/5.0 (Windows NT 10.0; Win64; x64) AppleWebKit/537.36 (KHTML, like Gecko) Chrome/99.0.4844.84 Safari/537.36"
94.25.177.234 - - [07/Apr/2022:09:22:52 +0000] "POST /webasyst/shop/?plugin=beruru&module=backend&action=orderListData HTTP/2.0" 200 76 "https://justgrill.ru/webasyst/shop/?action=orders" "Mozilla/5.0 (Windows NT 10.0; Win64; x64) AppleWebKit/537.36 (KHTML, like Gecko) Chrome/99.0.4844.84 Safari/537.36"
94.25.177.234 - - [07/Apr/2022:09:22:59 +0000] "POST /webasyst/shop/?plugin=ym&module=backend&action=orderListData HTTP/2.0" 200 120 "https://justgrill.ru/webasyst/shop/?action=orders" "Mozilla/5.0 (Windows NT 10.0; Win64; x64) AppleWebKit/537.36 (KHTML, like Gecko) Chrome/99.0.4844.84 Safari/537.36"
94.25.177.234 - - [07/Apr/2022:09:22:59 +0000] "POST /webasyst/shop/?plugin=beruru&module=backend&action=orderListData HTTP/2.0" 200 76 "https://justgrill.ru/webasyst/shop/?action=orders" "Mozilla/5.0 (Windows NT 10.0; Win64; x64) AppleWebKit/537.36 (KHTML, like Gecko) Chrome/99.0.4844.84 Safari/537.36"
94.25.177.234 - - [07/Apr/2022:09:23:02 +0000] "POST /webasyst/shop/?plugin=beruru&module=backend&action=orderListData HTTP/2.0" 200 76 "https://justgrill.ru/webasyst/shop/?action=orders" "Mozilla/5.0 (Windows NT 10.0; Win64; x64) AppleWebKit/537.36 (KHTML, like Gecko) Chrome/99.0.4844.84 Safari/537.36"
94.25.177.234 - - [07/Apr/2022:09:23:02 +0000] "POST /webasyst/shop/?plugin=ym&module=backend&action=orderListData HTTP/2.0" 200 120 "https://justgrill.ru/webasyst/shop/?action=orders" "Mozilla/5.0 (Windows NT 10.0; Win64; x64) AppleWebKit/537.36 (KHTML, like Gecko) Chrome/99.0.4844.84 Safari/537.36"
94.25.177.234 - - [07/Apr/2022:09:23:27 +0000] "POST /webasyst/shop/?plugin=beruru&module=backend&action=orderListData HTTP/2.0" 200 76 "https://justgrill.ru/webasyst/shop/?action=orders" "Mozilla/5.0 (Windows NT 10.0; Win64; x64) AppleWebKit/537.36 (KHTML, like Gecko) Chrome/99.0.4844.84 Safari/537.36"
94.25.177.234 - - [07/Apr/2022:09:23:27 +0000] "POST /webasyst/shop/?plugin=ym&module=backend&action=orderListData HTTP/2.0" 200 120 "https://justgrill.ru/webasyst/shop/?action=orders" "Mozilla/5.0 (Windows NT 10.0; Win64; x64) AppleWebKit/537.36 (KHTML, like Gecko) Chrome/99.0.4844.84 Safari/537.36"
94.25.177.234 - - [07/Apr/2022:09:23:35 +0000] "POST /webasyst/shop/?plugin=beruru&module=backend&action=orderListData HTTP/2.0" 200 76 "https://justgrill.ru/webasyst/shop/?action=orders" "Mozilla/5.0 (Windows NT 10.0; Win64; x64) AppleWebKit/537.36 (KHTML, like Gecko) Chrome/99.0.4844.84 Safari/537.36"
94.25.177.234 - - [07/Apr/2022:09:23:35 +0000] "POST /webasyst/shop/?plugin=ym&module=backend&action=orderListData HTTP/2.0" 200 120 "https://justgrill.ru/webasyst/shop/?action=orders" "Mozilla/5.0 (Windows NT 10.0; Win64; x64) AppleWebKit/537.36 (KHTML, like Gecko) Chrome/99.0.4844.84 Safari/537.36"
94.25.177.234 - - [07/Apr/2022:09:23:37 +0000] "POST /webasyst/shop/?plugin=beruru&module=backend&action=orderListData HTTP/2.0" 200 76 "https://justgrill.ru/webasyst/shop/?action=orders" "Mozilla/5.0 (Windows NT 10.0; Win64; x64) AppleWebKit/537.36 (KHTML, like Gecko) Chrome/99.0.4844.84 Safari/537.36"
94.25.177.234 - - [07/Apr/2022:09:23:37 +0000] "POST /webasyst/shop/?plugin=ym&module=backend&action=orderListData HTTP/2.0" 200 120 "https://justgrill.ru/webasyst/shop/?action=orders" "Mozilla/5.0 (Windows NT 10.0; Win64; x64) AppleWebKit/537.36 (KHTML, like Gecko) Chrome/99.0.4844.84 Safari/537.36"
37.9.71.213 - - [07/Apr/2022:09:24:05 +0000] "POST /ym_api/1/?action=/cart HTTP/1.1" 200 109 "-" "Apache-HttpClient/4.5.6 (Java/11.0.8-shenandoah)"
95.153.168.251 - - [07/Apr/2022:09:25:58 +0000] "POST /webasyst/shop/?plugin=beruru&module=backend&action=orderListData HTTP/2.0" 200 76 "https://justgrill.ru/webasyst/shop/?action=orders" "Mozilla/5.0 (Windows NT 10.0; WOW64) AppleWebKit/537.36 (KHTML, like Gecko) Chrome/98.0.4758.119 YaBrowser/22.3.0.2434 Yowser/2.5 Safari/537.36"
95.153.168.251 - - [07/Apr/2022:09:25:58 +0000] "POST /webasyst/shop/?plugin=ym&module=backend&action=orderListData HTTP/2.0" 200 120 "https://justgrill.ru/webasyst/shop/?action=orders" "Mozilla/5.0 (Windows NT 10.0; WOW64) AppleWebKit/537.36 (KHTML, like Gecko) Chrome/98.0.4758.119 YaBrowser/22.3.0.2434 Yowser/2.5 Safari/537.36"
95.153.168.251 - - [07/Apr/2022:09:25:59 +0000] "POST /webasyst/shop/?plugin=beruru&module=backend&action=orderListData HTTP/2.0" 200 76 "https://justgrill.ru/webasyst/shop/?action=orders" "Mozilla/5.0 (Windows NT 10.0; WOW64) AppleWebKit/537.36 (KHTML, like Gecko) Chrome/98.0.4758.119 YaBrowser/22.3.0.2434 Yowser/2.5 Safari/537.36"
95.153.168.251 - - [07/Apr/2022:09:25:59 +0000] "POST /webasyst/shop/?plugin=ym&module=backend&action=orderListData HTTP/2.0" 200 120 "https://justgrill.ru/webasyst/shop/?action=orders" "Mozilla/5.0 (Windows NT 10.0; WOW64) AppleWebKit/537.36 (KHTML, like Gecko) Chrome/98.0.4758.119 YaBrowser/22.3.0.2434 Yowser/2.5 Safari/537.36"
95.153.168.251 - - [07/Apr/2022:09:26:00 +0000] "POST /webasyst/shop/?plugin=beruru&module=backend&action=orderListData HTTP/2.0" 200 76 "https://justgrill.ru/webasyst/shop/?action=orders" "Mozilla/5.0 (Windows NT 10.0; WOW64) AppleWebKit/537.36 (KHTML, like Gecko) Chrome/98.0.4758.119 YaBrowser/22.3.0.2434 Yowser/2.5 Safari/537.36"
95.153.168.251 - - [07/Apr/2022:09:26:01 +0000] "POST /webasyst/shop/?plugin=ym&module=backend&action=orderListData HTTP/2.0" 200 120 "https://justgrill.ru/webasyst/shop/?action=orders" "Mozilla/5.0 (Windows NT 10.0; WOW64) AppleWebKit/537.36 (KHTML, like Gecko) Chrome/98.0.4758.119 YaBrowser/22.3.0.2434 Yowser/2.5 Safari/537.36"
94.25.170.158 - - [07/Apr/2022:09:26:11 +0000] "POST /webasyst/shop/?plugin=ym&module=backend&action=orderListData HTTP/2.0" 200 120 "https://justgrill.ru/webasyst/shop/?action=orders" "Mozilla/5.0 (Windows NT 10.0; Win64; x64) AppleWebKit/537.36 (KHTML, like Gecko) Chrome/99.0.4844.84 Safari/537.36"
94.25.170.158 - - [07/Apr/2022:09:26:11 +0000] "POST /webasyst/shop/?plugin=beruru&module=backend&action=orderListData HTTP/2.0" 200 76 "https://justgrill.ru/webasyst/shop/?action=orders" "Mozilla/5.0 (Windows NT 10.0; Win64; x64) AppleWebKit/537.36 (KHTML, like Gecko) Chrome/99.0.4844.84 Safari/537.36"
94.25.170.158 - - [07/Apr/2022:09:26:12 +0000] "POST /webasyst/shop/?plugin=beruru&module=backend&action=orderListData HTTP/2.0" 200 76 "https://justgrill.ru/webasyst/shop/?action=orders" "Mozilla/5.0 (Windows NT 10.0; Win64; x64) AppleWebKit/537.36 (KHTML, like Gecko) Chrome/99.0.4844.84 Safari/537.36"
94.25.170.158 - - [07/Apr/2022:09:26:12 +0000] "POST /webasyst/shop/?plugin=ym&module=backend&action=orderListData HTTP/2.0" 200 120 "https://justgrill.ru/webasyst/shop/?action=orders" "Mozilla/5.0 (Windows NT 10.0; Win64; x64) AppleWebKit/537.36 (KHTML, like Gecko) Chrome/99.0.4844.84 Safari/537.36"
88.212.240.28 - - [07/Apr/2022:09:26:40 +0000] "POST /syncamocrm/lead/ HTTP/1.1" 200 62 "-" "amoCRM-Webhooks/3.0"
85.174.197.214 - - [07/Apr/2022:09:27:36 +0000] "POST /regions/getRedirectUrl/ HTTP/2.0" 200 196 "https://justgrill.ru/aksessuary/dlya-kopcheniya/doski-i-doshchechki/doska-dlya-kopcheniya-na-gril-suomi-grill-90/" "Mozilla/5.0 (Windows NT 10.0; Win64; x64) AppleWebKit/537.36 (KHTML, like Gecko) Chrome/98.0.4758.119 YaBrowser/22.3.0.2430 Yowser/2.5 Safari/537.36"
85.174.197.214 - - [07/Apr/2022:09:27:36 +0000] "POST /regions/getRedirectUrl/ HTTP/2.0" 200 196 "https://justgrill.ru/aksessuary/dlya-kopcheniya/doski-i-doshchechki/doska-dlya-kopcheniya-na-gril-suomi-grill-90/" "Mozilla/5.0 (Windows NT 10.0; Win64; x64) AppleWebKit/537.36 (KHTML, like Gecko) Chrome/98.0.4758.119 YaBrowser/22.3.0.2430 Yowser/2.5 Safari/537.36"
94.25.177.234 - - [07/Apr/2022:09:27:37 +0000] "POST /webasyst/shop/?plugin=beruru&module=backend&action=orderListData HTTP/2.0" 200 76 "https://justgrill.ru/webasyst/shop/?action=orders" "Mozilla/5.0 (Windows NT 10.0; Win64; x64) AppleWebKit/537.36 (KHTML, like Gecko) Chrome/99.0.4844.84 Safari/537.36"
94.25.177.234 - - [07/Apr/2022:09:27:37 +0000] "POST /webasyst/shop/?plugin=ym&module=backend&action=orderListData HTTP/2.0" 200 120 "https://justgrill.ru/webasyst/shop/?action=orders" "Mozilla/5.0 (Windows NT 10.0; Win64; x64) AppleWebKit/537.36 (KHTML, like Gecko) Chrome/99.0.4844.84 Safari/537.36"
94.25.177.234 - - [07/Apr/2022:09:27:37 +0000] "POST /webasyst/shop/?plugin=beruru&module=backend&action=orderListData HTTP/2.0" 200 76 "https://justgrill.ru/webasyst/shop/?action=orders" "Mozilla/5.0 (Windows NT 10.0; Win64; x64) AppleWebKit/537.36 (KHTML, like Gecko) Chrome/99.0.4844.84 Safari/537.36"
94.25.177.234 - - [07/Apr/2022:09:27:37 +0000] "POST /webasyst/shop/?plugin=ym&module=backend&action=orderListData HTTP/2.0" 200 120 "https://justgrill.ru/webasyst/shop/?action=orders" "Mozilla/5.0 (Windows NT 10.0; Win64; x64) AppleWebKit/537.36 (KHTML, like Gecko) Chrome/99.0.4844.84 Safari/537.36"
85.174.197.214 - - [07/Apr/2022:09:27:52 +0000] "POST /regions/getRedirectUrl/ HTTP/2.0" 200 192 "https://sochi.justgrill.ru/aksessuary/dlya-kopcheniya/doski-i-doshchechki/doska-dlya-kopcheniya-na-gril-suomi-grill-90/" "Mozilla/5.0 (Windows NT 10.0; Win64; x64) AppleWebKit/537.36 (KHTML, like Gecko) Chrome/98.0.4758.119 YaBrowser/22.3.0.2430 Yowser/2.5 Safari/537.36"
85.174.197.214 - - [07/Apr/2022:09:27:53 +0000] "POST /regions/getRedirectUrl/ HTTP/2.0" 200 192 "https://sochi.justgrill.ru/aksessuary/dlya-kopcheniya/doski-i-doshchechki/doska-dlya-kopcheniya-na-gril-suomi-grill-90/" "Mozilla/5.0 (Windows NT 10.0; Win64; x64) AppleWebKit/537.36 (KHTML, like Gecko) Chrome/98.0.4758.119 YaBrowser/22.3.0.2430 Yowser/2.5 Safari/537.36"
85.174.197.214 - - [07/Apr/2022:09:27:58 +0000] "POST /regions/getRedirectUrl/ HTTP/2.0" 200 196 "https://justgrill.ru/aksessuary/dlya-kopcheniya/doski-i-doshchechki/doska-dlya-kopcheniya-na-gril-suomi-grill-90/" "Mozilla/5.0 (Windows NT 10.0; Win64; x64) AppleWebKit/537.36 (KHTML, like Gecko) Chrome/98.0.4758.119 YaBrowser/22.3.0.2430 Yowser/2.5 Safari/537.36"
85.174.197.214 - - [07/Apr/2022:09:27:58 +0000] "POST /regions/getRedirectUrl/ HTTP/2.0" 200 196 "https://justgrill.ru/aksessuary/dlya-kopcheniya/doski-i-doshchechki/doska-dlya-kopcheniya-na-gril-suomi-grill-90/" "Mozilla/5.0 (Windows NT 10.0; Win64; x64) AppleWebKit/537.36 (KHTML, like Gecko) Chrome/98.0.4758.119 YaBrowser/22.3.0.2430 Yowser/2.5 Safari/537.36"
20.211.18.123 - - [07/Apr/2022:09:28:06 +0000] "POST / HTTP/1.1" 301 162 "-" "Mozilla/5.0 (X11; Linux x86_64) AppleWebKit/537.36 (KHTML, like Gecko) Chrome/81.0.4044.129 Safari/537.36"
94.25.177.234 - - [07/Apr/2022:09:28:43 +0000] "POST /webasyst/shop/?plugin=beruru&module=backend&action=orderListData HTTP/2.0" 200 76 "https://justgrill.ru/webasyst/shop/?action=orders" "Mozilla/5.0 (Windows NT 10.0; Win64; x64) AppleWebKit/537.36 (KHTML, like Gecko) Chrome/99.0.4844.84 Safari/537.36"
94.25.177.234 - - [07/Apr/2022:09:28:43 +0000] "POST /webasyst/shop/?plugin=ym&module=backend&action=orderListData HTTP/2.0" 200 120 "https://justgrill.ru/webasyst/shop/?action=orders" "Mozilla/5.0 (Windows NT 10.0; Win64; x64) AppleWebKit/537.36 (KHTML, like Gecko) Chrome/99.0.4844.84 Safari/537.36"
